E/NuPlayerRenderer( 2290): RNDR: dVA -262311 (dVAavg -232391), V 1076100155, A 1076362466, Asink 1076205184
E/UDPSource( 2290): in buffer: a[19, 10944] 456.000 ms, v[31, 439518] 1320.000 ms
E/UDPSource( 2290): in datasource: 414672916 bytes, extractor created ? 1
E/NuPlayerRenderer( 2290): RNDR: dVA -262311 (dVAavg -232391), V 1076100155, A 1076362466, Asink 1076205184
I/NuPlayerDriver( 2290): notifyDuration: 0
E/NuPlayerRenderer( 2290): RNDR: dVA -262311 (dVAavg -232391), V 1076100155, A 1076362466, Asink 1076205184
E/UDPSource( 2290): in buffer: a[19, 10944] 456.000 ms, v[31, 439518] 1320.000 ms
E/UDPSource( 2290): in datasource: 414672916 bytes, extractor created ? 1
E/NuPlayerRenderer( 2290): RNDR: dVA -262311 (dVAavg -232391), V 1076100155, A 1076362466, Asink 1076205184
I/NuPlayerDriver( 2290): notifyDuration: 0
E/NuPlayerRenderer( 2290): RNDR: dVA -262311 (dVAavg -232391), V 1076100155, A 1076362466, Asink 1076205184
E/UDPSource( 2290): in buffer: a[19, 10944] 456.000 ms, v[31, 439518] 1320.000 ms
E/UDPSource( 2290): in datasource: 414672916 bytes, extractor created ? 1
E/NuPlayerRenderer( 2290): RNDR: dVA -262311 (dVAavg -232391), V 1076100155, A 1076362466, Asink 1076205184
I/NuPlayerDriver( 2290): notifyDuration: 0
E/NuPlayerRenderer( 2290): RNDR: dVA -262311 (dVAavg -232391), V 1076100155, A 1076362466, Asink 1076205184
E/UDPSource( 2290): in buffer: a[19, 10944] 456.000 ms, v[31, 439518] 1320.000 ms
E/UDPSource( 2290): in datasource: 414672916 bytes, extractor created ? 1
E/NuPlayerRenderer( 2290): RNDR: dVA -262311 (dVAavg -232391), V 1076100155, A 1076362466, Asink 1076205184
I/NuPlayerDriver( 2290): notifyDuration: 0
E/NuPlayerRenderer( 2290): RNDR: dVA -262311 (dVAavg -232391), V 1076100155, A 1076362466, Asink 1076205184
E/UDPSource( 2290): in buffer: a[19, 10944] 456.000 ms, v[31, 439518] 1320.000 ms
E/UDPSource( 2290): in datasource: 414672916 bytes, extractor created ? 1
E/NuPlayerRenderer( 2290): RNDR: dVA -262311 (dVAavg -232391), V 1076100155, A 1076362466, Asink 1076205184
I/NuPlayerDriver( 2290): notifyDuration: 0
E/NuPlayerRenderer( 2290): RNDR: dVA -262311 (dVAavg -232391), V 1076100155, A 1076362466, Asink 1076205184
E/UDPSource( 2290): in buffer: a[19, 10944] 456.000 ms, v[31, 439518] 1320.000 ms
E/UDPSource( 2290): in datasource: 414672916 bytes, extractor created ? 1
E/NuPlayerRenderer( 2290): RNDR: dVA -262311 (dVAavg -232391), V 1076100155, A 1076362466, Asink 1076205184
I/NuPlayerDriver( 2290): notifyDuration: 0
E/NuPlayerRenderer( 2290): RNDR: dVA -262311 (dVAavg -232391), V 1076100155, A 1076362466, Asink 1076205184
E/UDPSource( 2290): in buffer: a[19, 10944] 456.000 ms, v[31, 439518] 1320.000 ms
E/UDPSource( 2290): in datasource: 414672916 bytes, extractor created ? 1
E/NuPlayerRenderer( 2290): RNDR: dVA -262311 (dVAavg -232391), V 1076100155, A 1076362466, Asink 1076205184
D/HDMI-Controller( 2721): HDMIController::isSinkConnected: 1
D/        ( 2721):  enter hdmi_check_rx_sense
D/HDMI-Controller( 2721): HDMIController::checkRxSense: 0
I/NuPlayerDriver( 2290): notifyDuration: 0
E/NuPlayerRenderer( 2290): RNDR: dVA -262311 (dVAavg -232391), V 1076100155, A 1076362466, Asink 1076205184
E/UDPSource( 2290): in buffer: a[19, 10944] 456.000 ms, v[31, 439518] 1320.000 ms
E/UDPSource( 2290): in datasource: 414672916 bytes, extractor created ? 1
E/NuPlayerRenderer( 2290): RNDR: dVA -262311 (dVAavg -232391), V 1076100155, A 1076362466, Asink 1076205184
I/NuPlayerDriver( 2290): notifyDuration: 0
E/NuPlayerRenderer( 2290): RNDR: dVA -262311 (dVAavg -232391), V 1076100155, A 1076362466, Asink 1076205184
E/UDPSource( 2290): in buffer: a[19, 10944] 456.000 ms, v[31, 439518] 1320.000 ms
E/UDPSource( 2290): in datasource: 414672916 bytes, extractor created ? 1
E/NuPlayerRenderer( 2290): RNDR: dVA -262311 (dVAavg -232391), V 1076100155, A 1076362466, Asink 1076205184
I/NuPlayerDriver( 2290): notifyDuration: 0
E/NuPlayerRenderer( 2290): RNDR: dVA -262311 (dVAavg -232391), V 1076100155, A 1076362466, Asink 1076205184
E/UDPSource( 2290): in buffer: a[19, 10944] 456.000 ms, v[31, 439518] 1320.000 ms
E/UDPSource( 2290): in datasource: 414672916 bytes, extractor created ? 1
E/NuPlayerRenderer( 2290): RNDR: dVA -262311 (dVAavg -232391), V 1076100155, A 1076362466, Asink 1076205184
I/NuPlayerDriver( 2290): notifyDuration: 0
E/NuPlayerRenderer( 2290): RNDR: dVA -262311 (dVAavg -232391), V 1076100155, A 1076362466, Asink 1076205184
E/UDPSource( 2290): in buffer: a[19, 10944] 456.000 ms, v[31, 439518] 1320.000 ms
E/UDPSource( 2290): in datasource: 414672916 bytes, extractor created ? 1
E/NuPlayerRenderer( 2290): RNDR: dVA -262311 (dVAavg -232391), V 1076100155, A 1076362466, Asink 1076205184
I/NuPlayerDriver( 2290): notifyDuration: 0
E/NuPlayerRenderer( 2290): RNDR: dVA -262311 (dVAavg -232391), V 1076100155, A 1076362466, Asink 1076205184
E/UDPSource( 2290): in buffer: a[19, 10944] 456.000 ms, v[31, 439518] 1320.000 ms
E/UDPSource( 2290): in datasource: 414672916 bytes, extractor created ? 1
D/UpdateService( 2940): Trying to update. isFirstStartUpdate: false
E/NuPlayerRenderer( 2290): RNDR: dVA -262311 (dVAavg -232391), V 1076100155, A 1076362466, Asink 1076205184
I/NuPlayerDriver( 2290): notifyDuration: 0
E/NuPlayerRenderer( 2290): RNDR: dVA -262311 (dVAavg -232391), V 1076100155, A 1076362466, Asink 1076205184
E/UDPSource( 2290): in buffer: a[19, 10944] 456.000 ms, v[31, 439518] 1320.000 ms
E/UDPSource( 2290): in datasource: 414672916 bytes, extractor created ? 1
E/NuPlayerRenderer( 2290): RNDR: dVA -262311 (dVAavg -232391), V 1076100155, A 1076362466, Asink 1076205184
I/NuPlayerDriver( 2290): notifyDuration: 0
E/NuPlayerRenderer( 2290): RNDR: dVA -262311 (dVAavg -232391), V 1076100155, A 1076362466, Asink 1076205184
E/UDPSource( 2290): in buffer: a[19, 10944] 456.000 ms, v[31, 439518] 1320.000 ms
E/UDPSource( 2290): in datasource: 414672916 bytes, extractor created ? 1
E/NuPlayerRenderer( 2290): RNDR: dVA -262311 (dVAavg -232391), V 1076100155, A 1076362466, Asink 1076205184
I/NuPlayerDriver( 2290): notifyDuration: 0
E/NuPlayerRenderer( 2290): RNDR: dVA -262311 (dVAavg -232391), V 1076100155, A 1076362466, Asink 1076205184
E/UDPSource( 2290): in buffer: a[19, 10944] 456.000 ms, v[31, 439518] 1320.000 ms
E/UDPSource( 2290): in datasource: 414672916 bytes, extractor created ? 1
E/NuPlayerRenderer( 2290): RNDR: dVA -262311 (dVAavg -232391), V 1076100155, A 1076362466, Asink 1076205184
I/NuPlayerDriver( 2290): notifyDuration: 0
E/NuPlayerRenderer( 2290): RNDR: dVA -262311 (dVAavg -232391), V 1076100155, A 1076362466, Asink 1076205184
E/UDPSource( 2290): in buffer: a[19, 10944] 456.000 ms, v[31, 439518] 1320.000 ms
E/UDPSource( 2290): in datasource: 414672916 bytes, extractor created ? 1
E/NuPlayerRenderer( 2290): RNDR: dVA -262311 (dVAavg -232391), V 1076100155, A 1076362466, Asink 1076205184
I/NuPlayerDriver( 2290): notifyDuration: 0
E/NuPlayerRenderer( 2290): RNDR: dVA -262311 (dVAavg -232391), V 1076100155, A 1076362466, Asink 1076205184
E/UDPSource( 2290): in buffer: a[19, 10944] 456.000 ms, v[31, 439518] 1320.000 ms
E/UDPSource( 2290): in datasource: 414672916 bytes, extractor created ? 1
E/NuPlayerRenderer( 2290): RNDR: dVA -262311 (dVAavg -232391), V 1076100155, A 1076362466, Asink 1076205184
D/HDMI-Controller( 2721): HDMIController::isSinkConnected: 1
D/        ( 2721):  enter hdmi_check_rx_sense
D/HDMI-Controller( 2721): HDMIController::checkRxSense: 0
I/NuPlayerDriver( 2290): notifyDuration: 0
E/NuPlayerRenderer( 2290): RNDR: dVA -262311 (dVAavg -232391), V 1076100155, A 1076362466, Asink 1076205184
E/UDPSource( 2290): in buffer: a[19, 10944] 456.000 ms, v[31, 439518] 1320.000 ms
E/UDPSource( 2290): in datasource: 414672916 bytes, extractor created ? 1
E/NuPlayerRenderer( 2290): RNDR: dVA -262311 (dVAavg -232391), V 1076100155, A 1076362466, Asink 1076205184
I/NuPlayerDriver( 2290): notifyDuration: 0
E/NuPlayerRenderer( 2290): RNDR: dVA -262311 (dVAavg -232391), V 1076100155, A 1076362466, Asink 1076205184
E/UDPSource( 2290): in buffer: a[19, 10944] 456.000 ms, v[31, 439518] 1320.000 ms
E/UDPSource( 2290): in datasource: 414672916 bytes, extractor created ? 1
E/NuPlayerRenderer( 2290): RNDR: dVA -262311 (dVAavg -232391), V 1076100155, A 1076362466, Asink 1076205184
I/NuPlayerDriver( 2290): notifyDuration: 0
E/NuPlayerRenderer( 2290): RNDR: dVA -262311 (dVAavg -232391), V 1076100155, A 1076362466, Asink 1076205184
E/UDPSource( 2290): in buffer: a[19, 10944] 456.000 ms, v[31, 439518] 1320.000 ms
E/UDPSource( 2290): in datasource: 414672916 bytes, extractor created ? 1
E/NuPlayerRenderer( 2290): RNDR: dVA -262311 (dVAavg -232391), V 1076100155, A 1076362466, Asink 1076205184
I/NuPlayerDriver( 2290): notifyDuration: 0
E/NuPlayerRenderer( 2290): RNDR: dVA -262311 (dVAavg -232391), V 1076100155, A 1076362466, Asink 1076205184
E/UDPSource( 2290): in buffer: a[19, 10944] 456.000 ms, v[31, 439518] 1320.000 ms
E/UDPSource( 2290): in datasource: 414672916 bytes, extractor created ? 1
E/NuPlayerRenderer( 2290): RNDR: dVA -262311 (dVAavg -232391), V 1076100155, A 1076362466, Asink 1076205184
I/NuPlayerDriver( 2290): notifyDuration: 0
E/NuPlayerRenderer( 2290): RNDR: dVA -262311 (dVAavg -232391), V 1076100155, A 1076362466, Asink 1076205184
E/UDPSource( 2290): in buffer: a[19, 10944] 456.000 ms, v[31, 439518] 1320.000 ms
E/UDPSource( 2290): in datasource: 414672916 bytes, extractor created ? 1
E/NuPlayerRenderer( 2290): RNDR: dVA -262311 (dVAavg -232391), V 1076100155, A 1076362466, Asink 1076205184
I/NuPlayerDriver( 2290): notifyDuration: 0
E/NuPlayerRenderer( 2290): RNDR: dVA -262311 (dVAavg -232391), V 1076100155, A 1076362466, Asink 1076205184
E/UDPSource( 2290): in buffer: a[19, 10944] 456.000 ms, v[31, 439518] 1320.000 ms
E/UDPSource( 2290): in datasource: 414672916 bytes, extractor created ? 1
E/NuPlayerRenderer( 2290): RNDR: dVA -262311 (dVAavg -232391), V 1076100155, A 1076362466, Asink 1076205184
I/NuPlayerDriver( 2290): notifyDuration: 0
E/NuPlayerRenderer( 2290): RNDR: dVA -262311 (dVAavg -232391), V 1076100155, A 1076362466, Asink 1076205184
E/UDPSource( 2290): in buffer: a[19, 10944] 456.000 ms, v[31, 439518] 1320.000 ms
E/UDPSource( 2290): in datasource: 414672916 bytes, extractor created ? 1
E/NuPlayerRenderer( 2290): RNDR: dVA -262311 (dVAavg -232391), V 1076100155, A 1076362466, Asink 1076205184
I/NuPlayerDriver( 2290): notifyDuration: 0
E/NuPlayerRenderer( 2290): RNDR: dVA -262311 (dVAavg -232391), V 1076100155, A 1076362466, Asink 1076205184
E/UDPSource( 2290): in buffer: a[19, 10944] 456.000 ms, v[31, 439518] 1320.000 ms
E/UDPSource( 2290): in datasource: 414672916 bytes, extractor created ? 1
E/NuPlayerRenderer( 2290): RNDR: dVA -262311 (dVAavg -232391), V 1076100155, A 1076362466, Asink 1076205184
I/NuPlayerDriver( 2290): notifyDuration: 0
E/NuPlayerRenderer( 2290): RNDR: dVA -262311 (dVAavg -232391), V 1076100155, A 1076362466, Asink 1076205184
E/UDPSource( 2290): in buffer: a[19, 10944] 456.000 ms, v[31, 439518] 1320.000 ms
E/UDPSource( 2290): in datasource: 414672916 bytes, extractor created ? 1
E/NuPlayerRenderer( 2290): RNDR: dVA -262311 (dVAavg -232391), V 1076100155, A 1076362466, Asink 1076205184
I/NuPlayerDriver( 2290): notifyDuration: 0
E/NuPlayerRenderer( 2290): RNDR: dVA -262311 (dVAavg -232391), V 1076100155, A 1076362466, Asink 1076205184
E/UDPSource( 2290): in buffer: a[19, 10944] 456.000 ms, v[31, 439518] 1320.000 ms
E/UDPSource( 2290): in datasource: 414672916 bytes, extractor created ? 1
E/NuPlayerRenderer( 2290): RNDR: dVA -262311 (dVAavg -232391), V 1076100155, A 1076362466, Asink 1076205184
D/HDMI-Controller( 2721): HDMIController::isSinkConnected: 1
D/        ( 2721):  enter hdmi_check_rx_sense
D/HDMI-Controller( 2721): HDMIController::checkRxSense: 0
I/NuPlayerDriver( 2290): notifyDuration: 0
E/NuPlayerRenderer( 2290): RNDR: dVA -262311 (dVAavg -232391), V 1076100155, A 1076362466, Asink 1076205184
E/UDPSource( 2290): in buffer: a[19, 10944] 456.000 ms, v[31, 439518] 1320.000 ms
E/UDPSource( 2290): in datasource: 414672916 bytes, extractor created ? 1
E/NuPlayerRenderer( 2290): RNDR: dVA -262311 (dVAavg -232391), V 1076100155, A 1076362466, Asink 1076205184
I/NuPlayerDriver( 2290): notifyDuration: 0
E/NuPlayerRenderer( 2290): RNDR: dVA -262311 (dVAavg -232391), V 1076100155, A 1076362466, Asink 1076205184
E/UDPSource( 2290): in buffer: a[19, 10944] 456.000 ms, v[31, 439518] 1320.000 ms
E/UDPSource( 2290): in datasource: 414672916 bytes, extractor created ? 1
E/NuPlayerRenderer( 2290): RNDR: dVA -262311 (dVAavg -232391), V 1076100155, A 1076362466, Asink 1076205184
I/NuPlayerDriver( 2290): notifyDuration: 0
E/NuPlayerRenderer( 2290): RNDR: dVA -262311 (dVAavg -232391), V 1076100155, A 1076362466, Asink 1076205184
E/UDPSource( 2290): in buffer: a[19, 10944] 456.000 ms, v[31, 439518] 1320.000 ms
E/UDPSource( 2290): in datasource: 414672916 bytes, extractor created ? 1
E/NuPlayerRenderer( 2290): RNDR: dVA -262311 (dVAavg -232391), V 1076100155, A 1076362466, Asink 1076205184
I/NuPlayerDriver( 2290): notifyDuration: 0
E/NuPlayerRenderer( 2290): RNDR: dVA -262311 (dVAavg -232391), V 1076100155, A 1076362466, Asink 1076205184
E/UDPSource( 2290): in buffer: a[19, 10944] 456.000 ms, v[31, 439518] 1320.000 ms
E/UDPSource( 2290): in datasource: 414672916 bytes, extractor created ? 1
E/NuPlayerRenderer( 2290): RNDR: dVA -262311 (dVAavg -232391), V 1076100155, A 1076362466, Asink 1076205184
I/NuPlayerDriver( 2290): notifyDuration: 0
E/NuPlayerRenderer( 2290): RNDR: dVA -262311 (dVAavg -232391), V 1076100155, A 1076362466, Asink 1076205184
E/UDPSource( 2290): in buffer: a[19, 10944] 456.000 ms, v[31, 439518] 1320.000 ms
E/UDPSource( 2290): in datasource: 414672916 bytes, extractor created ? 1
D/UpdateService( 2940): Trying to update. isFirstStartUpdate: false
E/NuPlayerRenderer( 2290): RNDR: dVA -262311 (dVAavg -232391), V 1076100155, A 1076362466, Asink 1076205184
I/NuPlayerDriver( 2290): notifyDuration: 0
E/NuPlayerRenderer( 2290): RNDR: dVA -262311 (dVAavg -232391), V 1076100155, A 1076362466, Asink 1076205184
E/UDPSource( 2290): in buffer: a[19, 10944] 456.000 ms, v[31, 439518] 1320.000 ms
E/UDPSource( 2290): in datasource: 414672916 bytes, extractor created ? 1
E/NuPlayerRenderer( 2290): RNDR: dVA -262311 (dVAavg -232391), V 1076100155, A 1076362466, Asink 1076205184
I/NuPlayerDriver( 2290): notifyDuration: 0
E/NuPlayerRenderer( 2290): RNDR: dVA -262311 (dVAavg -232391), V 1076100155, A 1076362466, Asink 1076205184
E/UDPSource( 2290): in buffer: a[19, 10944] 456.000 ms, v[31, 439518] 1320.000 ms
E/UDPSource( 2290): in datasource: 414672916 bytes, extractor created ? 1
E/NuPlayerRenderer( 2290): RNDR: dVA -262311 (dVAavg -232391), V 1076100155, A 1076362466, Asink 1076205184
I/NuPlayerDriver( 2290): notifyDuration: 0
E/NuPlayerRenderer( 2290): RNDR: dVA -262311 (dVAavg -232391), V 1076100155, A 1076362466, Asink 1076205184
E/UDPSource( 2290): in buffer: a[19, 10944] 456.000 ms, v[31, 439518] 1320.000 ms
E/UDPSource( 2290): in datasource: 414672916 bytes, extractor created ? 1
E/NuPlayerRenderer( 2290): RNDR: dVA -262311 (dVAavg -232391), V 1076100155, A 1076362466, Asink 1076205184
I/NuPlayerDriver( 2290): notifyDuration: 0
E/NuPlayerRenderer( 2290): RNDR: dVA -262311 (dVAavg -232391), V 1076100155, A 1076362466, Asink 1076205184
E/UDPSource( 2290): in buffer: a[19, 10944] 456.000 ms, v[31, 439518] 1320.000 ms
E/UDPSource( 2290): in datasource: 414672916 bytes, extractor created ? 1
E/NuPlayerRenderer( 2290): RNDR: dVA -262311 (dVAavg -232391), V 1076100155, A 1076362466, Asink 1076205184
I/NuPlayerDriver( 2290): notifyDuration: 0
E/NuPlayerRenderer( 2290): RNDR: dVA -262311 (dVAavg -232391), V 1076100155, A 1076362466, Asink 1076205184
E/UDPSource( 2290): in buffer: a[19, 10944] 456.000 ms, v[31, 439518] 1320.000 ms
E/UDPSource( 2290): in datasource: 414672916 bytes, extractor created ? 1
E/NuPlayerRenderer( 2290): RNDR: dVA -262311 (dVAavg -232391), V 1076100155, A 1076362466, Asink 1076205184
D/HDMI-Controller( 2721): HDMIController::isSinkConnected: 1
D/        ( 2721):  enter hdmi_check_rx_sense
D/HDMI-Controller( 2721): HDMIController::checkRxSense: 0
I/NuPlayerDriver( 2290): notifyDuration: 0
E/NuPlayerRenderer( 2290): RNDR: dVA -262311 (dVAavg -232391), V 1076100155, A 1076362466, Asink 1076205184
E/UDPSource( 2290): in buffer: a[19, 10944] 456.000 ms, v[31, 439518] 1320.000 ms
E/UDPSource( 2290): in datasource: 414672916 bytes, extractor created ? 1
E/NuPlayerRenderer( 2290): RNDR: dVA -262311 (dVAavg -232391), V 1076100155, A 1076362466, Asink 1076205184
I/NuPlayerDriver( 2290): notifyDuration: 0
E/NuPlayerRenderer( 2290): RNDR: dVA -262311 (dVAavg -232391), V 1076100155, A 1076362466, Asink 1076205184
E/UDPSource( 2290): in buffer: a[19, 10944] 456.000 ms, v[31, 439518] 1320.000 ms
E/UDPSource( 2290): in datasource: 414672916 bytes, extractor created ? 1
E/NuPlayerRenderer( 2290): RNDR: dVA -262311 (dVAavg -232391), V 1076100155, A 1076362466, Asink 1076205184
I/NuPlayerDriver( 2290): notifyDuration: 0
E/NuPlayerRenderer( 2290): RNDR: dVA -262311 (dVAavg -232391), V 1076100155, A 1076362466, Asink 1076205184
E/UDPSource( 2290): in buffer: a[19, 10944] 456.000 ms, v[31, 439518] 1320.000 ms
E/UDPSource( 2290): in datasource: 414672916 bytes, extractor created ? 1
E/NuPlayerRenderer( 2290): RNDR: dVA -262311 (dVAavg -232391), V 1076100155, A 1076362466, Asink 1076205184
I/NuPlayerDriver( 2290): notifyDuration: 0
E/NuPlayerRenderer( 2290): RNDR: dVA -262311 (dVAavg -232391), V 1076100155, A 1076362466, Asink 1076205184
E/UDPSource( 2290): in buffer: a[19, 10944] 456.000 ms, v[31, 439518] 1320.000 ms
E/UDPSource( 2290): in datasource: 414672916 bytes, extractor created ? 1
E/NuPlayerRenderer( 2290): RNDR: dVA -262311 (dVAavg -232391), V 1076100155, A 1076362466, Asink 1076205184
I/NuPlayerDriver( 2290): notifyDuration: 0
E/NuPlayerRenderer( 2290): RNDR: dVA -262311 (dVAavg -232391), V 1076100155, A 1076362466, Asink 1076205184
E/UDPSource( 2290): in buffer: a[19, 10944] 456.000 ms, v[31, 439518] 1320.000 ms
E/UDPSource( 2290): in datasource: 414672916 bytes, extractor created ? 1
E/NuPlayerRenderer( 2290): RNDR: dVA -262311 (dVAavg -232391), V 1076100155, A 1076362466, Asink 1076205184
I/NuPlayerDriver( 2290): notifyDuration: 0
E/NuPlayerRenderer( 2290): RNDR: dVA -262311 (dVAavg -232391), V 1076100155, A 1076362466, Asink 1076205184
E/UDPSource( 2290): in buffer: a[19, 10944] 456.000 ms, v[31, 439518] 1320.000 ms
E/UDPSource( 2290): in datasource: 414672916 bytes, extractor created ? 1
E/NuPlayerRenderer( 2290): RNDR: dVA -262311 (dVAavg -232391), V 1076100155, A 1076362466, Asink 1076205184
I/NuPlayerDriver( 2290): notifyDuration: 0
E/NuPlayerRenderer( 2290): RNDR: dVA -262311 (dVAavg -232391), V 1076100155, A 1076362466, Asink 1076205184
E/UDPSource( 2290): in buffer: a[19, 10944] 456.000 ms, v[31, 439518] 1320.000 ms
E/UDPSource( 2290): in datasource: 414672916 bytes, extractor created ? 1
E/NuPlayerRenderer( 2290): RNDR: dVA -262311 (dVAavg -232391), V 1076100155, A 1076362466, Asink 1076205184
D/dalvikvm( 2721): GC_CONCURRENT freed 1943K, 24% free 7051K/9192K, paused 2ms+4ms, total 45ms
I/NuPlayerDriver( 2290): notifyDuration: 0
E/NuPlayerRenderer( 2290): RNDR: dVA -262311 (dVAavg -232391), V 1076100155, A 1076362466, Asink 1076205184
E/UDPSource( 2290): in buffer: a[19, 10944] 456.000 ms, v[31, 439518] 1320.000 ms
E/UDPSource( 2290): in datasource: 414672916 bytes, extractor created ? 1
E/NuPlayerRenderer( 2290): RNDR: dVA -262311 (dVAavg -232391), V 1076100155, A 1076362466, Asink 1076205184
I/NuPlayerDriver( 2290): notifyDuration: 0
E/NuPlayerRenderer( 2290): RNDR: dVA -262311 (dVAavg -232391), V 1076100155, A 1076362466, Asink 1076205184
E/UDPSource( 2290): in buffer: a[19, 10944] 456.000 ms, v[31, 439518] 1320.000 ms
E/UDPSource( 2290): in datasource: 414672916 bytes, extractor created ? 1
E/NuPlayerRenderer( 2290): RNDR: dVA -262311 (dVAavg -232391), V 1076100155, A 1076362466, Asink 1076205184
I/NuPlayerDriver( 2290): notifyDuration: 0
E/NuPlayerRenderer( 2290): RNDR: dVA -262311 (dVAavg -232391), V 1076100155, A 1076362466, Asink 1076205184
E/UDPSource( 2290): in buffer: a[19, 10944] 456.000 ms, v[31, 439518] 1320.000 ms
E/UDPSource( 2290): in datasource: 414672916 bytes, extractor created ? 1
E/NuPlayerRenderer( 2290): RNDR: dVA -262311 (dVAavg -232391), V 1076100155, A 1076362466, Asink 1076205184
D/HDMI-Controller( 2721): HDMIController::isSinkConnected: 1
D/        ( 2721):  enter hdmi_check_rx_sense
D/HDMI-Controller( 2721): HDMIController::checkRxSense: 0
I/NuPlayerDriver( 2290): notifyDuration: 0
E/NuPlayerRenderer( 2290): RNDR: dVA -262311 (dVAavg -232391), V 1076100155, A 1076362466, Asink 1076205184
E/UDPSource( 2290): in buffer: a[19, 10944] 456.000 ms, v[31, 439518] 1320.000 ms
E/UDPSource( 2290): in datasource: 414672916 bytes, extractor created ? 1
E/NuPlayerRenderer( 2290): RNDR: dVA -262311 (dVAavg -232391), V 1076100155, A 1076362466, Asink 1076205184
I/NuPlayerDriver( 2290): notifyDuration: 0
E/NuPlayerRenderer( 2290): RNDR: dVA -262311 (dVAavg -232391), V 1076100155, A 1076362466, Asink 1076205184
E/UDPSource( 2290): in buffer: a[19, 10944] 456.000 ms, v[31, 439518] 1320.000 ms
E/UDPSource( 2290): in datasource: 414672916 bytes, extractor created ? 1
E/NuPlayerRenderer( 2290): RNDR: dVA -262311 (dVAavg -232391), V 1076100155, A 1076362466, Asink 1076205184
I/NuPlayerDriver( 2290): notifyDuration: 0
E/NuPlayerRenderer( 2290): RNDR: dVA -262311 (dVAavg -232391), V 1076100155, A 1076362466, Asink 1076205184
E/UDPSource( 2290): in buffer: a[19, 10944] 456.000 ms, v[31, 439518] 1320.000 ms
E/UDPSource( 2290): in datasource: 414672916 bytes, extractor created ? 1
E/NuPlayerRenderer( 2290): RNDR: dVA -262311 (dVAavg -232391), V 1076100155, A 1076362466, Asink 1076205184
I/NuPlayerDriver( 2290): notifyDuration: 0
E/NuPlayerRenderer( 2290): RNDR: dVA -262311 (dVAavg -232391), V 1076100155, A 1076362466, Asink 1076205184
E/UDPSource( 2290): in buffer: a[19, 10944] 456.000 ms, v[31, 439518] 1320.000 ms
E/UDPSource( 2290): in datasource: 414672916 bytes, extractor created ? 1
E/NuPlayerRenderer( 2290): RNDR: dVA -262311 (dVAavg -232391), V 1076100155, A 1076362466, Asink 1076205184
I/NuPlayerDriver( 2290): notifyDuration: 0
E/NuPlayerRenderer( 2290): RNDR: dVA -262311 (dVAavg -232391), V 1076100155, A 1076362466, Asink 1076205184
E/UDPSource( 2290): in buffer: a[19, 10944] 456.000 ms, v[31, 439518] 1320.000 ms
E/UDPSource( 2290): in datasource: 414672916 bytes, extractor created ? 1
D/UpdateService( 2940): Trying to update. isFirstStartUpdate: false
E/NuPlayerRenderer( 2290): RNDR: dVA -262311 (dVAavg -232391), V 1076100155, A 1076362466, Asink 1076205184
I/NuPlayerDriver( 2290): notifyDuration: 0
E/NuPlayerRenderer( 2290): RNDR: dVA -262311 (dVAavg -232391), V 1076100155, A 1076362466, Asink 1076205184
E/UDPSource( 2290): in buffer: a[19, 10944] 456.000 ms, v[31, 439518] 1320.000 ms
E/UDPSource( 2290): in datasource: 414672916 bytes, extractor created ? 1
E/NuPlayerRenderer( 2290): RNDR: dVA -262311 (dVAavg -232391), V 1076100155, A 1076362466, Asink 1076205184
I/NuPlayerDriver( 2290): notifyDuration: 0
E/NuPlayerRenderer( 2290): RNDR: dVA -262311 (dVAavg -232391), V 1076100155, A 1076362466, Asink 1076205184
E/UDPSource( 2290): in buffer: a[19, 10944] 456.000 ms, v[31, 439518] 1320.000 ms
E/UDPSource( 2290): in datasource: 414672916 bytes, extractor created ? 1
E/NuPlayerRenderer( 2290): RNDR: dVA -262311 (dVAavg -232391), V 1076100155, A 1076362466, Asink 1076205184
I/NuPlayerDriver( 2290): notifyDuration: 0
E/NuPlayerRenderer( 2290): RNDR: dVA -262311 (dVAavg -232391), V 1076100155, A 1076362466, Asink 1076205184
E/UDPSource( 2290): in buffer: a[19, 10944] 456.000 ms, v[31, 439518] 1320.000 ms
E/UDPSource( 2290): in datasource: 414672916 bytes, extractor created ? 1
E/NuPlayerRenderer( 2290): RNDR: dVA -262311 (dVAavg -232391), V 1076100155, A 1076362466, Asink 1076205184
I/NuPlayerDriver( 2290): notifyDuration: 0
E/NuPlayerRenderer( 2290): RNDR: dVA -262311 (dVAavg -232391), V 1076100155, A 1076362466, Asink 1076205184
E/UDPSource( 2290): in buffer: a[19, 10944] 456.000 ms, v[31, 439518] 1320.000 ms
E/UDPSource( 2290): in datasource: 414672916 bytes, extractor created ? 1
E/NuPlayerRenderer( 2290): RNDR: dVA -262311 (dVAavg -232391), V 1076100155, A 1076362466, Asink 1076205184
I/NuPlayerDriver( 2290): notifyDuration: 0
E/NuPlayerRenderer( 2290): RNDR: dVA -262311 (dVAavg -232391), V 1076100155, A 1076362466, Asink 1076205184
E/UDPSource( 2290): in buffer: a[19, 10944] 456.000 ms, v[31, 439518] 1320.000 ms
E/UDPSource( 2290): in datasource: 414672916 bytes, extractor created ? 1
E/NuPlayerRenderer( 2290): RNDR: dVA -262311 (dVAavg -232391), V 1076100155, A 1076362466, Asink 1076205184
D/HDMI-Controller( 2721): HDMIController::isSinkConnected: 1
D/        ( 2721):  enter hdmi_check_rx_sense
D/HDMI-Controller( 2721): HDMIController::checkRxSense: 0
I/NuPlayerDriver( 2290): notifyDuration: 0
E/NuPlayerRenderer( 2290): RNDR: dVA -262311 (dVAavg -232391), V 1076100155, A 1076362466, Asink 1076205184
E/UDPSource( 2290): in buffer: a[19, 10944] 456.000 ms, v[31, 439518] 1320.000 ms
E/UDPSource( 2290): in datasource: 414672916 bytes, extractor created ? 1
E/NuPlayerRenderer( 2290): RNDR: dVA -262311 (dVAavg -232391), V 1076100155, A 1076362466, Asink 1076205184
I/NuPlayerDriver( 2290): notifyDuration: 0
I/PlayCommon( 3410): [80] com.google.android.play.b.h.e(262): Preparing logs for uploading
W/PlayCommon( 3410): [80] com.google.android.play.b.h.a(672): No account for auth token provided
I/PlayCommon( 3410): [80] com.google.android.play.b.h.a(519): Connecting to server: https://play.googleapis.com/play/log?format=raw&proto_v2=true
E/PlayCommon( 3410): [80] com.google.android.play.b.h.a(549): Failed to connect to server: java.net.UnknownHostException: Unable to resolve host "play.googleapis.com": No address associated with hostname
E/NuPlayerRenderer( 2290): RNDR: dVA -262311 (dVAavg -232391), V 1076100155, A 1076362466, Asink 1076205184
E/UDPSource( 2290): in buffer: a[19, 10944] 456.000 ms, v[31, 439518] 1320.000 ms
E/UDPSource( 2290): in datasource: 414672916 bytes, extractor created ? 1
E/NuPlayerRenderer( 2290): RNDR: dVA -262311 (dVAavg -232391), V 1076100155, A 1076362466, Asink 1076205184
I/NuPlayerDriver( 2290): notifyDuration: 0
E/NuPlayerRenderer( 2290): RNDR: dVA -262311 (dVAavg -232391), V 1076100155, A 1076362466, Asink 1076205184
E/UDPSource( 2290): in buffer: a[19, 10944] 456.000 ms, v[31, 439518] 1320.000 ms
E/UDPSource( 2290): in datasource: 414672916 bytes, extractor created ? 1
E/NuPlayerRenderer( 2290): RNDR: dVA -262311 (dVAavg -232391), V 1076100155, A 1076362466, Asink 1076205184
I/NuPlayerDriver( 2290): notifyDuration: 0
E/NuPlayerRenderer( 2290): RNDR: dVA -262311 (dVAavg -232391), V 1076100155, A 1076362466, Asink 1076205184
E/UDPSource( 2290): in buffer: a[19, 10944] 456.000 ms, v[31, 439518] 1320.000 ms
E/UDPSource( 2290): in datasource: 414672916 bytes, extractor created ? 1
E/NuPlayerRenderer( 2290): RNDR: dVA -262311 (dVAavg -232391), V 1076100155, A 1076362466, Asink 1076205184
I/NuPlayerDriver( 2290): notifyDuration: 0
E/NuPlayerRenderer( 2290): RNDR: dVA -262311 (dVAavg -232391), V 1076100155, A 1076362466, Asink 1076205184
E/UDPSource( 2290): in buffer: a[19, 10944] 456.000 ms, v[31, 439518] 1320.000 ms
E/UDPSource( 2290): in datasource: 414672916 bytes, extractor created ? 1
E/NuPlayerRenderer( 2290): RNDR: dVA -262311 (dVAavg -232391), V 1076100155, A 1076362466, Asink 1076205184
I/NuPlayerDriver( 2290): notifyDuration: 0
E/NuPlayerRenderer( 2290): RNDR: dVA -262311 (dVAavg -232391), V 1076100155, A 1076362466, Asink 1076205184
E/UDPSource( 2290): in buffer: a[19, 10944] 456.000 ms, v[31, 439518] 1320.000 ms
E/UDPSource( 2290): in datasource: 414672916 bytes, extractor created ? 1
E/NuPlayerRenderer( 2290): RNDR: dVA -262311 (dVAavg -232391), V 1076100155, A 1076362466, Asink 1076205184
I/NuPlayerDriver( 2290): notifyDuration: 0
E/NuPlayerRenderer( 2290): RNDR: dVA -262311 (dVAavg -232391), V 1076100155, A 1076362466, Asink 1076205184
E/UDPSource( 2290): in buffer: a[19, 10944] 456.000 ms, v[31, 439518] 1320.000 ms
E/UDPSource( 2290): in datasource: 414672916 bytes, extractor created ? 1
E/NuPlayerRenderer( 2290): RNDR: dVA -262311 (dVAavg -232391), V 1076100155, A 1076362466, Asink 1076205184
I/NuPlayerDriver( 2290): notifyDuration: 0
E/NuPlayerRenderer( 2290): RNDR: dVA -262311 (dVAavg -232391), V 1076100155, A 1076362466, Asink 1076205184
E/UDPSource( 2290): in buffer: a[19, 10944] 456.000 ms, v[31, 439518] 1320.000 ms
E/UDPSource( 2290): in datasource: 414672916 bytes, extractor created ? 1
E/NuPlayerRenderer( 2290): RNDR: dVA -262311 (dVAavg -232391), V 1076100155, A 1076362466, Asink 1076205184
I/NuPlayerDriver( 2290): notifyDuration: 0
E/NuPlayerRenderer( 2290): RNDR: dVA -262311 (dVAavg -232391), V 1076100155, A 1076362466, Asink 1076205184
E/UDPSource( 2290): in buffer: a[19, 10944] 456.000 ms, v[31, 439518] 1320.000 ms
E/UDPSource( 2290): in datasource: 414672916 bytes, extractor created ? 1
E/NuPlayerRenderer( 2290): RNDR: dVA -262311 (dVAavg -232391), V 1076100155, A 1076362466, Asink 1076205184
I/NuPlayerDriver( 2290): notifyDuration: 0
E/NuPlayerRenderer( 2290): RNDR: dVA -262311 (dVAavg -232391), V 1076100155, A 1076362466, Asink 1076205184
E/UDPSource( 2290): in buffer: a[19, 10944] 456.000 ms, v[31, 439518] 1320.000 ms
E/UDPSource( 2290): in datasource: 414672916 bytes, extractor created ? 1
E/NuPlayerRenderer( 2290): RNDR: dVA -262311 (dVAavg -232391), V 1076100155, A 1076362466, Asink 1076205184
D/HDMI-Controller( 2721): HDMIController::isSinkConnected: 1
D/        ( 2721):  enter hdmi_check_rx_sense
D/HDMI-Controller( 2721): HDMIController::checkRxSense: 0
I/NuPlayerDriver( 2290): notifyDuration: 0
E/NuPlayerRenderer( 2290): RNDR: dVA -262311 (dVAavg -232391), V 1076100155, A 1076362466, Asink 1076205184
E/UDPSource( 2290): in buffer: a[19, 10944] 456.000 ms, v[31, 439518] 1320.000 ms
E/UDPSource( 2290): in datasource: 414672916 bytes, extractor created ? 1
E/NuPlayerRenderer( 2290): RNDR: dVA -262311 (dVAavg -232391), V 1076100155, A 1076362466, Asink 1076205184
I/NuPlayerDriver( 2290): notifyDuration: 0
E/NuPlayerRenderer( 2290): RNDR: dVA -262311 (dVAavg -232391), V 1076100155, A 1076362466, Asink 1076205184
E/UDPSource( 2290): in buffer: a[19, 10944] 456.000 ms, v[31, 439518] 1320.000 ms
E/UDPSource( 2290): in datasource: 414672916 bytes, extractor created ? 1
E/NuPlayerRenderer( 2290): RNDR: dVA -262311 (dVAavg -232391), V 1076100155, A 1076362466, Asink 1076205184
I/NuPlayerDriver( 2290): notifyDuration: 0
E/NuPlayerRenderer( 2290): RNDR: dVA -262311 (dVAavg -232391), V 1076100155, A 1076362466, Asink 1076205184
E/UDPSource( 2290): in buffer: a[19, 10944] 456.000 ms, v[31, 439518] 1320.000 ms
E/UDPSource( 2290): in datasource: 414672916 bytes, extractor created ? 1
E/NuPlayerRenderer( 2290): RNDR: dVA -262311 (dVAavg -232391), V 1076100155, A 1076362466, Asink 1076205184
I/NuPlayerDriver( 2290): notifyDuration: 0
E/NuPlayerRenderer( 2290): RNDR: dVA -262311 (dVAavg -232391), V 1076100155, A 1076362466, Asink 1076205184
E/UDPSource( 2290): in buffer: a[19, 10944] 456.000 ms, v[31, 439518] 1320.000 ms
E/UDPSource( 2290): in datasource: 414672916 bytes, extractor created ? 1
W/libc    ( 9176): void endpwent()(3) is not implemented on Android
E/NuPlayerRenderer( 2290): RNDR: dVA -262311 (dVAavg -232391), V 1076100155, A 1076362466, Asink 1076205184
I/NuPlayerDriver( 2290): notifyDuration: 0
E/NuPlayerRenderer( 2290): RNDR: dVA -262311 (dVAavg -232391), V 1076100155, A 1076362466, Asink 1076205184
E/UDPSource( 2290): in buffer: a[19, 10944] 456.000 ms, v[31, 439518] 1320.000 ms
E/UDPSource( 2290): in datasource: 414672916 bytes, extractor created ? 1
D/UpdateService( 2940): Trying to update. isFirstStartUpdate: false
E/NuPlayerRenderer( 2290): RNDR: dVA -262311 (dVAavg -232391), V 1076100155, A 1076362466, Asink 1076205184
I/NuPlayerDriver( 2290): notifyDuration: 0
E/NuPlayerRenderer( 2290): RNDR: dVA -262311 (dVAavg -232391), V 1076100155, A 1076362466, Asink 1076205184
E/UDPSource( 2290): in buffer: a[19, 10944] 456.000 ms, v[31, 439518] 1320.000 ms
E/UDPSource( 2290): in datasource: 414672916 bytes, extractor created ? 1
E/NuPlayerRenderer( 2290): RNDR: dVA -262311 (dVAavg -232391), V 1076100155, A 1076362466, Asink 1076205184
I/NuPlayerDriver( 2290): notifyDuration: 0
E/NuPlayerRenderer( 2290): RNDR: dVA -262311 (dVAavg -232391), V 1076100155, A 1076362466, Asink 1076205184
E/UDPSource( 2290): in buffer: a[19, 10944] 456.000 ms, v[31, 439518] 1320.000 ms
E/UDPSource( 2290): in datasource: 414672916 bytes, extractor created ? 1
E/NuPlayerRenderer( 2290): RNDR: dVA -262311 (dVAavg -232391), V 1076100155, A 1076362466, Asink 1076205184
I/NuPlayerDriver( 2290): notifyDuration: 0
E/NuPlayerRenderer( 2290): RNDR: dVA -262311 (dVAavg -232391), V 1076100155, A 1076362466, Asink 1076205184
E/UDPSource( 2290): in buffer: a[19, 10944] 456.000 ms, v[31, 439518] 1320.000 ms
E/UDPSource( 2290): in datasource: 414672916 bytes, extractor created ? 1
E/NuPlayerRenderer( 2290): RNDR: dVA -262311 (dVAavg -232391), V 1076100155, A 1076362466, Asink 1076205184
I/NuPlayerDriver( 2290): notifyDuration: 0
E/NuPlayerRenderer( 2290): RNDR: dVA -262311 (dVAavg -232391), V 1076100155, A 1076362466, Asink 1076205184
E/UDPSource( 2290): in buffer: a[19, 10944] 456.000 ms, v[31, 439518] 1320.000 ms
E/UDPSource( 2290): in datasource: 414672916 bytes, extractor created ? 1
E/NuPlayerRenderer( 2290): RNDR: dVA -262311 (dVAavg -232391), V 1076100155, A 1076362466, Asink 1076205184
I/NuPlayerDriver( 2290): notifyDuration: 0
E/NuPlayerRenderer( 2290): RNDR: dVA -262311 (dVAavg -232391), V 1076100155, A 1076362466, Asink 1076205184
E/UDPSource( 2290): in buffer: a[19, 10944] 456.000 ms, v[31, 439518] 1320.000 ms
E/UDPSource( 2290): in datasource: 414672916 bytes, extractor created ? 1
E/NuPlayerRenderer( 2290): RNDR: dVA -262311 (dVAavg -232391), V 1076100155, A 1076362466, Asink 1076205184
D/HDMI-Controller( 2721): HDMIController::isSinkConnected: 1
D/        ( 2721):  enter hdmi_check_rx_sense
D/HDMI-Controller( 2721): HDMIController::checkRxSense: 0
I/NuPlayerDriver( 2290): notifyDuration: 0
E/NuPlayerRenderer( 2290): RNDR: dVA -262311 (dVAavg -232391), V 1076100155, A 1076362466, Asink 1076205184
E/UDPSource( 2290): in buffer: a[19, 10944] 456.000 ms, v[31, 439518] 1320.000 ms
E/UDPSource( 2290): in datasource: 414672916 bytes, extractor created ? 1
E/NuPlayerRenderer( 2290): RNDR: dVA -262311 (dVAavg -232391), V 1076100155, A 1076362466, Asink 1076205184
I/NuPlayerDriver( 2290): notifyDuration: 0
E/NuPlayerRenderer( 2290): RNDR: dVA -262311 (dVAavg -232391), V 1076100155, A 1076362466, Asink 1076205184
E/UDPSource( 2290): in buffer: a[19, 10944] 456.000 ms, v[31, 439518] 1320.000 ms
E/UDPSource( 2290): in datasource: 414672916 bytes, extractor created ? 1
E/NuPlayerRenderer( 2290): RNDR: dVA -262311 (dVAavg -232391), V 1076100155, A 1076362466, Asink 1076205184
I/NuPlayerDriver( 2290): notifyDuration: 0
E/NuPlayerRenderer( 2290): RNDR: dVA -262311 (dVAavg -232391), V 1076100155, A 1076362466, Asink 1076205184
E/UDPSource( 2290): in buffer: a[19, 10944] 456.000 ms, v[31, 439518] 1320.000 ms
E/UDPSource( 2290): in datasource: 414672916 bytes, extractor created ? 1
E/NuPlayerRenderer( 2290): RNDR: dVA -262311 (dVAavg -232391), V 1076100155, A 1076362466, Asink 1076205184
I/NuPlayerDriver( 2290): notifyDuration: 0
E/NuPlayerRenderer( 2290): RNDR: dVA -262311 (dVAavg -232391), V 1076100155, A 1076362466, Asink 1076205184
E/UDPSource( 2290): in buffer: a[19, 10944] 456.000 ms, v[31, 439518] 1320.000 ms
E/UDPSource( 2290): in datasource: 414672916 bytes, extractor created ? 1
E/NuPlayerRenderer( 2290): RNDR: dVA -262311 (dVAavg -232391), V 1076100155, A 1076362466, Asink 1076205184
I/NuPlayerDriver( 2290): notifyDuration: 0
E/NuPlayerRenderer( 2290): RNDR: dVA -262311 (dVAavg -232391), V 1076100155, A 1076362466, Asink 1076205184
E/UDPSource( 2290): in buffer: a[19, 10944] 456.000 ms, v[31, 439518] 1320.000 ms
E/UDPSource( 2290): in datasource: 414672916 bytes, extractor created ? 1
E/NuPlayerRenderer( 2290): RNDR: dVA -262311 (dVAavg -232391), V 1076100155, A 1076362466, Asink 1076205184
I/NuPlayerDriver( 2290): notifyDuration: 0
E/NuPlayerRenderer( 2290): RNDR: dVA -262311 (dVAavg -232391), V 1076100155, A 1076362466, Asink 1076205184
E/UDPSource( 2290): in buffer: a[19, 10944] 456.000 ms, v[31, 439518] 1320.000 ms
E/UDPSource( 2290): in datasource: 414672916 bytes, extractor created ? 1
E/NuPlayerRenderer( 2290): RNDR: dVA -262311 (dVAavg -232391), V 1076100155, A 1076362466, Asink 1076205184
I/NuPlayerDriver( 2290): notifyDuration: 0
E/NuPlayerRenderer( 2290): RNDR: dVA -262311 (dVAavg -232391), V 1076100155, A 1076362466, Asink 1076205184
E/UDPSource( 2290): in buffer: a[19, 10944] 456.000 ms, v[31, 439518] 1320.000 ms
E/UDPSource( 2290): in datasource: 414672916 bytes, extractor created ? 1
D/dalvikvm( 2900): GC_CONCURRENT freed 1912K, 29% free 5994K/8360K, paused 3ms+5ms, total 43ms
E/NuPlayerRenderer( 2290): RNDR: dVA -262311 (dVAavg -232391), V 1076100155, A 1076362466, Asink 1076205184
I/NuPlayerDriver( 2290): notifyDuration: 0
E/NuPlayerRenderer( 2290): RNDR: dVA -262311 (dVAavg -232391), V 1076100155, A 1076362466, Asink 1076205184
E/UDPSource( 2290): in buffer: a[19, 10944] 456.000 ms, v[31, 439518] 1320.000 ms
E/UDPSource( 2290): in datasource: 414672916 bytes, extractor created ? 1
E/NuPlayerRenderer( 2290): RNDR: dVA -262311 (dVAavg -232391), V 1076100155, A 1076362466, Asink 1076205184
I/NuPlayerDriver( 2290): notifyDuration: 0
E/NuPlayerRenderer( 2290): RNDR: dVA -262311 (dVAavg -232391), V 1076100155, A 1076362466, Asink 1076205184
E/UDPSource( 2290): in buffer: a[19, 10944] 456.000 ms, v[31, 439518] 1320.000 ms
E/UDPSource( 2290): in datasource: 414672916 bytes, extractor created ? 1
E/NuPlayerRenderer( 2290): RNDR: dVA -262311 (dVAavg -232391), V 1076100155, A 1076362466, Asink 1076205184
I/NuPlayerDriver( 2290): notifyDuration: 0
E/NuPlayerRenderer( 2290): RNDR: dVA -262311 (dVAavg -232391), V 1076100155, A 1076362466, Asink 1076205184
E/UDPSource( 2290): in buffer: a[19, 10944] 456.000 ms, v[31, 439518] 1320.000 ms
E/UDPSource( 2290): in datasource: 414672916 bytes, extractor created ? 1
E/NuPlayerRenderer( 2290): RNDR: dVA -262311 (dVAavg -232391), V 1076100155, A 1076362466, Asink 1076205184
D/HDMI-Controller( 2721): HDMIController::isSinkConnected: 1
D/        ( 2721):  enter hdmi_check_rx_sense
D/HDMI-Controller( 2721): HDMIController::checkRxSense: 0
I/NuPlayerDriver( 2290): notifyDuration: 0
E/NuPlayerRenderer( 2290): RNDR: dVA -262311 (dVAavg -232391), V 1076100155, A 1076362466, Asink 1076205184
E/UDPSource( 2290): in buffer: a[19, 10944] 456.000 ms, v[31, 439518] 1320.000 ms
E/UDPSource( 2290): in datasource: 414672916 bytes, extractor created ? 1
E/NuPlayerRenderer( 2290): RNDR: dVA -262311 (dVAavg -232391), V 1076100155, A 1076362466, Asink 1076205184
I/NuPlayerDriver( 2290): notifyDuration: 0
E/NuPlayerRenderer( 2290): RNDR: dVA -262311 (dVAavg -232391), V 1076100155, A 1076362466, Asink 1076205184
E/UDPSource( 2290): in buffer: a[19, 10944] 456.000 ms, v[31, 439518] 1320.000 ms
E/UDPSource( 2290): in datasource: 414672916 bytes, extractor created ? 1
E/NuPlayerRenderer( 2290): RNDR: dVA -262311 (dVAavg -232391), V 1076100155, A 1076362466, Asink 1076205184
I/NuPlayerDriver( 2290): notifyDuration: 0
E/NuPlayerRenderer( 2290): RNDR: dVA -262311 (dVAavg -232391), V 1076100155, A 1076362466, Asink 1076205184
E/UDPSource( 2290): in buffer: a[19, 10944] 456.000 ms, v[31, 439518] 1320.000 ms
E/UDPSource( 2290): in datasource: 414672916 bytes, extractor created ? 1
E/NuPlayerRenderer( 2290): RNDR: dVA -262311 (dVAavg -232391), V 1076100155, A 1076362466, Asink 1076205184
I/NuPlayerDriver( 2290): notifyDuration: 0
E/NuPlayerRenderer( 2290): RNDR: dVA -262311 (dVAavg -232391), V 1076100155, A 1076362466, Asink 1076205184
E/UDPSource( 2290): in buffer: a[19, 10944] 456.000 ms, v[31, 439518] 1320.000 ms
E/UDPSource( 2290): in datasource: 414672916 bytes, extractor created ? 1
E/NuPlayerRenderer( 2290): RNDR: dVA -262311 (dVAavg -232391), V 1076100155, A 1076362466, Asink 1076205184
I/NuPlayerDriver( 2290): notifyDuration: 0
E/NuPlayerRenderer( 2290): RNDR: dVA -262311 (dVAavg -232391), V 1076100155, A 1076362466, Asink 1076205184
E/UDPSource( 2290): in buffer: a[19, 10944] 456.000 ms, v[31, 439518] 1320.000 ms
E/UDPSource( 2290): in datasource: 414672916 bytes, extractor created ? 1
D/UpdateService( 2940): Trying to update. isFirstStartUpdate: false
E/NuPlayerRenderer( 2290): RNDR: dVA -262311 (dVAavg -232391), V 1076100155, A 1076362466, Asink 1076205184
I/NuPlayerDriver( 2290): notifyDuration: 0
E/NuPlayerRenderer( 2290): RNDR: dVA -262311 (dVAavg -232391), V 1076100155, A 1076362466, Asink 1076205184
E/UDPSource( 2290): in buffer: a[19, 10944] 456.000 ms, v[31, 439518] 1320.000 ms
E/UDPSource( 2290): in datasource: 414672916 bytes, extractor created ? 1
E/NuPlayerRenderer( 2290): RNDR: dVA -262311 (dVAavg -232391), V 1076100155, A 1076362466, Asink 1076205184
I/NuPlayerDriver( 2290): notifyDuration: 0
E/NuPlayerRenderer( 2290): RNDR: dVA -262311 (dVAavg -232391), V 1076100155, A 1076362466, Asink 1076205184
E/UDPSource( 2290): in buffer: a[19, 10944] 456.000 ms, v[31, 439518] 1320.000 ms
E/UDPSource( 2290): in datasource: 414672916 bytes, extractor created ? 1
E/NuPlayerRenderer( 2290): RNDR: dVA -262311 (dVAavg -232391), V 1076100155, A 1076362466, Asink 1076205184
I/NuPlayerDriver( 2290): notifyDuration: 0
E/NuPlayerRenderer( 2290): RNDR: dVA -262311 (dVAavg -232391), V 1076100155, A 1076362466, Asink 1076205184
E/UDPSource( 2290): in buffer: a[19, 10944] 456.000 ms, v[31, 439518] 1320.000 ms
E/UDPSource( 2290): in datasource: 414672916 bytes, extractor created ? 1
E/NuPlayerRenderer( 2290): RNDR: dVA -262311 (dVAavg -232391), V 1076100155, A 1076362466, Asink 1076205184
I/NuPlayerDriver( 2290): notifyDuration: 0
E/NuPlayerRenderer( 2290): RNDR: dVA -262311 (dVAavg -232391), V 1076100155, A 1076362466, Asink 1076205184
E/UDPSource( 2290): in buffer: a[19, 10944] 456.000 ms, v[31, 439518] 1320.000 ms
E/UDPSource( 2290): in datasource: 414672916 bytes, extractor created ? 1
E/NuPlayerRenderer( 2290): RNDR: dVA -262311 (dVAavg -232391), V 1076100155, A 1076362466, Asink 1076205184
I/NuPlayerDriver( 2290): notifyDuration: 0
E/NuPlayerRenderer( 2290): RNDR: dVA -262311 (dVAavg -232391), V 1076100155, A 1076362466, Asink 1076205184
E/UDPSource( 2290): in buffer: a[19, 10944] 456.000 ms, v[31, 439518] 1320.000 ms
E/UDPSource( 2290): in datasource: 414672916 bytes, extractor created ? 1
E/NuPlayerRenderer( 2290): RNDR: dVA -262311 (dVAavg -232391), V 1076100155, A 1076362466, Asink 1076205184
D/HDMI-Controller( 2721): HDMIController::isSinkConnected: 1
D/        ( 2721):  enter hdmi_check_rx_sense
D/HDMI-Controller( 2721): HDMIController::checkRxSense: 0
I/NuPlayerDriver( 2290): notifyDuration: 0
E/NuPlayerRenderer( 2290): RNDR: dVA -262311 (dVAavg -232391), V 1076100155, A 1076362466, Asink 1076205184
W/libc    ( 9190): void endpwent()(3) is not implemented on Android
E/UDPSource( 2290): in buffer: a[19, 10944] 456.000 ms, v[31, 439518] 1320.000 ms
E/UDPSource( 2290): in datasource: 414672916 bytes, extractor created ? 1
E/NuPlayerRenderer( 2290): RNDR: dVA -262311 (dVAavg -232391), V 1076100155, A 1076362466, Asink 1076205184
I/NuPlayerDriver( 2290): notifyDuration: 0
E/NuPlayerRenderer( 2290): RNDR: dVA -262311 (dVAavg -232391), V 1076100155, A 1076362466, Asink 1076205184
E/UDPSource( 2290): in buffer: a[19, 10944] 456.000 ms, v[31, 439518] 1320.000 ms
E/UDPSource( 2290): in datasource: 414672916 bytes, extractor created ? 1
E/NuPlayerRenderer( 2290): RNDR: dVA -262311 (dVAavg -232391), V 1076100155, A 1076362466, Asink 1076205184
I/NuPlayerDriver( 2290): notifyDuration: 0
E/NuPlayerRenderer( 2290): RNDR: dVA -262311 (dVAavg -232391), V 1076100155, A 1076362466, Asink 1076205184
E/UDPSource( 2290): in buffer: a[19, 10944] 456.000 ms, v[31, 439518] 1320.000 ms
E/UDPSource( 2290): in datasource: 414672916 bytes, extractor created ? 1
E/NuPlayerRenderer( 2290): RNDR: dVA -262311 (dVAavg -232391), V 1076100155, A 1076362466, Asink 1076205184
I/NuPlayerDriver( 2290): notifyDuration: 0
E/NuPlayerRenderer( 2290): RNDR: dVA -262311 (dVAavg -232391), V 1076100155, A 1076362466, Asink 1076205184
E/UDPSource( 2290): in buffer: a[19, 10944] 456.000 ms, v[31, 439518] 1320.000 ms
E/UDPSource( 2290): in datasource: 414672916 bytes, extractor created ? 1
E/NuPlayerRenderer( 2290): RNDR: dVA -262311 (dVAavg -232391), V 1076100155, A 1076362466, Asink 1076205184
I/NuPlayerDriver( 2290): notifyDuration: 0
E/NuPlayerRenderer( 2290): RNDR: dVA -262311 (dVAavg -232391), V 1076100155, A 1076362466, Asink 1076205184
E/UDPSource( 2290): in buffer: a[19, 10944] 456.000 ms, v[31, 439518] 1320.000 ms
E/UDPSource( 2290): in datasource: 414672916 bytes, extractor created ? 1
E/NuPlayerRenderer( 2290): RNDR: dVA -262311 (dVAavg -232391), V 1076100155, A 1076362466, Asink 1076205184
I/NuPlayerDriver( 2290): notifyDuration: 0
E/NuPlayerRenderer( 2290): RNDR: dVA -262311 (dVAavg -232391), V 1076100155, A 1076362466, Asink 1076205184
E/UDPSource( 2290): in buffer: a[19, 10944] 456.000 ms, v[31, 439518] 1320.000 ms
E/UDPSource( 2290): in datasource: 414672916 bytes, extractor created ? 1
E/NuPlayerRenderer( 2290): RNDR: dVA -262311 (dVAavg -232391), V 1076100155, A 1076362466, Asink 1076205184
I/NuPlayerDriver( 2290): notifyDuration: 0
E/NuPlayerRenderer( 2290): RNDR: dVA -262311 (dVAavg -232391), V 1076100155, A 1076362466, Asink 1076205184
E/UDPSource( 2290): in buffer: a[19, 10944] 456.000 ms, v[31, 439518] 1320.000 ms
E/UDPSource( 2290): in datasource: 414672916 bytes, extractor created ? 1
E/NuPlayerRenderer( 2290): RNDR: dVA -262311 (dVAavg -232391), V 1076100155, A 1076362466, Asink 1076205184
I/NuPlayerDriver( 2290): notifyDuration: 0
E/NuPlayerRenderer( 2290): RNDR: dVA -262311 (dVAavg -232391), V 1076100155, A 1076362466, Asink 1076205184
E/UDPSource( 2290): in buffer: a[19, 10944] 456.000 ms, v[31, 439518] 1320.000 ms
E/UDPSource( 2290): in datasource: 414672916 bytes, extractor created ? 1
E/NuPlayerRenderer( 2290): RNDR: dVA -262311 (dVAavg -232391), V 1076100155, A 1076362466, Asink 1076205184
I/NuPlayerDriver( 2290): notifyDuration: 0
E/NuPlayerRenderer( 2290): RNDR: dVA -262311 (dVAavg -232391), V 1076100155, A 1076362466, Asink 1076205184
E/UDPSource( 2290): in buffer: a[19, 10944] 456.000 ms, v[31, 439518] 1320.000 ms
E/UDPSource( 2290): in datasource: 414672916 bytes, extractor created ? 1
E/NuPlayerRenderer( 2290): RNDR: dVA -262311 (dVAavg -232391), V 1076100155, A 1076362466, Asink 1076205184
I/NuPlayerDriver( 2290): notifyDuration: 0
E/NuPlayerRenderer( 2290): RNDR: dVA -262311 (dVAavg -232391), V 1076100155, A 1076362466, Asink 1076205184
E/UDPSource( 2290): in buffer: a[19, 10944] 456.000 ms, v[31, 439518] 1320.000 ms
E/UDPSource( 2290): in datasource: 414672916 bytes, extractor created ? 1
E/NuPlayerRenderer( 2290): RNDR: dVA -262311 (dVAavg -232391), V 1076100155, A 1076362466, Asink 1076205184
D/HDMI-Controller( 2721): HDMIController::isSinkConnected: 1
D/        ( 2721):  enter hdmi_check_rx_sense
D/HDMI-Controller( 2721): HDMIController::checkRxSense: 0
I/NuPlayerDriver( 2290): notifyDuration: 0
E/NuPlayerRenderer( 2290): RNDR: dVA -262311 (dVAavg -232391), V 1076100155, A 1076362466, Asink 1076205184
E/UDPSource( 2290): in buffer: a[19, 10944] 456.000 ms, v[31, 439518] 1320.000 ms
E/UDPSource( 2290): in datasource: 414672916 bytes, extractor created ? 1
E/NuPlayerRenderer( 2290): RNDR: dVA -262311 (dVAavg -232391), V 1076100155, A 1076362466, Asink 1076205184
I/NuPlayerDriver( 2290): notifyDuration: 0
E/NuPlayerRenderer( 2290): RNDR: dVA -262311 (dVAavg -232391), V 1076100155, A 1076362466, Asink 1076205184
E/UDPSource( 2290): in buffer: a[19, 10944] 456.000 ms, v[31, 439518] 1320.000 ms
E/UDPSource( 2290): in datasource: 414672916 bytes, extractor created ? 1
E/NuPlayerRenderer( 2290): RNDR: dVA -262311 (dVAavg -232391), V 1076100155, A 1076362466, Asink 1076205184
I/NuPlayerDriver( 2290): notifyDuration: 0
E/NuPlayerRenderer( 2290): RNDR: dVA -262311 (dVAavg -232391), V 1076100155, A 1076362466, Asink 1076205184
E/UDPSource( 2290): in buffer: a[19, 10944] 456.000 ms, v[31, 439518] 1320.000 ms
E/UDPSource( 2290): in datasource: 414672916 bytes, extractor created ? 1
E/NuPlayerRenderer( 2290): RNDR: dVA -262311 (dVAavg -232391), V 1076100155, A 1076362466, Asink 1076205184
I/NuPlayerDriver( 2290): notifyDuration: 0
E/NuPlayerRenderer( 2290): RNDR: dVA -262311 (dVAavg -232391), V 1076100155, A 1076362466, Asink 1076205184
E/UDPSource( 2290): in buffer: a[19, 10944] 456.000 ms, v[31, 439518] 1320.000 ms
E/UDPSource( 2290): in datasource: 414672916 bytes, extractor created ? 1
E/NuPlayerRenderer( 2290): RNDR: dVA -262311 (dVAavg -232391), V 1076100155, A 1076362466, Asink 1076205184
I/NuPlayerDriver( 2290): notifyDuration: 0
E/NuPlayerRenderer( 2290): RNDR: dVA -262311 (dVAavg -232391), V 1076100155, A 1076362466, Asink 1076205184
E/UDPSource( 2290): in buffer: a[19, 10944] 456.000 ms, v[31, 439518] 1320.000 ms
E/UDPSource( 2290): in datasource: 414672916 bytes, extractor created ? 1
D/UpdateService( 2940): Trying to update. isFirstStartUpdate: false
E/NuPlayerRenderer( 2290): RNDR: dVA -262311 (dVAavg -232391), V 1076100155, A 1076362466, Asink 1076205184
I/NuPlayerDriver( 2290): notifyDuration: 0
E/NuPlayerRenderer( 2290): RNDR: dVA -262311 (dVAavg -232391), V 1076100155, A 1076362466, Asink 1076205184
E/UDPSource( 2290): in buffer: a[19, 10944] 456.000 ms, v[31, 439518] 1320.000 ms
E/UDPSource( 2290): in datasource: 414672916 bytes, extractor created ? 1
E/NuPlayerRenderer( 2290): RNDR: dVA -262311 (dVAavg -232391), V 1076100155, A 1076362466, Asink 1076205184
I/NuPlayerDriver( 2290): notifyDuration: 0
