I/ActivityManager( 2721): Start proc com.android.bluetooth for service com.android.bluetooth/.btservice.AdapterService: pid=3560 uid=1002 gids={41002, 3003, 3002, 3001, 1028, 1015, 3005, 1016, 3008}
W/RtkHDMIService( 2721): bootCompleteReceiver bHDCP =true
W/ContextImpl( 2721): Calling a method in the system process without a qualified user: android.app.ContextImpl.bindService:1564 android.bluetooth.BluetoothHeadset.doBind:283 android.bluetooth.BluetoothHeadset.<init>:276 android.bluetooth.BluetoothAdapter.getProfileProxy:1361 android.media.AudioService.getBluetoothHeadset:2256 
W/ContextImpl( 2721): Calling a method in the system process without a qualified user: android.app.ContextImpl.bindService:1564 android.bluetooth.BluetoothA2dp.doBind:165 android.bluetooth.BluetoothA2dp.<init>:158 android.bluetooth.BluetoothAdapter.getProfileProxy:1364 android.media.AudioService$AudioServiceBroadcastReceiver.onReceive:4228 
V/WiredAccessoryManager( 2721): notifyWiredAccessoryChanged: when=0 bits= mask=14
V/WiredAccessoryManager( 2721): flag_usb_change = false
V/WiredAccessoryManager( 2721): newName=h2w newState=0 headsetState=0 prev headsetState=0
V/WiredAccessoryManager( 2721): init()
I/PowerManagerService( 2721): Boot animation finished.
I/ActivityManager( 2721): Start proc com.android.onetimeinitializer for broadcast com.android.onetimeinitializer/.OneTimeInitializerReceiver: pid=3585 uid=10002 gids={50002}
I/BootReceiver( 2721): Copying audit failures to DropBox
I/BootReceiver( 2721): Checking for fsck errors
I/ActivityManager( 2721): Delay finish: com.android.onetimeinitializer/.OneTimeInitializerReceiver
I/ActivityManager( 2721): Resuming delayed broadcast
I/ActivityManager( 2721): Start proc org.eltex.dpadservice for broadcast org.eltex.dpadservice/.OnBootReceiver: pid=3691 uid=10014 gids={50014}
I/ActivityManager( 2721): Delay finish: com.google.android.gms/.chimera.GmsIntentOperationService$PersistentTrustedReceiver
I/ActivityManager( 2721): Start proc com.google.android.gms.ui for service com.google.android.gms/.chimera.UiIntentOperationService: pid=3902 uid=10007 gids={50007, 3003, 1007, 1028, 1015, 3002, 3001, 3007, 2001, 3006}
I/ActivityManager( 2721): Delaying start of: ServiceRecord{41c3da98 u0 com.android.vending/com.google.android.finsky.verifier.impl.PackageVerificationService}
D/ConnectivityService( 2721): handleInetConditionHoldEnd: net=9, condition=0, published condition=0
D/StatusBar.NetworkController( 2815): refreshViews -- mEthernetIconId =0x7f020004, combinedLabel = 
I/ActivityManager( 2721): Waited long enough for: ServiceRecord{41c3a360 u0 org.eltex.dpadservice/.DpadService}
I/ActivityManager( 2721): Waited long enough for: ServiceRecord{41c62d18 u0 com.google.android.gms/.auth.account.service.WorkAccountService}
I/ActivityManager( 2721): Waited long enough for: ServiceRecord{41cd3a28 u0 com.google.android.gms/.deviceconnection.service.DeviceConnectionWatcherService}
I/ActivityManager( 2721): Waited long enough for: ServiceRecord{41cd43c8 u0 com.google.android.gms/.common.stats.GmsCoreStatsService}
I/ActivityManager( 2721): Resuming delayed broadcast
I/ActivityManager( 2721): Start proc com.android.providers.calendar for broadcast com.android.providers.calendar/.CalendarReceiver: pid=3989 uid=10022 gids={50022, 3003, 1028, 1015}
I/ActivityManager( 2721): Delay finish: com.android.providers.calendar/.CalendarReceiver
I/ActivityManager( 2721): Waited long enough for: ServiceRecord{41cdcac0 u0 com.google.android.gms/.gcm.GcmService}
I/ActivityManager( 2721): Resuming delayed broadcast
I/ActivityManager( 2721): Start proc com.android.deskclock for broadcast com.android.deskclock/.AlarmInitReceiver: pid=4006 uid=10039 gids={50039, 1028}
I/ActivityManager( 2721): Start proc com.realtek.dmr for broadcast com.realtek.dmr/.BootReceiver: pid=4023 uid=10041 gids={50041, 3003}
I/ActivityManager( 2721): Delay finish: com.android.vending/com.google.android.finsky.flushlogs.FlushLogsReceiver
I/ActivityManager( 2721): Resuming delayed broadcast
I/ActivityManager( 2721): Delay finish: com.android.vending/com.google.android.finsky.verifier.impl.VerifyInstalledPackagesReceiver
I/ActivityManager( 2721): Resuming delayed broadcast
I/ActivityManager( 2721): Delay finish: com.google.android.gms/.stats.service.DropBoxEntryAddedReceiver
I/ActivityManager( 2721): Resuming delayed broadcast
I/ActivityManager( 2721): Delay finish: com.google.android.gms/.stats.service.DropBoxEntryAddedReceiver
I/ActivityManager( 2721): Resuming delayed broadcast
I/ActivityManager( 2721): Delay finish: com.google.android.gms/.chimera.GmsIntentOperationService$PersistentInternalReceiver
I/ActivityManager( 2721): Waited long enough for: ServiceRecord{41c78528 u0 com.google.android.gms/.nearby.discovery.service.DiscoveryService}
I/ActivityManager( 2721): Resuming delayed broadcast
I/ActivityManager( 2721): Delay finish: com.google.android.gms/.chimera.GmsIntentOperationService$PersistentTrustedReceiver
I/ActivityManager( 2721): Resuming delayed broadcast
I/ActivityManager( 2721): Delay finish: com.android.providers.calendar/.CalendarProviderBroadcastReceiver
I/ActivityManager( 2721): Resuming delayed broadcast
D/ConnectivityService( 2721): handleInetConditionHoldEnd: net=9, condition=0, published condition=0
D/StatusBar.NetworkController( 2815): refreshViews -- mEthernetIconId =0x7f020004, combinedLabel = 
E/NativeDaemonConnector.ResponseQueue( 2721): Timeout waiting for response
E/RtkGPIOConnector( 2721): timed-out waiting for response to 1 gpio get 4
E/RtkGPIOService( 2721): Error processing initial gpio state
E/RtkGPIOService( 2721): com.android.server.NativeDaemonConnector$NativeDaemonFailureException: command '1 gpio get 4' failed with 'null'
E/RtkGPIOService( 2721): 	at com.android.server.NativeDaemonConnector.execute(NativeDaemonConnector.java:376)
E/RtkGPIOService( 2721): 	at com.android.server.NativeDaemonConnector.executeForList(NativeDaemonConnector.java:327)
E/RtkGPIOService( 2721): 	at com.android.server.RtkGPIOService$1.run(RtkGPIOService.java:172)
D/ConnectivityService( 2721): Sampling interval elapsed, updating statistics ..
D/ConnectivityService( 2721): Done.
D/ConnectivityService( 2721): Setting timer for 720seconds
I/ActivityManager( 2721): Delay finish: com.android.vending/com.google.android.finsky.flushlogs.FlushLogsReceiver
I/ActivityManager( 2721): Resuming delayed broadcast
I/ActivityManager( 2721): Delay finish: com.google.android.gms/.gcm.nts.SchedulerReceiver
I/ActivityManager( 2721): Resuming delayed broadcast
D/ConnectivityService( 2721): handleInetConditionHoldEnd: net=9, condition=0, published condition=0
D/StatusBar.NetworkController( 2815): refreshViews -- mEthernetIconId =0x7f020004, combinedLabel = 
W/ActivityManager( 2721): Unable to start service Intent { act=com.google.android.gms.drive.ApiService.RESET_AFTER_BOOT flg=0x4 cmp=com.google.android.gms/.drive.api.ApiService (has extras) } U=0: not found
D/ConnectivityService( 2721): handleInetConditionHoldEnd: net=9, condition=0, published condition=0
D/StatusBar.NetworkController( 2815): refreshViews -- mEthernetIconId =0x7f020004, combinedLabel = 
I/ActivityManager( 2721): START u0 {act=android.intent.action.MAIN cat=[android.intent.category.LAUNCHER] flg=0x10000000 pkg=org.eltex.android.app.iptvplayer cmp=org.eltex.android.app.iptvplayer/.ui.activities.MainActivity (has extras)} from pid 3020
D/ConnectivityService( 2721): handleInetConditionHoldEnd: net=9, condition=0, published condition=0
D/StatusBar.NetworkController( 2815): refreshViews -- mEthernetIconId =0x7f020004, combinedLabel = 
W/SocketClient( 2285): write error (Broken pipe)
D/ConnectivityService( 2721): handleInetConditionHoldEnd: net=9, condition=0, published condition=0
D/StatusBar.NetworkController( 2815): refreshViews -- mEthernetIconId =0x7f020004, combinedLabel = 
D/ConnectivityService( 2721): Sampling interval elapsed, updating statistics ..
D/ConnectivityService( 2721): Done.
D/ConnectivityService( 2721): Setting timer for 720seconds
D/ConnectivityService( 2721): handleInetConditionHoldEnd: net=9, condition=0, published condition=0
D/StatusBar.NetworkController( 2815): refreshViews -- mEthernetIconId =0x7f020004, combinedLabel = 
D/ConnectivityService( 2721): Sampling interval elapsed, updating statistics ..
D/ConnectivityService( 2721): Done.
D/ConnectivityService( 2721): Setting timer for 720seconds
I/ProcessStatsService( 2721): Prepared write state in 7ms
I/ProcessStatsService( 2721): Prepared write state in 6ms
I/ActivityManager( 2721): Killing 3034:com.android.printspooler/u0a36 (adj 15): empty for 1824s
I/ActivityManager( 2721): Killing 3585:com.android.onetimeinitializer/u0a2 (adj 15): empty for 1817s
D/ConnectivityService( 2721): handleInetConditionHoldEnd: net=9, condition=0, published condition=0
D/StatusBar.NetworkController( 2815): refreshViews -- mEthernetIconId =0x7f020004, combinedLabel = 
D/ConnectivityService( 2721): Sampling interval elapsed, updating statistics ..
D/ConnectivityService( 2721): Done.
D/ConnectivityService( 2721): Setting timer for 720seconds
W/SocketClient( 2285): write error (Broken pipe)
W/SocketClient( 2285): write error (Broken pipe)
D/ConnectivityService( 2721): Sampling interval elapsed, updating statistics ..
D/ConnectivityService( 2721): Done.
D/ConnectivityService( 2721): Setting timer for 720seconds
D/ConnectivityService( 2721): handleInetConditionHoldEnd: net=9, condition=0, published condition=0
D/StatusBar.NetworkController( 2815): refreshViews -- mEthernetIconId =0x7f020004, combinedLabel = 
I/ProcessStatsService( 2721): Prepared write state in 4ms
I/ProcessStatsService( 2721): Prepared write state in 5ms
W/SocketClient( 2285): write error (Broken pipe)
D/ConnectivityService( 2721): Sampling interval elapsed, updating statistics ..
D/ConnectivityService( 2721): Done.
D/ConnectivityService( 2721): Setting timer for 720seconds
W/SocketClient( 2285): write error (Broken pipe)
W/SocketClient( 2285): write error (Broken pipe)
W/SocketClient( 2285): write error (Broken pipe)
D/ConnectivityService( 2721): handleInetConditionHoldEnd: net=9, condition=0, published condition=0
D/StatusBar.NetworkController( 2815): refreshViews -- mEthernetIconId =0x7f020004, combinedLabel = 
W/SocketClient( 2285): write error (Broken pipe)
W/SocketClient( 2285): write error (Broken pipe)
E/FrameworkListener( 2285): read() failed (Connection reset by peer)
E/FrameworkListener( 2285): read() failed (Connection reset by peer)
E/FrameworkListener( 2285): read() failed (Connection reset by peer)
E/FrameworkListener( 2285): read() failed (Connection reset by peer)
W/SocketClient( 2285): write error (Broken pipe)
W/SocketClient( 2285): write error (Broken pipe)
D/ConnectivityService( 2721): Sampling interval elapsed, updating statistics ..
D/ConnectivityService( 2721): Done.
D/ConnectivityService( 2721): Setting timer for 720seconds
W/SocketClient( 2285): write error (Broken pipe)
W/SocketClient( 2285): write error (Broken pipe)
D/ConnectivityService( 2721): handleInetConditionHoldEnd: net=9, condition=0, published condition=0
D/StatusBar.NetworkController( 2815): refreshViews -- mEthernetIconId =0x7f020004, combinedLabel = 
W/WindowManager( 2721): setHdmiPlugged: plugged = true
V/WiredAccessoryManager( 2721): Headset UEVENT: {SUBSYSTEM=switch, SWITCH_STATE=1, DEVPATH=/devices/virtual/switch/hdmi, SEQNUM=2280, ACTION=change, SWITCH_NAME=hdmi}
V/WiredAccessoryManager( 2721): flag_usb_change = false
V/WiredAccessoryManager( 2721): newName=hdmi newState=16 headsetState=16 prev headsetState=0
W/RtkHDMIService( 2721): handleHotPlug: hdmiPlugged = true
W/RtkHDMIService( 2721): getItemValueFromSettings itemName: realtek_setup_tv_system_user itemValue: 0
W/RtkHDMIService( 2721): main: change TV System: 0!!
W/RtkHDMIService( 2721): getItemValueFromSettings itemName: realtek_setup_tv_system itemValue: 1
W/RtkHDMIService( 2721): getItemValueFromSettings itemName: realtek_setup_tv_standard itemValue: 0
W/RtkHDMIService( 2721): setItemValue to Settings itemName: realtek_setup_tv_system_auto_mode itemValue: 2
W/RtkHDMIService( 2721): setItemValue to Settings itemName: realtek_setup_tv_system itemValue: 0
W/RtkHDMIService( 2721): setItemValue to Settings itemName: realtek_setup_tv_standard itemValue: 1
W/RtkHDMIService( 2721): setItemValue to Settings itemName: realtek_setup_tv_system_manual itemValue: 0
W/RtkHDMIService( 2721): setItemValue to Settings itemName: realtek_setup_tv_standard_manual itemValue: 1
W/RtkHDMIService( 2721): setItemValue to Settings itemName: realtek_setup_tv_system itemValue: 0
W/RtkHDMIService( 2721): setItemValue to Settings itemName: realtek_setup_tv_standard itemValue: 1
W/RtkHDMIService( 2721): getItemValueFromSettings itemName: realtek_setup_tv_system_auto_mode itemValue: 2
W/RtkHDMIService( 2721): main: change TV System: 0 done!!
D/RtkHDMIService( 2721): PlaybackStatusFileObserver: Stop watching!
W/RtkHDMIService( 2721): setupID: 9 == {4, 1}
W/RtkHDMIService( 2721): setupID: 2 == {1, 0}
W/RtkHDMIService( 2721): setupID: 7 == {4, 0}
W/RtkHDMIService( 2721): setupID: 5 == {2, 1}
W/RtkHDMIService( 2721): setupID: 4 == {1, 1}
W/RtkHDMIService( 2721): setupID: 4 == {1, 1}
W/RtkHDMIService( 2721): setupID: 10 == {5, 1}
W/RtkHDMIService( 2721): setupID: 1 == {0, 0}
W/RtkHDMIService( 2721): setupID: 8 == {5, 0}
W/RtkHDMIService( 2721): setupID: 6 == {3, 1}
W/RtkHDMIService( 2721): setupID: 3 == {0, 1}
W/RtkHDMIService( 2721): setupID: 3 == {0, 1}
W/RtkHDMIService( 2721): setupID: -1 == {-1, -1}
W/RtkHDMIService( 2721): setupID: 9 == {4, 1}
W/RtkHDMIService( 2721): setupID: 2 == {1, 0}
W/RtkHDMIService( 2721): setupID: 7 == {4, 0}
W/RtkHDMIService( 2721): setupID: 5 == {2, 1}
W/RtkHDMIService( 2721): setupID: 4 == {1, 1}
W/RtkHDMIService( 2721): setupID: 4 == {1, 1}
W/RtkHDMIService( 2721): setupID: 10 == {5, 1}
W/RtkHDMIService( 2721): setupID: 1 == {0, 0}
W/RtkHDMIService( 2721): setupID: 8 == {5, 0}
W/RtkHDMIService( 2721): setupID: 6 == {3, 1}
W/RtkHDMIService( 2721): setupID: 3 == {0, 1}
W/RtkHDMIService( 2721): setupID: 3 == {0, 1}
W/RtkHDMIService( 2721): setupID: -1 == {-1, -1}
W/RtkHDMIService( 2721): setupID: 9 == {4, 1}
W/RtkHDMIService( 2721): setupID: 2 == {1, 0}
W/RtkHDMIService( 2721): setupID: 7 == {4, 0}
W/RtkHDMIService( 2721): setupID: 5 == {2, 1}
W/RtkHDMIService( 2721): setupID: 4 == {1, 1}
W/RtkHDMIService( 2721): setupID: 4 == {1, 1}
W/RtkHDMIService( 2721): setupID: 10 == {5, 1}
W/RtkHDMIService( 2721): setupID: 1 == {0, 0}
W/RtkHDMIService( 2721): setupID: 8 == {5, 0}
W/RtkHDMIService( 2721): setupID: 6 == {3, 1}
W/RtkHDMIService( 2721): setupID: 3 == {0, 1}
W/RtkHDMIService( 2721): setupID: 3 == {0, 1}
W/RtkHDMIService( 2721): setupID: -1 == {-1, -1}
E/SettingsService( 2721): Exception: SettingsNotFound - realtek_setup_screen_zoom_on
W/RtkHDMIService( 2721): handleHotPlug hdcpEnabledByConfig =false
W/RtkHDMIService( 2721): handleHotPlug bHDCP =true
I/RtkCECService( 2721): Got HDMI plug event [true]
V/WiredAccessoryManager( 2721): device hdmi connected
D/RtkHDMIService( 2721): HDMI_STATUS_CHANGED: HDMI_READY = false
W/WindowManager( 2721): setHdmiPlugged: plugged = false
V/WiredAccessoryManager( 2721): Headset UEVENT: {SUBSYSTEM=switch, SWITCH_STATE=0, DEVPATH=/devices/virtual/switch/hdmi, SEQNUM=2281, ACTION=change, SWITCH_NAME=hdmi}
W/RtkHDMIService( 2721): handleHotPlug: hdmiPlugged = false
W/RtkHDMIService( 2721): getItemValueFromSettings itemName: realtek_setup_cvbs_system_user itemValue: 2
V/WiredAccessoryManager( 2721): flag_usb_change = false
V/WiredAccessoryManager( 2721): newName=hdmi newState=0 headsetState=0 prev headsetState=16
W/RtkHDMIService( 2721): main: change TV System: 2!!
W/RtkHDMIService( 2721): getItemValueFromSettings itemName: realtek_setup_tv_system itemValue: 5
W/RtkHDMIService( 2721): getItemValueFromSettings itemName: realtek_setup_tv_standard itemValue: 1
W/RtkHDMIService( 2721): setItemValue to Settings itemName: realtek_setup_tv_system itemValue: 1
W/RtkHDMIService( 2721): setItemValue to Settings itemName: realtek_setup_tv_standard itemValue: 0
W/RtkHDMIService( 2721): setItemValue to Settings itemName: realtek_setup_tv_system_manual itemValue: 1
W/RtkHDMIService( 2721): setItemValue to Settings itemName: realtek_setup_tv_standard_manual itemValue: 0
W/RtkHDMIService( 2721): setItemValue to Settings itemName: realtek_setup_tv_system itemValue: 1
W/RtkHDMIService( 2721): setItemValue to Settings itemName: realtek_setup_tv_standard itemValue: 0
W/RtkHDMIService( 2721): getItemValueFromSettings itemName: realtek_setup_tv_system_auto_mode itemValue: 2
W/RtkHDMIService( 2721): main: change TV System: 2 done!!
D/RtkHDMIService( 2721): PlaybackStatusFileObserver: Stop watching!
E/SettingsService( 2721): Exception: SettingsNotFound - realtek_setup_screen_zoom_on
W/RtkHDMIService( 2721): handleHotPlug hdcpEnabledByConfig =false
W/RtkHDMIService( 2721): handleHotPlug bHDCP =true
D/RtkHDMIService( 2721): PlaybackStatusFileObserver: Stop watching!
I/RtkCECService( 2721): Got HDMI plug event [false]
V/WiredAccessoryManager( 2721): device hdmi disconnected
D/RtkHDMIService( 2721): HDMI_STATUS_CHANGED: HDMI_READY = false
E/FrameworkListener( 2285): read() failed (Connection reset by peer)
W/SocketClient( 2285): write error (Broken pipe)
W/SocketClient( 2285): write error (Broken pipe)
D/ConnectivityService( 2721): Sampling interval elapsed, updating statistics ..
D/ConnectivityService( 2721): Done.
D/ConnectivityService( 2721): Setting timer for 720seconds
E/FrameworkListener( 2285): read() failed (Connection reset by peer)
W/SocketClient( 2285): write error (Broken pipe)
I/ProcessStatsService( 2721): Prepared write state in 4ms
W/SocketClient( 2285): write error (Broken pipe)
W/SocketClient( 2285): write error (Broken pipe)
W/SocketClient( 2285): write error (Broken pipe)
E/FrameworkListener( 2285): read() failed (Connection reset by peer)
D/ConnectivityService( 2721): handleInetConditionHoldEnd: net=9, condition=0, published condition=0
D/StatusBar.NetworkController( 2815): refreshViews -- mEthernetIconId =0x7f020004, combinedLabel = 
D/ConnectivityService( 2721): Sampling interval elapsed, updating statistics ..
D/ConnectivityService( 2721): Done.
D/ConnectivityService( 2721): Setting timer for 720seconds
E/FrameworkListener( 2285): read() failed (Connection reset by peer)
W/SocketClient( 2285): write error (Broken pipe)
W/SocketClient( 2285): write error (Broken pipe)
W/SocketClient( 2285): write error (Broken pipe)
W/SocketClient( 2285): write error (Broken pipe)
W/SocketClient( 2285): write error (Broken pipe)
D/ConnectivityService( 2721): Sampling interval elapsed, updating statistics ..
D/ConnectivityService( 2721): Done.
D/ConnectivityService( 2721): Setting timer for 720seconds
W/SocketClient( 2285): write error (Broken pipe)
D/ConnectivityService( 2721): handleInetConditionHoldEnd: net=9, condition=0, published condition=0
D/StatusBar.NetworkController( 2815): refreshViews -- mEthernetIconId =0x7f020004, combinedLabel = 
W/SocketClient( 2285): write error (Broken pipe)
W/SocketClient( 2285): write error (Broken pipe)
W/SocketClient( 2285): write error (Broken pipe)
W/SocketClient( 2285): write error (Broken pipe)
E/FrameworkListener( 2285): read() failed (Connection reset by peer)
I/ProcessStatsService( 2721): Prepared write state in 4ms
I/ProcessStatsService( 2721): Prepared write state in 6ms
D/ConnectivityService( 2721): Sampling interval elapsed, updating statistics ..
D/ConnectivityService( 2721): Done.
D/ConnectivityService( 2721): Setting timer for 720seconds
W/SocketClient( 2285): write error (Broken pipe)
D/ConnectivityService( 2721): handleInetConditionHoldEnd: net=9, condition=0, published condition=0
D/StatusBar.NetworkController( 2815): refreshViews -- mEthernetIconId =0x7f020004, combinedLabel = 
E/FrameworkListener( 2285): read() failed (Connection reset by peer)
W/SocketClient( 2285): write error (Broken pipe)
--------- beginning of /dev/log/main
E/UDPSource( 2290): in datasource: 414672916 bytes, extractor created ? 1
E/NuPlayerRenderer( 2290): RNDR: dVA -262311 (dVAavg -232391), V 1076100155, A 1076362466, Asink 1076205184
E/NuPlayerRenderer( 2290): RNDR: dVA -262311 (dVAavg -232391), V 1076100155, A 1076362466, Asink 1076205184
I/NuPlayerDriver( 2290): notifyDuration: 0
E/UDPSource( 2290): in buffer: a[19, 10944] 456.000 ms, v[31, 439518] 1320.000 ms
E/UDPSource( 2290): in datasource: 414672916 bytes, extractor created ? 1
E/NuPlayerRenderer( 2290): RNDR: dVA -262311 (dVAavg -232391), V 1076100155, A 1076362466, Asink 1076205184
E/NuPlayerRenderer( 2290): RNDR: dVA -262311 (dVAavg -232391), V 1076100155, A 1076362466, Asink 1076205184
I/NuPlayerDriver( 2290): notifyDuration: 0
E/UDPSource( 2290): in buffer: a[19, 10944] 456.000 ms, v[31, 439518] 1320.000 ms
E/UDPSource( 2290): in datasource: 414672916 bytes, extractor created ? 1
E/NuPlayerRenderer( 2290): RNDR: dVA -262311 (dVAavg -232391), V 1076100155, A 1076362466, Asink 1076205184
E/NuPlayerRenderer( 2290): RNDR: dVA -262311 (dVAavg -232391), V 1076100155, A 1076362466, Asink 1076205184
I/NuPlayerDriver( 2290): notifyDuration: 0
E/UDPSource( 2290): in buffer: a[19, 10944] 456.000 ms, v[31, 439518] 1320.000 ms
E/UDPSource( 2290): in datasource: 414672916 bytes, extractor created ? 1
E/NuPlayerRenderer( 2290): RNDR: dVA -262311 (dVAavg -232391), V 1076100155, A 1076362466, Asink 1076205184
E/NuPlayerRenderer( 2290): RNDR: dVA -262311 (dVAavg -232391), V 1076100155, A 1076362466, Asink 1076205184
I/NuPlayerDriver( 2290): notifyDuration: 0
E/UDPSource( 2290): in buffer: a[19, 10944] 456.000 ms, v[31, 439518] 1320.000 ms
E/UDPSource( 2290): in datasource: 414672916 bytes, extractor created ? 1
E/NuPlayerRenderer( 2290): RNDR: dVA -262311 (dVAavg -232391), V 1076100155, A 1076362466, Asink 1076205184
E/NuPlayerRenderer( 2290): RNDR: dVA -262311 (dVAavg -232391), V 1076100155, A 1076362466, Asink 1076205184
I/NuPlayerDriver( 2290): notifyDuration: 0
E/UDPSource( 2290): in buffer: a[19, 10944] 456.000 ms, v[31, 439518] 1320.000 ms
E/UDPSource( 2290): in datasource: 414672916 bytes, extractor created ? 1
E/NuPlayerRenderer( 2290): RNDR: dVA -262311 (dVAavg -232391), V 1076100155, A 1076362466, Asink 1076205184
E/NuPlayerRenderer( 2290): RNDR: dVA -262311 (dVAavg -232391), V 1076100155, A 1076362466, Asink 1076205184
I/NuPlayerDriver( 2290): notifyDuration: 0
E/UDPSource( 2290): in buffer: a[19, 10944] 456.000 ms, v[31, 439518] 1320.000 ms
E/UDPSource( 2290): in datasource: 414672916 bytes, extractor created ? 1
E/NuPlayerRenderer( 2290): RNDR: dVA -262311 (dVAavg -232391), V 1076100155, A 1076362466, Asink 1076205184
E/NuPlayerRenderer( 2290): RNDR: dVA -262311 (dVAavg -232391), V 1076100155, A 1076362466, Asink 1076205184
I/NuPlayerDriver( 2290): notifyDuration: 0
E/UDPSource( 2290): in buffer: a[19, 10944] 456.000 ms, v[31, 439518] 1320.000 ms
E/UDPSource( 2290): in datasource: 414672916 bytes, extractor created ? 1
E/NuPlayerRenderer( 2290): RNDR: dVA -262311 (dVAavg -232391), V 1076100155, A 1076362466, Asink 1076205184
E/NuPlayerRenderer( 2290): RNDR: dVA -262311 (dVAavg -232391), V 1076100155, A 1076362466, Asink 1076205184
I/NuPlayerDriver( 2290): notifyDuration: 0
E/UDPSource( 2290): in buffer: a[19, 10944] 456.000 ms, v[31, 439518] 1320.000 ms
E/UDPSource( 2290): in datasource: 414672916 bytes, extractor created ? 1
E/NuPlayerRenderer( 2290): RNDR: dVA -262311 (dVAavg -232391), V 1076100155, A 1076362466, Asink 1076205184
D/HDMI-Controller( 2721): HDMIController::isSinkConnected: 0
E/NuPlayerRenderer( 2290): RNDR: dVA -262311 (dVAavg -232391), V 1076100155, A 1076362466, Asink 1076205184
I/NuPlayerDriver( 2290): notifyDuration: 0
E/UDPSource( 2290): in buffer: a[19, 10944] 456.000 ms, v[31, 439518] 1320.000 ms
E/UDPSource( 2290): in datasource: 414672916 bytes, extractor created ? 1
E/NuPlayerRenderer( 2290): RNDR: dVA -262311 (dVAavg -232391), V 1076100155, A 1076362466, Asink 1076205184
E/NuPlayerRenderer( 2290): RNDR: dVA -262311 (dVAavg -232391), V 1076100155, A 1076362466, Asink 1076205184
I/NuPlayerDriver( 2290): notifyDuration: 0
E/UDPSource( 2290): in buffer: a[19, 10944] 456.000 ms, v[31, 439518] 1320.000 ms
E/UDPSource( 2290): in datasource: 414672916 bytes, extractor created ? 1
E/NuPlayerRenderer( 2290): RNDR: dVA -262311 (dVAavg -232391), V 1076100155, A 1076362466, Asink 1076205184
E/NuPlayerRenderer( 2290): RNDR: dVA -262311 (dVAavg -232391), V 1076100155, A 1076362466, Asink 1076205184
I/NuPlayerDriver( 2290): notifyDuration: 0
E/UDPSource( 2290): in buffer: a[19, 10944] 456.000 ms, v[31, 439518] 1320.000 ms
E/UDPSource( 2290): in datasource: 414672916 bytes, extractor created ? 1
E/NuPlayerRenderer( 2290): RNDR: dVA -262311 (dVAavg -232391), V 1076100155, A 1076362466, Asink 1076205184
E/NuPlayerRenderer( 2290): RNDR: dVA -262311 (dVAavg -232391), V 1076100155, A 1076362466, Asink 1076205184
I/NuPlayerDriver( 2290): notifyDuration: 0
E/UDPSource( 2290): in buffer: a[19, 10944] 456.000 ms, v[31, 439518] 1320.000 ms
E/UDPSource( 2290): in datasource: 414672916 bytes, extractor created ? 1
E/NuPlayerRenderer( 2290): RNDR: dVA -262311 (dVAavg -232391), V 1076100155, A 1076362466, Asink 1076205184
E/NuPlayerRenderer( 2290): RNDR: dVA -262311 (dVAavg -232391), V 1076100155, A 1076362466, Asink 1076205184
I/NuPlayerDriver( 2290): notifyDuration: 0
E/UDPSource( 2290): in buffer: a[19, 10944] 456.000 ms, v[31, 439518] 1320.000 ms
E/UDPSource( 2290): in datasource: 414672916 bytes, extractor created ? 1
D/UpdateService( 2940): Trying to update. isFirstStartUpdate: false
E/NuPlayerRenderer( 2290): RNDR: dVA -262311 (dVAavg -232391), V 1076100155, A 1076362466, Asink 1076205184
E/NuPlayerRenderer( 2290): RNDR: dVA -262311 (dVAavg -232391), V 1076100155, A 1076362466, Asink 1076205184
I/NuPlayerDriver( 2290): notifyDuration: 0
E/UDPSource( 2290): in buffer: a[19, 10944] 456.000 ms, v[31, 439518] 1320.000 ms
E/UDPSource( 2290): in datasource: 414672916 bytes, extractor created ? 1
E/NuPlayerRenderer( 2290): RNDR: dVA -262311 (dVAavg -232391), V 1076100155, A 1076362466, Asink 1076205184
E/NuPlayerRenderer( 2290): RNDR: dVA -262311 (dVAavg -232391), V 1076100155, A 1076362466, Asink 1076205184
I/NuPlayerDriver( 2290): notifyDuration: 0
E/UDPSource( 2290): in buffer: a[19, 10944] 456.000 ms, v[31, 439518] 1320.000 ms
E/UDPSource( 2290): in datasource: 414672916 bytes, extractor created ? 1
E/NuPlayerRenderer( 2290): RNDR: dVA -262311 (dVAavg -232391), V 1076100155, A 1076362466, Asink 1076205184
E/NuPlayerRenderer( 2290): RNDR: dVA -262311 (dVAavg -232391), V 1076100155, A 1076362466, Asink 1076205184
I/NuPlayerDriver( 2290): notifyDuration: 0
E/UDPSource( 2290): in buffer: a[19, 10944] 456.000 ms, v[31, 439518] 1320.000 ms
E/UDPSource( 2290): in datasource: 414672916 bytes, extractor created ? 1
E/NuPlayerRenderer( 2290): RNDR: dVA -262311 (dVAavg -232391), V 1076100155, A 1076362466, Asink 1076205184
E/NuPlayerRenderer( 2290): RNDR: dVA -262311 (dVAavg -232391), V 1076100155, A 1076362466, Asink 1076205184
I/NuPlayerDriver( 2290): notifyDuration: 0
E/UDPSource( 2290): in buffer: a[19, 10944] 456.000 ms, v[31, 439518] 1320.000 ms
E/UDPSource( 2290): in datasource: 414672916 bytes, extractor created ? 1
E/NuPlayerRenderer( 2290): RNDR: dVA -262311 (dVAavg -232391), V 1076100155, A 1076362466, Asink 1076205184
E/NuPlayerRenderer( 2290): RNDR: dVA -262311 (dVAavg -232391), V 1076100155, A 1076362466, Asink 1076205184
I/NuPlayerDriver( 2290): notifyDuration: 0
E/UDPSource( 2290): in buffer: a[19, 10944] 456.000 ms, v[31, 439518] 1320.000 ms
E/UDPSource( 2290): in datasource: 414672916 bytes, extractor created ? 1
E/NuPlayerRenderer( 2290): RNDR: dVA -262311 (dVAavg -232391), V 1076100155, A 1076362466, Asink 1076205184
D/HDMI-Controller( 2721): HDMIController::isSinkConnected: 0
E/NuPlayerRenderer( 2290): RNDR: dVA -262311 (dVAavg -232391), V 1076100155, A 1076362466, Asink 1076205184
I/NuPlayerDriver( 2290): notifyDuration: 0
E/UDPSource( 2290): in buffer: a[19, 10944] 456.000 ms, v[31, 439518] 1320.000 ms
E/UDPSource( 2290): in datasource: 414672916 bytes, extractor created ? 1
E/NuPlayerRenderer( 2290): RNDR: dVA -262311 (dVAavg -232391), V 1076100155, A 1076362466, Asink 1076205184
E/NuPlayerRenderer( 2290): RNDR: dVA -262311 (dVAavg -232391), V 1076100155, A 1076362466, Asink 1076205184
I/NuPlayerDriver( 2290): notifyDuration: 0
E/UDPSource( 2290): in buffer: a[19, 10944] 456.000 ms, v[31, 439518] 1320.000 ms
E/UDPSource( 2290): in datasource: 414672916 bytes, extractor created ? 1
E/NuPlayerRenderer( 2290): RNDR: dVA -262311 (dVAavg -232391), V 1076100155, A 1076362466, Asink 1076205184
E/NuPlayerRenderer( 2290): RNDR: dVA -262311 (dVAavg -232391), V 1076100155, A 1076362466, Asink 1076205184
I/NuPlayerDriver( 2290): notifyDuration: 0
E/UDPSource( 2290): in buffer: a[19, 10944] 456.000 ms, v[31, 439518] 1320.000 ms
E/UDPSource( 2290): in datasource: 414672916 bytes, extractor created ? 1
E/NuPlayerRenderer( 2290): RNDR: dVA -262311 (dVAavg -232391), V 1076100155, A 1076362466, Asink 1076205184
E/NuPlayerRenderer( 2290): RNDR: dVA -262311 (dVAavg -232391), V 1076100155, A 1076362466, Asink 1076205184
I/NuPlayerDriver( 2290): notifyDuration: 0
E/UDPSource( 2290): in buffer: a[19, 10944] 456.000 ms, v[31, 439518] 1320.000 ms
E/UDPSource( 2290): in datasource: 414672916 bytes, extractor created ? 1
E/NuPlayerRenderer( 2290): RNDR: dVA -262311 (dVAavg -232391), V 1076100155, A 1076362466, Asink 1076205184
E/NuPlayerRenderer( 2290): RNDR: dVA -262311 (dVAavg -232391), V 1076100155, A 1076362466, Asink 1076205184
I/NuPlayerDriver( 2290): notifyDuration: 0
E/UDPSource( 2290): in buffer: a[19, 10944] 456.000 ms, v[31, 439518] 1320.000 ms
E/UDPSource( 2290): in datasource: 414672916 bytes, extractor created ? 1
E/NuPlayerRenderer( 2290): RNDR: dVA -262311 (dVAavg -232391), V 1076100155, A 1076362466, Asink 1076205184
E/NuPlayerRenderer( 2290): RNDR: dVA -262311 (dVAavg -232391), V 1076100155, A 1076362466, Asink 1076205184
I/NuPlayerDriver( 2290): notifyDuration: 0
E/UDPSource( 2290): in buffer: a[19, 10944] 456.000 ms, v[31, 439518] 1320.000 ms
E/UDPSource( 2290): in datasource: 414672916 bytes, extractor created ? 1
E/NuPlayerRenderer( 2290): RNDR: dVA -262311 (dVAavg -232391), V 1076100155, A 1076362466, Asink 1076205184
E/NuPlayerRenderer( 2290): RNDR: dVA -262311 (dVAavg -232391), V 1076100155, A 1076362466, Asink 1076205184
I/NuPlayerDriver( 2290): notifyDuration: 0
E/UDPSource( 2290): in buffer: a[19, 10944] 456.000 ms, v[31, 439518] 1320.000 ms
E/UDPSource( 2290): in datasource: 414672916 bytes, extractor created ? 1
E/NuPlayerRenderer( 2290): RNDR: dVA -262311 (dVAavg -232391), V 1076100155, A 1076362466, Asink 1076205184
E/NuPlayerRenderer( 2290): RNDR: dVA -262311 (dVAavg -232391), V 1076100155, A 1076362466, Asink 1076205184
I/NuPlayerDriver( 2290): notifyDuration: 0
E/UDPSource( 2290): in buffer: a[19, 10944] 456.000 ms, v[31, 439518] 1320.000 ms
E/UDPSource( 2290): in datasource: 414672916 bytes, extractor created ? 1
E/NuPlayerRenderer( 2290): RNDR: dVA -262311 (dVAavg -232391), V 1076100155, A 1076362466, Asink 1076205184
E/NuPlayerRenderer( 2290): RNDR: dVA -262311 (dVAavg -232391), V 1076100155, A 1076362466, Asink 1076205184
I/NuPlayerDriver( 2290): notifyDuration: 0
E/UDPSource( 2290): in buffer: a[19, 10944] 456.000 ms, v[31, 439518] 1320.000 ms
E/UDPSource( 2290): in datasource: 414672916 bytes, extractor created ? 1
E/NuPlayerRenderer( 2290): RNDR: dVA -262311 (dVAavg -232391), V 1076100155, A 1076362466, Asink 1076205184
E/NuPlayerRenderer( 2290): RNDR: dVA -262311 (dVAavg -232391), V 1076100155, A 1076362466, Asink 1076205184
I/NuPlayerDriver( 2290): notifyDuration: 0
E/UDPSource( 2290): in buffer: a[19, 10944] 456.000 ms, v[31, 439518] 1320.000 ms
E/UDPSource( 2290): in datasource: 414672916 bytes, extractor created ? 1
E/NuPlayerRenderer( 2290): RNDR: dVA -262311 (dVAavg -232391), V 1076100155, A 1076362466, Asink 1076205184
D/HDMI-Controller( 2721): HDMIController::isSinkConnected: 0
E/NuPlayerRenderer( 2290): RNDR: dVA -262311 (dVAavg -232391), V 1076100155, A 1076362466, Asink 1076205184
I/NuPlayerDriver( 2290): notifyDuration: 0
E/UDPSource( 2290): in buffer: a[19, 10944] 456.000 ms, v[31, 439518] 1320.000 ms
E/UDPSource( 2290): in datasource: 414672916 bytes, extractor created ? 1
E/NuPlayerRenderer( 2290): RNDR: dVA -262311 (dVAavg -232391), V 1076100155, A 1076362466, Asink 1076205184
E/NuPlayerRenderer( 2290): RNDR: dVA -262311 (dVAavg -232391), V 1076100155, A 1076362466, Asink 1076205184
I/NuPlayerDriver( 2290): notifyDuration: 0
E/UDPSource( 2290): in buffer: a[19, 10944] 456.000 ms, v[31, 439518] 1320.000 ms
E/UDPSource( 2290): in datasource: 414672916 bytes, extractor created ? 1
E/NuPlayerRenderer( 2290): RNDR: dVA -262311 (dVAavg -232391), V 1076100155, A 1076362466, Asink 1076205184
E/NuPlayerRenderer( 2290): RNDR: dVA -262311 (dVAavg -232391), V 1076100155, A 1076362466, Asink 1076205184
I/NuPlayerDriver( 2290): notifyDuration: 0
E/UDPSource( 2290): in buffer: a[19, 10944] 456.000 ms, v[31, 439518] 1320.000 ms
E/UDPSource( 2290): in datasource: 414672916 bytes, extractor created ? 1
E/NuPlayerRenderer( 2290): RNDR: dVA -262311 (dVAavg -232391), V 1076100155, A 1076362466, Asink 1076205184
E/NuPlayerRenderer( 2290): RNDR: dVA -262311 (dVAavg -232391), V 1076100155, A 1076362466, Asink 1076205184
I/NuPlayerDriver( 2290): notifyDuration: 0
E/UDPSource( 2290): in buffer: a[19, 10944] 456.000 ms, v[31, 439518] 1320.000 ms
E/UDPSource( 2290): in datasource: 414672916 bytes, extractor created ? 1
E/NuPlayerRenderer( 2290): RNDR: dVA -262311 (dVAavg -232391), V 1076100155, A 1076362466, Asink 1076205184
E/NuPlayerRenderer( 2290): RNDR: dVA -262311 (dVAavg -232391), V 1076100155, A 1076362466, Asink 1076205184
I/NuPlayerDriver( 2290): notifyDuration: 0
E/UDPSource( 2290): in buffer: a[19, 10944] 456.000 ms, v[31, 439518] 1320.000 ms
E/UDPSource( 2290): in datasource: 414672916 bytes, extractor created ? 1
D/UpdateService( 2940): Trying to update. isFirstStartUpdate: false
E/NuPlayerRenderer( 2290): RNDR: dVA -262311 (dVAavg -232391), V 1076100155, A 1076362466, Asink 1076205184
E/NuPlayerRenderer( 2290): RNDR: dVA -262311 (dVAavg -232391), V 1076100155, A 1076362466, Asink 1076205184
I/NuPlayerDriver( 2290): notifyDuration: 0
E/UDPSource( 2290): in buffer: a[19, 10944] 456.000 ms, v[31, 439518] 1320.000 ms
E/UDPSource( 2290): in datasource: 414672916 bytes, extractor created ? 1
E/NuPlayerRenderer( 2290): RNDR: dVA -262311 (dVAavg -232391), V 1076100155, A 1076362466, Asink 1076205184
E/NuPlayerRenderer( 2290): RNDR: dVA -262311 (dVAavg -232391), V 1076100155, A 1076362466, Asink 1076205184
I/NuPlayerDriver( 2290): notifyDuration: 0
E/UDPSource( 2290): in buffer: a[19, 10944] 456.000 ms, v[31, 439518] 1320.000 ms
E/UDPSource( 2290): in datasource: 414672916 bytes, extractor created ? 1
E/NuPlayerRenderer( 2290): RNDR: dVA -262311 (dVAavg -232391), V 1076100155, A 1076362466, Asink 1076205184
E/NuPlayerRenderer( 2290): RNDR: dVA -262311 (dVAavg -232391), V 1076100155, A 1076362466, Asink 1076205184
I/NuPlayerDriver( 2290): notifyDuration: 0
E/UDPSource( 2290): in buffer: a[19, 10944] 456.000 ms, v[31, 439518] 1320.000 ms
E/UDPSource( 2290): in datasource: 414672916 bytes, extractor created ? 1
E/NuPlayerRenderer( 2290): RNDR: dVA -262311 (dVAavg -232391), V 1076100155, A 1076362466, Asink 1076205184
E/NuPlayerRenderer( 2290): RNDR: dVA -262311 (dVAavg -232391), V 1076100155, A 1076362466, Asink 1076205184
I/NuPlayerDriver( 2290): notifyDuration: 0
E/UDPSource( 2290): in buffer: a[19, 10944] 456.000 ms, v[31, 439518] 1320.000 ms
E/UDPSource( 2290): in datasource: 414672916 bytes, extractor created ? 1
E/NuPlayerRenderer( 2290): RNDR: dVA -262311 (dVAavg -232391), V 1076100155, A 1076362466, Asink 1076205184
E/NuPlayerRenderer( 2290): RNDR: dVA -262311 (dVAavg -232391), V 1076100155, A 1076362466, Asink 1076205184
I/NuPlayerDriver( 2290): notifyDuration: 0
E/UDPSource( 2290): in buffer: a[19, 10944] 456.000 ms, v[31, 439518] 1320.000 ms
E/UDPSource( 2290): in datasource: 414672916 bytes, extractor created ? 1
E/NuPlayerRenderer( 2290): RNDR: dVA -262311 (dVAavg -232391), V 1076100155, A 1076362466, Asink 1076205184
D/HDMI-Controller( 2721): HDMIController::isSinkConnected: 0
E/NuPlayerRenderer( 2290): RNDR: dVA -262311 (dVAavg -232391), V 1076100155, A 1076362466, Asink 1076205184
I/NuPlayerDriver( 2290): notifyDuration: 0
E/UDPSource( 2290): in buffer: a[19, 10944] 456.000 ms, v[31, 439518] 1320.000 ms
E/UDPSource( 2290): in datasource: 414672916 bytes, extractor created ? 1
E/NuPlayerRenderer( 2290): RNDR: dVA -262311 (dVAavg -232391), V 1076100155, A 1076362466, Asink 1076205184
E/NuPlayerRenderer( 2290): RNDR: dVA -262311 (dVAavg -232391), V 1076100155, A 1076362466, Asink 1076205184
I/NuPlayerDriver( 2290): notifyDuration: 0
E/UDPSource( 2290): in buffer: a[19, 10944] 456.000 ms, v[31, 439518] 1320.000 ms
E/UDPSource( 2290): in datasource: 414672916 bytes, extractor created ? 1
E/NuPlayerRenderer( 2290): RNDR: dVA -262311 (dVAavg -232391), V 1076100155, A 1076362466, Asink 1076205184
E/NuPlayerRenderer( 2290): RNDR: dVA -262311 (dVAavg -232391), V 1076100155, A 1076362466, Asink 1076205184
I/NuPlayerDriver( 2290): notifyDuration: 0
E/UDPSource( 2290): in buffer: a[19, 10944] 456.000 ms, v[31, 439518] 1320.000 ms
E/UDPSource( 2290): in datasource: 414672916 bytes, extractor created ? 1
E/NuPlayerRenderer( 2290): RNDR: dVA -262311 (dVAavg -232391), V 1076100155, A 1076362466, Asink 1076205184
E/NuPlayerRenderer( 2290): RNDR: dVA -262311 (dVAavg -232391), V 1076100155, A 1076362466, Asink 1076205184
I/NuPlayerDriver( 2290): notifyDuration: 0
E/UDPSource( 2290): in buffer: a[19, 10944] 456.000 ms, v[31, 439518] 1320.000 ms
E/UDPSource( 2290): in datasource: 414672916 bytes, extractor created ? 1
E/NuPlayerRenderer( 2290): RNDR: dVA -262311 (dVAavg -232391), V 1076100155, A 1076362466, Asink 1076205184
E/NuPlayerRenderer( 2290): RNDR: dVA -262311 (dVAavg -232391), V 1076100155, A 1076362466, Asink 1076205184
I/NuPlayerDriver( 2290): notifyDuration: 0
E/UDPSource( 2290): in buffer: a[19, 10944] 456.000 ms, v[31, 439518] 1320.000 ms
E/UDPSource( 2290): in datasource: 414672916 bytes, extractor created ? 1
E/NuPlayerRenderer( 2290): RNDR: dVA -262311 (dVAavg -232391), V 1076100155, A 1076362466, Asink 1076205184
E/NuPlayerRenderer( 2290): RNDR: dVA -262311 (dVAavg -232391), V 1076100155, A 1076362466, Asink 1076205184
I/NuPlayerDriver( 2290): notifyDuration: 0
E/UDPSource( 2290): in buffer: a[19, 10944] 456.000 ms, v[31, 439518] 1320.000 ms
E/UDPSource( 2290): in datasource: 414672916 bytes, extractor created ? 1
E/NuPlayerRenderer( 2290): RNDR: dVA -262311 (dVAavg -232391), V 1076100155, A 1076362466, Asink 1076205184
E/NuPlayerRenderer( 2290): RNDR: dVA -262311 (dVAavg -232391), V 1076100155, A 1076362466, Asink 1076205184
I/NuPlayerDriver( 2290): notifyDuration: 0
E/UDPSource( 2290): in buffer: a[19, 10944] 456.000 ms, v[31, 439518] 1320.000 ms
E/UDPSource( 2290): in datasource: 414672916 bytes, extractor created ? 1
E/NuPlayerRenderer( 2290): RNDR: dVA -262311 (dVAavg -232391), V 1076100155, A 1076362466, Asink 1076205184
E/NuPlayerRenderer( 2290): RNDR: dVA -262311 (dVAavg -232391), V 1076100155, A 1076362466, Asink 1076205184
I/NuPlayerDriver( 2290): notifyDuration: 0
E/UDPSource( 2290): in buffer: a[19, 10944] 456.000 ms, v[31, 439518] 1320.000 ms
E/UDPSource( 2290): in datasource: 414672916 bytes, extractor created ? 1
E/NuPlayerRenderer( 2290): RNDR: dVA -262311 (dVAavg -232391), V 1076100155, A 1076362466, Asink 1076205184
E/NuPlayerRenderer( 2290): RNDR: dVA -262311 (dVAavg -232391), V 1076100155, A 1076362466, Asink 1076205184
I/NuPlayerDriver( 2290): notifyDuration: 0
E/UDPSource( 2290): in buffer: a[19, 10944] 456.000 ms, v[31, 439518] 1320.000 ms
E/UDPSource( 2290): in datasource: 414672916 bytes, extractor created ? 1
E/NuPlayerRenderer( 2290): RNDR: dVA -262311 (dVAavg -232391), V 1076100155, A 1076362466, Asink 1076205184
E/NuPlayerRenderer( 2290): RNDR: dVA -262311 (dVAavg -232391), V 1076100155, A 1076362466, Asink 1076205184
I/NuPlayerDriver( 2290): notifyDuration: 0
E/UDPSource( 2290): in buffer: a[19, 10944] 456.000 ms, v[31, 439518] 1320.000 ms
E/UDPSource( 2290): in datasource: 414672916 bytes, extractor created ? 1
E/NuPlayerRenderer( 2290): RNDR: dVA -262311 (dVAavg -232391), V 1076100155, A 1076362466, Asink 1076205184
D/HDMI-Controller( 2721): HDMIController::isSinkConnected: 0
E/NuPlayerRenderer( 2290): RNDR: dVA -262311 (dVAavg -232391), V 1076100155, A 1076362466, Asink 1076205184
I/NuPlayerDriver( 2290): notifyDuration: 0
E/UDPSource( 2290): in buffer: a[19, 10944] 456.000 ms, v[31, 439518] 1320.000 ms
E/UDPSource( 2290): in datasource: 414672916 bytes, extractor created ? 1
E/NuPlayerRenderer( 2290): RNDR: dVA -262311 (dVAavg -232391), V 1076100155, A 1076362466, Asink 1076205184
E/NuPlayerRenderer( 2290): RNDR: dVA -262311 (dVAavg -232391), V 1076100155, A 1076362466, Asink 1076205184
I/NuPlayerDriver( 2290): notifyDuration: 0
E/UDPSource( 2290): in buffer: a[19, 10944] 456.000 ms, v[31, 439518] 1320.000 ms
E/UDPSource( 2290): in datasource: 414672916 bytes, extractor created ? 1
E/NuPlayerRenderer( 2290): RNDR: dVA -262311 (dVAavg -232391), V 1076100155, A 1076362466, Asink 1076205184
E/NuPlayerRenderer( 2290): RNDR: dVA -262311 (dVAavg -232391), V 1076100155, A 1076362466, Asink 1076205184
I/NuPlayerDriver( 2290): notifyDuration: 0
E/UDPSource( 2290): in buffer: a[19, 10944] 456.000 ms, v[31, 439518] 1320.000 ms
E/UDPSource( 2290): in datasource: 414672916 bytes, extractor created ? 1
E/NuPlayerRenderer( 2290): RNDR: dVA -262311 (dVAavg -232391), V 1076100155, A 1076362466, Asink 1076205184
E/NuPlayerRenderer( 2290): RNDR: dVA -262311 (dVAavg -232391), V 1076100155, A 1076362466, Asink 1076205184
I/NuPlayerDriver( 2290): notifyDuration: 0
E/UDPSource( 2290): in buffer: a[19, 10944] 456.000 ms, v[31, 439518] 1320.000 ms
E/UDPSource( 2290): in datasource: 414672916 bytes, extractor created ? 1
E/NuPlayerRenderer( 2290): RNDR: dVA -262311 (dVAavg -232391), V 1076100155, A 1076362466, Asink 1076205184
E/NuPlayerRenderer( 2290): RNDR: dVA -262311 (dVAavg -232391), V 1076100155, A 1076362466, Asink 1076205184
I/NuPlayerDriver( 2290): notifyDuration: 0
E/UDPSource( 2290): in buffer: a[19, 10944] 456.000 ms, v[31, 439518] 1320.000 ms
E/UDPSource( 2290): in datasource: 414672916 bytes, extractor created ? 1
D/UpdateService( 2940): Trying to update. isFirstStartUpdate: false
E/NuPlayerRenderer( 2290): RNDR: dVA -262311 (dVAavg -232391), V 1076100155, A 1076362466, Asink 1076205184
E/NuPlayerRenderer( 2290): RNDR: dVA -262311 (dVAavg -232391), V 1076100155, A 1076362466, Asink 1076205184
I/NuPlayerDriver( 2290): notifyDuration: 0
E/UDPSource( 2290): in buffer: a[19, 10944] 456.000 ms, v[31, 439518] 1320.000 ms
E/UDPSource( 2290): in datasource: 414672916 bytes, extractor created ? 1
E/NuPlayerRenderer( 2290): RNDR: dVA -262311 (dVAavg -232391), V 1076100155, A 1076362466, Asink 1076205184
E/NuPlayerRenderer( 2290): RNDR: dVA -262311 (dVAavg -232391), V 1076100155, A 1076362466, Asink 1076205184
I/NuPlayerDriver( 2290): notifyDuration: 0
E/UDPSource( 2290): in buffer: a[19, 10944] 456.000 ms, v[31, 439518] 1320.000 ms
E/UDPSource( 2290): in datasource: 414672916 bytes, extractor created ? 1
E/NuPlayerRenderer( 2290): RNDR: dVA -262311 (dVAavg -232391), V 1076100155, A 1076362466, Asink 1076205184
E/NuPlayerRenderer( 2290): RNDR: dVA -262311 (dVAavg -232391), V 1076100155, A 1076362466, Asink 1076205184
I/NuPlayerDriver( 2290): notifyDuration: 0
E/UDPSource( 2290): in buffer: a[19, 10944] 456.000 ms, v[31, 439518] 1320.000 ms
E/UDPSource( 2290): in datasource: 414672916 bytes, extractor created ? 1
E/NuPlayerRenderer( 2290): RNDR: dVA -262311 (dVAavg -232391), V 1076100155, A 1076362466, Asink 1076205184
E/NuPlayerRenderer( 2290): RNDR: dVA -262311 (dVAavg -232391), V 1076100155, A 1076362466, Asink 1076205184
I/NuPlayerDriver( 2290): notifyDuration: 0
E/UDPSource( 2290): in buffer: a[19, 10944] 456.000 ms, v[31, 439518] 1320.000 ms
E/UDPSource( 2290): in datasource: 414672916 bytes, extractor created ? 1
E/NuPlayerRenderer( 2290): RNDR: dVA -262311 (dVAavg -232391), V 1076100155, A 1076362466, Asink 1076205184
E/NuPlayerRenderer( 2290): RNDR: dVA -262311 (dVAavg -232391), V 1076100155, A 1076362466, Asink 1076205184
I/NuPlayerDriver( 2290): notifyDuration: 0
E/UDPSource( 2290): in buffer: a[19, 10944] 456.000 ms, v[31, 439518] 1320.000 ms
E/UDPSource( 2290): in datasource: 414672916 bytes, extractor created ? 1
E/NuPlayerRenderer( 2290): RNDR: dVA -262311 (dVAavg -232391), V 1076100155, A 1076362466, Asink 1076205184
D/HDMI-Controller( 2721): HDMIController::isSinkConnected: 0
E/NuPlayerRenderer( 2290): RNDR: dVA -262311 (dVAavg -232391), V 1076100155, A 1076362466, Asink 1076205184
I/NuPlayerDriver( 2290): notifyDuration: 0
E/UDPSource( 2290): in buffer: a[19, 10944] 456.000 ms, v[31, 439518] 1320.000 ms
E/UDPSource( 2290): in datasource: 414672916 bytes, extractor created ? 1
E/NuPlayerRenderer( 2290): RNDR: dVA -262311 (dVAavg -232391), V 1076100155, A 1076362466, Asink 1076205184
E/NuPlayerRenderer( 2290): RNDR: dVA -262311 (dVAavg -232391), V 1076100155, A 1076362466, Asink 1076205184
I/NuPlayerDriver( 2290): notifyDuration: 0
E/UDPSource( 2290): in buffer: a[19, 10944] 456.000 ms, v[31, 439518] 1320.000 ms
E/UDPSource( 2290): in datasource: 414672916 bytes, extractor created ? 1
E/NuPlayerRenderer( 2290): RNDR: dVA -262311 (dVAavg -232391), V 1076100155, A 1076362466, Asink 1076205184
E/NuPlayerRenderer( 2290): RNDR: dVA -262311 (dVAavg -232391), V 1076100155, A 1076362466, Asink 1076205184
I/NuPlayerDriver( 2290): notifyDuration: 0
E/UDPSource( 2290): in buffer: a[19, 10944] 456.000 ms, v[31, 439518] 1320.000 ms
E/UDPSource( 2290): in datasource: 414672916 bytes, extractor created ? 1
E/NuPlayerRenderer( 2290): RNDR: dVA -262311 (dVAavg -232391), V 1076100155, A 1076362466, Asink 1076205184
E/NuPlayerRenderer( 2290): RNDR: dVA -262311 (dVAavg -232391), V 1076100155, A 1076362466, Asink 1076205184
I/NuPlayerDriver( 2290): notifyDuration: 0
E/UDPSource( 2290): in buffer: a[19, 10944] 456.000 ms, v[31, 439518] 1320.000 ms
E/UDPSource( 2290): in datasource: 414672916 bytes, extractor created ? 1
E/NuPlayerRenderer( 2290): RNDR: dVA -262311 (dVAavg -232391), V 1076100155, A 1076362466, Asink 1076205184
E/NuPlayerRenderer( 2290): RNDR: dVA -262311 (dVAavg -232391), V 1076100155, A 1076362466, Asink 1076205184
I/NuPlayerDriver( 2290): notifyDuration: 0
E/UDPSource( 2290): in buffer: a[19, 10944] 456.000 ms, v[31, 439518] 1320.000 ms
E/UDPSource( 2290): in datasource: 414672916 bytes, extractor created ? 1
E/NuPlayerRenderer( 2290): RNDR: dVA -262311 (dVAavg -232391), V 1076100155, A 1076362466, Asink 1076205184
E/NuPlayerRenderer( 2290): RNDR: dVA -262311 (dVAavg -232391), V 1076100155, A 1076362466, Asink 1076205184
I/NuPlayerDriver( 2290): notifyDuration: 0
E/UDPSource( 2290): in buffer: a[19, 10944] 456.000 ms, v[31, 439518] 1320.000 ms
E/UDPSource( 2290): in datasource: 414672916 bytes, extractor created ? 1
E/NuPlayerRenderer( 2290): RNDR: dVA -262311 (dVAavg -232391), V 1076100155, A 1076362466, Asink 1076205184
E/NuPlayerRenderer( 2290): RNDR: dVA -262311 (dVAavg -232391), V 1076100155, A 1076362466, Asink 1076205184
I/NuPlayerDriver( 2290): notifyDuration: 0
E/UDPSource( 2290): in buffer: a[19, 10944] 456.000 ms, v[31, 439518] 1320.000 ms
E/UDPSource( 2290): in datasource: 414672916 bytes, extractor created ? 1
E/NuPlayerRenderer( 2290): RNDR: dVA -262311 (dVAavg -232391), V 1076100155, A 1076362466, Asink 1076205184
E/NuPlayerRenderer( 2290): RNDR: dVA -262311 (dVAavg -232391), V 1076100155, A 1076362466, Asink 1076205184
I/NuPlayerDriver( 2290): notifyDuration: 0
E/UDPSource( 2290): in buffer: a[19, 10944] 456.000 ms, v[31, 439518] 1320.000 ms
E/UDPSource( 2290): in datasource: 414672916 bytes, extractor created ? 1
E/NuPlayerRenderer( 2290): RNDR: dVA -262311 (dVAavg -232391), V 1076100155, A 1076362466, Asink 1076205184
E/NuPlayerRenderer( 2290): RNDR: dVA -262311 (dVAavg -232391), V 1076100155, A 1076362466, Asink 1076205184
I/NuPlayerDriver( 2290): notifyDuration: 0
E/UDPSource( 2290): in buffer: a[19, 10944] 456.000 ms, v[31, 439518] 1320.000 ms
E/UDPSource( 2290): in datasource: 414672916 bytes, extractor created ? 1
E/NuPlayerRenderer( 2290): RNDR: dVA -262311 (dVAavg -232391), V 1076100155, A 1076362466, Asink 1076205184
E/NuPlayerRenderer( 2290): RNDR: dVA -262311 (dVAavg -232391), V 1076100155, A 1076362466, Asink 1076205184
I/NuPlayerDriver( 2290): notifyDuration: 0
E/UDPSource( 2290): in buffer: a[19, 10944] 456.000 ms, v[31, 439518] 1320.000 ms
E/UDPSource( 2290): in datasource: 414672916 bytes, extractor created ? 1
E/NuPlayerRenderer( 2290): RNDR: dVA -262311 (dVAavg -232391), V 1076100155, A 1076362466, Asink 1076205184
D/HDMI-Controller( 2721): HDMIController::isSinkConnected: 0
E/NuPlayerRenderer( 2290): RNDR: dVA -262311 (dVAavg -232391), V 1076100155, A 1076362466, Asink 1076205184
I/NuPlayerDriver( 2290): notifyDuration: 0
E/UDPSource( 2290): in buffer: a[19, 10944] 456.000 ms, v[31, 439518] 1320.000 ms
E/UDPSource( 2290): in datasource: 414672916 bytes, extractor created ? 1
E/NuPlayerRenderer( 2290): RNDR: dVA -262311 (dVAavg -232391), V 1076100155, A 1076362466, Asink 1076205184
E/NuPlayerRenderer( 2290): RNDR: dVA -262311 (dVAavg -232391), V 1076100155, A 1076362466, Asink 1076205184
I/NuPlayerDriver( 2290): notifyDuration: 0
E/UDPSource( 2290): in buffer: a[19, 10944] 456.000 ms, v[31, 439518] 1320.000 ms
E/UDPSource( 2290): in datasource: 414672916 bytes, extractor created ? 1
E/NuPlayerRenderer( 2290): RNDR: dVA -262311 (dVAavg -232391), V 1076100155, A 1076362466, Asink 1076205184
E/NuPlayerRenderer( 2290): RNDR: dVA -262311 (dVAavg -232391), V 1076100155, A 1076362466, Asink 1076205184
I/NuPlayerDriver( 2290): notifyDuration: 0
