--------- beginning of /dev/log/system
I/SettingsProxy( 2278): SettingsProxy firing up
I/GPIOProxy( 2279): GPIOProxy firing up
I/Vold    ( 2277): Vold 2.1 (the revenge) firing up
E/Vold    ( 2277): failed to open /fstab.phoenix
E/Vold    ( 2277): Error reading configuration (No such file or directory)... continuing anyways
W/SystemServer( 2721): System clock is before 1970; setting to 1970.
I/SystemServer( 2721): Entered the Android system server!
I/SystemServer( 2721): Waiting for installd to be ready.
I/Installer( 2721): connecting...
I/SystemServer( 2721): Power Manager
I/SystemServer( 2721): Activity Manager
I/XXXXXX  ( 2721): mTotoaMemMb=737 scaleMem=1.0925
I/XXXXXX  ( 2721): scaleDisp=-0.6 dw=0 dh=0
I/XXXXXX  ( 2721): minfree_adj=0 minfree_abs=-1
I/XXXXXX  ( 2721): adj=0,1,2,3,9,15
I/XXXXXX  ( 2721): minfree=12288,15360,18432,21504,24576,30720
I/XXXXXX  ( 2721): extra_free_kbytes=0
I/ActivityManager( 2721): Memory class: 128
I/IntentFirewall( 2721): Read new rules (A:0 B:0 S:0)
I/SystemServer( 2721): Display Manager
I/SystemServer( 2721): Telephony Registry
I/SystemServer( 2721): Scheduling Policy
I/DisplayManagerService( 2721): Display device added: DisplayDeviceInfo{"Встроенный экран": 1280 x 720, 60.000004 fps, density 160, 160.15764 x 160.42105 dpi, touch INTERNAL, rotation 0, type BUILT_IN, FLAG_DEFAULT_DISPLAY, FLAG_ROTATES_WITH_CONTENT, FLAG_SECURE, FLAG_SUPPORTS_PROTECTED_BUFFERS}
I/SystemServer( 2721): Package Manager
D/SELinuxMMAC( 2721): Couldn't find install policy /data/security/mac_permissions.xml
D/SELinuxMMAC( 2721): Using install policy file /system/etc/security/mac_permissions.xml
W/PackageManager( 2721): Running ENG build: no pre-dexopt!
W/PackageManager( 2721): Library not found: /system/framework/com.android.future.usb.accessory.jar
W/PackageParser( 2721): Unknown element under <manifest>: meta-data at /system/priv-app/tvlauncher_v1.8.44.apk Binary XML file line #23
W/PackageParser( 2721): Unknown element under <manifest>: meta-data at /system/priv-app/iptv_android_v2.219.apk Binary XML file line #37
W/PackageParser( 2721): Unknown element under <manifest>: meta-data at /system/priv-app/audioplayer_v1.1.1.apk Binary XML file line #22
W/PackageParser( 2721): No actions in intent filter at /system/app/Bluetooth.apk Binary XML file line #211
W/PackageManager( 2721): Package com.google.android.gms desires unavailable shared library org.apache.http.legacy; ignoring!
W/PackageManager( 2721): Package com.google.android.gms desires unavailable shared library com.google.android.ble; ignoring!
W/PackageManager( 2721): Package com.google.android.gms desires unavailable shared library com.google.android.wearable; ignoring!
I/PackageManager( 2721): Time to scan packages: 1.365 seconds
W/PackageManager( 2721): Unknown permission com.android.smspush.WAPPUSH_MANAGER_BIND in package com.android.phone
W/PackageManager( 2721): Not granting permission com.google.android.providers.settings.permission.READ_GSETTINGS to package com.google.android.voicesearch (protectionLevel=2 flags=0x4000be45)
W/PackageManager( 2721): Unknown permission com.google.android.gm.permission.AUTO_SEND in package com.google.android.voicesearch
W/PackageManager( 2721): Unknown permission com.google.android.apps.googlevoice.permission.AUTO_SEND in package com.google.android.voicesearch
W/PackageManager( 2721): Unknown permission com.android.vending.billing.IBillingAccountService.BIND2 in package com.google.android.gsf.login
W/PackageManager( 2721): Unknown permission com.android.chrome.TOS_ACKED in package com.google.android.gsf.login
W/PackageManager( 2721): Unknown permission com.google.android.gallery3d.permission.GALLERY_PROVIDER in package com.android.bluetooth
W/PackageManager( 2721): Unknown permission com.android.gallery3d.permission.GALLERY_PROVIDER in package com.android.bluetooth
W/PackageManager( 2721): Unknown permission android.permission.MMS_SEND_OUTBOX_MSG in package com.android.bluetooth
W/PackageManager( 2721): Not granting permission android.permission.ACCESS_DOWNLOAD_MANAGER to package com.android.browser (protectionLevel=18 flags=0x9be45)
W/PackageManager( 2721): Not granting permission android.permission.SEND_DOWNLOAD_COMPLETED_INTENTS to package com.android.browser (protectionLevel=2 flags=0x9be45)
W/PackageManager( 2721): Unknown permission com.android.launcher.permission.READ_SETTINGS in package com.android.onetimeinitializer
W/PackageManager( 2721): Unknown permission com.android.launcher.permission.WRITE_SETTINGS in package com.android.onetimeinitializer
W/PackageManager( 2721): Unknown permission android.permission.OBSERVE_GRANT_REVOKE_PERMISSIONS in package com.google.android.gms
W/PackageManager( 2721): Unknown permission android.permission.MANAGE_SOUND_TRIGGER in package com.google.android.gms
W/PackageManager( 2721): Unknown permission android.permission.RECOVERY in package com.google.android.gms
W/PackageManager( 2721): Not granting permission android.permission.READ_DREAM_STATE to package com.google.android.gms (protectionLevel=2 flags=0x40483e45)
W/PackageManager( 2721): Unknown permission android.permission.PROVIDE_TRUST_AGENT in package com.google.android.gms
W/PackageManager( 2721): Unknown permission android.permission.DISPATCH_PROVISIONING_MESSAGE in package com.google.android.gms
W/PackageManager( 2721): Unknown permission com.google.android.apps.enterprise.dmagent.permission.AutoSyncPermission in package com.google.android.gms
W/PackageManager( 2721): Unknown permission android.permission.CONNECTIVITY_USE_RESTRICTED_NETWORKS in package com.google.android.gms
W/PackageManager( 2721): Unknown permission android.permission.USE_FINGERPRINT in package com.google.android.gms
W/PackageManager( 2721): Unknown permission android.permission.SEND_SMS_NO_CONFIRMATION in package com.google.android.gms
W/PackageManager( 2721): Not granting permission android.permission.BIND_NOTIFICATION_LISTENER_SERVICE to package com.google.android.gms (protectionLevel=2 flags=0x40483e45)
W/PackageManager( 2721): Unknown permission com.google.android.googlequicksearchbox.permission.PAUSE_HOTWORD in package com.google.android.gms
W/PackageManager( 2721): Unknown permission android.permission.MANAGE_VOICE_KEYPHRASES in package com.google.android.gms
W/PackageManager( 2721): Unknown permission android.permission.TETHER_PRIVILEGED in package com.google.android.gms
W/PackageManager( 2721): Unknown permission android.permission.REAL_GET_TASKS in package com.google.android.gms
W/PackageManager( 2721): Unknown permission com.google.android.hangouts.START_HANGOUT in package com.google.android.gms
W/PackageManager( 2721): Unknown permission android.permission.READ_OEM_UNLOCK_STATE in package com.google.android.gms
W/PackageManager( 2721): Unknown permission android.permission.SCORE_NETWORKS in package com.google.android.gms
W/PackageManager( 2721): Unknown permission android.permission.OVERRIDE_WIFI_CONFIG in package com.google.android.gms
W/PackageManager( 2721): Unknown permission android.permission.CONTROL_INCALL_EXPERIENCE in package com.google.android.gms
W/PackageManager( 2721): Unknown permission android.permission.USER_ACTIVITY in package com.google.android.gms
W/PackageManager( 2721): Unknown permission android.permission.MODIFY_AUDIO_ROUTING in package com.google.android.gms
W/PackageManager( 2721): Unknown permission com.google.android.permission.ACCESSIBILITY_SCAN_SERVICE in package com.google.android.gms
W/PackageManager( 2721): Unknown permission android.permission.START_TASKS_FROM_RECENTS in package com.google.android.gms
W/PackageManager( 2721): Not granting permission android.permission.MANAGE_ACTIVITY_STACKS to package com.google.android.gms (protectionLevel=2 flags=0x40483e45)
W/PackageManager( 2721): Unknown permission android.permission.ACTIVITY_EMBEDDING in package com.google.android.gms
W/PackageManager( 2721): Unknown permission android.permission.PROVIDE_RESOLVER_RANKER_SERVICE in package com.google.android.gms
W/PackageManager( 2721): Unknown permission com.google.android.wearable.READ_SETTINGS in package com.google.android.gms
W/PackageManager( 2721): Unknown permission android.permission.INTENT_FILTER_VERIFICATION_AGENT in package com.google.android.gms
W/PackageManager( 2721): Unknown permission android.permission.LOCAL_MAC_ADDRESS in package com.google.android.gms
W/PackageManager( 2721): Unknown permission android.permission.CHANGE_DEVICE_IDLE_TEMP_WHITELIST in package com.google.android.gms
W/PackageManager( 2721): Unknown permission android.permission.READ_WIFI_CREDENTIAL in package com.google.android.gms
W/PackageManager( 2721): Unknown permission android.permission.SUBSTITUTE_NOTIFICATION_APP_NAME in package com.google.android.gms
W/PackageManager( 2721): Unknown permission android.permission.MANAGE_SUBSCRIPTION_PLANS in package com.google.android.gms
W/PackageManager( 2721): Unknown permission android.permission.NOTIFY_PENDING_SYSTEM_UPDATE in package com.google.android.gms
W/PackageManager( 2721): Unknown permission android.permission.BODY_SENSORS in package com.google.android.gms
W/PackageManager( 2721): Unknown permission com.google.android.gms.game.notifications.permission.WRITE in package com.google.android.gms
W/PackageManager( 2721): Unknown permission com.google.android.launcher.permission.RECEIVE_LAUNCH_BROADCASTS in package com.google.android.gms
W/PackageManager( 2721): Unknown permission com.google.android.gm.permission.READ_GMAIL in package com.google.android.gms
W/PackageManager( 2721): Unknown permission com.android.voicemail.permission.READ_VOICEMAIL in package com.google.android.gms
W/PackageManager( 2721): Unknown permission com.google.android.wearable.WRITE_SETTINGS in package com.google.android.gms
W/PackageManager( 2721): Unknown permission com.android.launcher.permission.READ_SETTINGS in package com.android.settings
W/PackageManager( 2721): Unknown permission com.android.launcher.permission.WRITE_SETTINGS in package com.android.settings
W/PackageManager( 2721): Unknown permission android.permission.REAL_GET_TASKS in package com.android.vending
W/PackageManager( 2721): Not granting permission android.permission.SEND_DOWNLOAD_COMPLETED_INTENTS to package com.android.vending (protectionLevel=2 flags=0x404abe45)
W/PackageManager( 2721): Unknown permission android.permission.SEND_SMS_NO_CONFIRMATION in package com.android.vending
W/PackageManager( 2721): Unknown permission android.permission.USE_FINGERPRINT in package com.android.vending
W/PackageManager( 2721): Unknown permission android.permission.GET_ACCOUNTS_PRIVILEGED in package com.android.vending
W/PackageManager( 2721): Unknown permission android.permission.INSTALL_GRANT_RUNTIME_PERMISSIONS in package com.android.vending
W/PackageManager( 2721): Unknown permission android.permission.GRANT_RUNTIME_PERMISSIONS in package com.android.vending
W/PackageManager( 2721): Unknown permission android.permission.REVOKE_RUNTIME_PERMISSIONS in package com.android.vending
W/PackageManager( 2721): Unknown permission android.permission.CHANGE_DEVICE_IDLE_TEMP_WHITELIST in package com.android.vending
W/PackageManager( 2721): Not granting permission android.permission.SET_PREFERRED_APPLICATIONS to package com.android.vending (protectionLevel=2 flags=0x404abe45)
W/PackageManager( 2721): Unknown permission android.permission.ACCESS_INSTANT_APPS in package com.android.vending
W/PackageManager( 2721): Unknown permission com.google.android.partnersetup.permission.WRITE_APP_PROVIDER in package com.android.vending
W/PackageManager( 2721): Unknown permission android.permission.ALLOCATE_AGGRESSIVE in package com.android.vending
W/PackageManager( 2721): Unknown permission com.sec.android.provider.badge.permission.READ in package com.android.vending
W/PackageManager( 2721): Unknown permission com.sec.android.provider.badge.permission.WRITE in package com.android.vending
W/PackageManager( 2721): Unknown permission com.htc.launcher.permission.READ_SETTINGS in package com.android.vending
W/PackageManager( 2721): Unknown permission com.htc.launcher.permission.UPDATE_SHORTCUT in package com.android.vending
W/PackageManager( 2721): Unknown permission com.sonyericsson.home.permission.BROADCAST_BADGE in package com.android.vending
W/PackageManager( 2721): Unknown permission com.sonymobile.home.permission.PROVIDER_INSERT_BADGE in package com.android.vending
W/PackageManager( 2721): Unknown permission com.anddoes.launcher.permission.UPDATE_COUNT in package com.android.vending
W/PackageManager( 2721): Unknown permission com.majeur.launcher.permission.UPDATE_BADGE in package com.android.vending
W/PackageManager( 2721): Unknown permission com.huawei.android.launcher.permission.CHANGE_BADGE in package com.android.vending
W/PackageManager( 2721): Unknown permission com.huawei.android.launcher.permission.READ_SETTINGS in package com.android.vending
W/PackageManager( 2721): Unknown permission com.huawei.android.launcher.permission.WRITE_SETTINGS in package com.android.vending
W/PackageManager( 2721): Unknown permission android.permission.READ_APP_BADGE in package com.android.vending
W/PackageManager( 2721): Unknown permission com.oppo.launcher.permission.READ_SETTINGS in package com.android.vending
W/PackageManager( 2721): Unknown permission com.oppo.launcher.permission.WRITE_SETTINGS in package com.android.vending
W/PackageManager( 2721): Unknown permission org.chromium.arc.apkcacheprovider.permission.READ_CACHE in package com.android.vending
W/PackageManager( 2721): Unknown permission org.chromium.arc.apkcacheprovider.permission.WRITE_CACHE in package com.android.vending
W/PackageManager( 2721): Unknown permission android.Manifest.permission.SUBSTITUTE_NOTIFICATION_APP_NAME in package com.android.vending
W/PackageManager( 2721): Unknown permission android.permission.READ_RUNTIME_PROFILES in package com.android.vending
W/PackageManager( 2721): Not granting permission android.permission.DEVICE_POWER to package com.android.deskclock (protectionLevel=2 flags=0x48be45)
W/PackageManager( 2721): Not granting permission android.permission.READ_DREAM_STATE to package com.google.android.gsf (protectionLevel=2 flags=0x40083e45)
I/SystemServer( 2721): Entropy Mixer
I/EntropyMixer( 2721): Writing entropy...
I/SystemServer( 2721): User Service
I/SystemServer( 2721): Account Manager
I/SystemServer( 2721): Content Manager
I/SystemServer( 2721): System Content Providers
I/SystemServer( 2721): Lights Service
I/SystemServer( 2721): Battery Service
I/SystemServer( 2721): Vibrator Service
I/SystemServer( 2721): Consumer IR Service
I/SystemServer( 2721): Alarm Manager
I/SystemServer( 2721): Tv Manager
I/SystemServer( 2721): AirFun Service
I/SystemServer( 2721): ToGoProxy Service
I/SystemServer( 2721): Init Watchdog
I/SystemServer( 2721): Input Manager
I/InputManager( 2721): Initializing input manager, mUseDevInputEventForAudioJack=true
I/SystemServer( 2721): Window Manager
I/WindowManager( 2721): No existing display settings /data/system/display_settings.xml; starting empty
W/WindowManager( 2721): Initialize HDMI State
W/WindowManager( 2721): setHdmiPlugged: plugged = false
I/WindowManager( 2721): No keyguard interface!
I/InputManager( 2721): Starting input manager
D/InputManager( 2721): registerShowMouseCursorSettingObserver 0
D/InputManager( 2721): registerShowMouseCursorSettingObserver 1
D/InputManager( 2721): getShowMouseCursorSetting 0,result=1
D/InputManager( 2721): updateShowMouseCursorFromSettings,setting=1
I/SystemServer( 2721): Bluetooth Manager Service
I/SystemServer( 2721): Input Method Service
W/InputMethodManagerService( 2721): Couldn't create dir.: /data/system/inputmethod
I/SystemServer( 2721): Accessibility Manager
I/SystemServer( 2721): MediaQueryService
W/MediaQueryService( 2721): MediaQueryService is constructed!
I/SystemServer( 2721): RtkHDMIRxService
W/RtkHDMIRxService( 2721): RtkHDMIRxService is constructed!
W/RtkHDMIRxService( 2721): hookHDMIRxPlugStatus register
W/RtkHDMIRxService( 2721): failed to initialize HDMIRx
D/RtkHDMIRxService( 2721): changeCameraStatus: cameraId:1 plugged:false
I/SystemServer( 2721): RtkVoutUtilService
W/RtkVoutUtilService( 2721): RtkVoutUtilService is constructed!
I/SystemServer( 2721): RtkGPIOService
I/SystemServer( 2721): RtkAoutUtilService
W/RtkAoutUtilService( 2721): RtkAoutUtilService is constructed!
I/XXXXXX  ( 2721): mTotoaMemMb=737 scaleMem=1.0925
I/XXXXXX  ( 2721): scaleDisp=0.84 dw=1280 dh=720
I/XXXXXX  ( 2721): minfree_adj=0 minfree_abs=-1
I/XXXXXX  ( 2721): adj=0,1,2,3,9,15
I/XXXXXX  ( 2721): minfree=12288,15360,18432,21504,24576,30720
I/XXXXXX  ( 2721): extra_free_kbytes=10800
I/ActivityManager( 2721): Config changes=1df8 {1.0 ?mcc?mnc ru_RU ldltr sw720dp w1280dp h720dp 160dpi xlrg long land ?uimode ?night -touch -keyb/v/h -nav/h s.2}
D/GPIOCmdListener( 2279): 
D/GPIOCmdListener( 2279): [virtual int CommandListener::GpioCmd::runCommand(SocketClient*, int, char**), 75] cli=b7c27d78, argc=3
D/GPIOCmdListener( 2279): gpio get 4
D/GPIOCmdListener( 2279): 
D/GPIOCmdListener( 2279): [virtual int CommandListener::GpioCmd::runCommand(SocketClient*, int, char**), 95] we got gpio get command
I/ActivityManager( 2721): Config changes=400 {1.0 ?mcc?mnc ru_RU ldltr sw720dp w1280dp h719dp 160dpi xlrg long land ?uimode ?night -touch -keyb/v/h -nav/h s.3}
I/SystemServer( 2721): performing boot dexopt
I/SystemServer( 2721): Mount Service
D/MountService( 2721): got storage path: /storage/sdcard0 description: SD-карта primary: true removable: true emulated: false mtpReserve: 0 allowMassStorage: false maxFileSize: 0
I/ActivityManager( 2721): Config changes=68 {1.0 ?mcc?mnc ru_RU ldltr sw720dp w1280dp h719dp 160dpi xlrg long land ?uimode ?night finger -keyb/v/h dpad/v s.4}
D/MountService( 2721): addVolumeLocked() StorageVolume:
D/MountService( 2721):     mStorageId=0 mPath=/storage/sdcard0 mDescriptionId=17040670 mPrimary=true 
D/MountService( 2721):     mRemovable=true mEmulated=false mMtpReserveSpace=0 mAllowMassStorage=false 
D/MountService( 2721):     mMaxFileSize=0 mOwner=null mUuid=null mUserLabel=null mState=null 
I/SystemServer( 2721): LockSettingsService
I/SystemServer( 2721): Device Policy
I/SystemServer( 2721): Status Bar
I/SystemServer( 2721): Clipboard Service
I/SystemServer( 2721): NetworkManagement Service
D/VoldCmdListener( 2277): volume list
I/SystemServer( 2721): Text Service Manager Service
W/MountService( 2721): getSecureContainerList() called when storage not mounted
D/VoldCmdListener( 2277): asec list
I/SystemServer( 2721): NetworkStats Service
W/PackageManager( 2721): Unknown permission com.android.smspush.WAPPUSH_MANAGER_BIND in package com.android.phone
W/PackageManager( 2721): Not granting permission com.google.android.providers.settings.permission.READ_GSETTINGS to package com.google.android.voicesearch (protectionLevel=2 flags=0x4000be45)
W/PackageManager( 2721): Unknown permission com.google.android.gm.permission.AUTO_SEND in package com.google.android.voicesearch
W/PackageManager( 2721): Unknown permission com.google.android.apps.googlevoice.permission.AUTO_SEND in package com.google.android.voicesearch
W/PackageManager( 2721): Unknown permission com.android.vending.billing.IBillingAccountService.BIND2 in package com.google.android.gsf.login
W/PackageManager( 2721): Unknown permission com.android.chrome.TOS_ACKED in package com.google.android.gsf.login
W/PackageManager( 2721): Unknown permission com.google.android.gallery3d.permission.GALLERY_PROVIDER in package com.android.bluetooth
W/PackageManager( 2721): Unknown permission com.android.gallery3d.permission.GALLERY_PROVIDER in package com.android.bluetooth
W/PackageManager( 2721): Unknown permission android.permission.MMS_SEND_OUTBOX_MSG in package com.android.bluetooth
W/PackageManager( 2721): Not granting permission android.permission.ACCESS_DOWNLOAD_MANAGER to package com.android.browser (protectionLevel=18 flags=0x9be45)
W/PackageManager( 2721): Not granting permission android.permission.SEND_DOWNLOAD_COMPLETED_INTENTS to package com.android.browser (protectionLevel=2 flags=0x9be45)
W/PackageManager( 2721): Unknown permission com.android.launcher.permission.READ_SETTINGS in package com.android.onetimeinitializer
W/PackageManager( 2721): Unknown permission com.android.launcher.permission.WRITE_SETTINGS in package com.android.onetimeinitializer
W/PackageManager( 2721): Unknown permission android.permission.OBSERVE_GRANT_REVOKE_PERMISSIONS in package com.google.android.gms
I/SystemServer( 2721): NetworkPolicy Service
W/PackageManager( 2721): Unknown permission android.permission.MANAGE_SOUND_TRIGGER in package com.google.android.gms
W/PackageManager( 2721): Unknown permission android.permission.RECOVERY in package com.google.android.gms
W/PackageManager( 2721): Not granting permission android.permission.READ_DREAM_STATE to package com.google.android.gms (protectionLevel=2 flags=0x40483e45)
W/PackageManager( 2721): Unknown permission android.permission.PROVIDE_TRUST_AGENT in package com.google.android.gms
W/PackageManager( 2721): Unknown permission android.permission.DISPATCH_PROVISIONING_MESSAGE in package com.google.android.gms
W/PackageManager( 2721): Unknown permission com.google.android.apps.enterprise.dmagent.permission.AutoSyncPermission in package com.google.android.gms
W/PackageManager( 2721): Unknown permission android.permission.CONNECTIVITY_USE_RESTRICTED_NETWORKS in package com.google.android.gms
W/PackageManager( 2721): Unknown permission android.permission.USE_FINGERPRINT in package com.google.android.gms
W/PackageManager( 2721): Unknown permission android.permission.SEND_SMS_NO_CONFIRMATION in package com.google.android.gms
W/PackageManager( 2721): Not granting permission android.permission.BIND_NOTIFICATION_LISTENER_SERVICE to package com.google.android.gms (protectionLevel=2 flags=0x40483e45)
I/SystemServer( 2721): Wi-Fi P2pService
W/PackageManager( 2721): Unknown permission com.google.android.googlequicksearchbox.permission.PAUSE_HOTWORD in package com.google.android.gms
W/PackageManager( 2721): Unknown permission android.permission.MANAGE_VOICE_KEYPHRASES in package com.google.android.gms
W/PackageManager( 2721): Unknown permission android.permission.TETHER_PRIVILEGED in package com.google.android.gms
W/PackageManager( 2721): Unknown permission android.permission.REAL_GET_TASKS in package com.google.android.gms
W/PackageManager( 2721): Unknown permission com.google.android.hangouts.START_HANGOUT in package com.google.android.gms
W/PackageManager( 2721): Unknown permission android.permission.READ_OEM_UNLOCK_STATE in package com.google.android.gms
W/PackageManager( 2721): Unknown permission android.permission.SCORE_NETWORKS in package com.google.android.gms
W/PackageManager( 2721): Unknown permission android.permission.OVERRIDE_WIFI_CONFIG in package com.google.android.gms
W/PackageManager( 2721): Unknown permission android.permission.CONTROL_INCALL_EXPERIENCE in package com.google.android.gms
W/PackageManager( 2721): Unknown permission android.permission.USER_ACTIVITY in package com.google.android.gms
W/PackageManager( 2721): Unknown permission android.permission.MODIFY_AUDIO_ROUTING in package com.google.android.gms
W/PackageManager( 2721): Unknown permission com.google.android.permission.ACCESSIBILITY_SCAN_SERVICE in package com.google.android.gms
W/PackageManager( 2721): Unknown permission android.permission.START_TASKS_FROM_RECENTS in package com.google.android.gms
W/PackageManager( 2721): Not granting permission android.permission.MANAGE_ACTIVITY_STACKS to package com.google.android.gms (protectionLevel=2 flags=0x40483e45)
W/PackageManager( 2721): Unknown permission android.permission.ACTIVITY_EMBEDDING in package com.google.android.gms
W/PackageManager( 2721): Unknown permission android.permission.PROVIDE_RESOLVER_RANKER_SERVICE in package com.google.android.gms
W/PackageManager( 2721): Unknown permission com.google.android.wearable.READ_SETTINGS in package com.google.android.gms
W/PackageManager( 2721): Unknown permission android.permission.INTENT_FILTER_VERIFICATION_AGENT in package com.google.android.gms
W/PackageManager( 2721): Unknown permission android.permission.LOCAL_MAC_ADDRESS in package com.google.android.gms
W/PackageManager( 2721): Unknown permission android.permission.CHANGE_DEVICE_IDLE_TEMP_WHITELIST in package com.google.android.gms
W/PackageManager( 2721): Unknown permission android.permission.READ_WIFI_CREDENTIAL in package com.google.android.gms
W/PackageManager( 2721): Unknown permission android.permission.SUBSTITUTE_NOTIFICATION_APP_NAME in package com.google.android.gms
W/PackageManager( 2721): Unknown permission android.permission.MANAGE_SUBSCRIPTION_PLANS in package com.google.android.gms
W/PackageManager( 2721): Unknown permission android.permission.NOTIFY_PENDING_SYSTEM_UPDATE in package com.google.android.gms
W/PackageManager( 2721): Unknown permission android.permission.BODY_SENSORS in package com.google.android.gms
W/PackageManager( 2721): Unknown permission com.google.android.gms.game.notifications.permission.WRITE in package com.google.android.gms
W/PackageManager( 2721): Unknown permission com.google.android.launcher.permission.RECEIVE_LAUNCH_BROADCASTS in package com.google.android.gms
W/PackageManager( 2721): Unknown permission com.google.android.gm.permission.READ_GMAIL in package com.google.android.gms
W/PackageManager( 2721): Unknown permission com.android.voicemail.permission.READ_VOICEMAIL in package com.google.android.gms
W/PackageManager( 2721): Unknown permission com.google.android.wearable.WRITE_SETTINGS in package com.google.android.gms
W/PackageManager( 2721): Unknown permission com.android.launcher.permission.READ_SETTINGS in package com.android.settings
W/PackageManager( 2721): Unknown permission com.android.launcher.permission.WRITE_SETTINGS in package com.android.settings
W/PackageManager( 2721): Unknown permission android.permission.REAL_GET_TASKS in package com.android.vending
W/PackageManager( 2721): Not granting permission android.permission.SEND_DOWNLOAD_COMPLETED_INTENTS to package com.android.vending (protectionLevel=2 flags=0x404abe45)
W/PackageManager( 2721): Unknown permission android.permission.SEND_SMS_NO_CONFIRMATION in package com.android.vending
W/PackageManager( 2721): Unknown permission android.permission.USE_FINGERPRINT in package com.android.vending
W/PackageManager( 2721): Unknown permission android.permission.GET_ACCOUNTS_PRIVILEGED in package com.android.vending
W/PackageManager( 2721): Unknown permission android.permission.INSTALL_GRANT_RUNTIME_PERMISSIONS in package com.android.vending
W/PackageManager( 2721): Unknown permission android.permission.GRANT_RUNTIME_PERMISSIONS in package com.android.vending
W/PackageManager( 2721): Unknown permission android.permission.REVOKE_RUNTIME_PERMISSIONS in package com.android.vending
W/PackageManager( 2721): Unknown permission android.permission.CHANGE_DEVICE_IDLE_TEMP_WHITELIST in package com.android.vending
W/PackageManager( 2721): Not granting permission android.permission.SET_PREFERRED_APPLICATIONS to package com.android.vending (protectionLevel=2 flags=0x404abe45)
W/PackageManager( 2721): Unknown permission android.permission.ACCESS_INSTANT_APPS in package com.android.vending
W/PackageManager( 2721): Unknown permission com.google.android.partnersetup.permission.WRITE_APP_PROVIDER in package com.android.vending
W/PackageManager( 2721): Unknown permission android.permission.ALLOCATE_AGGRESSIVE in package com.android.vending
W/PackageManager( 2721): Unknown permission com.sec.android.provider.badge.permission.READ in package com.android.vending
W/PackageManager( 2721): Unknown permission com.sec.android.provider.badge.permission.WRITE in package com.android.vending
W/PackageManager( 2721): Unknown permission com.htc.launcher.permission.READ_SETTINGS in package com.android.vending
W/PackageManager( 2721): Unknown permission com.htc.launcher.permission.UPDATE_SHORTCUT in package com.android.vending
W/PackageManager( 2721): Unknown permission com.sonyericsson.home.permission.BROADCAST_BADGE in package com.android.vending
W/PackageManager( 2721): Unknown permission com.sonymobile.home.permission.PROVIDER_INSERT_BADGE in package com.android.vending
W/PackageManager( 2721): Unknown permission com.anddoes.launcher.permission.UPDATE_COUNT in package com.android.vending
W/PackageManager( 2721): Unknown permission com.majeur.launcher.permission.UPDATE_BADGE in package com.android.vending
W/PackageManager( 2721): Unknown permission com.huawei.android.launcher.permission.CHANGE_BADGE in package com.android.vending
W/PackageManager( 2721): Unknown permission com.huawei.android.launcher.permission.READ_SETTINGS in package com.android.vending
W/PackageManager( 2721): Unknown permission com.huawei.android.launcher.permission.WRITE_SETTINGS in package com.android.vending
W/PackageManager( 2721): Unknown permission android.permission.READ_APP_BADGE in package com.android.vending
W/PackageManager( 2721): Unknown permission com.oppo.launcher.permission.READ_SETTINGS in package com.android.vending
W/PackageManager( 2721): Unknown permission com.oppo.launcher.permission.WRITE_SETTINGS in package com.android.vending
W/PackageManager( 2721): Unknown permission org.chromium.arc.apkcacheprovider.permission.READ_CACHE in package com.android.vending
W/PackageManager( 2721): Unknown permission org.chromium.arc.apkcacheprovider.permission.WRITE_CACHE in package com.android.vending
W/PackageManager( 2721): Unknown permission android.Manifest.permission.SUBSTITUTE_NOTIFICATION_APP_NAME in package com.android.vending
W/PackageManager( 2721): Unknown permission android.permission.READ_RUNTIME_PROFILES in package com.android.vending
W/PackageManager( 2721): Not granting permission android.permission.DEVICE_POWER to package com.android.deskclock (protectionLevel=2 flags=0x48be45)
W/PackageManager( 2721): Not granting permission android.permission.READ_DREAM_STATE to package com.google.android.gsf (protectionLevel=2 flags=0x40083e45)
I/SystemServer( 2721): Wi-Fi Service
D/WifiController( 2721):  toto debug : DefaultState: enter!! 
I/SystemServer( 2721): Ethernet Service
I/EthernetService( 2721): EthernetService Starting......
I/SystemServer( 2721): Pppoe Service
I/SystemServer( 2721): Connectivity Service
D/ConnectivityService( 2721): ConnectivityService starting up
D/ConnectivityService( 2721): wifiOnly=false
E/ConnectivityService( 2721): check protectedNetwork 10
E/ConnectivityService( 2721): Ignoring protectedNetwork 10
E/ConnectivityService( 2721): check protectedNetwork 11
E/ConnectivityService( 2721): Ignoring protectedNetwork 11
E/ConnectivityService( 2721): check protectedNetwork 12
E/ConnectivityService( 2721): Ignoring protectedNetwork 12
E/ConnectivityService( 2721): check protectedNetwork 15
E/ConnectivityService( 2721): Ignoring protectedNetwork 15
E/ConnectivityService( 2721):  check  targetNetworkType = 14
E/ConnectivityService( 2721):  == debug == before call reconnect, networkType=14
E/ConnectivityService( 2721):  check  targetNetworkType = 9
E/ConnectivityService( 2721):  == debug == before call reconnect, networkType=9
E/ConnectivityService( 2721):  check  targetNetworkType = 7
W/ContextImpl( 2721): Calling a method in the system process without a qualified user: android.app.ContextImpl.bindService:1564 android.bluetooth.BluetoothPan.doBind:149 android.bluetooth.BluetoothPan.<init>:141 android.bluetooth.BluetoothAdapter.getProfileProxy:1370 android.bluetooth.BluetoothTetheringDataTracker.startMonitoring:116 
E/ConnectivityService( 2721):  == debug == before call reconnect, networkType=7
E/ConnectivityService( 2721):  check  targetNetworkType = 1
E/ConnectivityService( 2721):  == debug == before call reconnect, networkType=1
D/WifiService( 2721): New client listening to asynchronous messages
I/WifiService( 2721): WifiService starting up with Wi-Fi disabled
D/WifiService( 2721):  toto debug : checkAndStartWifi: can't get value of Settings.System.REALTEK_IS_WIFI_MACADDR_READY
I/SystemServer( 2721): SettingsService
W/SettingsService( 2721): SettingService is constructed!
I/SystemServer( 2721): RtkHDMIService
W/RtkHDMIService( 2721): RtkHDMIService is constructed!
W/RtkHDMIService( 2721): initialize media link to HDMI Mode
W/RtkHDMIService( 2721): *** HDCP is NOT initialized by the config "ro.config.enablehdcp"
W/RtkHDMIService( 2721): getItemValueFromSettings itemName: realtek_setup_cvbs_system_user itemValue: 2
W/RtkHDMIService( 2721): TV_SYSTEM_USER: 2
W/RtkHDMIService( 2721): getItemValueFromSettings itemName: realtek_setup_tv_system_auto_mode itemValue: 2
W/RtkHDMIService( 2721): Update Auto Mode to RtkTVSystem.TV_SYSTEM_AUTO_MODE_OFF
W/RtkHDMIService( 2721): setItemValue to Settings itemName: realtek_setup_tv_system_auto_mode itemValue: 0
W/RtkHDMIService( 2721): getItemValueFromSettings itemName: realtek_setup_tv_system itemValue: 1
W/RtkHDMIService( 2721): getItemValueFromSettings itemName: realtek_setup_tv_standard itemValue: 0
W/RtkHDMIService( 2721): getItemValueFromSettings itemName: realtek_setup_tv_system itemValue: 1
W/RtkHDMIService( 2721): getItemValueFromSettings itemName: realtek_setup_tv_standard itemValue: 0
W/RtkHDMIService( 2721): getItemValueFromSettings itemName: realtek_setup_tv_system_auto_mode itemValue: 0
W/RtkHDMIService( 2721): hookHDMIPlugStatus register
W/RtkHDMIService( 2721): bootCompleteRegistered register
D/RtkHDMIService( 2721): New value from </tmp/playback.status>: stopped
W/RtkHDMIService( 2721): getItemValueFromSettings itemName: realtek_setup_tv_system itemValue: 1
W/RtkHDMIService( 2721): getItemValueFromSettings itemName: realtek_setup_tv_standard itemValue: 0
I/SystemServer( 2721): RtkCECService
W/RtkCECService( 2721): RtkCECService is constructed!
W/RtkCECService( 2721): hookHDMI_TX_PlugStatus register
E/SettingsService( 2721): Exception: SettingsNotFound - realtek_setup_osd_language
I/SystemServer( 2721): Network Service Discovery Service
D/NsdService( 2721): Network service discovery enabled true
I/SystemServer( 2721): UpdateLock Service
I/SystemServer( 2721): Notification Manager
I/SystemServer( 2721): Device Storage Monitor
I/SystemServer( 2721): Location Manager
I/SystemServer( 2721): Country Detector
I/SystemServer( 2721): Search Service
I/SystemServer( 2721): DropBox Service
I/SystemServer( 2721): Wallpaper Service
I/SystemServer( 2721): Audio Service
I/SystemServer( 2721): Dock Observer
W/DockObserver( 2721): This kernel does not have dock station support
I/SystemServer( 2721): Wired Accessory Manager
I/SystemServer( 2721): USB Service
I/SystemServer( 2721): Serial Service
I/SystemServer( 2721): Twilight Service
I/SystemServer( 2721): UI Mode Manager Service
I/SystemServer( 2721): Backup Service
V/BackupManagerService( 2721): Initializing package tracking
V/BackupManagerService( 2721): No ancestral data
V/BackupManagerService( 2721): addPackageParticipantsLocked: all
I/BackupManagerService( 2721): Scheduling backup for new app com.android.browser
D/BackupManagerService( 2721): Now staging backup of com.android.browser
I/BackupManagerService( 2721): Scheduling backup for new app com.android.providers.userdictionary
D/BackupManagerService( 2721): Now staging backup of com.android.providers.userdictionary
I/BackupManagerService( 2721): Scheduling backup for new app com.android.sharedstoragebackup
D/BackupManagerService( 2721): Now staging backup of com.android.sharedstoragebackup
I/BackupManagerService( 2721): Scheduling backup for new app android
D/BackupManagerService( 2721): Now staging backup of android
I/BackupManagerService( 2721): Scheduling backup for new app com.android.vending
D/BackupManagerService( 2721): Now staging backup of com.android.vending
I/BackupManagerService( 2721): Scheduling backup for new app com.android.providers.settings
D/BackupManagerService( 2721): Now staging backup of com.android.providers.settings
V/BackupManagerService( 2721): Starting with transport android/com.android.internal.backup.LocalTransport
V/BackupManagerService( 2721): Found transports: 1
I/BackupManagerService( 2721): Binding to transport host ComponentInfo{android/com.android.internal.backup.LocalTransportService}
I/BackupManagerService( 2721): Found stale backup journal, scheduling
I/BackupManagerService( 2721):   com.android.browser
I/BackupManagerService( 2721):   com.android.providers.userdictionary
I/BackupManagerService( 2721):   com.android.sharedstoragebackup
I/BackupManagerService( 2721):   android
I/BackupManagerService( 2721):   com.android.vending
I/BackupManagerService( 2721):   com.android.providers.settings
I/BackupManagerService( 2721): Backup enabled => false
I/BackupManagerService( 2721): Opting out of backup
I/SystemServer( 2721): AppWidget Service
I/SystemServer( 2721): Recognition Service
I/SystemServer( 2721): DiskStats Service
I/SystemServer( 2721): SamplingProfiler Service
I/SystemServer( 2721): NetworkTimeUpdateService
I/SystemServer( 2721): CommonTimeManagementService
I/SystemServer( 2721): CertBlacklister
I/SystemServer( 2721): Dreams Service
I/SystemServer( 2721): Assets Atlas Service
I/SystemServer( 2721): IdleMaintenanceService
I/SystemServer( 2721): Print Service
I/SystemServer( 2721): Media Router Service
I/ActivityManager( 2721): Start proc com.android.systemui for service com.android.keyguard/.KeyguardService: pid=2815 uid=10004 gids={50004, 1028, 1015, 1035, 3002, 3001}
I/AppOps  ( 2721): Pruning old package media/1013: new uid=-1
I/ActivityManager( 2721): System now ready
I/SystemServer( 2721): Making services ready
D/NetworkManagementService( 2721): enabling bandwidth control
D/VoldCmdListener( 2277): volume mount /storage/sdcard0
E/MountService( 2721): Boot-time mount failed (-1)
I/StatusBarManagerService( 2721): registerStatusBar bar=com.android.internal.statusbar.IStatusBar$Stub$Proxy@418bfdd8
I/ActivityManager( 2721): Config changes=200 {1.0 ?mcc?mnc ru_RU ldltr sw720dp w1280dp h719dp 160dpi xlrg long land television finger -keyb/v/h dpad/v s.5}
W/InputMethodManagerService( 2721): Ignoring setImeWindowStatus of uid 1000 token: null
I/ActivityManager( 2721): Start proc com.android.inputmethod.latin for service com.android.inputmethod.latin/.LatinIME: pid=2886 uid=10035 gids={50035, 1028, 1015}
V/InputMethodManagerService( 2721): Adding window token: android.os.Binder@41c1d540
E/LocationManagerService( 2721): no geocoder provider found
E/LocationManagerService( 2721): No FusedProvider found.
E/LocationManagerService( 2721): no geofence provider found
I/ActivityManager( 2721): Start proc com.google.android.gms.persistent for broadcast com.google.android.gms/com.google.android.location.internal.NlpNetworkProviderSettingsUpdateReceiver: pid=2900 uid=10007 gids={50007, 3003, 1007, 1028, 1015, 3002, 3001, 3007, 2001, 3006}
I/ActivityManager( 2721): Start proc com.android.phone for added application com.android.phone: pid=2912 uid=1001 gids={41001, 3002, 3001, 3003}
I/ActivityManager( 2721): Start proc com.kehdev.kehdevmanger for added application com.kehdev.kehdevmanger: pid=2932 uid=10017 gids={50017, 3002, 3001, 1028, 1015}
I/ActivityManager( 2721): Start proc org.eltex.appservice for added application org.eltex.appservice: pid=2940 uid=10027 gids={50027, 3003, 1028, 1015, 1023}
I/ActivityManager( 2721): Start proc org.eltex.tr69 for added application org.eltex.tr69: pid=2957 uid=10013 gids={50013, 3003, 1007}
I/ActivityManager( 2721): Start proc org.eltex.android.service.pvrservice for added application org.eltex.android.service.pvrservice: pid=2971 uid=10029 gids={50029, 1028, 1015, 3003}
I/ActivityManager( 2721): Start proc org.eltex.qms for added application org.eltex.qms: pid=2992 uid=10023 gids={50023, 3003}
I/ActivityManager( 2721): Start proc org.eltex.android.app.auto_launcher for added application org.eltex.android.app.auto_launcher: pid=3005 uid=10005 gids={50005, 3003}
I/ActivityManager( 2721): START u0 {act=android.intent.action.MAIN cat=[android.intent.category.HOME] flg=0x10000000 cmp=org.eltex.android.app.exlauncher/org.eltex.android.app.ui.activities.MainActivity} from pid 0
I/ActivityManager( 2721): Start proc org.eltex.android.app.exlauncher for activity org.eltex.android.app.exlauncher/org.eltex.android.app.ui.activities.MainActivity: pid=3020 uid=10001 gids={50001, 3003}
I/SystemServer( 2721): System ServerThread is looping...
W/RtkHDMIRxService( 2721): hdmiRxPlugged is pulled out
W/RtkHDMIRxService( 2721): *** In parseRxInfo
W/RtkHDMIRxService( 2721): *** IOException in parseRxInfo
W/RtkHDMIService( 2721): handleHotPlug: hdmiPlugged = false
W/RtkHDMIService( 2721): getItemValueFromSettings itemName: realtek_setup_cvbs_system_user itemValue: 2
D/InputManager( 2721): getShowMouseCursorSetting 0,result=1
D/InputManager( 2721): updateShowMouseCursorFromSettings,setting=1
W/RtkHDMIService( 2721): main: change TV System: 2!!
W/RtkHDMIService( 2721): getItemValueFromSettings itemName: realtek_setup_tv_system itemValue: 1
W/RtkHDMIService( 2721): getItemValueFromSettings itemName: realtek_setup_tv_standard itemValue: 0
W/RtkHDMIService( 2721): setItemValue to Settings itemName: realtek_setup_tv_system itemValue: 1
W/RtkHDMIService( 2721): setItemValue to Settings itemName: realtek_setup_tv_standard itemValue: 0
W/RtkHDMIService( 2721): setItemValue to Settings itemName: realtek_setup_tv_system_manual itemValue: 1
W/RtkHDMIService( 2721): setItemValue to Settings itemName: realtek_setup_tv_standard_manual itemValue: 0
W/RtkHDMIService( 2721): setItemValue to Settings itemName: realtek_setup_tv_system itemValue: 1
W/RtkHDMIService( 2721): setItemValue to Settings itemName: realtek_setup_tv_standard itemValue: 0
W/RtkHDMIService( 2721): getItemValueFromSettings itemName: realtek_setup_tv_system_auto_mode itemValue: 0
W/RtkHDMIService( 2721): main: change TV System: 2 done!!
D/RtkHDMIService( 2721): PlaybackStatusFileObserver: Stop watching!
I/ActivityManager( 2721): Start proc com.android.printspooler for service com.android.printspooler/.PrintSpoolerService: pid=3034 uid=10036 gids={50036}
D/WifiService( 2721): New client listening to asynchronous messages
D/SignalClusterView( 2815): setEthernetIndicators -- visible = false
I/ActivityManager( 2721): Start proc android.process.acore for content provider com.android.providers.userdictionary/.UserDictionaryProvider: pid=3051 uid=10003 gids={50003}
E/SettingsService( 2721): Exception: SettingsNotFound - realtek_setup_screen_zoom_on
W/RtkHDMIService( 2721): handleHotPlug hdcpEnabledByConfig =false
W/RtkHDMIService( 2721): handleHotPlug bHDCP =true
D/RtkHDMIService( 2721): PlaybackStatusFileObserver: Stop watching!
I/RtkCECService( 2721): Got HDMI plug event [false]
W/InputMethodManagerService( 2721): Focus gain on non-focused client android.view.inputmethod.InputMethodManager$1@41b4e208 (uid=1000 pid=2721)
D/DevicePolicyManagerService( 2721): START APPCUSTOMIZATION => Intent { act=org.eltex.appservice.AppCustomizationService cmp=org.eltex.appservice/.AppCustomizationService }
D/WifiController( 2721): battery changed pluggedType: 1
V/BackupManagerService( 2721): Connected to transport ComponentInfo{android/com.android.internal.backup.LocalTransportService}
V/BackupManagerService( 2721): Registering transport android/com.android.internal.backup.LocalTransportService::android/com.android.internal.backup.LocalTransport = com.android.internal.backup.LocalTransport@41bc70e8
E/ActivityThread( 2912): Failed to find provider info for sms
I/ActivityManager( 2721): Start proc org.synergy for service org.synergy/.BackgroundService: pid=3108 uid=10015 gids={50015, 3003, 1028, 1015}
I/ActivityManager( 2721): Start proc com.google.android.gms for service com.google.android.gms/.ads.identifier.service.AdvertisingIdService: pid=3124 uid=10007 gids={50007, 3003, 1007, 1028, 1015, 3002, 3001, 3007, 2001, 3006}
D/SignalClusterView( 2815): setEthernetIndicators -- visible = false
D/StatusBar.NetworkController( 2815): update ethernet icon -- N = 0, mEthernetIconId = 0x7f020005, description = null
D/WifiService( 2721): New client listening to asynchronous messages
I/ActivityManager( 2721): Start proc com.android.settings for service com.android.settings/.SettingsService: pid=3152 uid=1000 gids={41000, 1028, 1015, 3002, 3001, 3003}
D/WifiService( 2721): New client listening to asynchronous messages
I/ActivityManager( 2721): Start proc org.eltex.AppStore for service org.eltex.AppStore/.CustomizationServiceImpl: pid=3182 uid=10020 gids={50020, 3003, 1028, 1015}
I/ActivityManager( 2721): Start proc org.eltex.android.app.iptvplayer for service org.eltex.android.app.iptvplayer/.CustomizationServiceImpl: pid=3195 uid=10006 gids={50006, 1028, 1015, 1023, 3003}
I/ActivityManager( 2721): Start proc com.google.process.gapps for content provider com.google.android.gsf/.gservices.GservicesProvider: pid=3220 uid=10007 gids={50007, 3003, 1007, 1028, 1015, 3002, 3001, 3007, 2001, 3006}
W/ContextImpl( 2721): Calling a method in the system process without a qualified user: android.app.ContextImpl.sendBroadcast:1144 android.net.ethernet.EthernetDataTracker.interfaceLinkStateChanged:271 android.net.ethernet.EthernetDataTracker.access$000:75 android.net.ethernet.EthernetDataTracker$InterfaceObserver.interfaceLinkStateChanged:119 com.android.server.NetworkManagementService.notifyInterfaceLinkStateChanged:263 
D/RtkHDMIService( 2721): HDMI_STATUS_CHANGED: HDMI_READY = false
W/BackupManagerService( 2721): dataChanged but no participant pkg='com.android.providers.settings' uid=10027
W/ContextImpl( 3152): Calling a method in the system process without a qualified user: android.app.ContextImpl.bindService:1564 android.content.ContextWrapper.bindService:517 android.bluetooth.BluetoothInputDevice.doBind:245 android.bluetooth.BluetoothInputDevice.<init>:238 android.bluetooth.BluetoothAdapter.getProfileProxy:1367 
W/ContextImpl( 3152): Calling a method in the system process without a qualified user: android.app.ContextImpl.bindService:1564 android.content.ContextWrapper.bindService:517 android.bluetooth.BluetoothPan.doBind:149 android.bluetooth.BluetoothPan.<init>:141 android.bluetooth.BluetoothAdapter.getProfileProxy:1370 
W/ContextImpl( 3152): Calling a method in the system process without a qualified user: android.app.ContextImpl.bindService:1564 android.content.ContextWrapper.bindService:517 android.bluetooth.BluetoothPbap.doBind:164 android.bluetooth.BluetoothPbap.<init>:157 com.android.settings.bluetooth.PbapServerProfile.<init>:68 
I/ActivityManager( 2721): Delay finish: com.google.android.gms/.auth.setup.devicesignals.LockScreenReceiver
D/WifiService( 2721): New client listening to asynchronous messages
I/ActivityManager( 2721): Resuming delayed broadcast
I/ActivityManager( 2721): Delaying start of: ServiceRecord{41c4a4d8 u0 com.google.android.gms/.chimera.GmsIntentOperationService}
I/ActivityManager( 2721): Delay finish: com.google.android.gms/.chimera.GmsIntentOperationService$PersistentTrustedReceiver
D/WifiService( 2721): New client listening to asynchronous messages
D/ConnectivityService( 2721): NetworkStateTrackerHandler->handleMessage(): ConnectivityChange for ETHERNET: CONNECTED/CONNECTED
W/ContextImpl( 2721): Calling a method in the system process without a qualified user: android.app.ContextImpl.sendStickyBroadcast:1302 android.net.ethernet.EthernetDataTracker.sendStateBroadcast:516 android.net.ethernet.EthernetDataTracker.access$800:75 android.net.ethernet.EthernetDataTracker$1.run:363 java.lang.Thread.run:841 
D/ConnectivityService( 2721): --------------- modifyRoute: enter, doAdd=false toDefaultTable=true
D/StatusBar.NetworkController( 2815): updateEthernetState -- action = android.net.ethernet.STATE_CHANGE
D/ConnectivityService( 2721): --------------- modifyRoute: enter, doAdd=false toDefaultTable=true
D/StatusBar.NetworkController( 2815): refreshViews -- mEthernetIconId =0x7f020004, combinedLabel = 
D/SignalClusterView( 2815): setEthernetIndicators -- visible = true
E/ConnectivityService( 2721): Unexpected mtu value: android.net.ethernet.EthernetDataTracker@41bfb940
D/StatusBar.NetworkController( 2815): update ethernet icon -- N = 0, mEthernetIconId = 0x7f020004, description = Ethernet
D/ConnectivityService( 2721): --------------- modifyRoute: enter, doAdd=true toDefaultTable=true
D/ConnectivityService( 2721): --------------- modifyRoute: enter, doAdd=true toDefaultTable=true
D/Nat464Xlat( 2721): requiresClat: netType=9, hasIPv4Address=true
D/StatusBar.NetworkController( 2815): refreshViews -- mEthernetIconId =0x7f020004, combinedLabel = 
E/ActivityThread( 2721): Failed to find provider info for telephony
D/WifiService( 2721): New client listening to asynchronous messages
I/ActivityManager( 2721): Resuming delayed broadcast
I/ActivityManager( 2721): Start proc com.android.vending for broadcast com.android.vending/com.google.android.finsky.simhandler.SimStateReceiver: pid=3410 uid=10025 gids={50025, 3003, 1028, 1015}
W/SocketClient( 2285): write error (Broken pipe)
I/ActivityManager( 2721): Start proc android.process.media for content provider com.android.providers.downloads/.DownloadProvider: pid=3454 uid=10008 gids={50008, 2001, 3003, 1028, 1015, 3007}
I/ActivityManager( 2721): Start proc com.kwblesdk.BluetoothLeService for service com.kehdev.kehdevmanger/com.kwblesdk.BluetoothLeService: pid=3479 uid=10017 gids={50017, 3002, 3001, 1028, 1015}
I/ActivityManager( 2721): Delay finish: com.kehdev.kehdevmanger/.KehdevDevice
I/ActivityManager( 2721): Start proc com.google.android.gms.unstable for service com.google.android.gms/.droidguard.DroidGuardService: pid=3523 uid=10007 gids={50007, 3003, 1007, 1028, 1015, 3002, 3001, 3007, 2001, 3006}
W/SocketClient( 2285): write error (Broken pipe)
I/ActivityManager( 2721): Waited long enough for: ServiceRecord{41a98188 u0 com.google.android.gms/.auth.setup.devicesignals.LockScreenService}
I/ActivityManager( 2721): Resuming delayed broadcast
