E/UDPSource( 2290): in buffer: a[19, 10944] 456.000 ms, v[31, 439518] 1320.000 ms
E/UDPSource( 2290): in datasource: 414672916 bytes, extractor created ? 1
E/NuPlayerRenderer( 2290): RNDR: dVA -262311 (dVAavg -232391), V 1076100155, A 1076362466, Asink 1076205184
E/NuPlayerRenderer( 2290): RNDR: dVA -262311 (dVAavg -232391), V 1076100155, A 1076362466, Asink 1076205184
I/NuPlayerDriver( 2290): notifyDuration: 0
E/UDPSource( 2290): in buffer: a[19, 10944] 456.000 ms, v[31, 439518] 1320.000 ms
E/UDPSource( 2290): in datasource: 414672916 bytes, extractor created ? 1
E/NuPlayerRenderer( 2290): RNDR: dVA -262311 (dVAavg -232391), V 1076100155, A 1076362466, Asink 1076205184
E/NuPlayerRenderer( 2290): RNDR: dVA -262311 (dVAavg -232391), V 1076100155, A 1076362466, Asink 1076205184
I/NuPlayerDriver( 2290): notifyDuration: 0
E/UDPSource( 2290): in buffer: a[19, 10944] 456.000 ms, v[31, 439518] 1320.000 ms
E/UDPSource( 2290): in datasource: 414672916 bytes, extractor created ? 1
D/UpdateService( 2940): Trying to update. isFirstStartUpdate: false
E/NuPlayerRenderer( 2290): RNDR: dVA -262311 (dVAavg -232391), V 1076100155, A 1076362466, Asink 1076205184
E/NuPlayerRenderer( 2290): RNDR: dVA -262311 (dVAavg -232391), V 1076100155, A 1076362466, Asink 1076205184
I/NuPlayerDriver( 2290): notifyDuration: 0
E/UDPSource( 2290): in buffer: a[19, 10944] 456.000 ms, v[31, 439518] 1320.000 ms
E/UDPSource( 2290): in datasource: 414672916 bytes, extractor created ? 1
E/NuPlayerRenderer( 2290): RNDR: dVA -262311 (dVAavg -232391), V 1076100155, A 1076362466, Asink 1076205184
E/NuPlayerRenderer( 2290): RNDR: dVA -262311 (dVAavg -232391), V 1076100155, A 1076362466, Asink 1076205184
I/NuPlayerDriver( 2290): notifyDuration: 0
E/UDPSource( 2290): in buffer: a[19, 10944] 456.000 ms, v[31, 439518] 1320.000 ms
E/UDPSource( 2290): in datasource: 414672916 bytes, extractor created ? 1
E/NuPlayerRenderer( 2290): RNDR: dVA -262311 (dVAavg -232391), V 1076100155, A 1076362466, Asink 1076205184
E/NuPlayerRenderer( 2290): RNDR: dVA -262311 (dVAavg -232391), V 1076100155, A 1076362466, Asink 1076205184
I/NuPlayerDriver( 2290): notifyDuration: 0
E/UDPSource( 2290): in buffer: a[19, 10944] 456.000 ms, v[31, 439518] 1320.000 ms
E/UDPSource( 2290): in datasource: 414672916 bytes, extractor created ? 1
E/NuPlayerRenderer( 2290): RNDR: dVA -262311 (dVAavg -232391), V 1076100155, A 1076362466, Asink 1076205184
E/NuPlayerRenderer( 2290): RNDR: dVA -262311 (dVAavg -232391), V 1076100155, A 1076362466, Asink 1076205184
I/NuPlayerDriver( 2290): notifyDuration: 0
E/UDPSource( 2290): in buffer: a[19, 10944] 456.000 ms, v[31, 439518] 1320.000 ms
E/UDPSource( 2290): in datasource: 414672916 bytes, extractor created ? 1
E/NuPlayerRenderer( 2290): RNDR: dVA -262311 (dVAavg -232391), V 1076100155, A 1076362466, Asink 1076205184
E/NuPlayerRenderer( 2290): RNDR: dVA -262311 (dVAavg -232391), V 1076100155, A 1076362466, Asink 1076205184
I/NuPlayerDriver( 2290): notifyDuration: 0
E/UDPSource( 2290): in buffer: a[19, 10944] 456.000 ms, v[31, 439518] 1320.000 ms
E/UDPSource( 2290): in datasource: 414672916 bytes, extractor created ? 1
E/NuPlayerRenderer( 2290): RNDR: dVA -262311 (dVAavg -232391), V 1076100155, A 1076362466, Asink 1076205184
D/HDMI-Controller( 2721): HDMIController::isSinkConnected: 0
E/NuPlayerRenderer( 2290): RNDR: dVA -262311 (dVAavg -232391), V 1076100155, A 1076362466, Asink 1076205184
I/NuPlayerDriver( 2290): notifyDuration: 0
E/UDPSource( 2290): in buffer: a[19, 10944] 456.000 ms, v[31, 439518] 1320.000 ms
E/UDPSource( 2290): in datasource: 414672916 bytes, extractor created ? 1
E/NuPlayerRenderer( 2290): RNDR: dVA -262311 (dVAavg -232391), V 1076100155, A 1076362466, Asink 1076205184
E/NuPlayerRenderer( 2290): RNDR: dVA -262311 (dVAavg -232391), V 1076100155, A 1076362466, Asink 1076205184
I/NuPlayerDriver( 2290): notifyDuration: 0
E/UDPSource( 2290): in buffer: a[19, 10944] 456.000 ms, v[31, 439518] 1320.000 ms
E/UDPSource( 2290): in datasource: 414672916 bytes, extractor created ? 1
E/NuPlayerRenderer( 2290): RNDR: dVA -262311 (dVAavg -232391), V 1076100155, A 1076362466, Asink 1076205184
D/dalvikvm( 2721): GC_CONCURRENT freed 1923K, 24% free 7025K/9192K, paused 2ms+4ms, total 43ms
E/NuPlayerRenderer( 2290): RNDR: dVA -262311 (dVAavg -232391), V 1076100155, A 1076362466, Asink 1076205184
I/NuPlayerDriver( 2290): notifyDuration: 0
E/UDPSource( 2290): in buffer: a[19, 10944] 456.000 ms, v[31, 439518] 1320.000 ms
E/UDPSource( 2290): in datasource: 414672916 bytes, extractor created ? 1
E/NuPlayerRenderer( 2290): RNDR: dVA -262311 (dVAavg -232391), V 1076100155, A 1076362466, Asink 1076205184
E/NuPlayerRenderer( 2290): RNDR: dVA -262311 (dVAavg -232391), V 1076100155, A 1076362466, Asink 1076205184
I/NuPlayerDriver( 2290): notifyDuration: 0
E/UDPSource( 2290): in buffer: a[19, 10944] 456.000 ms, v[31, 439518] 1320.000 ms
E/UDPSource( 2290): in datasource: 414672916 bytes, extractor created ? 1
E/NuPlayerRenderer( 2290): RNDR: dVA -262311 (dVAavg -232391), V 1076100155, A 1076362466, Asink 1076205184
E/NuPlayerRenderer( 2290): RNDR: dVA -262311 (dVAavg -232391), V 1076100155, A 1076362466, Asink 1076205184
I/NuPlayerDriver( 2290): notifyDuration: 0
E/UDPSource( 2290): in buffer: a[19, 10944] 456.000 ms, v[31, 439518] 1320.000 ms
E/UDPSource( 2290): in datasource: 414672916 bytes, extractor created ? 1
E/NuPlayerRenderer( 2290): RNDR: dVA -262311 (dVAavg -232391), V 1076100155, A 1076362466, Asink 1076205184
E/NuPlayerRenderer( 2290): RNDR: dVA -262311 (dVAavg -232391), V 1076100155, A 1076362466, Asink 1076205184
I/NuPlayerDriver( 2290): notifyDuration: 0
E/UDPSource( 2290): in buffer: a[19, 10944] 456.000 ms, v[31, 439518] 1320.000 ms
E/UDPSource( 2290): in datasource: 414672916 bytes, extractor created ? 1
E/NuPlayerRenderer( 2290): RNDR: dVA -262311 (dVAavg -232391), V 1076100155, A 1076362466, Asink 1076205184
E/NuPlayerRenderer( 2290): RNDR: dVA -262311 (dVAavg -232391), V 1076100155, A 1076362466, Asink 1076205184
I/NuPlayerDriver( 2290): notifyDuration: 0
E/UDPSource( 2290): in buffer: a[19, 10944] 456.000 ms, v[31, 439518] 1320.000 ms
E/UDPSource( 2290): in datasource: 414672916 bytes, extractor created ? 1
E/NuPlayerRenderer( 2290): RNDR: dVA -262311 (dVAavg -232391), V 1076100155, A 1076362466, Asink 1076205184
E/NuPlayerRenderer( 2290): RNDR: dVA -262311 (dVAavg -232391), V 1076100155, A 1076362466, Asink 1076205184
I/NuPlayerDriver( 2290): notifyDuration: 0
E/UDPSource( 2290): in buffer: a[19, 10944] 456.000 ms, v[31, 439518] 1320.000 ms
E/UDPSource( 2290): in datasource: 414672916 bytes, extractor created ? 1
E/NuPlayerRenderer( 2290): RNDR: dVA -262311 (dVAavg -232391), V 1076100155, A 1076362466, Asink 1076205184
E/NuPlayerRenderer( 2290): RNDR: dVA -262311 (dVAavg -232391), V 1076100155, A 1076362466, Asink 1076205184
I/NuPlayerDriver( 2290): notifyDuration: 0
E/UDPSource( 2290): in buffer: a[19, 10944] 456.000 ms, v[31, 439518] 1320.000 ms
E/UDPSource( 2290): in datasource: 414672916 bytes, extractor created ? 1
E/NuPlayerRenderer( 2290): RNDR: dVA -262311 (dVAavg -232391), V 1076100155, A 1076362466, Asink 1076205184
E/NuPlayerRenderer( 2290): RNDR: dVA -262311 (dVAavg -232391), V 1076100155, A 1076362466, Asink 1076205184
I/NuPlayerDriver( 2290): notifyDuration: 0
E/UDPSource( 2290): in buffer: a[19, 10944] 456.000 ms, v[31, 439518] 1320.000 ms
E/UDPSource( 2290): in datasource: 414672916 bytes, extractor created ? 1
E/NuPlayerRenderer( 2290): RNDR: dVA -262311 (dVAavg -232391), V 1076100155, A 1076362466, Asink 1076205184
D/HDMI-Controller( 2721): HDMIController::isSinkConnected: 0
E/NuPlayerRenderer( 2290): RNDR: dVA -262311 (dVAavg -232391), V 1076100155, A 1076362466, Asink 1076205184
I/NuPlayerDriver( 2290): notifyDuration: 0
E/UDPSource( 2290): in buffer: a[19, 10944] 456.000 ms, v[31, 439518] 1320.000 ms
E/UDPSource( 2290): in datasource: 414672916 bytes, extractor created ? 1
E/NuPlayerRenderer( 2290): RNDR: dVA -262311 (dVAavg -232391), V 1076100155, A 1076362466, Asink 1076205184
E/NuPlayerRenderer( 2290): RNDR: dVA -262311 (dVAavg -232391), V 1076100155, A 1076362466, Asink 1076205184
I/NuPlayerDriver( 2290): notifyDuration: 0
E/UDPSource( 2290): in buffer: a[19, 10944] 456.000 ms, v[31, 439518] 1320.000 ms
E/UDPSource( 2290): in datasource: 414672916 bytes, extractor created ? 1
E/NuPlayerRenderer( 2290): RNDR: dVA -262311 (dVAavg -232391), V 1076100155, A 1076362466, Asink 1076205184
E/NuPlayerRenderer( 2290): RNDR: dVA -262311 (dVAavg -232391), V 1076100155, A 1076362466, Asink 1076205184
I/NuPlayerDriver( 2290): notifyDuration: 0
E/UDPSource( 2290): in buffer: a[19, 10944] 456.000 ms, v[31, 439518] 1320.000 ms
E/UDPSource( 2290): in datasource: 414672916 bytes, extractor created ? 1
E/NuPlayerRenderer( 2290): RNDR: dVA -262311 (dVAavg -232391), V 1076100155, A 1076362466, Asink 1076205184
E/NuPlayerRenderer( 2290): RNDR: dVA -262311 (dVAavg -232391), V 1076100155, A 1076362466, Asink 1076205184
I/NuPlayerDriver( 2290): notifyDuration: 0
E/UDPSource( 2290): in buffer: a[19, 10944] 456.000 ms, v[31, 439518] 1320.000 ms
E/UDPSource( 2290): in datasource: 414672916 bytes, extractor created ? 1
E/NuPlayerRenderer( 2290): RNDR: dVA -262311 (dVAavg -232391), V 1076100155, A 1076362466, Asink 1076205184
E/NuPlayerRenderer( 2290): RNDR: dVA -262311 (dVAavg -232391), V 1076100155, A 1076362466, Asink 1076205184
I/NuPlayerDriver( 2290): notifyDuration: 0
E/UDPSource( 2290): in buffer: a[19, 10944] 456.000 ms, v[31, 439518] 1320.000 ms
E/UDPSource( 2290): in datasource: 414672916 bytes, extractor created ? 1
D/UpdateService( 2940): Trying to update. isFirstStartUpdate: false
E/NuPlayerRenderer( 2290): RNDR: dVA -262311 (dVAavg -232391), V 1076100155, A 1076362466, Asink 1076205184
E/NuPlayerRenderer( 2290): RNDR: dVA -262311 (dVAavg -232391), V 1076100155, A 1076362466, Asink 1076205184
I/NuPlayerDriver( 2290): notifyDuration: 0
E/UDPSource( 2290): in buffer: a[19, 10944] 456.000 ms, v[31, 439518] 1320.000 ms
E/UDPSource( 2290): in datasource: 414672916 bytes, extractor created ? 1
E/NuPlayerRenderer( 2290): RNDR: dVA -262311 (dVAavg -232391), V 1076100155, A 1076362466, Asink 1076205184
E/NuPlayerRenderer( 2290): RNDR: dVA -262311 (dVAavg -232391), V 1076100155, A 1076362466, Asink 1076205184
I/NuPlayerDriver( 2290): notifyDuration: 0
E/UDPSource( 2290): in buffer: a[19, 10944] 456.000 ms, v[31, 439518] 1320.000 ms
E/UDPSource( 2290): in datasource: 414672916 bytes, extractor created ? 1
E/NuPlayerRenderer( 2290): RNDR: dVA -262311 (dVAavg -232391), V 1076100155, A 1076362466, Asink 1076205184
E/NuPlayerRenderer( 2290): RNDR: dVA -262311 (dVAavg -232391), V 1076100155, A 1076362466, Asink 1076205184
I/NuPlayerDriver( 2290): notifyDuration: 0
E/UDPSource( 2290): in buffer: a[19, 10944] 456.000 ms, v[31, 439518] 1320.000 ms
E/UDPSource( 2290): in datasource: 414672916 bytes, extractor created ? 1
E/NuPlayerRenderer( 2290): RNDR: dVA -262311 (dVAavg -232391), V 1076100155, A 1076362466, Asink 1076205184
E/NuPlayerRenderer( 2290): RNDR: dVA -262311 (dVAavg -232391), V 1076100155, A 1076362466, Asink 1076205184
I/NuPlayerDriver( 2290): notifyDuration: 0
E/UDPSource( 2290): in buffer: a[19, 10944] 456.000 ms, v[31, 439518] 1320.000 ms
E/UDPSource( 2290): in datasource: 414672916 bytes, extractor created ? 1
E/NuPlayerRenderer( 2290): RNDR: dVA -262311 (dVAavg -232391), V 1076100155, A 1076362466, Asink 1076205184
E/NuPlayerRenderer( 2290): RNDR: dVA -262311 (dVAavg -232391), V 1076100155, A 1076362466, Asink 1076205184
I/NuPlayerDriver( 2290): notifyDuration: 0
E/UDPSource( 2290): in buffer: a[19, 10944] 456.000 ms, v[31, 439518] 1320.000 ms
E/UDPSource( 2290): in datasource: 414672916 bytes, extractor created ? 1
E/NuPlayerRenderer( 2290): RNDR: dVA -262311 (dVAavg -232391), V 1076100155, A 1076362466, Asink 1076205184
D/HDMI-Controller( 2721): HDMIController::isSinkConnected: 0
E/NuPlayerRenderer( 2290): RNDR: dVA -262311 (dVAavg -232391), V 1076100155, A 1076362466, Asink 1076205184
I/NuPlayerDriver( 2290): notifyDuration: 0
E/UDPSource( 2290): in buffer: a[19, 10944] 456.000 ms, v[31, 439518] 1320.000 ms
E/UDPSource( 2290): in datasource: 414672916 bytes, extractor created ? 1
E/NuPlayerRenderer( 2290): RNDR: dVA -262311 (dVAavg -232391), V 1076100155, A 1076362466, Asink 1076205184
I/PlayCommon( 3410): [80] com.google.android.play.b.h.e(262): Preparing logs for uploading
W/PlayCommon( 3410): [80] com.google.android.play.b.h.a(672): No account for auth token provided
I/PlayCommon( 3410): [80] com.google.android.play.b.h.a(519): Connecting to server: https://play.googleapis.com/play/log?format=raw&proto_v2=true
E/PlayCommon( 3410): [80] com.google.android.play.b.h.a(549): Failed to connect to server: java.net.UnknownHostException: Unable to resolve host "play.googleapis.com": No address associated with hostname
E/NuPlayerRenderer( 2290): RNDR: dVA -262311 (dVAavg -232391), V 1076100155, A 1076362466, Asink 1076205184
I/NuPlayerDriver( 2290): notifyDuration: 0
E/UDPSource( 2290): in buffer: a[19, 10944] 456.000 ms, v[31, 439518] 1320.000 ms
E/UDPSource( 2290): in datasource: 414672916 bytes, extractor created ? 1
E/NuPlayerRenderer( 2290): RNDR: dVA -262311 (dVAavg -232391), V 1076100155, A 1076362466, Asink 1076205184
E/NuPlayerRenderer( 2290): RNDR: dVA -262311 (dVAavg -232391), V 1076100155, A 1076362466, Asink 1076205184
I/NuPlayerDriver( 2290): notifyDuration: 0
E/UDPSource( 2290): in buffer: a[19, 10944] 456.000 ms, v[31, 439518] 1320.000 ms
E/UDPSource( 2290): in datasource: 414672916 bytes, extractor created ? 1
E/NuPlayerRenderer( 2290): RNDR: dVA -262311 (dVAavg -232391), V 1076100155, A 1076362466, Asink 1076205184
E/NuPlayerRenderer( 2290): RNDR: dVA -262311 (dVAavg -232391), V 1076100155, A 1076362466, Asink 1076205184
I/NuPlayerDriver( 2290): notifyDuration: 0
E/UDPSource( 2290): in buffer: a[19, 10944] 456.000 ms, v[31, 439518] 1320.000 ms
E/UDPSource( 2290): in datasource: 414672916 bytes, extractor created ? 1
E/NuPlayerRenderer( 2290): RNDR: dVA -262311 (dVAavg -232391), V 1076100155, A 1076362466, Asink 1076205184
E/NuPlayerRenderer( 2290): RNDR: dVA -262311 (dVAavg -232391), V 1076100155, A 1076362466, Asink 1076205184
I/NuPlayerDriver( 2290): notifyDuration: 0
E/UDPSource( 2290): in buffer: a[19, 10944] 456.000 ms, v[31, 439518] 1320.000 ms
E/UDPSource( 2290): in datasource: 414672916 bytes, extractor created ? 1
E/NuPlayerRenderer( 2290): RNDR: dVA -262311 (dVAavg -232391), V 1076100155, A 1076362466, Asink 1076205184
E/NuPlayerRenderer( 2290): RNDR: dVA -262311 (dVAavg -232391), V 1076100155, A 1076362466, Asink 1076205184
I/NuPlayerDriver( 2290): notifyDuration: 0
E/UDPSource( 2290): in buffer: a[19, 10944] 456.000 ms, v[31, 439518] 1320.000 ms
E/UDPSource( 2290): in datasource: 414672916 bytes, extractor created ? 1
E/NuPlayerRenderer( 2290): RNDR: dVA -262311 (dVAavg -232391), V 1076100155, A 1076362466, Asink 1076205184
E/NuPlayerRenderer( 2290): RNDR: dVA -262311 (dVAavg -232391), V 1076100155, A 1076362466, Asink 1076205184
I/NuPlayerDriver( 2290): notifyDuration: 0
E/UDPSource( 2290): in buffer: a[19, 10944] 456.000 ms, v[31, 439518] 1320.000 ms
E/UDPSource( 2290): in datasource: 414672916 bytes, extractor created ? 1
E/NuPlayerRenderer( 2290): RNDR: dVA -262311 (dVAavg -232391), V 1076100155, A 1076362466, Asink 1076205184
E/NuPlayerRenderer( 2290): RNDR: dVA -262311 (dVAavg -232391), V 1076100155, A 1076362466, Asink 1076205184
I/NuPlayerDriver( 2290): notifyDuration: 0
E/UDPSource( 2290): in buffer: a[19, 10944] 456.000 ms, v[31, 439518] 1320.000 ms
E/UDPSource( 2290): in datasource: 414672916 bytes, extractor created ? 1
E/NuPlayerRenderer( 2290): RNDR: dVA -262311 (dVAavg -232391), V 1076100155, A 1076362466, Asink 1076205184
E/NuPlayerRenderer( 2290): RNDR: dVA -262311 (dVAavg -232391), V 1076100155, A 1076362466, Asink 1076205184
I/NuPlayerDriver( 2290): notifyDuration: 0
E/UDPSource( 2290): in buffer: a[19, 10944] 456.000 ms, v[31, 439518] 1320.000 ms
E/UDPSource( 2290): in datasource: 414672916 bytes, extractor created ? 1
E/NuPlayerRenderer( 2290): RNDR: dVA -262311 (dVAavg -232391), V 1076100155, A 1076362466, Asink 1076205184
E/FrameworkListener( 2285): read() failed (Connection reset by peer)
E/NuPlayerRenderer( 2290): RNDR: dVA -262311 (dVAavg -232391), V 1076100155, A 1076362466, Asink 1076205184
I/NuPlayerDriver( 2290): notifyDuration: 0
E/UDPSource( 2290): in buffer: a[19, 10944] 456.000 ms, v[31, 439518] 1320.000 ms
E/UDPSource( 2290): in datasource: 414672916 bytes, extractor created ? 1
E/NuPlayerRenderer( 2290): RNDR: dVA -262311 (dVAavg -232391), V 1076100155, A 1076362466, Asink 1076205184
D/HDMI-Controller( 2721): HDMIController::isSinkConnected: 0
E/NuPlayerRenderer( 2290): RNDR: dVA -262311 (dVAavg -232391), V 1076100155, A 1076362466, Asink 1076205184
I/NuPlayerDriver( 2290): notifyDuration: 0
E/UDPSource( 2290): in buffer: a[19, 10944] 456.000 ms, v[31, 439518] 1320.000 ms
E/UDPSource( 2290): in datasource: 414672916 bytes, extractor created ? 1
E/NuPlayerRenderer( 2290): RNDR: dVA -262311 (dVAavg -232391), V 1076100155, A 1076362466, Asink 1076205184
E/NuPlayerRenderer( 2290): RNDR: dVA -262311 (dVAavg -232391), V 1076100155, A 1076362466, Asink 1076205184
I/NuPlayerDriver( 2290): notifyDuration: 0
E/UDPSource( 2290): in buffer: a[19, 10944] 456.000 ms, v[31, 439518] 1320.000 ms
E/UDPSource( 2290): in datasource: 414672916 bytes, extractor created ? 1
E/NuPlayerRenderer( 2290): RNDR: dVA -262311 (dVAavg -232391), V 1076100155, A 1076362466, Asink 1076205184
E/NuPlayerRenderer( 2290): RNDR: dVA -262311 (dVAavg -232391), V 1076100155, A 1076362466, Asink 1076205184
I/NuPlayerDriver( 2290): notifyDuration: 0
E/UDPSource( 2290): in buffer: a[19, 10944] 456.000 ms, v[31, 439518] 1320.000 ms
E/UDPSource( 2290): in datasource: 414672916 bytes, extractor created ? 1
E/NuPlayerRenderer( 2290): RNDR: dVA -262311 (dVAavg -232391), V 1076100155, A 1076362466, Asink 1076205184
E/NuPlayerRenderer( 2290): RNDR: dVA -262311 (dVAavg -232391), V 1076100155, A 1076362466, Asink 1076205184
I/NuPlayerDriver( 2290): notifyDuration: 0
E/UDPSource( 2290): in buffer: a[19, 10944] 456.000 ms, v[31, 439518] 1320.000 ms
E/UDPSource( 2290): in datasource: 414672916 bytes, extractor created ? 1
E/NuPlayerRenderer( 2290): RNDR: dVA -262311 (dVAavg -232391), V 1076100155, A 1076362466, Asink 1076205184
E/NuPlayerRenderer( 2290): RNDR: dVA -262311 (dVAavg -232391), V 1076100155, A 1076362466, Asink 1076205184
I/NuPlayerDriver( 2290): notifyDuration: 0
E/UDPSource( 2290): in buffer: a[19, 10944] 456.000 ms, v[31, 439518] 1320.000 ms
E/UDPSource( 2290): in datasource: 414672916 bytes, extractor created ? 1
D/UpdateService( 2940): Trying to update. isFirstStartUpdate: false
E/NuPlayerRenderer( 2290): RNDR: dVA -262311 (dVAavg -232391), V 1076100155, A 1076362466, Asink 1076205184
E/NuPlayerRenderer( 2290): RNDR: dVA -262311 (dVAavg -232391), V 1076100155, A 1076362466, Asink 1076205184
I/NuPlayerDriver( 2290): notifyDuration: 0
E/UDPSource( 2290): in buffer: a[19, 10944] 456.000 ms, v[31, 439518] 1320.000 ms
E/UDPSource( 2290): in datasource: 414672916 bytes, extractor created ? 1
E/NuPlayerRenderer( 2290): RNDR: dVA -262311 (dVAavg -232391), V 1076100155, A 1076362466, Asink 1076205184
E/NuPlayerRenderer( 2290): RNDR: dVA -262311 (dVAavg -232391), V 1076100155, A 1076362466, Asink 1076205184
I/NuPlayerDriver( 2290): notifyDuration: 0
E/UDPSource( 2290): in buffer: a[19, 10944] 456.000 ms, v[31, 439518] 1320.000 ms
E/UDPSource( 2290): in datasource: 414672916 bytes, extractor created ? 1
E/NuPlayerRenderer( 2290): RNDR: dVA -262311 (dVAavg -232391), V 1076100155, A 1076362466, Asink 1076205184
E/NuPlayerRenderer( 2290): RNDR: dVA -262311 (dVAavg -232391), V 1076100155, A 1076362466, Asink 1076205184
I/NuPlayerDriver( 2290): notifyDuration: 0
E/UDPSource( 2290): in buffer: a[19, 10944] 456.000 ms, v[31, 439518] 1320.000 ms
E/UDPSource( 2290): in datasource: 414672916 bytes, extractor created ? 1
E/NuPlayerRenderer( 2290): RNDR: dVA -262311 (dVAavg -232391), V 1076100155, A 1076362466, Asink 1076205184
E/NuPlayerRenderer( 2290): RNDR: dVA -262311 (dVAavg -232391), V 1076100155, A 1076362466, Asink 1076205184
I/NuPlayerDriver( 2290): notifyDuration: 0
E/UDPSource( 2290): in buffer: a[19, 10944] 456.000 ms, v[31, 439518] 1320.000 ms
E/UDPSource( 2290): in datasource: 414672916 bytes, extractor created ? 1
E/NuPlayerRenderer( 2290): RNDR: dVA -262311 (dVAavg -232391), V 1076100155, A 1076362466, Asink 1076205184
E/NuPlayerRenderer( 2290): RNDR: dVA -262311 (dVAavg -232391), V 1076100155, A 1076362466, Asink 1076205184
I/NuPlayerDriver( 2290): notifyDuration: 0
E/UDPSource( 2290): in buffer: a[19, 10944] 456.000 ms, v[31, 439518] 1320.000 ms
E/UDPSource( 2290): in datasource: 414672916 bytes, extractor created ? 1
E/NuPlayerRenderer( 2290): RNDR: dVA -262311 (dVAavg -232391), V 1076100155, A 1076362466, Asink 1076205184
D/HDMI-Controller( 2721): HDMIController::isSinkConnected: 0
E/NuPlayerRenderer( 2290): RNDR: dVA -262311 (dVAavg -232391), V 1076100155, A 1076362466, Asink 1076205184
I/NuPlayerDriver( 2290): notifyDuration: 0
E/UDPSource( 2290): in buffer: a[19, 10944] 456.000 ms, v[31, 439518] 1320.000 ms
E/UDPSource( 2290): in datasource: 414672916 bytes, extractor created ? 1
E/NuPlayerRenderer( 2290): RNDR: dVA -262311 (dVAavg -232391), V 1076100155, A 1076362466, Asink 1076205184
E/NuPlayerRenderer( 2290): RNDR: dVA -262311 (dVAavg -232391), V 1076100155, A 1076362466, Asink 1076205184
I/NuPlayerDriver( 2290): notifyDuration: 0
E/UDPSource( 2290): in buffer: a[19, 10944] 456.000 ms, v[31, 439518] 1320.000 ms
E/UDPSource( 2290): in datasource: 414672916 bytes, extractor created ? 1
E/NuPlayerRenderer( 2290): RNDR: dVA -262311 (dVAavg -232391), V 1076100155, A 1076362466, Asink 1076205184
E/NuPlayerRenderer( 2290): RNDR: dVA -262311 (dVAavg -232391), V 1076100155, A 1076362466, Asink 1076205184
I/NuPlayerDriver( 2290): notifyDuration: 0
E/UDPSource( 2290): in buffer: a[19, 10944] 456.000 ms, v[31, 439518] 1320.000 ms
E/UDPSource( 2290): in datasource: 414672916 bytes, extractor created ? 1
E/NuPlayerRenderer( 2290): RNDR: dVA -262311 (dVAavg -232391), V 1076100155, A 1076362466, Asink 1076205184
E/NuPlayerRenderer( 2290): RNDR: dVA -262311 (dVAavg -232391), V 1076100155, A 1076362466, Asink 1076205184
I/NuPlayerDriver( 2290): notifyDuration: 0
E/UDPSource( 2290): in buffer: a[19, 10944] 456.000 ms, v[31, 439518] 1320.000 ms
E/UDPSource( 2290): in datasource: 414672916 bytes, extractor created ? 1
E/NuPlayerRenderer( 2290): RNDR: dVA -262311 (dVAavg -232391), V 1076100155, A 1076362466, Asink 1076205184
E/NuPlayerRenderer( 2290): RNDR: dVA -262311 (dVAavg -232391), V 1076100155, A 1076362466, Asink 1076205184
I/NuPlayerDriver( 2290): notifyDuration: 0
E/UDPSource( 2290): in buffer: a[19, 10944] 456.000 ms, v[31, 439518] 1320.000 ms
E/UDPSource( 2290): in datasource: 414672916 bytes, extractor created ? 1
E/NuPlayerRenderer( 2290): RNDR: dVA -262311 (dVAavg -232391), V 1076100155, A 1076362466, Asink 1076205184
E/NuPlayerRenderer( 2290): RNDR: dVA -262311 (dVAavg -232391), V 1076100155, A 1076362466, Asink 1076205184
I/NuPlayerDriver( 2290): notifyDuration: 0
E/UDPSource( 2290): in buffer: a[19, 10944] 456.000 ms, v[31, 439518] 1320.000 ms
E/UDPSource( 2290): in datasource: 414672916 bytes, extractor created ? 1
E/NuPlayerRenderer( 2290): RNDR: dVA -262311 (dVAavg -232391), V 1076100155, A 1076362466, Asink 1076205184
E/NuPlayerRenderer( 2290): RNDR: dVA -262311 (dVAavg -232391), V 1076100155, A 1076362466, Asink 1076205184
I/NuPlayerDriver( 2290): notifyDuration: 0
E/UDPSource( 2290): in buffer: a[19, 10944] 456.000 ms, v[31, 439518] 1320.000 ms
E/UDPSource( 2290): in datasource: 414672916 bytes, extractor created ? 1
E/NuPlayerRenderer( 2290): RNDR: dVA -262311 (dVAavg -232391), V 1076100155, A 1076362466, Asink 1076205184
E/NuPlayerRenderer( 2290): RNDR: dVA -262311 (dVAavg -232391), V 1076100155, A 1076362466, Asink 1076205184
I/NuPlayerDriver( 2290): notifyDuration: 0
E/UDPSource( 2290): in buffer: a[19, 10944] 456.000 ms, v[31, 439518] 1320.000 ms
E/UDPSource( 2290): in datasource: 414672916 bytes, extractor created ? 1
E/NuPlayerRenderer( 2290): RNDR: dVA -262311 (dVAavg -232391), V 1076100155, A 1076362466, Asink 1076205184
E/NuPlayerRenderer( 2290): RNDR: dVA -262311 (dVAavg -232391), V 1076100155, A 1076362466, Asink 1076205184
I/NuPlayerDriver( 2290): notifyDuration: 0
E/UDPSource( 2290): in buffer: a[19, 10944] 456.000 ms, v[31, 439518] 1320.000 ms
E/UDPSource( 2290): in datasource: 414672916 bytes, extractor created ? 1
E/NuPlayerRenderer( 2290): RNDR: dVA -262311 (dVAavg -232391), V 1076100155, A 1076362466, Asink 1076205184
E/NuPlayerRenderer( 2290): RNDR: dVA -262311 (dVAavg -232391), V 1076100155, A 1076362466, Asink 1076205184
I/NuPlayerDriver( 2290): notifyDuration: 0
E/UDPSource( 2290): in buffer: a[19, 10944] 456.000 ms, v[31, 439518] 1320.000 ms
E/UDPSource( 2290): in datasource: 414672916 bytes, extractor created ? 1
E/NuPlayerRenderer( 2290): RNDR: dVA -262311 (dVAavg -232391), V 1076100155, A 1076362466, Asink 1076205184
D/HDMI-Controller( 2721): HDMIController::isSinkConnected: 0
E/NuPlayerRenderer( 2290): RNDR: dVA -262311 (dVAavg -232391), V 1076100155, A 1076362466, Asink 1076205184
I/NuPlayerDriver( 2290): notifyDuration: 0
E/UDPSource( 2290): in buffer: a[19, 10944] 456.000 ms, v[31, 439518] 1320.000 ms
E/UDPSource( 2290): in datasource: 414672916 bytes, extractor created ? 1
E/NuPlayerRenderer( 2290): RNDR: dVA -262311 (dVAavg -232391), V 1076100155, A 1076362466, Asink 1076205184
E/NuPlayerRenderer( 2290): RNDR: dVA -262311 (dVAavg -232391), V 1076100155, A 1076362466, Asink 1076205184
I/NuPlayerDriver( 2290): notifyDuration: 0
E/UDPSource( 2290): in buffer: a[19, 10944] 456.000 ms, v[31, 439518] 1320.000 ms
E/UDPSource( 2290): in datasource: 414672916 bytes, extractor created ? 1
E/NuPlayerRenderer( 2290): RNDR: dVA -262311 (dVAavg -232391), V 1076100155, A 1076362466, Asink 1076205184
E/NuPlayerRenderer( 2290): RNDR: dVA -262311 (dVAavg -232391), V 1076100155, A 1076362466, Asink 1076205184
I/NuPlayerDriver( 2290): notifyDuration: 0
E/UDPSource( 2290): in buffer: a[19, 10944] 456.000 ms, v[31, 439518] 1320.000 ms
E/UDPSource( 2290): in datasource: 414672916 bytes, extractor created ? 1
E/NuPlayerRenderer( 2290): RNDR: dVA -262311 (dVAavg -232391), V 1076100155, A 1076362466, Asink 1076205184
E/NuPlayerRenderer( 2290): RNDR: dVA -262311 (dVAavg -232391), V 1076100155, A 1076362466, Asink 1076205184
I/NuPlayerDriver( 2290): notifyDuration: 0
E/UDPSource( 2290): in buffer: a[19, 10944] 456.000 ms, v[31, 439518] 1320.000 ms
E/UDPSource( 2290): in datasource: 414672916 bytes, extractor created ? 1
E/NuPlayerRenderer( 2290): RNDR: dVA -262311 (dVAavg -232391), V 1076100155, A 1076362466, Asink 1076205184
E/NuPlayerRenderer( 2290): RNDR: dVA -262311 (dVAavg -232391), V 1076100155, A 1076362466, Asink 1076205184
I/NuPlayerDriver( 2290): notifyDuration: 0
E/UDPSource( 2290): in buffer: a[19, 10944] 456.000 ms, v[31, 439518] 1320.000 ms
E/UDPSource( 2290): in datasource: 414672916 bytes, extractor created ? 1
D/UpdateService( 2940): Trying to update. isFirstStartUpdate: false
E/NuPlayerRenderer( 2290): RNDR: dVA -262311 (dVAavg -232391), V 1076100155, A 1076362466, Asink 1076205184
E/NuPlayerRenderer( 2290): RNDR: dVA -262311 (dVAavg -232391), V 1076100155, A 1076362466, Asink 1076205184
I/NuPlayerDriver( 2290): notifyDuration: 0
E/UDPSource( 2290): in buffer: a[19, 10944] 456.000 ms, v[31, 439518] 1320.000 ms
E/UDPSource( 2290): in datasource: 414672916 bytes, extractor created ? 1
E/NuPlayerRenderer( 2290): RNDR: dVA -262311 (dVAavg -232391), V 1076100155, A 1076362466, Asink 1076205184
E/NuPlayerRenderer( 2290): RNDR: dVA -262311 (dVAavg -232391), V 1076100155, A 1076362466, Asink 1076205184
I/NuPlayerDriver( 2290): notifyDuration: 0
E/UDPSource( 2290): in buffer: a[19, 10944] 456.000 ms, v[31, 439518] 1320.000 ms
E/UDPSource( 2290): in datasource: 414672916 bytes, extractor created ? 1
E/NuPlayerRenderer( 2290): RNDR: dVA -262311 (dVAavg -232391), V 1076100155, A 1076362466, Asink 1076205184
E/NuPlayerRenderer( 2290): RNDR: dVA -262311 (dVAavg -232391), V 1076100155, A 1076362466, Asink 1076205184
I/NuPlayerDriver( 2290): notifyDuration: 0
E/UDPSource( 2290): in buffer: a[19, 10944] 456.000 ms, v[31, 439518] 1320.000 ms
E/UDPSource( 2290): in datasource: 414672916 bytes, extractor created ? 1
E/NuPlayerRenderer( 2290): RNDR: dVA -262311 (dVAavg -232391), V 1076100155, A 1076362466, Asink 1076205184
E/NuPlayerRenderer( 2290): RNDR: dVA -262311 (dVAavg -232391), V 1076100155, A 1076362466, Asink 1076205184
I/NuPlayerDriver( 2290): notifyDuration: 0
E/UDPSource( 2290): in buffer: a[19, 10944] 456.000 ms, v[31, 439518] 1320.000 ms
E/UDPSource( 2290): in datasource: 414672916 bytes, extractor created ? 1
E/NuPlayerRenderer( 2290): RNDR: dVA -262311 (dVAavg -232391), V 1076100155, A 1076362466, Asink 1076205184
E/NuPlayerRenderer( 2290): RNDR: dVA -262311 (dVAavg -232391), V 1076100155, A 1076362466, Asink 1076205184
I/NuPlayerDriver( 2290): notifyDuration: 0
E/UDPSource( 2290): in buffer: a[19, 10944] 456.000 ms, v[31, 439518] 1320.000 ms
E/UDPSource( 2290): in datasource: 414672916 bytes, extractor created ? 1
E/NuPlayerRenderer( 2290): RNDR: dVA -262311 (dVAavg -232391), V 1076100155, A 1076362466, Asink 1076205184
D/HDMI-Controller( 2721): HDMIController::isSinkConnected: 1
D/        ( 2721):  enter hdmi_check_rx_sense
D/HDMI-Controller( 2721): HDMIController::checkRxSense: 0
E/NuPlayerRenderer( 2290): RNDR: dVA -262311 (dVAavg -232391), V 1076100155, A 1076362466, Asink 1076205184
I/NuPlayerDriver( 2290): notifyDuration: 0
E/UDPSource( 2290): in buffer: a[19, 10944] 456.000 ms, v[31, 439518] 1320.000 ms
E/UDPSource( 2290): in datasource: 414672916 bytes, extractor created ? 1
E/NuPlayerRenderer( 2290): RNDR: dVA -262311 (dVAavg -232391), V 1076100155, A 1076362466, Asink 1076205184
E/NuPlayerRenderer( 2290): RNDR: dVA -262311 (dVAavg -232391), V 1076100155, A 1076362466, Asink 1076205184
I/NuPlayerDriver( 2290): notifyDuration: 0
E/UDPSource( 2290): in buffer: a[19, 10944] 456.000 ms, v[31, 439518] 1320.000 ms
E/UDPSource( 2290): in datasource: 414672916 bytes, extractor created ? 1
E/NuPlayerRenderer( 2290): RNDR: dVA -262311 (dVAavg -232391), V 1076100155, A 1076362466, Asink 1076205184
E/NuPlayerRenderer( 2290): RNDR: dVA -262311 (dVAavg -232391), V 1076100155, A 1076362466, Asink 1076205184
I/NuPlayerDriver( 2290): notifyDuration: 0
E/UDPSource( 2290): in buffer: a[19, 10944] 456.000 ms, v[31, 439518] 1320.000 ms
E/UDPSource( 2290): in datasource: 414672916 bytes, extractor created ? 1
E/NuPlayerRenderer( 2290): RNDR: dVA -262311 (dVAavg -232391), V 1076100155, A 1076362466, Asink 1076205184
E/NuPlayerRenderer( 2290): RNDR: dVA -262311 (dVAavg -232391), V 1076100155, A 1076362466, Asink 1076205184
I/NuPlayerDriver( 2290): notifyDuration: 0
E/UDPSource( 2290): in buffer: a[19, 10944] 456.000 ms, v[31, 439518] 1320.000 ms
E/UDPSource( 2290): in datasource: 414672916 bytes, extractor created ? 1
E/NuPlayerRenderer( 2290): RNDR: dVA -262311 (dVAavg -232391), V 1076100155, A 1076362466, Asink 1076205184
E/NuPlayerRenderer( 2290): RNDR: dVA -262311 (dVAavg -232391), V 1076100155, A 1076362466, Asink 1076205184
I/NuPlayerDriver( 2290): notifyDuration: 0
E/UDPSource( 2290): in buffer: a[19, 10944] 456.000 ms, v[31, 439518] 1320.000 ms
E/UDPSource( 2290): in datasource: 414672916 bytes, extractor created ? 1
E/NuPlayerRenderer( 2290): RNDR: dVA -262311 (dVAavg -232391), V 1076100155, A 1076362466, Asink 1076205184
E/NuPlayerRenderer( 2290): RNDR: dVA -262311 (dVAavg -232391), V 1076100155, A 1076362466, Asink 1076205184
I/NuPlayerDriver( 2290): notifyDuration: 0
E/UDPSource( 2290): in buffer: a[19, 10944] 456.000 ms, v[31, 439518] 1320.000 ms
E/UDPSource( 2290): in datasource: 414672916 bytes, extractor created ? 1
E/NuPlayerRenderer( 2290): RNDR: dVA -262311 (dVAavg -232391), V 1076100155, A 1076362466, Asink 1076205184
I/RtkVoutUtilManager( 2721): com.realtek.server.RtkVoutUtilService@41b5b9a8
D/librealtek_runtime( 2721): RPC call done 65536
D/HDMI-Controller( 2721): HDMIController::isSinkConnected: 1
D/librealtek_runtime( 2721): enter realtek_server_RtkHDMIService_getVideoFormat
D/HDMI-Controller( 2721): HDMIController::isSinkConnected: 1
D/HDMI-Controller( 2721): EDID is ready
V/hwcomposer( 2287): hwc_vo_layer_scaler Query DisplayWin! V1 [720 x 576]
W/WindowManager( 2721): setHdmiPlugged: plugged = true
V/WiredAccessoryManager( 2721): Headset UEVENT: {SUBSYSTEM=switch, SWITCH_STATE=1, DEVPATH=/devices/virtual/switch/hdmi, SEQNUM=2282, ACTION=change, SWITCH_NAME=hdmi}
W/RtkHDMIService( 2721): handleHotPlug: hdmiPlugged = true
W/RtkHDMIService( 2721): getItemValueFromSettings itemName: realtek_setup_tv_system_user itemValue: 0
V/WiredAccessoryManager( 2721): flag_usb_change = false
V/WiredAccessoryManager( 2721): newName=hdmi newState=16 headsetState=16 prev headsetState=0
W/RtkHDMIService( 2721): main: change TV System: 0!!
W/RtkHDMIService( 2721): getItemValueFromSettings itemName: realtek_setup_tv_system itemValue: 1
W/RtkHDMIService( 2721): getItemValueFromSettings itemName: realtek_setup_tv_standard itemValue: 0
W/RtkHDMIService( 2721): setItemValue to Settings itemName: realtek_setup_tv_system_auto_mode itemValue: 2
W/RtkHDMIService( 2721): tv_sys: 5; tv_std: 1
W/RtkHDMIService( 2721): setItemValue to Settings itemName: realtek_setup_tv_system itemValue: 5
V/hwcomposer( 2287): hwc_vo_layer_scaler [1280 x 558] => [1280 x 558]
W/RtkHDMIService( 2721): setItemValue to Settings itemName: realtek_setup_tv_standard itemValue: 1
D/librealtek_runtime( 2721): enter realtek_server_RtkHDMIService_updateHDMISetting: videoSystem: 5, videoStandard: 1, autoMode: 2
D/libRTKHDMIControl( 2721): [updateHDMISetting]: videoSystem:5, videoStandard:1; autoMode: 1
D/HDMI-Controller( 2721): HDMIController::isSinkConnected: 1
D/librealtek_runtime( 2721): handleHotPlug: 1
D/libRTKHDMIControl( 2721): [HDMI] Hotplug Change !!! 0 -> 1
D/libRTKHDMIControl( 2721): 
D/libRTKHDMIControl( 2721): [HDMI]: Hotplug Change !!!HDMI Cable plugged in.
D/librealtek_runtime( 2721): hdmi is plugged in
D/        ( 2721):  enter hdmi_get_capbility
D/HDMI-Controller( 2721): intHDMIStatus: 1
D/HDMI-Controller( 2721): intTVSupportYCbCr: 7
D/HDMI-Controller( 2721): intTVSupportDeepColor: 3
D/HDMI-Controller( 2721): intTVSupportxvYCC: 0
D/HDMI-Controller( 2721): intTVSupportDeepColorYCbCr444: 1
D/HDMI-Controller( 2721): b3DPresent: 0
D/HDMI-Controller( 2721): iArr3dStructure[0]: 0
D/HDMI-Controller( 2721): iArr3dStructure[1]: 0
D/HDMI-Controller( 2721): ucArr3DVic[0]: 0
D/HDMI-Controller( 2721): ucArr3DVic[1]: 0
D/HDMI-Controller( 2721): ucArr3DVic[2]: 0
D/HDMI-Controller( 2721): ucArr3DVic[3]: 0
D/HDMI-Controller( 2721): ucArr3DVic[4]: 0
D/HDMI-Controller( 2721): ucArr3DVic[5]: 0
D/HDMI-Controller( 2721): ucArr3DVic[6]: 0
D/HDMI-Controller( 2721): ucArr3DVic[7]: 0
D/HDMI-Controller( 2721): ucArr3DVic[8]: 0
D/HDMI-Controller( 2721): ucArr3DVic[9]: 0
D/HDMI-Controller( 2721): ucArr3DVic[10]: 0
D/HDMI-Controller( 2721): ucArr3DVic[11]: 0
D/HDMI-Controller( 2721): ucArr3DVic[12]: 0
D/HDMI-Controller( 2721): ucArr3DVic[13]: 0
D/HDMI-Controller( 2721): ucArr3DVic[14]: 0
D/HDMI-Controller( 2721): ucArr3DVic[15]: 0
D/HDMI-Controller( 2721): sHDMIDevice->sink_cap.cec_phy_addr[0]: 20
D/HDMI-Controller( 2721): sHDMIDevice->sink_cap.cec_phy_addr[1]: 0
D/HDMI-Controller( 2721): hdmiSourceAddress: 2000
D/HDMI-Controller( 2721): sHDMIDevice->sink_cap.vic: 1076854879
D/HDMI-Controller( 2721): sHDMIDevice->sink_cap.extended_vic: 0
D/HDMI-Controller( 2721): Vid: 31 is found
D/HDMI-Controller( 2721): Vid: 22 is found
D/HDMI-Controller( 2721): Vid: 20 is found
D/HDMI-Controller( 2721): Vid: 19 is found
D/HDMI-Controller( 2721): Vid: 18 is found
D/HDMI-Controller( 2721): Vid: 17 is found
D/HDMI-Controller( 2721): Vid: 16 is found
D/HDMI-Controller( 2721): Vid: 7 is found
D/HDMI-Controller( 2721): Vid: 5 is found
D/HDMI-Controller( 2721): Vid: 4 is found
D/HDMI-Controller( 2721): Vid: 3 is found
D/HDMI-Controller( 2721): Vid: 2 is found
D/HDMI-Controller( 2721): Vid: 1 is found
D/HDMI-Controller( 2721): TVVid length: 13
D/HDMI-Controller( 2721): sHDMIDevice->sink_cap.audio_data.ADB_length/3: 2
D/HDMI-Controller( 2721): sHDMIDevice->sink_cap.audio_data.ADB[0].coding_type: 0x1
D/HDMI-Controller( 2721): sHDMIDevice->sink_cap.audio_data.ADB[0].channel_count: 0x2
D/HDMI-Controller( 2721): sHDMIDevice->sink_cap.audio_data.ADB[0].sample_freq_all: 0x17
D/HDMI-Controller( 2721): sHDMIDevice->sink_cap.audio_data.ADB[0].sample_size_all: 0x7
D/HDMI-Controller( 2721): sHDMIDevice->sink_cap.audio_data.ADB[0].max_bit_rate_divided_by_8KHz: 0x0
D/HDMI-Controller( 2721): sHDMIDevice->sink_cap.audio_data.ADB[1].coding_type: 0x2
D/HDMI-Controller( 2721): sHDMIDevice->sink_cap.audio_data.ADB[1].channel_count: 0x2
D/HDMI-Controller( 2721): sHDMIDevice->sink_cap.audio_data.ADB[1].sample_freq_all: 0x17
D/HDMI-Controller( 2721): sHDMIDevice->sink_cap.audio_data.ADB[1].sample_size_all: 0x0
D/HDMI-Controller( 2721): sHDMIDevice->sink_cap.audio_data.ADB[1].max_bit_rate_divided_by_8KHz: 0x50
D/HDMI-Controller( 2721): [HDMI]: adbRawData[0]: 0x7
D/HDMI-Controller( 2721): [HDMI]: adbRawData[1]: 0x9
D/HDMI-Controller( 2721): [HDMI]: adbRawData[2]: 0x17
D/HDMI-Controller( 2721): [HDMI]: adbRawData[3]: 0x7
D/HDMI-Controller( 2721): [HDMI]: adbRawData[4]: 0x11
D/HDMI-Controller( 2721): [HDMI]: adbRawData[5]: 0x17
D/HDMI-Controller( 2721): [HDMI]: adbRawData[6]: 0x50
D/HDMI-Controller( 2721): static void* HDMIController::RTKIon_alloc(OSAL_U32, OSAL_U8**, OSAL_U32*, ion_user_handle_t*): size:80 round up to 1000
D/HDMI-Controller( 2721): HDMIController::isSinkConnected: 1
W/RtkHDMIService( 2721): setItemValue to Settings itemName: realtek_setup_tv_system itemValue: 5
W/RtkHDMIService( 2721): setItemValue to Settings itemName: realtek_setup_tv_standard itemValue: 1
W/RtkHDMIService( 2721): getItemValueFromSettings itemName: realtek_setup_tv_system_auto_mode itemValue: 2
W/RtkHDMIService( 2721): main: change TV System: 0 done!!
D/RtkHDMIService( 2721): PlaybackStatusFileObserver: Stop watching!
D/librealtek_runtime( 2721): enter realtek_server_RtkHDMIService_checkIfHDMIEDIDReady
D/HDMI-Controller( 2721): static void* HDMIController::RTKIon_alloc(OSAL_U32, OSAL_U8**, OSAL_U32*, ion_user_handle_t*): size:128 alloc_size:4096 ionhdl:0x1 phys_addr:d348000 noncacheable:0x6c34e000
D/HDMI-Controller( 2721): EDID is ready
D/HDMI-Controller( 2721): Update Audio data block to Audio firmware.
D/        ( 2721):  enter hdmi_send_audio_edid2
D/librealtek_runtime( 2721): enter realtek_server_RtkHDMIService_getVideoFormat
D/HDMI-Controller( 2721): HDMIController::isSinkConnected: 1
D/HDMI-Controller( 2721): EDID is ready
D/HDMI-Controller( 2721): Release the memory
D/HDMI-Controller( 2721): getSinkCapability() is done
D/HDMI-Controller( 2721): EDID is ready
E/librealtek_runtime( 2721): Failed to open MIPI device: No such file or directory
D/HDMI-Controller( 2721): HDMIController::isSinkConnected: 1
D/HDMI-Controller( 2721): HDMIController::isSinkConnected: 1
D/librealtek_runtime( 2721): enter realtek_server_RtkHDMIService_checkIfHDMIEDIDReady
D/HDMI-Controller( 2721): EDID is ready
D/librealtek_runtime( 2721): enter realtek_server_RtkHDMIService_getVideoFormat
D/HDMI-Controller( 2721): HDMIController::isSinkConnected: 1
D/HDMI-Controller( 2721): EDID is ready
D/HDMI-Controller( 2721): HDMIController::isSinkConnected: 1
D/HDMI-Controller( 2721): HDMIController::isSinkConnected: 1
D/librealtek_runtime( 2721): enter realtek_server_RtkHDMIService_checkIfHDMIEDIDReady
D/HDMI-Controller( 2721): EDID is ready
D/librealtek_runtime( 2721): enter realtek_server_RtkHDMIService_getVideoFormat
D/HDMI-Controller( 2721): HDMIController::isSinkConnected: 1
D/HDMI-Controller( 2721): EDID is ready
W/RtkHDMIService( 2721): setupID: 9 == {4, 1}
W/RtkHDMIService( 2721): setupID: 2 == {1, 0}
W/RtkHDMIService( 2721): setupID: 7 == {4, 0}
W/RtkHDMIService( 2721): setupID: 5 == {2, 1}
W/RtkHDMIService( 2721): setupID: 4 == {1, 1}
W/RtkHDMIService( 2721): setupID: 4 == {1, 1}
W/RtkHDMIService( 2721): setupID: 10 == {5, 1}
W/RtkHDMIService( 2721): setupID: 1 == {0, 0}
W/RtkHDMIService( 2721): setupID: 8 == {5, 0}
W/RtkHDMIService( 2721): setupID: 6 == {3, 1}
W/RtkHDMIService( 2721): setupID: 3 == {0, 1}
W/RtkHDMIService( 2721): setupID: 3 == {0, 1}
W/RtkHDMIService( 2721): setupID: -1 == {-1, -1}
W/RtkHDMIService( 2721): setupID: 9 == {4, 1}
W/RtkHDMIService( 2721): setupID: 2 == {1, 0}
W/RtkHDMIService( 2721): setupID: 7 == {4, 0}
W/RtkHDMIService( 2721): setupID: 5 == {2, 1}
W/RtkHDMIService( 2721): setupID: 4 == {1, 1}
W/RtkHDMIService( 2721): setupID: 4 == {1, 1}
W/RtkHDMIService( 2721): setupID: 10 == {5, 1}
W/RtkHDMIService( 2721): setupID: 1 == {0, 0}
W/RtkHDMIService( 2721): setupID: 8 == {5, 0}
W/RtkHDMIService( 2721): setupID: 6 == {3, 1}
W/RtkHDMIService( 2721): setupID: 3 == {0, 1}
W/RtkHDMIService( 2721): setupID: 3 == {0, 1}
W/RtkHDMIService( 2721): setupID: -1 == {-1, -1}
D/        ( 2721):  enter hdmi_get_edid
D/        ( 2721):  enter hdmi_get_edid
W/RtkHDMIService( 2721): setupID: 9 == {4, 1}
W/RtkHDMIService( 2721): setupID: 2 == {1, 0}
W/RtkHDMIService( 2721): setupID: 7 == {4, 0}
W/RtkHDMIService( 2721): setupID: 5 == {2, 1}
W/RtkHDMIService( 2721): setupID: 4 == {1, 1}
W/RtkHDMIService( 2721): setupID: 4 == {1, 1}
W/RtkHDMIService( 2721): setupID: 10 == {5, 1}
W/RtkHDMIService( 2721): setupID: 1 == {0, 0}
W/RtkHDMIService( 2721): setupID: 8 == {5, 0}
W/RtkHDMIService( 2721): setupID: 6 == {3, 1}
W/RtkHDMIService( 2721): setupID: 3 == {0, 1}
W/RtkHDMIService( 2721): setupID: 3 == {0, 1}
W/RtkHDMIService( 2721): setupID: -1 == {-1, -1}
D/libRTKHDMIControl( 2721): 
D/libRTKHDMIControl( 2721): 
D/libRTKHDMIControl( 2721): 
D/libRTKHDMIControl( 2721): [writeNandEDIDCheckSum] Enter..........checksum1=241, checksum2=7 
D/libRTKHDMIControl( 2721): 
D/libRTKHDMIControl( 2721): [writeNandEDIDCheckSum] read from NAND!
D/libRTKHDMIControl( 2721): 
D/libRTKHDMIControl( 2721): [writeNandEDIDCheckSum] new_EDID_CheckSum[0]: 241; old_EDID_CheckSum[0]: 241
D/libRTKHDMIControl( 2721): [writeNandEDIDCheckSum] new_EDID_CheckSum[1]: 7; old_EDID_CheckSum[1]: 7
D/libRTKHDMIControl( 2721): [writeNandEDIDCheckSum]: EDID is the same, no need to update NAND. retVal=0 -- END! 
D/librealtek_runtime( 2721): Call VoutUtil::instance().QueryDisplayWin().
D/librealtek_runtime( 2721): standard: 7; enProg: 0
D/libRTKHDMIControl( 2721): [HDMI_ConvertVOtoVid]: standard:7, enProg:0 ==> vid: 21
D/librealtek_runtime( 2721): TV_SYSTEM_AUTO_MODE_HDMI_EDID
D/        ( 2721):  enter hdmi_check_tmds_src
D/HDMI-Controller( 2721): [HDMI] LinkStatus: 2
D/libRTKHDMIControl( 2721): [HDMI]: device/realtek/proprietary/libs/HDMIControl/HDMIUtil.cpp:void getVidNameByTV(ENUM_VIDEO_SYSTEM, ENUM_VIDEO_STANDARD, int) (850) videoSystem=5 videoStandard=1
D/libRTKHDMIControl( 2721): [HDMI]: getVidNameByTV	=>  
D/libRTKHDMIControl( 2721): VIDEO_HD1080_60HZ	
D/libRTKHDMIControl( 2721): VIDEO_PROGRESSIVE	
D/libRTKHDMIControl( 2721): => 1080p 60Hz
D/libRTKHDMIControl( 2721): vid :16 is found in HDMI_EDID.VDB
D/libRTKHDMIControl( 2721): [HDMI] return vid: 16
D/libRTKHDMIControl( 2721): [HDMI_CheckAutoVideoFormat]: vid(16) in system is NOT the same as the vid(21) in fw ==> reload
D/libRTKHDMIControl( 2721): HDMI_GetAutoVideoFormat in HDMI mode
D/librealtek_runtime( 2721): Update videoSystem: 5, videoStandard: 1
D/libRTKHDMIControl( 2721): [updateHDMISetting]: videoSystem:5, videoStandard:1; autoMode: 1
D/librealtek_runtime( 2721): [device/realtek/frameworks/services/jni/com_realtek_server_RtkHDMIService.cpp:913:void android::reloadTVSystem()]
D/librealtek_runtime( 2721): [version: revA-eltex-1.0.28-b2]
D/librealtek_runtime( 2721): [device/realtek/frameworks/services/jni/com_realtek_server_RtkHDMIService.cpp:931:void android::reloadTVSystem()] read from NAND START................ 
D/libRTKHDMIControl( 2721): 
D/libRTKHDMIControl( 2721): 
D/libRTKHDMIControl( 2721): 
D/libRTKHDMIControl( 2721): [checkNandTvSystem] Enter..........UPDATE_NAND_TYPE=3 
D/libRTKHDMIControl( 2721): 
D/libRTKHDMIControl( 2721): [checkNandTvSystem] orgNandPath=/tmp/factory/video_rpc_org.bin 
D/libRTKHDMIControl( 2721): 
D/libRTKHDMIControl( 2721): [checkNandTvSystem] read from NAND org-data !
D/libRTKHDMIControl( 2721): 
D/libRTKHDMIControl( 2721): [checkNandTvSystem] read from Nand is done !! 
D/libRTKHDMIControl( 2721): 
D/librealtek_runtime( 2721): [device/realtek/frameworks/services/jni/com_realtek_server_RtkHDMIService.cpp:933:void android::reloadTVSystem()] read from NAND END................ 
D/librealtek_runtime( 2721): Call VoutUtil::instance().ApplyVideoStandardSetup.
D/VOUTUTIL( 2721): [VoutUtil::ApplyVideoStandardSetup] Get VideoSystem=5,  Video standard=1 (from Setup database)! 
D/VOUTUTIL( 2721): 
D/VOUTUTIL( 2721): 		[device/realtek/proprietary/libs/hardware/VoutUtil/VoutUtil.cpp:272,HRESULT VoutUtil::SetVideoStandard(VO_STANDARD, u_char, u_char, u_char, VO_PEDESTAL_TYPE, u_int, u_int, bool, int, VIDEO_RPC_VOUT_CONFIG_TV_SYSTEM*, VIDEO_RPC_VOUT_CONFIG_TV_SYSTEM*, bool)] A,  format3d = -1 
D/VOUTUTIL( 2721): 		[device/realtek/proprietary/libs/hardware/VoutUtil/VoutUtil.cpp:439,HRESULT VoutUtil::SetVideoStandard(VO_STANDARD, u_char, u_char, u_char, VO_PEDESTAL_TYPE, u_int, u_int, bool, int, VIDEO_RPC_VOUT_CONFIG_TV_SYSTEM*, VIDEO_RPC_VOUT_CONFIG_TV_SYSTEM*, bool)]  bUpdateHdmi = true 
D/VOUTUTIL( 2721): 		[device/realtek/proprietary/libs/hardware/VoutUtil/VoutUtil.cpp:440,HRESULT VoutUtil::SetVideoStandard(VO_STANDARD, u_char, u_char, u_char, VO_PEDESTAL_TYPE, u_int, u_int, bool, int, VIDEO_RPC_VOUT_CONFIG_TV_SYSTEM*, VIDEO_RPC_VOUT_CONFIG_TV_SYSTEM*, bool)]   hdmiSystem = 5 
D/VOUTUTIL( 2721): 		[device/realtek/proprietary/libs/hardware/VoutUtil/VoutUtil.cpp:451,HRESULT VoutUtil::SetVideoStandard(VO_STANDARD, u_char, u_char, u_char, VO_PEDESTAL_TYPE, u_int, u_int, bool, int, VIDEO_RPC_VOUT_CONFIG_TV_SYSTEM*, VIDEO_RPC_VOUT_CONFIG_TV_SYSTEM*, bool)] 1,  standard = 25 
D/VOUTUTIL( 2721): 		[device/realtek/proprietary/libs/hardware/VoutUtil/VoutUtil.cpp:452,HRESULT VoutUtil::SetVideoStandard(VO_STANDARD, u_char, u_char, u_char, VO_PEDESTAL_TYPE, u_int, u_int, bool, int, VIDEO_RPC_VOUT_CONFIG_TV_SYSTEM*, VIDEO_RPC_VOUT_CONFIG_TV_SYSTEM*, bool)] 2,    enProg = 1 
D/VOUTUTIL( 2721): 		[device/realtek/proprietary/libs/hardware/VoutUtil/VoutUtil.cpp:453,HRESULT VoutUtil::SetVideoStandard(VO_STANDARD, u_char, u_char, u_char, VO_PEDESTAL_TYPE, u_int, u_int, bool, int, VIDEO_RPC_VOUT_CONFIG_TV_SYSTEM*, VIDEO_RPC_VOUT_CONFIG_TV_SYSTEM*, bool)] 3,     enDIF = 1 
D/VOUTUTIL( 2721): 		[device/realtek/proprietary/libs/hardware/VoutUtil/VoutUtil.cpp:454,HRESULT VoutUtil::SetVideoStandard(VO_STANDARD, u_char, u_char, u_char, VO_PEDESTAL_TYPE, u_int, u_int, bool, int, VIDEO_RPC_VOUT_CONFIG_TV_SYSTEM*, VIDEO_RPC_VOUT_CONFIG_TV_SYSTEM*, bool)] 4, enCompRGB = 0 
D/VOUTUTIL( 2721): 		[device/realtek/proprietary/libs/hardware/VoutUtil/VoutUtil.cpp:455,HRESULT VoutUtil::SetVideoStandard(VO_STANDARD, u_char, u_char, u_char, VO_PEDESTAL_TYPE, u_int, u_int, bool, int, VIDEO_RPC_VOUT_CONFIG_TV_SYSTEM*, VIDEO_RPC_VOUT_CONFIG_TV_SYSTEM*, bool)] 5,   pedType = 1 
D/VOUTUTIL( 2721): 		[device/realtek/proprietary/libs/hardware/VoutUtil/VoutUtil.cpp:456,HRESULT VoutUtil::SetVideoStandard(VO_STANDARD, u_char, u_char, u_char, VO_PEDESTAL_TYPE, u_int, u_int, bool, int, VIDEO_RPC_VOUT_CONFIG_TV_SYSTEM*, VIDEO_RPC_VOUT_CONFIG_TV_SYSTEM*, bool)] 6,  dataInt0 = 4 
D/VOUTUTIL( 2721): 		[device/realtek/proprietary/libs/hardware/VoutUtil/VoutUtil.cpp:457,HRESULT VoutUtil::SetVideoStandard(VO_STANDARD, u_char, u_char, u_char, VO_PEDESTAL_TYPE, u_int, u_int, bool, int, VIDEO_RPC_VOUT_CONFIG_TV_SYSTEM*, VIDEO_RPC_VOUT_CONFIG_TV_SYSTEM*, bool)] 7,  dataInt1 = 0 
D/VOUTUTIL( 2721): [device/realtek/proprietary/libs/hardware/VoutUtil/VoutUtil.cpp:188,HRESULT VoutUtil::SetTvSystem(VIDEO_RPC_VOUT_CONFIG_VIDEO_STANDARD, bool, ENUM_VIDEO_SYSTEM, u_char, VIDEO_RPC_VOUT_CONFIG_TV_SYSTEM*, VIDEO_RPC_VOUT_CONFIG_TV_SYSTEM*, bool)] Turn On VIDEO
D/VOUTUTIL( 2721): [device/realtek/proprietary/libs/hardware/VoutUtil/VoutUtil.cpp:191,HRESULT VoutUtil::SetTvSystem(VIDEO_RPC_VOUT_CONFIG_VIDEO_STANDARD, bool, ENUM_VIDEO_SYSTEM, u_char, VIDEO_RPC_VOUT_CONFIG_TV_SYSTEM*, VIDEO_RPC_VOUT_CONFIG_TV_SYSTEM*, bool)] Turn On VIDEO, both HDMI and CVBS
D/libRTKHDMIControl( 2721): [HDMI]: device/realtek/proprietary/libs/HDMIControl/HDMIUtil.cpp:int HDMI_SetVideoFormatByTvSystem2(VIDEO_RPC_VOUT_CONFIG_VIDEO_STANDARD, ENUM_VIDEO_SYSTEM, ENUM_VIDEO_STANDARD, VIDEO_RPC_VOUT_CONFIG_TV_SYSTEM*, VIDEO_RPC_VOUT_CONFIG_TV_SYSTEM*, bool)(339) ST
D/HDMI-Controller( 2721): HDMIController::isSinkConnected: 1
D/libRTKHDMIControl( 2721): [HDMI] int decideHDMI_SDHD(ENUM_VIDEO_SYSTEM, ENUM_VIDEO_STANDARD)(2363) videoSystem 5, videoStandard 1, aspect_ratio 0!!!
D/libRTKHDMIControl( 2721): [HDMI] int decideHDMI_SDHD(ENUM_VIDEO_SYSTEM, ENUM_VIDEO_STANDARD)(2392) aspect_ratio 0 does not match !!!
D/libRTKHDMIControl( 2721): [HDMI] VID = 0x10	
D/libRTKHDMIControl( 2721): 1080p 60Hz
D/libRTKHDMIControl( 2721): [HDMI]: device/realtek/proprietary/libs/HDMIControl/HDMIUtil.cpp:int HDMI_SetAudioFormat2(VIDEO_RPC_VOUT_CONFIG_VIDEO_STANDARD, VIDEO_RPC_VOUT_CONFIG_TV_SYSTEM*, VIDEO_RPC_VOUT_CONFIG_TV_SYSTEM*, bool)(1489) ST
D/libRTKHDMIControl( 2721): [HDMI]: device/realtek/proprietary/libs/HDMIControl/HDMIUtil.cpp:void getVidNameByTV(ENUM_VIDEO_SYSTEM, ENUM_VIDEO_STANDARD, int) (850) videoSystem=5 videoStandard=1
D/libRTKHDMIControl( 2721): [HDMI]: getVidNameByTV	=>  
D/libRTKHDMIControl( 2721): VIDEO_HD1080_60HZ	
D/libRTKHDMIControl( 2721): VIDEO_PROGRESSIVE	
D/libRTKHDMIControl( 2721): => 1080p 60Hz
D/libRTKHDMIControl( 2721): vid :16 is found in HDMI_EDID.VDB
D/libRTKHDMIControl( 2721): [HDMI] return vid: 16
