E/UDPSource( 2290): in datasource: 414672916 bytes, extractor created ? 1
E/NuPlayerRenderer( 2290): RNDR: dVA -262311 (dVAavg -232391), V 1076100155, A 1076362466, Asink 1076205184
D/HDMI-Controller( 2721): HDMIController::isSinkConnected: 1
D/        ( 2721):  enter hdmi_check_rx_sense
D/HDMI-Controller( 2721): HDMIController::checkRxSense: 0
I/NuPlayerDriver( 2290): notifyDuration: 0
E/NuPlayerRenderer( 2290): RNDR: dVA -262311 (dVAavg -232391), V 1076100155, A 1076362466, Asink 1076205184
E/UDPSource( 2290): in buffer: a[19, 10944] 456.000 ms, v[31, 439518] 1320.000 ms
E/UDPSource( 2290): in datasource: 414672916 bytes, extractor created ? 1
E/NuPlayerRenderer( 2290): RNDR: dVA -262311 (dVAavg -232391), V 1076100155, A 1076362466, Asink 1076205184
I/NuPlayerDriver( 2290): notifyDuration: 0
E/NuPlayerRenderer( 2290): RNDR: dVA -262311 (dVAavg -232391), V 1076100155, A 1076362466, Asink 1076205184
E/UDPSource( 2290): in buffer: a[19, 10944] 456.000 ms, v[31, 439518] 1320.000 ms
E/UDPSource( 2290): in datasource: 414672916 bytes, extractor created ? 1
E/NuPlayerRenderer( 2290): RNDR: dVA -262311 (dVAavg -232391), V 1076100155, A 1076362466, Asink 1076205184
I/NuPlayerDriver( 2290): notifyDuration: 0
E/NuPlayerRenderer( 2290): RNDR: dVA -262311 (dVAavg -232391), V 1076100155, A 1076362466, Asink 1076205184
E/UDPSource( 2290): in buffer: a[19, 10944] 456.000 ms, v[31, 439518] 1320.000 ms
E/UDPSource( 2290): in datasource: 414672916 bytes, extractor created ? 1
E/NuPlayerRenderer( 2290): RNDR: dVA -262311 (dVAavg -232391), V 1076100155, A 1076362466, Asink 1076205184
I/NuPlayerDriver( 2290): notifyDuration: 0
E/NuPlayerRenderer( 2290): RNDR: dVA -262311 (dVAavg -232391), V 1076100155, A 1076362466, Asink 1076205184
E/UDPSource( 2290): in buffer: a[19, 10944] 456.000 ms, v[31, 439518] 1320.000 ms
E/UDPSource( 2290): in datasource: 414672916 bytes, extractor created ? 1
E/NuPlayerRenderer( 2290): RNDR: dVA -262311 (dVAavg -232391), V 1076100155, A 1076362466, Asink 1076205184
I/NuPlayerDriver( 2290): notifyDuration: 0
E/NuPlayerRenderer( 2290): RNDR: dVA -262311 (dVAavg -232391), V 1076100155, A 1076362466, Asink 1076205184
E/UDPSource( 2290): in buffer: a[19, 10944] 456.000 ms, v[31, 439518] 1320.000 ms
E/UDPSource( 2290): in datasource: 414672916 bytes, extractor created ? 1
D/UpdateService( 2940): Trying to update. isFirstStartUpdate: false
E/NuPlayerRenderer( 2290): RNDR: dVA -262311 (dVAavg -232391), V 1076100155, A 1076362466, Asink 1076205184
I/NuPlayerDriver( 2290): notifyDuration: 0
E/NuPlayerRenderer( 2290): RNDR: dVA -262311 (dVAavg -232391), V 1076100155, A 1076362466, Asink 1076205184
E/UDPSource( 2290): in buffer: a[19, 10944] 456.000 ms, v[31, 439518] 1320.000 ms
E/UDPSource( 2290): in datasource: 414672916 bytes, extractor created ? 1
E/NuPlayerRenderer( 2290): RNDR: dVA -262311 (dVAavg -232391), V 1076100155, A 1076362466, Asink 1076205184
I/NuPlayerDriver( 2290): notifyDuration: 0
E/NuPlayerRenderer( 2290): RNDR: dVA -262311 (dVAavg -232391), V 1076100155, A 1076362466, Asink 1076205184
E/UDPSource( 2290): in buffer: a[19, 10944] 456.000 ms, v[31, 439518] 1320.000 ms
E/UDPSource( 2290): in datasource: 414672916 bytes, extractor created ? 1
E/NuPlayerRenderer( 2290): RNDR: dVA -262311 (dVAavg -232391), V 1076100155, A 1076362466, Asink 1076205184
I/NuPlayerDriver( 2290): notifyDuration: 0
E/NuPlayerRenderer( 2290): RNDR: dVA -262311 (dVAavg -232391), V 1076100155, A 1076362466, Asink 1076205184
E/UDPSource( 2290): in buffer: a[19, 10944] 456.000 ms, v[31, 439518] 1320.000 ms
E/UDPSource( 2290): in datasource: 414672916 bytes, extractor created ? 1
E/NuPlayerRenderer( 2290): RNDR: dVA -262311 (dVAavg -232391), V 1076100155, A 1076362466, Asink 1076205184
I/NuPlayerDriver( 2290): notifyDuration: 0
E/NuPlayerRenderer( 2290): RNDR: dVA -262311 (dVAavg -232391), V 1076100155, A 1076362466, Asink 1076205184
E/UDPSource( 2290): in buffer: a[19, 10944] 456.000 ms, v[31, 439518] 1320.000 ms
E/UDPSource( 2290): in datasource: 414672916 bytes, extractor created ? 1
E/NuPlayerRenderer( 2290): RNDR: dVA -262311 (dVAavg -232391), V 1076100155, A 1076362466, Asink 1076205184
I/NuPlayerDriver( 2290): notifyDuration: 0
E/NuPlayerRenderer( 2290): RNDR: dVA -262311 (dVAavg -232391), V 1076100155, A 1076362466, Asink 1076205184
E/UDPSource( 2290): in buffer: a[19, 10944] 456.000 ms, v[31, 439518] 1320.000 ms
E/UDPSource( 2290): in datasource: 414672916 bytes, extractor created ? 1
E/NuPlayerRenderer( 2290): RNDR: dVA -262311 (dVAavg -232391), V 1076100155, A 1076362466, Asink 1076205184
D/HDMI-Controller( 2721): HDMIController::isSinkConnected: 1
D/        ( 2721):  enter hdmi_check_rx_sense
D/HDMI-Controller( 2721): HDMIController::checkRxSense: 0
I/NuPlayerDriver( 2290): notifyDuration: 0
E/NuPlayerRenderer( 2290): RNDR: dVA -262311 (dVAavg -232391), V 1076100155, A 1076362466, Asink 1076205184
E/UDPSource( 2290): in buffer: a[19, 10944] 456.000 ms, v[31, 439518] 1320.000 ms
E/UDPSource( 2290): in datasource: 414672916 bytes, extractor created ? 1
E/NuPlayerRenderer( 2290): RNDR: dVA -262311 (dVAavg -232391), V 1076100155, A 1076362466, Asink 1076205184
I/NuPlayerDriver( 2290): notifyDuration: 0
E/NuPlayerRenderer( 2290): RNDR: dVA -262311 (dVAavg -232391), V 1076100155, A 1076362466, Asink 1076205184
E/UDPSource( 2290): in buffer: a[19, 10944] 456.000 ms, v[31, 439518] 1320.000 ms
E/UDPSource( 2290): in datasource: 414672916 bytes, extractor created ? 1
E/NuPlayerRenderer( 2290): RNDR: dVA -262311 (dVAavg -232391), V 1076100155, A 1076362466, Asink 1076205184
I/NuPlayerDriver( 2290): notifyDuration: 0
E/NuPlayerRenderer( 2290): RNDR: dVA -262311 (dVAavg -232391), V 1076100155, A 1076362466, Asink 1076205184
E/UDPSource( 2290): in buffer: a[19, 10944] 456.000 ms, v[31, 439518] 1320.000 ms
E/UDPSource( 2290): in datasource: 414672916 bytes, extractor created ? 1
E/NuPlayerRenderer( 2290): RNDR: dVA -262311 (dVAavg -232391), V 1076100155, A 1076362466, Asink 1076205184
I/NuPlayerDriver( 2290): notifyDuration: 0
E/NuPlayerRenderer( 2290): RNDR: dVA -262311 (dVAavg -232391), V 1076100155, A 1076362466, Asink 1076205184
E/UDPSource( 2290): in buffer: a[19, 10944] 456.000 ms, v[31, 439518] 1320.000 ms
E/UDPSource( 2290): in datasource: 414672916 bytes, extractor created ? 1
E/NuPlayerRenderer( 2290): RNDR: dVA -262311 (dVAavg -232391), V 1076100155, A 1076362466, Asink 1076205184
I/NuPlayerDriver( 2290): notifyDuration: 0
E/NuPlayerRenderer( 2290): RNDR: dVA -262311 (dVAavg -232391), V 1076100155, A 1076362466, Asink 1076205184
E/UDPSource( 2290): in buffer: a[19, 10944] 456.000 ms, v[31, 439518] 1320.000 ms
E/UDPSource( 2290): in datasource: 414672916 bytes, extractor created ? 1
E/NuPlayerRenderer( 2290): RNDR: dVA -262311 (dVAavg -232391), V 1076100155, A 1076362466, Asink 1076205184
I/NuPlayerDriver( 2290): notifyDuration: 0
E/NuPlayerRenderer( 2290): RNDR: dVA -262311 (dVAavg -232391), V 1076100155, A 1076362466, Asink 1076205184
E/UDPSource( 2290): in buffer: a[19, 10944] 456.000 ms, v[31, 439518] 1320.000 ms
E/UDPSource( 2290): in datasource: 414672916 bytes, extractor created ? 1
E/NuPlayerRenderer( 2290): RNDR: dVA -262311 (dVAavg -232391), V 1076100155, A 1076362466, Asink 1076205184
I/NuPlayerDriver( 2290): notifyDuration: 0
E/NuPlayerRenderer( 2290): RNDR: dVA -262311 (dVAavg -232391), V 1076100155, A 1076362466, Asink 1076205184
E/UDPSource( 2290): in buffer: a[19, 10944] 456.000 ms, v[31, 439518] 1320.000 ms
E/UDPSource( 2290): in datasource: 414672916 bytes, extractor created ? 1
E/NuPlayerRenderer( 2290): RNDR: dVA -262311 (dVAavg -232391), V 1076100155, A 1076362466, Asink 1076205184
I/NuPlayerDriver( 2290): notifyDuration: 0
E/NuPlayerRenderer( 2290): RNDR: dVA -262311 (dVAavg -232391), V 1076100155, A 1076362466, Asink 1076205184
E/UDPSource( 2290): in buffer: a[19, 10944] 456.000 ms, v[31, 439518] 1320.000 ms
E/UDPSource( 2290): in datasource: 414672916 bytes, extractor created ? 1
E/NuPlayerRenderer( 2290): RNDR: dVA -262311 (dVAavg -232391), V 1076100155, A 1076362466, Asink 1076205184
I/NuPlayerDriver( 2290): notifyDuration: 0
E/NuPlayerRenderer( 2290): RNDR: dVA -262311 (dVAavg -232391), V 1076100155, A 1076362466, Asink 1076205184
E/UDPSource( 2290): in buffer: a[19, 10944] 456.000 ms, v[31, 439518] 1320.000 ms
E/UDPSource( 2290): in datasource: 414672916 bytes, extractor created ? 1
E/NuPlayerRenderer( 2290): RNDR: dVA -262311 (dVAavg -232391), V 1076100155, A 1076362466, Asink 1076205184
I/NuPlayerDriver( 2290): notifyDuration: 0
E/NuPlayerRenderer( 2290): RNDR: dVA -262311 (dVAavg -232391), V 1076100155, A 1076362466, Asink 1076205184
E/UDPSource( 2290): in buffer: a[19, 10944] 456.000 ms, v[31, 439518] 1320.000 ms
E/UDPSource( 2290): in datasource: 414672916 bytes, extractor created ? 1
E/NuPlayerRenderer( 2290): RNDR: dVA -262311 (dVAavg -232391), V 1076100155, A 1076362466, Asink 1076205184
D/HDMI-Controller( 2721): HDMIController::isSinkConnected: 1
D/        ( 2721):  enter hdmi_check_rx_sense
D/HDMI-Controller( 2721): HDMIController::checkRxSense: 0
I/NuPlayerDriver( 2290): notifyDuration: 0
E/NuPlayerRenderer( 2290): RNDR: dVA -262311 (dVAavg -232391), V 1076100155, A 1076362466, Asink 1076205184
E/UDPSource( 2290): in buffer: a[19, 10944] 456.000 ms, v[31, 439518] 1320.000 ms
E/UDPSource( 2290): in datasource: 414672916 bytes, extractor created ? 1
E/NuPlayerRenderer( 2290): RNDR: dVA -262311 (dVAavg -232391), V 1076100155, A 1076362466, Asink 1076205184
I/NuPlayerDriver( 2290): notifyDuration: 0
E/NuPlayerRenderer( 2290): RNDR: dVA -262311 (dVAavg -232391), V 1076100155, A 1076362466, Asink 1076205184
E/UDPSource( 2290): in buffer: a[19, 10944] 456.000 ms, v[31, 439518] 1320.000 ms
E/UDPSource( 2290): in datasource: 414672916 bytes, extractor created ? 1
E/NuPlayerRenderer( 2290): RNDR: dVA -262311 (dVAavg -232391), V 1076100155, A 1076362466, Asink 1076205184
I/NuPlayerDriver( 2290): notifyDuration: 0
E/NuPlayerRenderer( 2290): RNDR: dVA -262311 (dVAavg -232391), V 1076100155, A 1076362466, Asink 1076205184
E/UDPSource( 2290): in buffer: a[19, 10944] 456.000 ms, v[31, 439518] 1320.000 ms
E/UDPSource( 2290): in datasource: 414672916 bytes, extractor created ? 1
E/NuPlayerRenderer( 2290): RNDR: dVA -262311 (dVAavg -232391), V 1076100155, A 1076362466, Asink 1076205184
I/NuPlayerDriver( 2290): notifyDuration: 0
E/NuPlayerRenderer( 2290): RNDR: dVA -262311 (dVAavg -232391), V 1076100155, A 1076362466, Asink 1076205184
E/UDPSource( 2290): in buffer: a[19, 10944] 456.000 ms, v[31, 439518] 1320.000 ms
E/UDPSource( 2290): in datasource: 414672916 bytes, extractor created ? 1
E/NuPlayerRenderer( 2290): RNDR: dVA -262311 (dVAavg -232391), V 1076100155, A 1076362466, Asink 1076205184
I/NuPlayerDriver( 2290): notifyDuration: 0
E/NuPlayerRenderer( 2290): RNDR: dVA -262311 (dVAavg -232391), V 1076100155, A 1076362466, Asink 1076205184
E/UDPSource( 2290): in buffer: a[19, 10944] 456.000 ms, v[31, 439518] 1320.000 ms
E/UDPSource( 2290): in datasource: 414672916 bytes, extractor created ? 1
D/UpdateService( 2940): Trying to update. isFirstStartUpdate: false
E/NuPlayerRenderer( 2290): RNDR: dVA -262311 (dVAavg -232391), V 1076100155, A 1076362466, Asink 1076205184
I/NuPlayerDriver( 2290): notifyDuration: 0
E/NuPlayerRenderer( 2290): RNDR: dVA -262311 (dVAavg -232391), V 1076100155, A 1076362466, Asink 1076205184
E/UDPSource( 2290): in buffer: a[19, 10944] 456.000 ms, v[31, 439518] 1320.000 ms
E/UDPSource( 2290): in datasource: 414672916 bytes, extractor created ? 1
E/NuPlayerRenderer( 2290): RNDR: dVA -262311 (dVAavg -232391), V 1076100155, A 1076362466, Asink 1076205184
I/NuPlayerDriver( 2290): notifyDuration: 0
E/NuPlayerRenderer( 2290): RNDR: dVA -262311 (dVAavg -232391), V 1076100155, A 1076362466, Asink 1076205184
E/UDPSource( 2290): in buffer: a[19, 10944] 456.000 ms, v[31, 439518] 1320.000 ms
E/UDPSource( 2290): in datasource: 414672916 bytes, extractor created ? 1
E/NuPlayerRenderer( 2290): RNDR: dVA -262311 (dVAavg -232391), V 1076100155, A 1076362466, Asink 1076205184
I/NuPlayerDriver( 2290): notifyDuration: 0
E/NuPlayerRenderer( 2290): RNDR: dVA -262311 (dVAavg -232391), V 1076100155, A 1076362466, Asink 1076205184
E/UDPSource( 2290): in buffer: a[19, 10944] 456.000 ms, v[31, 439518] 1320.000 ms
E/UDPSource( 2290): in datasource: 414672916 bytes, extractor created ? 1
E/NuPlayerRenderer( 2290): RNDR: dVA -262311 (dVAavg -232391), V 1076100155, A 1076362466, Asink 1076205184
I/NuPlayerDriver( 2290): notifyDuration: 0
E/NuPlayerRenderer( 2290): RNDR: dVA -262311 (dVAavg -232391), V 1076100155, A 1076362466, Asink 1076205184
E/UDPSource( 2290): in buffer: a[19, 10944] 456.000 ms, v[31, 439518] 1320.000 ms
E/UDPSource( 2290): in datasource: 414672916 bytes, extractor created ? 1
E/NuPlayerRenderer( 2290): RNDR: dVA -262311 (dVAavg -232391), V 1076100155, A 1076362466, Asink 1076205184
I/NuPlayerDriver( 2290): notifyDuration: 0
E/NuPlayerRenderer( 2290): RNDR: dVA -262311 (dVAavg -232391), V 1076100155, A 1076362466, Asink 1076205184
E/UDPSource( 2290): in buffer: a[19, 10944] 456.000 ms, v[31, 439518] 1320.000 ms
E/UDPSource( 2290): in datasource: 414672916 bytes, extractor created ? 1
E/NuPlayerRenderer( 2290): RNDR: dVA -262311 (dVAavg -232391), V 1076100155, A 1076362466, Asink 1076205184
D/HDMI-Controller( 2721): HDMIController::isSinkConnected: 1
D/        ( 2721):  enter hdmi_check_rx_sense
D/HDMI-Controller( 2721): HDMIController::checkRxSense: 0
I/NuPlayerDriver( 2290): notifyDuration: 0
E/NuPlayerRenderer( 2290): RNDR: dVA -262311 (dVAavg -232391), V 1076100155, A 1076362466, Asink 1076205184
E/UDPSource( 2290): in buffer: a[19, 10944] 456.000 ms, v[31, 439518] 1320.000 ms
E/UDPSource( 2290): in datasource: 414672916 bytes, extractor created ? 1
E/NuPlayerRenderer( 2290): RNDR: dVA -262311 (dVAavg -232391), V 1076100155, A 1076362466, Asink 1076205184
I/NuPlayerDriver( 2290): notifyDuration: 0
E/NuPlayerRenderer( 2290): RNDR: dVA -262311 (dVAavg -232391), V 1076100155, A 1076362466, Asink 1076205184
E/UDPSource( 2290): in buffer: a[19, 10944] 456.000 ms, v[31, 439518] 1320.000 ms
E/UDPSource( 2290): in datasource: 414672916 bytes, extractor created ? 1
E/NuPlayerRenderer( 2290): RNDR: dVA -262311 (dVAavg -232391), V 1076100155, A 1076362466, Asink 1076205184
I/NuPlayerDriver( 2290): notifyDuration: 0
E/NuPlayerRenderer( 2290): RNDR: dVA -262311 (dVAavg -232391), V 1076100155, A 1076362466, Asink 1076205184
E/UDPSource( 2290): in buffer: a[19, 10944] 456.000 ms, v[31, 439518] 1320.000 ms
E/UDPSource( 2290): in datasource: 414672916 bytes, extractor created ? 1
E/NuPlayerRenderer( 2290): RNDR: dVA -262311 (dVAavg -232391), V 1076100155, A 1076362466, Asink 1076205184
I/NuPlayerDriver( 2290): notifyDuration: 0
E/NuPlayerRenderer( 2290): RNDR: dVA -262311 (dVAavg -232391), V 1076100155, A 1076362466, Asink 1076205184
E/UDPSource( 2290): in buffer: a[19, 10944] 456.000 ms, v[31, 439518] 1320.000 ms
E/UDPSource( 2290): in datasource: 414672916 bytes, extractor created ? 1
E/NuPlayerRenderer( 2290): RNDR: dVA -262311 (dVAavg -232391), V 1076100155, A 1076362466, Asink 1076205184
I/NuPlayerDriver( 2290): notifyDuration: 0
E/NuPlayerRenderer( 2290): RNDR: dVA -262311 (dVAavg -232391), V 1076100155, A 1076362466, Asink 1076205184
E/UDPSource( 2290): in buffer: a[19, 10944] 456.000 ms, v[31, 439518] 1320.000 ms
E/UDPSource( 2290): in datasource: 414672916 bytes, extractor created ? 1
E/NuPlayerRenderer( 2290): RNDR: dVA -262311 (dVAavg -232391), V 1076100155, A 1076362466, Asink 1076205184
I/NuPlayerDriver( 2290): notifyDuration: 0
E/NuPlayerRenderer( 2290): RNDR: dVA -262311 (dVAavg -232391), V 1076100155, A 1076362466, Asink 1076205184
E/UDPSource( 2290): in buffer: a[19, 10944] 456.000 ms, v[31, 439518] 1320.000 ms
E/UDPSource( 2290): in datasource: 414672916 bytes, extractor created ? 1
E/NuPlayerRenderer( 2290): RNDR: dVA -262311 (dVAavg -232391), V 1076100155, A 1076362466, Asink 1076205184
I/NuPlayerDriver( 2290): notifyDuration: 0
E/NuPlayerRenderer( 2290): RNDR: dVA -262311 (dVAavg -232391), V 1076100155, A 1076362466, Asink 1076205184
E/UDPSource( 2290): in buffer: a[19, 10944] 456.000 ms, v[31, 439518] 1320.000 ms
E/UDPSource( 2290): in datasource: 414672916 bytes, extractor created ? 1
E/NuPlayerRenderer( 2290): RNDR: dVA -262311 (dVAavg -232391), V 1076100155, A 1076362466, Asink 1076205184
I/NuPlayerDriver( 2290): notifyDuration: 0
E/NuPlayerRenderer( 2290): RNDR: dVA -262311 (dVAavg -232391), V 1076100155, A 1076362466, Asink 1076205184
W/libc    ( 9089): void endpwent()(3) is not implemented on Android
E/UDPSource( 2290): in buffer: a[19, 10944] 456.000 ms, v[31, 439518] 1320.000 ms
E/UDPSource( 2290): in datasource: 414672916 bytes, extractor created ? 1
E/NuPlayerRenderer( 2290): RNDR: dVA -262311 (dVAavg -232391), V 1076100155, A 1076362466, Asink 1076205184
I/NuPlayerDriver( 2290): notifyDuration: 0
E/NuPlayerRenderer( 2290): RNDR: dVA -262311 (dVAavg -232391), V 1076100155, A 1076362466, Asink 1076205184
E/UDPSource( 2290): in buffer: a[19, 10944] 456.000 ms, v[31, 439518] 1320.000 ms
E/UDPSource( 2290): in datasource: 414672916 bytes, extractor created ? 1
E/NuPlayerRenderer( 2290): RNDR: dVA -262311 (dVAavg -232391), V 1076100155, A 1076362466, Asink 1076205184
I/NuPlayerDriver( 2290): notifyDuration: 0
E/NuPlayerRenderer( 2290): RNDR: dVA -262311 (dVAavg -232391), V 1076100155, A 1076362466, Asink 1076205184
E/UDPSource( 2290): in buffer: a[19, 10944] 456.000 ms, v[31, 439518] 1320.000 ms
E/UDPSource( 2290): in datasource: 414672916 bytes, extractor created ? 1
E/NuPlayerRenderer( 2290): RNDR: dVA -262311 (dVAavg -232391), V 1076100155, A 1076362466, Asink 1076205184
D/HDMI-Controller( 2721): HDMIController::isSinkConnected: 1
D/        ( 2721):  enter hdmi_check_rx_sense
D/HDMI-Controller( 2721): HDMIController::checkRxSense: 0
I/NuPlayerDriver( 2290): notifyDuration: 0
E/NuPlayerRenderer( 2290): RNDR: dVA -262311 (dVAavg -232391), V 1076100155, A 1076362466, Asink 1076205184
E/UDPSource( 2290): in buffer: a[19, 10944] 456.000 ms, v[31, 439518] 1320.000 ms
E/UDPSource( 2290): in datasource: 414672916 bytes, extractor created ? 1
E/NuPlayerRenderer( 2290): RNDR: dVA -262311 (dVAavg -232391), V 1076100155, A 1076362466, Asink 1076205184
I/NuPlayerDriver( 2290): notifyDuration: 0
E/NuPlayerRenderer( 2290): RNDR: dVA -262311 (dVAavg -232391), V 1076100155, A 1076362466, Asink 1076205184
E/UDPSource( 2290): in buffer: a[19, 10944] 456.000 ms, v[31, 439518] 1320.000 ms
E/UDPSource( 2290): in datasource: 414672916 bytes, extractor created ? 1
E/NuPlayerRenderer( 2290): RNDR: dVA -262311 (dVAavg -232391), V 1076100155, A 1076362466, Asink 1076205184
I/NuPlayerDriver( 2290): notifyDuration: 0
E/NuPlayerRenderer( 2290): RNDR: dVA -262311 (dVAavg -232391), V 1076100155, A 1076362466, Asink 1076205184
E/UDPSource( 2290): in buffer: a[19, 10944] 456.000 ms, v[31, 439518] 1320.000 ms
E/UDPSource( 2290): in datasource: 414672916 bytes, extractor created ? 1
E/NuPlayerRenderer( 2290): RNDR: dVA -262311 (dVAavg -232391), V 1076100155, A 1076362466, Asink 1076205184
I/NuPlayerDriver( 2290): notifyDuration: 0
E/NuPlayerRenderer( 2290): RNDR: dVA -262311 (dVAavg -232391), V 1076100155, A 1076362466, Asink 1076205184
E/UDPSource( 2290): in buffer: a[19, 10944] 456.000 ms, v[31, 439518] 1320.000 ms
E/UDPSource( 2290): in datasource: 414672916 bytes, extractor created ? 1
E/NuPlayerRenderer( 2290): RNDR: dVA -262311 (dVAavg -232391), V 1076100155, A 1076362466, Asink 1076205184
W/libc    ( 9094): void endpwent()(3) is not implemented on Android
I/NuPlayerDriver( 2290): notifyDuration: 0
E/NuPlayerRenderer( 2290): RNDR: dVA -262311 (dVAavg -232391), V 1076100155, A 1076362466, Asink 1076205184
E/UDPSource( 2290): in buffer: a[19, 10944] 456.000 ms, v[31, 439518] 1320.000 ms
E/UDPSource( 2290): in datasource: 414672916 bytes, extractor created ? 1
D/UpdateService( 2940): Trying to update. isFirstStartUpdate: false
E/NuPlayerRenderer( 2290): RNDR: dVA -262311 (dVAavg -232391), V 1076100155, A 1076362466, Asink 1076205184
I/NuPlayerDriver( 2290): notifyDuration: 0
E/NuPlayerRenderer( 2290): RNDR: dVA -262311 (dVAavg -232391), V 1076100155, A 1076362466, Asink 1076205184
E/UDPSource( 2290): in buffer: a[19, 10944] 456.000 ms, v[31, 439518] 1320.000 ms
E/UDPSource( 2290): in datasource: 414672916 bytes, extractor created ? 1
E/NuPlayerRenderer( 2290): RNDR: dVA -262311 (dVAavg -232391), V 1076100155, A 1076362466, Asink 1076205184
I/NuPlayerDriver( 2290): notifyDuration: 0
E/NuPlayerRenderer( 2290): RNDR: dVA -262311 (dVAavg -232391), V 1076100155, A 1076362466, Asink 1076205184
E/UDPSource( 2290): in buffer: a[19, 10944] 456.000 ms, v[31, 439518] 1320.000 ms
E/UDPSource( 2290): in datasource: 414672916 bytes, extractor created ? 1
E/NuPlayerRenderer( 2290): RNDR: dVA -262311 (dVAavg -232391), V 1076100155, A 1076362466, Asink 1076205184
I/NuPlayerDriver( 2290): notifyDuration: 0
E/NuPlayerRenderer( 2290): RNDR: dVA -262311 (dVAavg -232391), V 1076100155, A 1076362466, Asink 1076205184
E/UDPSource( 2290): in buffer: a[19, 10944] 456.000 ms, v[31, 439518] 1320.000 ms
E/UDPSource( 2290): in datasource: 414672916 bytes, extractor created ? 1
E/NuPlayerRenderer( 2290): RNDR: dVA -262311 (dVAavg -232391), V 1076100155, A 1076362466, Asink 1076205184
I/NuPlayerDriver( 2290): notifyDuration: 0
E/NuPlayerRenderer( 2290): RNDR: dVA -262311 (dVAavg -232391), V 1076100155, A 1076362466, Asink 1076205184
E/UDPSource( 2290): in buffer: a[19, 10944] 456.000 ms, v[31, 439518] 1320.000 ms
E/UDPSource( 2290): in datasource: 414672916 bytes, extractor created ? 1
E/NuPlayerRenderer( 2290): RNDR: dVA -262311 (dVAavg -232391), V 1076100155, A 1076362466, Asink 1076205184
I/NuPlayerDriver( 2290): notifyDuration: 0
E/NuPlayerRenderer( 2290): RNDR: dVA -262311 (dVAavg -232391), V 1076100155, A 1076362466, Asink 1076205184
E/UDPSource( 2290): in buffer: a[19, 10944] 456.000 ms, v[31, 439518] 1320.000 ms
E/UDPSource( 2290): in datasource: 414672916 bytes, extractor created ? 1
E/NuPlayerRenderer( 2290): RNDR: dVA -262311 (dVAavg -232391), V 1076100155, A 1076362466, Asink 1076205184
D/HDMI-Controller( 2721): HDMIController::isSinkConnected: 1
D/        ( 2721):  enter hdmi_check_rx_sense
D/HDMI-Controller( 2721): HDMIController::checkRxSense: 0
I/NuPlayerDriver( 2290): notifyDuration: 0
E/NuPlayerRenderer( 2290): RNDR: dVA -262311 (dVAavg -232391), V 1076100155, A 1076362466, Asink 1076205184
E/UDPSource( 2290): in buffer: a[19, 10944] 456.000 ms, v[31, 439518] 1320.000 ms
E/UDPSource( 2290): in datasource: 414672916 bytes, extractor created ? 1
E/NuPlayerRenderer( 2290): RNDR: dVA -262311 (dVAavg -232391), V 1076100155, A 1076362466, Asink 1076205184
I/NuPlayerDriver( 2290): notifyDuration: 0
E/NuPlayerRenderer( 2290): RNDR: dVA -262311 (dVAavg -232391), V 1076100155, A 1076362466, Asink 1076205184
E/UDPSource( 2290): in buffer: a[19, 10944] 456.000 ms, v[31, 439518] 1320.000 ms
E/UDPSource( 2290): in datasource: 414672916 bytes, extractor created ? 1
E/NuPlayerRenderer( 2290): RNDR: dVA -262311 (dVAavg -232391), V 1076100155, A 1076362466, Asink 1076205184
I/NuPlayerDriver( 2290): notifyDuration: 0
E/NuPlayerRenderer( 2290): RNDR: dVA -262311 (dVAavg -232391), V 1076100155, A 1076362466, Asink 1076205184
E/UDPSource( 2290): in buffer: a[19, 10944] 456.000 ms, v[31, 439518] 1320.000 ms
E/UDPSource( 2290): in datasource: 414672916 bytes, extractor created ? 1
E/NuPlayerRenderer( 2290): RNDR: dVA -262311 (dVAavg -232391), V 1076100155, A 1076362466, Asink 1076205184
I/NuPlayerDriver( 2290): notifyDuration: 0
E/NuPlayerRenderer( 2290): RNDR: dVA -262311 (dVAavg -232391), V 1076100155, A 1076362466, Asink 1076205184
E/UDPSource( 2290): in buffer: a[19, 10944] 456.000 ms, v[31, 439518] 1320.000 ms
E/UDPSource( 2290): in datasource: 414672916 bytes, extractor created ? 1
E/NuPlayerRenderer( 2290): RNDR: dVA -262311 (dVAavg -232391), V 1076100155, A 1076362466, Asink 1076205184
I/NuPlayerDriver( 2290): notifyDuration: 0
E/NuPlayerRenderer( 2290): RNDR: dVA -262311 (dVAavg -232391), V 1076100155, A 1076362466, Asink 1076205184
E/UDPSource( 2290): in buffer: a[19, 10944] 456.000 ms, v[31, 439518] 1320.000 ms
E/UDPSource( 2290): in datasource: 414672916 bytes, extractor created ? 1
E/NuPlayerRenderer( 2290): RNDR: dVA -262311 (dVAavg -232391), V 1076100155, A 1076362466, Asink 1076205184
I/NuPlayerDriver( 2290): notifyDuration: 0
E/NuPlayerRenderer( 2290): RNDR: dVA -262311 (dVAavg -232391), V 1076100155, A 1076362466, Asink 1076205184
E/UDPSource( 2290): in buffer: a[19, 10944] 456.000 ms, v[31, 439518] 1320.000 ms
E/UDPSource( 2290): in datasource: 414672916 bytes, extractor created ? 1
D/dalvikvm( 2721): GC_CONCURRENT freed 1967K, 24% free 7039K/9192K, paused 3ms+5ms, total 47ms
E/NuPlayerRenderer( 2290): RNDR: dVA -262311 (dVAavg -232391), V 1076100155, A 1076362466, Asink 1076205184
I/NuPlayerDriver( 2290): notifyDuration: 0
E/NuPlayerRenderer( 2290): RNDR: dVA -262311 (dVAavg -232391), V 1076100155, A 1076362466, Asink 1076205184
E/UDPSource( 2290): in buffer: a[19, 10944] 456.000 ms, v[31, 439518] 1320.000 ms
E/UDPSource( 2290): in datasource: 414672916 bytes, extractor created ? 1
E/NuPlayerRenderer( 2290): RNDR: dVA -262311 (dVAavg -232391), V 1076100155, A 1076362466, Asink 1076205184
I/NuPlayerDriver( 2290): notifyDuration: 0
E/NuPlayerRenderer( 2290): RNDR: dVA -262311 (dVAavg -232391), V 1076100155, A 1076362466, Asink 1076205184
E/UDPSource( 2290): in buffer: a[19, 10944] 456.000 ms, v[31, 439518] 1320.000 ms
E/UDPSource( 2290): in datasource: 414672916 bytes, extractor created ? 1
E/NuPlayerRenderer( 2290): RNDR: dVA -262311 (dVAavg -232391), V 1076100155, A 1076362466, Asink 1076205184
I/NuPlayerDriver( 2290): notifyDuration: 0
E/NuPlayerRenderer( 2290): RNDR: dVA -262311 (dVAavg -232391), V 1076100155, A 1076362466, Asink 1076205184
E/UDPSource( 2290): in buffer: a[19, 10944] 456.000 ms, v[31, 439518] 1320.000 ms
E/UDPSource( 2290): in datasource: 414672916 bytes, extractor created ? 1
E/NuPlayerRenderer( 2290): RNDR: dVA -262311 (dVAavg -232391), V 1076100155, A 1076362466, Asink 1076205184
I/NuPlayerDriver( 2290): notifyDuration: 0
E/NuPlayerRenderer( 2290): RNDR: dVA -262311 (dVAavg -232391), V 1076100155, A 1076362466, Asink 1076205184
E/UDPSource( 2290): in buffer: a[19, 10944] 456.000 ms, v[31, 439518] 1320.000 ms
E/UDPSource( 2290): in datasource: 414672916 bytes, extractor created ? 1
E/NuPlayerRenderer( 2290): RNDR: dVA -262311 (dVAavg -232391), V 1076100155, A 1076362466, Asink 1076205184
D/HDMI-Controller( 2721): HDMIController::isSinkConnected: 1
D/        ( 2721):  enter hdmi_check_rx_sense
D/HDMI-Controller( 2721): HDMIController::checkRxSense: 0
I/NuPlayerDriver( 2290): notifyDuration: 0
E/NuPlayerRenderer( 2290): RNDR: dVA -262311 (dVAavg -232391), V 1076100155, A 1076362466, Asink 1076205184
E/UDPSource( 2290): in buffer: a[19, 10944] 456.000 ms, v[31, 439518] 1320.000 ms
E/UDPSource( 2290): in datasource: 414672916 bytes, extractor created ? 1
E/NuPlayerRenderer( 2290): RNDR: dVA -262311 (dVAavg -232391), V 1076100155, A 1076362466, Asink 1076205184
I/NuPlayerDriver( 2290): notifyDuration: 0
E/NuPlayerRenderer( 2290): RNDR: dVA -262311 (dVAavg -232391), V 1076100155, A 1076362466, Asink 1076205184
E/UDPSource( 2290): in buffer: a[19, 10944] 456.000 ms, v[31, 439518] 1320.000 ms
E/UDPSource( 2290): in datasource: 414672916 bytes, extractor created ? 1
E/NuPlayerRenderer( 2290): RNDR: dVA -262311 (dVAavg -232391), V 1076100155, A 1076362466, Asink 1076205184
I/NuPlayerDriver( 2290): notifyDuration: 0
E/NuPlayerRenderer( 2290): RNDR: dVA -262311 (dVAavg -232391), V 1076100155, A 1076362466, Asink 1076205184
E/UDPSource( 2290): in buffer: a[19, 10944] 456.000 ms, v[31, 439518] 1320.000 ms
E/UDPSource( 2290): in datasource: 414672916 bytes, extractor created ? 1
E/NuPlayerRenderer( 2290): RNDR: dVA -262311 (dVAavg -232391), V 1076100155, A 1076362466, Asink 1076205184
I/NuPlayerDriver( 2290): notifyDuration: 0
E/NuPlayerRenderer( 2290): RNDR: dVA -262311 (dVAavg -232391), V 1076100155, A 1076362466, Asink 1076205184
E/UDPSource( 2290): in buffer: a[19, 10944] 456.000 ms, v[31, 439518] 1320.000 ms
E/UDPSource( 2290): in datasource: 414672916 bytes, extractor created ? 1
E/NuPlayerRenderer( 2290): RNDR: dVA -262311 (dVAavg -232391), V 1076100155, A 1076362466, Asink 1076205184
I/NuPlayerDriver( 2290): notifyDuration: 0
E/NuPlayerRenderer( 2290): RNDR: dVA -262311 (dVAavg -232391), V 1076100155, A 1076362466, Asink 1076205184
E/UDPSource( 2290): in buffer: a[19, 10944] 456.000 ms, v[31, 439518] 1320.000 ms
E/UDPSource( 2290): in datasource: 414672916 bytes, extractor created ? 1
D/UpdateService( 2940): Trying to update. isFirstStartUpdate: false
E/NuPlayerRenderer( 2290): RNDR: dVA -262311 (dVAavg -232391), V 1076100155, A 1076362466, Asink 1076205184
I/NuPlayerDriver( 2290): notifyDuration: 0
E/NuPlayerRenderer( 2290): RNDR: dVA -262311 (dVAavg -232391), V 1076100155, A 1076362466, Asink 1076205184
E/UDPSource( 2290): in buffer: a[19, 10944] 456.000 ms, v[31, 439518] 1320.000 ms
E/UDPSource( 2290): in datasource: 414672916 bytes, extractor created ? 1
E/NuPlayerRenderer( 2290): RNDR: dVA -262311 (dVAavg -232391), V 1076100155, A 1076362466, Asink 1076205184
I/NuPlayerDriver( 2290): notifyDuration: 0
E/NuPlayerRenderer( 2290): RNDR: dVA -262311 (dVAavg -232391), V 1076100155, A 1076362466, Asink 1076205184
E/UDPSource( 2290): in buffer: a[19, 10944] 456.000 ms, v[31, 439518] 1320.000 ms
E/UDPSource( 2290): in datasource: 414672916 bytes, extractor created ? 1
E/NuPlayerRenderer( 2290): RNDR: dVA -262311 (dVAavg -232391), V 1076100155, A 1076362466, Asink 1076205184
I/NuPlayerDriver( 2290): notifyDuration: 0
E/NuPlayerRenderer( 2290): RNDR: dVA -262311 (dVAavg -232391), V 1076100155, A 1076362466, Asink 1076205184
E/UDPSource( 2290): in buffer: a[19, 10944] 456.000 ms, v[31, 439518] 1320.000 ms
E/UDPSource( 2290): in datasource: 414672916 bytes, extractor created ? 1
E/NuPlayerRenderer( 2290): RNDR: dVA -262311 (dVAavg -232391), V 1076100155, A 1076362466, Asink 1076205184
I/NuPlayerDriver( 2290): notifyDuration: 0
E/NuPlayerRenderer( 2290): RNDR: dVA -262311 (dVAavg -232391), V 1076100155, A 1076362466, Asink 1076205184
E/UDPSource( 2290): in buffer: a[19, 10944] 456.000 ms, v[31, 439518] 1320.000 ms
E/UDPSource( 2290): in datasource: 414672916 bytes, extractor created ? 1
E/NuPlayerRenderer( 2290): RNDR: dVA -262311 (dVAavg -232391), V 1076100155, A 1076362466, Asink 1076205184
I/NuPlayerDriver( 2290): notifyDuration: 0
E/NuPlayerRenderer( 2290): RNDR: dVA -262311 (dVAavg -232391), V 1076100155, A 1076362466, Asink 1076205184
E/UDPSource( 2290): in buffer: a[19, 10944] 456.000 ms, v[31, 439518] 1320.000 ms
E/UDPSource( 2290): in datasource: 414672916 bytes, extractor created ? 1
E/NuPlayerRenderer( 2290): RNDR: dVA -262311 (dVAavg -232391), V 1076100155, A 1076362466, Asink 1076205184
D/HDMI-Controller( 2721): HDMIController::isSinkConnected: 1
D/        ( 2721):  enter hdmi_check_rx_sense
D/HDMI-Controller( 2721): HDMIController::checkRxSense: 0
I/NuPlayerDriver( 2290): notifyDuration: 0
E/NuPlayerRenderer( 2290): RNDR: dVA -262311 (dVAavg -232391), V 1076100155, A 1076362466, Asink 1076205184
E/UDPSource( 2290): in buffer: a[19, 10944] 456.000 ms, v[31, 439518] 1320.000 ms
E/UDPSource( 2290): in datasource: 414672916 bytes, extractor created ? 1
E/NuPlayerRenderer( 2290): RNDR: dVA -262311 (dVAavg -232391), V 1076100155, A 1076362466, Asink 1076205184
I/NuPlayerDriver( 2290): notifyDuration: 0
E/NuPlayerRenderer( 2290): RNDR: dVA -262311 (dVAavg -232391), V 1076100155, A 1076362466, Asink 1076205184
E/UDPSource( 2290): in buffer: a[19, 10944] 456.000 ms, v[31, 439518] 1320.000 ms
E/UDPSource( 2290): in datasource: 414672916 bytes, extractor created ? 1
E/NuPlayerRenderer( 2290): RNDR: dVA -262311 (dVAavg -232391), V 1076100155, A 1076362466, Asink 1076205184
I/NuPlayerDriver( 2290): notifyDuration: 0
E/NuPlayerRenderer( 2290): RNDR: dVA -262311 (dVAavg -232391), V 1076100155, A 1076362466, Asink 1076205184
E/UDPSource( 2290): in buffer: a[19, 10944] 456.000 ms, v[31, 439518] 1320.000 ms
E/UDPSource( 2290): in datasource: 414672916 bytes, extractor created ? 1
E/NuPlayerRenderer( 2290): RNDR: dVA -262311 (dVAavg -232391), V 1076100155, A 1076362466, Asink 1076205184
I/NuPlayerDriver( 2290): notifyDuration: 0
E/NuPlayerRenderer( 2290): RNDR: dVA -262311 (dVAavg -232391), V 1076100155, A 1076362466, Asink 1076205184
E/UDPSource( 2290): in buffer: a[19, 10944] 456.000 ms, v[31, 439518] 1320.000 ms
E/UDPSource( 2290): in datasource: 414672916 bytes, extractor created ? 1
E/NuPlayerRenderer( 2290): RNDR: dVA -262311 (dVAavg -232391), V 1076100155, A 1076362466, Asink 1076205184
I/NuPlayerDriver( 2290): notifyDuration: 0
E/NuPlayerRenderer( 2290): RNDR: dVA -262311 (dVAavg -232391), V 1076100155, A 1076362466, Asink 1076205184
E/UDPSource( 2290): in buffer: a[19, 10944] 456.000 ms, v[31, 439518] 1320.000 ms
E/UDPSource( 2290): in datasource: 414672916 bytes, extractor created ? 1
E/NuPlayerRenderer( 2290): RNDR: dVA -262311 (dVAavg -232391), V 1076100155, A 1076362466, Asink 1076205184
I/NuPlayerDriver( 2290): notifyDuration: 0
E/NuPlayerRenderer( 2290): RNDR: dVA -262311 (dVAavg -232391), V 1076100155, A 1076362466, Asink 1076205184
E/UDPSource( 2290): in buffer: a[19, 10944] 456.000 ms, v[31, 439518] 1320.000 ms
E/UDPSource( 2290): in datasource: 414672916 bytes, extractor created ? 1
E/NuPlayerRenderer( 2290): RNDR: dVA -262311 (dVAavg -232391), V 1076100155, A 1076362466, Asink 1076205184
D/ConnectivityService( 2721): Sampling interval elapsed, updating statistics ..
D/ConnectivityService( 2721): Done.
D/ConnectivityService( 2721): Setting timer for 720seconds
I/NuPlayerDriver( 2290): notifyDuration: 0
E/NuPlayerRenderer( 2290): RNDR: dVA -262311 (dVAavg -232391), V 1076100155, A 1076362466, Asink 1076205184
E/UDPSource( 2290): in buffer: a[19, 10944] 456.000 ms, v[31, 439518] 1320.000 ms
E/UDPSource( 2290): in datasource: 414672916 bytes, extractor created ? 1
E/NuPlayerRenderer( 2290): RNDR: dVA -262311 (dVAavg -232391), V 1076100155, A 1076362466, Asink 1076205184
I/NuPlayerDriver( 2290): notifyDuration: 0
E/NuPlayerRenderer( 2290): RNDR: dVA -262311 (dVAavg -232391), V 1076100155, A 1076362466, Asink 1076205184
E/UDPSource( 2290): in buffer: a[19, 10944] 456.000 ms, v[31, 439518] 1320.000 ms
E/UDPSource( 2290): in datasource: 414672916 bytes, extractor created ? 1
E/NuPlayerRenderer( 2290): RNDR: dVA -262311 (dVAavg -232391), V 1076100155, A 1076362466, Asink 1076205184
I/NuPlayerDriver( 2290): notifyDuration: 0
E/NuPlayerRenderer( 2290): RNDR: dVA -262311 (dVAavg -232391), V 1076100155, A 1076362466, Asink 1076205184
E/UDPSource( 2290): in buffer: a[19, 10944] 456.000 ms, v[31, 439518] 1320.000 ms
E/UDPSource( 2290): in datasource: 414672916 bytes, extractor created ? 1
E/NuPlayerRenderer( 2290): RNDR: dVA -262311 (dVAavg -232391), V 1076100155, A 1076362466, Asink 1076205184
I/NuPlayerDriver( 2290): notifyDuration: 0
E/NuPlayerRenderer( 2290): RNDR: dVA -262311 (dVAavg -232391), V 1076100155, A 1076362466, Asink 1076205184
E/UDPSource( 2290): in buffer: a[19, 10944] 456.000 ms, v[31, 439518] 1320.000 ms
E/UDPSource( 2290): in datasource: 414672916 bytes, extractor created ? 1
E/NuPlayerRenderer( 2290): RNDR: dVA -262311 (dVAavg -232391), V 1076100155, A 1076362466, Asink 1076205184
D/HDMI-Controller( 2721): HDMIController::isSinkConnected: 1
D/        ( 2721):  enter hdmi_check_rx_sense
D/HDMI-Controller( 2721): HDMIController::checkRxSense: 0
I/NuPlayerDriver( 2290): notifyDuration: 0
E/NuPlayerRenderer( 2290): RNDR: dVA -262311 (dVAavg -232391), V 1076100155, A 1076362466, Asink 1076205184
E/UDPSource( 2290): in buffer: a[19, 10944] 456.000 ms, v[31, 439518] 1320.000 ms
E/UDPSource( 2290): in datasource: 414672916 bytes, extractor created ? 1
E/NuPlayerRenderer( 2290): RNDR: dVA -262311 (dVAavg -232391), V 1076100155, A 1076362466, Asink 1076205184
I/NuPlayerDriver( 2290): notifyDuration: 0
E/NuPlayerRenderer( 2290): RNDR: dVA -262311 (dVAavg -232391), V 1076100155, A 1076362466, Asink 1076205184
E/UDPSource( 2290): in buffer: a[19, 10944] 456.000 ms, v[31, 439518] 1320.000 ms
E/UDPSource( 2290): in datasource: 414672916 bytes, extractor created ? 1
E/NuPlayerRenderer( 2290): RNDR: dVA -262311 (dVAavg -232391), V 1076100155, A 1076362466, Asink 1076205184
W/SocketClient( 2285): write error (Broken pipe)
I/NuPlayerDriver( 2290): notifyDuration: 0
E/NuPlayerRenderer( 2290): RNDR: dVA -262311 (dVAavg -232391), V 1076100155, A 1076362466, Asink 1076205184
E/UDPSource( 2290): in buffer: a[19, 10944] 456.000 ms, v[31, 439518] 1320.000 ms
E/UDPSource( 2290): in datasource: 414672916 bytes, extractor created ? 1
E/NuPlayerRenderer( 2290): RNDR: dVA -262311 (dVAavg -232391), V 1076100155, A 1076362466, Asink 1076205184
I/NuPlayerDriver( 2290): notifyDuration: 0
E/NuPlayerRenderer( 2290): RNDR: dVA -262311 (dVAavg -232391), V 1076100155, A 1076362466, Asink 1076205184
E/UDPSource( 2290): in buffer: a[19, 10944] 456.000 ms, v[31, 439518] 1320.000 ms
E/UDPSource( 2290): in datasource: 414672916 bytes, extractor created ? 1
E/NuPlayerRenderer( 2290): RNDR: dVA -262311 (dVAavg -232391), V 1076100155, A 1076362466, Asink 1076205184
I/NuPlayerDriver( 2290): notifyDuration: 0
E/NuPlayerRenderer( 2290): RNDR: dVA -262311 (dVAavg -232391), V 1076100155, A 1076362466, Asink 1076205184
E/UDPSource( 2290): in buffer: a[19, 10944] 456.000 ms, v[31, 439518] 1320.000 ms
E/UDPSource( 2290): in datasource: 414672916 bytes, extractor created ? 1
D/UpdateService( 2940): Trying to update. isFirstStartUpdate: false
E/NuPlayerRenderer( 2290): RNDR: dVA -262311 (dVAavg -232391), V 1076100155, A 1076362466, Asink 1076205184
I/NuPlayerDriver( 2290): notifyDuration: 0
E/NuPlayerRenderer( 2290): RNDR: dVA -262311 (dVAavg -232391), V 1076100155, A 1076362466, Asink 1076205184
E/UDPSource( 2290): in buffer: a[19, 10944] 456.000 ms, v[31, 439518] 1320.000 ms
E/UDPSource( 2290): in datasource: 414672916 bytes, extractor created ? 1
E/NuPlayerRenderer( 2290): RNDR: dVA -262311 (dVAavg -232391), V 1076100155, A 1076362466, Asink 1076205184
I/NuPlayerDriver( 2290): notifyDuration: 0
E/NuPlayerRenderer( 2290): RNDR: dVA -262311 (dVAavg -232391), V 1076100155, A 1076362466, Asink 1076205184
E/UDPSource( 2290): in buffer: a[19, 10944] 456.000 ms, v[31, 439518] 1320.000 ms
E/UDPSource( 2290): in datasource: 414672916 bytes, extractor created ? 1
E/NuPlayerRenderer( 2290): RNDR: dVA -262311 (dVAavg -232391), V 1076100155, A 1076362466, Asink 1076205184
I/NuPlayerDriver( 2290): notifyDuration: 0
E/NuPlayerRenderer( 2290): RNDR: dVA -262311 (dVAavg -232391), V 1076100155, A 1076362466, Asink 1076205184
E/UDPSource( 2290): in buffer: a[19, 10944] 456.000 ms, v[31, 439518] 1320.000 ms
E/UDPSource( 2290): in datasource: 414672916 bytes, extractor created ? 1
E/NuPlayerRenderer( 2290): RNDR: dVA -262311 (dVAavg -232391), V 1076100155, A 1076362466, Asink 1076205184
I/NuPlayerDriver( 2290): notifyDuration: 0
E/NuPlayerRenderer( 2290): RNDR: dVA -262311 (dVAavg -232391), V 1076100155, A 1076362466, Asink 1076205184
E/UDPSource( 2290): in buffer: a[19, 10944] 456.000 ms, v[31, 439518] 1320.000 ms
E/UDPSource( 2290): in datasource: 414672916 bytes, extractor created ? 1
E/NuPlayerRenderer( 2290): RNDR: dVA -262311 (dVAavg -232391), V 1076100155, A 1076362466, Asink 1076205184
I/NuPlayerDriver( 2290): notifyDuration: 0
E/NuPlayerRenderer( 2290): RNDR: dVA -262311 (dVAavg -232391), V 1076100155, A 1076362466, Asink 1076205184
E/UDPSource( 2290): in buffer: a[19, 10944] 456.000 ms, v[31, 439518] 1320.000 ms
E/UDPSource( 2290): in datasource: 414672916 bytes, extractor created ? 1
E/NuPlayerRenderer( 2290): RNDR: dVA -262311 (dVAavg -232391), V 1076100155, A 1076362466, Asink 1076205184
D/HDMI-Controller( 2721): HDMIController::isSinkConnected: 1
D/        ( 2721):  enter hdmi_check_rx_sense
D/HDMI-Controller( 2721): HDMIController::checkRxSense: 0
I/NuPlayerDriver( 2290): notifyDuration: 0
E/NuPlayerRenderer( 2290): RNDR: dVA -262311 (dVAavg -232391), V 1076100155, A 1076362466, Asink 1076205184
E/UDPSource( 2290): in buffer: a[19, 10944] 456.000 ms, v[31, 439518] 1320.000 ms
E/UDPSource( 2290): in datasource: 414672916 bytes, extractor created ? 1
E/NuPlayerRenderer( 2290): RNDR: dVA -262311 (dVAavg -232391), V 1076100155, A 1076362466, Asink 1076205184
I/NuPlayerDriver( 2290): notifyDuration: 0
E/NuPlayerRenderer( 2290): RNDR: dVA -262311 (dVAavg -232391), V 1076100155, A 1076362466, Asink 1076205184
E/UDPSource( 2290): in buffer: a[19, 10944] 456.000 ms, v[31, 439518] 1320.000 ms
E/UDPSource( 2290): in datasource: 414672916 bytes, extractor created ? 1
E/NuPlayerRenderer( 2290): RNDR: dVA -262311 (dVAavg -232391), V 1076100155, A 1076362466, Asink 1076205184
I/NuPlayerDriver( 2290): notifyDuration: 0
E/NuPlayerRenderer( 2290): RNDR: dVA -262311 (dVAavg -232391), V 1076100155, A 1076362466, Asink 1076205184
E/UDPSource( 2290): in buffer: a[19, 10944] 456.000 ms, v[31, 439518] 1320.000 ms
E/UDPSource( 2290): in datasource: 414672916 bytes, extractor created ? 1
E/NuPlayerRenderer( 2290): RNDR: dVA -262311 (dVAavg -232391), V 1076100155, A 1076362466, Asink 1076205184
I/NuPlayerDriver( 2290): notifyDuration: 0
E/NuPlayerRenderer( 2290): RNDR: dVA -262311 (dVAavg -232391), V 1076100155, A 1076362466, Asink 1076205184
E/UDPSource( 2290): in buffer: a[19, 10944] 456.000 ms, v[31, 439518] 1320.000 ms
E/UDPSource( 2290): in datasource: 414672916 bytes, extractor created ? 1
E/NuPlayerRenderer( 2290): RNDR: dVA -262311 (dVAavg -232391), V 1076100155, A 1076362466, Asink 1076205184
I/NuPlayerDriver( 2290): notifyDuration: 0
E/NuPlayerRenderer( 2290): RNDR: dVA -262311 (dVAavg -232391), V 1076100155, A 1076362466, Asink 1076205184
E/UDPSource( 2290): in buffer: a[19, 10944] 456.000 ms, v[31, 439518] 1320.000 ms
E/UDPSource( 2290): in datasource: 414672916 bytes, extractor created ? 1
E/NuPlayerRenderer( 2290): RNDR: dVA -262311 (dVAavg -232391), V 1076100155, A 1076362466, Asink 1076205184
I/NuPlayerDriver( 2290): notifyDuration: 0
E/NuPlayerRenderer( 2290): RNDR: dVA -262311 (dVAavg -232391), V 1076100155, A 1076362466, Asink 1076205184
E/UDPSource( 2290): in buffer: a[19, 10944] 456.000 ms, v[31, 439518] 1320.000 ms
E/UDPSource( 2290): in datasource: 414672916 bytes, extractor created ? 1
E/NuPlayerRenderer( 2290): RNDR: dVA -262311 (dVAavg -232391), V 1076100155, A 1076362466, Asink 1076205184
I/NuPlayerDriver( 2290): notifyDuration: 0
E/NuPlayerRenderer( 2290): RNDR: dVA -262311 (dVAavg -232391), V 1076100155, A 1076362466, Asink 1076205184
E/UDPSource( 2290): in buffer: a[19, 10944] 456.000 ms, v[31, 439518] 1320.000 ms
E/UDPSource( 2290): in datasource: 414672916 bytes, extractor created ? 1
E/NuPlayerRenderer( 2290): RNDR: dVA -262311 (dVAavg -232391), V 1076100155, A 1076362466, Asink 1076205184
I/NuPlayerDriver( 2290): notifyDuration: 0
E/NuPlayerRenderer( 2290): RNDR: dVA -262311 (dVAavg -232391), V 1076100155, A 1076362466, Asink 1076205184
E/UDPSource( 2290): in buffer: a[19, 10944] 456.000 ms, v[31, 439518] 1320.000 ms
E/UDPSource( 2290): in datasource: 414672916 bytes, extractor created ? 1
E/NuPlayerRenderer( 2290): RNDR: dVA -262311 (dVAavg -232391), V 1076100155, A 1076362466, Asink 1076205184
I/NuPlayerDriver( 2290): notifyDuration: 0
E/NuPlayerRenderer( 2290): RNDR: dVA -262311 (dVAavg -232391), V 1076100155, A 1076362466, Asink 1076205184
E/UDPSource( 2290): in buffer: a[19, 10944] 456.000 ms, v[31, 439518] 1320.000 ms
E/UDPSource( 2290): in datasource: 414672916 bytes, extractor created ? 1
E/NuPlayerRenderer( 2290): RNDR: dVA -262311 (dVAavg -232391), V 1076100155, A 1076362466, Asink 1076205184
I/NuPlayerDriver( 2290): notifyDuration: 0
E/NuPlayerRenderer( 2290): RNDR: dVA -262311 (dVAavg -232391), V 1076100155, A 1076362466, Asink 1076205184
E/UDPSource( 2290): in buffer: a[19, 10944] 456.000 ms, v[31, 439518] 1320.000 ms
E/UDPSource( 2290): in datasource: 414672916 bytes, extractor created ? 1
E/NuPlayerRenderer( 2290): RNDR: dVA -262311 (dVAavg -232391), V 1076100155, A 1076362466, Asink 1076205184
D/HDMI-Controller( 2721): HDMIController::isSinkConnected: 1
D/        ( 2721):  enter hdmi_check_rx_sense
D/HDMI-Controller( 2721): HDMIController::checkRxSense: 0
I/NuPlayerDriver( 2290): notifyDuration: 0
E/NuPlayerRenderer( 2290): RNDR: dVA -262311 (dVAavg -232391), V 1076100155, A 1076362466, Asink 1076205184
E/UDPSource( 2290): in buffer: a[19, 10944] 456.000 ms, v[31, 439518] 1320.000 ms
E/UDPSource( 2290): in datasource: 414672916 bytes, extractor created ? 1
E/NuPlayerRenderer( 2290): RNDR: dVA -262311 (dVAavg -232391), V 1076100155, A 1076362466, Asink 1076205184
I/NuPlayerDriver( 2290): notifyDuration: 0
E/NuPlayerRenderer( 2290): RNDR: dVA -262311 (dVAavg -232391), V 1076100155, A 1076362466, Asink 1076205184
E/UDPSource( 2290): in buffer: a[19, 10944] 456.000 ms, v[31, 439518] 1320.000 ms
E/UDPSource( 2290): in datasource: 414672916 bytes, extractor created ? 1
E/NuPlayerRenderer( 2290): RNDR: dVA -262311 (dVAavg -232391), V 1076100155, A 1076362466, Asink 1076205184
I/NuPlayerDriver( 2290): notifyDuration: 0
E/NuPlayerRenderer( 2290): RNDR: dVA -262311 (dVAavg -232391), V 1076100155, A 1076362466, Asink 1076205184
E/UDPSource( 2290): in buffer: a[19, 10944] 456.000 ms, v[31, 439518] 1320.000 ms
E/UDPSource( 2290): in datasource: 414672916 bytes, extractor created ? 1
E/NuPlayerRenderer( 2290): RNDR: dVA -262311 (dVAavg -232391), V 1076100155, A 1076362466, Asink 1076205184
I/NuPlayerDriver( 2290): notifyDuration: 0
E/NuPlayerRenderer( 2290): RNDR: dVA -262311 (dVAavg -232391), V 1076100155, A 1076362466, Asink 1076205184
E/UDPSource( 2290): in buffer: a[19, 10944] 456.000 ms, v[31, 439518] 1320.000 ms
E/UDPSource( 2290): in datasource: 414672916 bytes, extractor created ? 1
E/NuPlayerRenderer( 2290): RNDR: dVA -262311 (dVAavg -232391), V 1076100155, A 1076362466, Asink 1076205184
I/NuPlayerDriver( 2290): notifyDuration: 0
E/NuPlayerRenderer( 2290): RNDR: dVA -262311 (dVAavg -232391), V 1076100155, A 1076362466, Asink 1076205184
E/UDPSource( 2290): in buffer: a[19, 10944] 456.000 ms, v[31, 439518] 1320.000 ms
E/UDPSource( 2290): in datasource: 414672916 bytes, extractor created ? 1
D/UpdateService( 2940): Trying to update. isFirstStartUpdate: false
E/NuPlayerRenderer( 2290): RNDR: dVA -262311 (dVAavg -232391), V 1076100155, A 1076362466, Asink 1076205184
I/NuPlayerDriver( 2290): notifyDuration: 0
E/NuPlayerRenderer( 2290): RNDR: dVA -262311 (dVAavg -232391), V 1076100155, A 1076362466, Asink 1076205184
E/UDPSource( 2290): in buffer: a[19, 10944] 456.000 ms, v[31, 439518] 1320.000 ms
E/UDPSource( 2290): in datasource: 414672916 bytes, extractor created ? 1
E/NuPlayerRenderer( 2290): RNDR: dVA -262311 (dVAavg -232391), V 1076100155, A 1076362466, Asink 1076205184
I/NuPlayerDriver( 2290): notifyDuration: 0
E/NuPlayerRenderer( 2290): RNDR: dVA -262311 (dVAavg -232391), V 1076100155, A 1076362466, Asink 1076205184
E/UDPSource( 2290): in buffer: a[19, 10944] 456.000 ms, v[31, 439518] 1320.000 ms
E/UDPSource( 2290): in datasource: 414672916 bytes, extractor created ? 1
E/NuPlayerRenderer( 2290): RNDR: dVA -262311 (dVAavg -232391), V 1076100155, A 1076362466, Asink 1076205184
I/NuPlayerDriver( 2290): notifyDuration: 0
E/NuPlayerRenderer( 2290): RNDR: dVA -262311 (dVAavg -232391), V 1076100155, A 1076362466, Asink 1076205184
E/UDPSource( 2290): in buffer: a[19, 10944] 456.000 ms, v[31, 439518] 1320.000 ms
E/UDPSource( 2290): in datasource: 414672916 bytes, extractor created ? 1
E/NuPlayerRenderer( 2290): RNDR: dVA -262311 (dVAavg -232391), V 1076100155, A 1076362466, Asink 1076205184
I/NuPlayerDriver( 2290): notifyDuration: 0
E/NuPlayerRenderer( 2290): RNDR: dVA -262311 (dVAavg -232391), V 1076100155, A 1076362466, Asink 1076205184
E/UDPSource( 2290): in buffer: a[19, 10944] 456.000 ms, v[31, 439518] 1320.000 ms
E/UDPSource( 2290): in datasource: 414672916 bytes, extractor created ? 1
E/NuPlayerRenderer( 2290): RNDR: dVA -262311 (dVAavg -232391), V 1076100155, A 1076362466, Asink 1076205184
I/NuPlayerDriver( 2290): notifyDuration: 0
E/NuPlayerRenderer( 2290): RNDR: dVA -262311 (dVAavg -232391), V 1076100155, A 1076362466, Asink 1076205184
E/UDPSource( 2290): in buffer: a[19, 10944] 456.000 ms, v[31, 439518] 1320.000 ms
E/UDPSource( 2290): in datasource: 414672916 bytes, extractor created ? 1
E/NuPlayerRenderer( 2290): RNDR: dVA -262311 (dVAavg -232391), V 1076100155, A 1076362466, Asink 1076205184
D/HDMI-Controller( 2721): HDMIController::isSinkConnected: 1
D/        ( 2721):  enter hdmi_check_rx_sense
D/HDMI-Controller( 2721): HDMIController::checkRxSense: 0
I/NuPlayerDriver( 2290): notifyDuration: 0
E/NuPlayerRenderer( 2290): RNDR: dVA -262311 (dVAavg -232391), V 1076100155, A 1076362466, Asink 1076205184
E/UDPSource( 2290): in buffer: a[19, 10944] 456.000 ms, v[31, 439518] 1320.000 ms
E/UDPSource( 2290): in datasource: 414672916 bytes, extractor created ? 1
E/NuPlayerRenderer( 2290): RNDR: dVA -262311 (dVAavg -232391), V 1076100155, A 1076362466, Asink 1076205184
I/NuPlayerDriver( 2290): notifyDuration: 0
E/NuPlayerRenderer( 2290): RNDR: dVA -262311 (dVAavg -232391), V 1076100155, A 1076362466, Asink 1076205184
E/UDPSource( 2290): in buffer: a[19, 10944] 456.000 ms, v[31, 439518] 1320.000 ms
E/UDPSource( 2290): in datasource: 414672916 bytes, extractor created ? 1
E/NuPlayerRenderer( 2290): RNDR: dVA -262311 (dVAavg -232391), V 1076100155, A 1076362466, Asink 1076205184
I/NuPlayerDriver( 2290): notifyDuration: 0
E/NuPlayerRenderer( 2290): RNDR: dVA -262311 (dVAavg -232391), V 1076100155, A 1076362466, Asink 1076205184
E/UDPSource( 2290): in buffer: a[19, 10944] 456.000 ms, v[31, 439518] 1320.000 ms
E/UDPSource( 2290): in datasource: 414672916 bytes, extractor created ? 1
E/NuPlayerRenderer( 2290): RNDR: dVA -262311 (dVAavg -232391), V 1076100155, A 1076362466, Asink 1076205184
I/NuPlayerDriver( 2290): notifyDuration: 0
