D/libRTKHDMIControl( 2721): [HDMI]: check_hdmi_aspect_ratio, TvSystem=5 TvStandard=1 AspectRatio=0
D/libRTKHDMIControl( 2721): [HDMI] VID = 0x10 = 16
D/HDMI-Controller( 2721): getTVSupportxvYCC:0
D/libRTKHDMIControl( 2721): [HDMI]: TVSupportxvYCC = 0
D/libRTKHDMIControl( 2721): [HDMI]: TVSupportxvYCC = 0, Set C1 C0, do not send metadata.
D/HDMI-Controller( 2721): HDMI DEVICE MODE: 1
D/libRTKHDMIControl( 2721): [HDMI]: Turn on HDMI
D/HDMI-Controller( 2721): getTVSupportYCbCr: 7
D/libRTKHDMIControl( 2721): [HDMI]: TVSupportYCbCr = 7
D/libRTKHDMIControl( 2721): [HDMI]: This TV supports both YCbCr444 & YCbCr422.
D/HDMI-Controller( 2721): getTVSupportDeepColor: 3
D/libRTKHDMIControl( 2721): [HDMI]: TVSupportDeepColor = 3
D/libRTKHDMIControl( 2721): [HDMI]: This TV supports both 12 bit & 10 bit in Deep Color Mode.
D/HDMI-Controller( 2721): getTVSupportDeepColorYCbCr444: 1
D/libRTKHDMIControl( 2721): [HDMI]: TVSupportDeepColorYCbCr444 = 1
D/libRTKHDMIControl( 2721): [HDMI]: This TV supports YCbCr444 in Deep Color Modes.
D/HDMI-Controller( 2721): HDMI DEVICE MODE: 1
D/libRTKHDMIControl( 2721): [HDMI]: persist.rtk.hdmitx.colorspace (0) 
D/libRTKHDMIControl( 2721): [HDMI]: Disable audio setting by video.
D/HDMI-Controller( 2721): getTVSupportDeepColor: 3
D/libRTKHDMIControl( 2721): [HDMI]: TVSupportDeepColor = 3
D/HDMI-Controller( 2721): getTVSupportDeepColorYCbCr444: 1
D/libRTKHDMIControl( 2721): [HDMI]: TVSupportDeepColorYCbCr444 = 1
D/libRTKHDMIControl( 2721): [HDMI]: HDMIDeepColorMode = 3
D/libRTKHDMIControl( 2721): [HDMI]: dataInt0=1 => 24 bits/pixel
D/libRTKHDMIControl( 2721): david0729: device/realtek/proprietary/libs/HDMIControl/HDMIUtil.cpp:void createHDMIInfoFrame()(1932) dataInt0=1
D/libRTKHDMIControl( 2721): [HDMI]: device/realtek/proprietary/libs/HDMIControl/HDMIUtil.cpp:int HDMI_SetAudioFormat2(VIDEO_RPC_VOUT_CONFIG_VIDEO_STANDARD, VIDEO_RPC_VOUT_CONFIG_TV_SYSTEM*, VIDEO_RPC_VOUT_CONFIG_TV_SYSTEM*, bool)(1524) ST new RPC new RPC new RPC
D/libRTKHDMIControl( 2721): 		[device/realtek/proprietary/libs/HDMIControl/HDMIUtil.cpp:1527,int HDMI_SetAudioFormat2(VIDEO_RPC_VOUT_CONFIG_VIDEO_STANDARD, VIDEO_RPC_VOUT_CONFIG_TV_SYSTEM*, VIDEO_RPC_VOUT_CONFIG_TV_SYSTEM*, bool)] 1,  standard = 25 
D/libRTKHDMIControl( 2721): 		[device/realtek/proprietary/libs/HDMIControl/HDMIUtil.cpp:1528,int HDMI_SetAudioFormat2(VIDEO_RPC_VOUT_CONFIG_VIDEO_STANDARD, VIDEO_RPC_VOUT_CONFIG_TV_SYSTEM*, VIDEO_RPC_VOUT_CONFIG_TV_SYSTEM*, bool)] 2,    enProg = 1 
D/libRTKHDMIControl( 2721): 		[device/realtek/proprietary/libs/HDMIControl/HDMIUtil.cpp:1529,int HDMI_SetAudioFormat2(VIDEO_RPC_VOUT_CONFIG_VIDEO_STANDARD, VIDEO_RPC_VOUT_CONFIG_TV_SYSTEM*, VIDEO_RPC_VOUT_CONFIG_TV_SYSTEM*, bool)] 3,     enDIF = 1 
D/libRTKHDMIControl( 2721): 		[device/realtek/proprietary/libs/HDMIControl/HDMIUtil.cpp:1530,int HDMI_SetAudioFormat2(VIDEO_RPC_VOUT_CONFIG_VIDEO_STANDARD, VIDEO_RPC_VOUT_CONFIG_TV_SYSTEM*, VIDEO_RPC_VOUT_CONFIG_TV_SYSTEM*, bool)] 4, enCompRGB = 0 
D/libRTKHDMIControl( 2721): 		[device/realtek/proprietary/libs/HDMIControl/HDMIUtil.cpp:1531,int HDMI_SetAudioFormat2(VIDEO_RPC_VOUT_CONFIG_VIDEO_STANDARD, VIDEO_RPC_VOUT_CONFIG_TV_SYSTEM*, VIDEO_RPC_VOUT_CONFIG_TV_SYSTEM*, bool)] 5,   pedType = 1 
D/libRTKHDMIControl( 2721): 		[device/realtek/proprietary/libs/HDMIControl/HDMIUtil.cpp:1532,int HDMI_SetAudioFormat2(VIDEO_RPC_VOUT_CONFIG_VIDEO_STANDARD, VIDEO_RPC_VOUT_CONFIG_TV_SYSTEM*, VIDEO_RPC_VOUT_CONFIG_TV_SYSTEM*, bool)] 6,  dataInt0 = 4 
D/libRTKHDMIControl( 2721): 		[device/realtek/proprietary/libs/HDMIControl/HDMIUtil.cpp:1533,int HDMI_SetAudioFormat2(VIDEO_RPC_VOUT_CONFIG_VIDEO_STANDARD, VIDEO_RPC_VOUT_CONFIG_TV_SYSTEM*, VIDEO_RPC_VOUT_CONFIG_TV_SYSTEM*, bool)] 7,  dataInt1 = 0 
D/libRTKHDMIControl( 2721): [HDMI]: device/realtek/proprietary/libs/HDMIControl/HDMIUtil.cpp:int HDMI_SetAudioFormat2(VIDEO_RPC_VOUT_CONFIG_VIDEO_STANDARD, VIDEO_RPC_VOUT_CONFIG_TV_SYSTEM*, VIDEO_RPC_VOUT_CONFIG_TV_SYSTEM*, bool)(1536) hdmiMode=1
D/libRTKHDMIControl( 2721): [HDMI]: device/realtek/proprietary/libs/HDMIControl/HDMIUtil.cpp:int HDMI_SetAudioFormat2(VIDEO_RPC_VOUT_CONFIG_VIDEO_STANDARD, VIDEO_RPC_VOUT_CONFIG_TV_SYSTEM*, VIDEO_RPC_VOUT_CONFIG_TV_SYSTEM*, bool)(1537) audioSampleFreq=3
D/libRTKHDMIControl( 2721): [HDMI]: device/realtek/proprietary/libs/HDMIControl/HDMIUtil.cpp:int HDMI_SetAudioFormat2(VIDEO_RPC_VOUT_CONFIG_VIDEO_STANDARD, VIDEO_RPC_VOUT_CONFIG_TV_SYSTEM*, VIDEO_RPC_VOUT_CONFIG_TV_SYSTEM*, bool)(1538) audioChannelCount=1
D/libRTKHDMIControl( 2721): [HDMI]: device/realtek/proprietary/libs/HDMIControl/HDMIUtil.cpp:int HDMI_SetAudioFormat2(VIDEO_RPC_VOUT_CONFIG_VIDEO_STANDARD, VIDEO_RPC_VOUT_CONFIG_TV_SYSTEM*, VIDEO_RPC_VOUT_CONFIG_TV_SYSTEM*, bool)(1539) dataByte1=64
D/libRTKHDMIControl( 2721): [HDMI]: device/realtek/proprietary/libs/HDMIControl/HDMIUtil.cpp:int HDMI_SetAudioFormat2(VIDEO_RPC_VOUT_CONFIG_VIDEO_STANDARD, VIDEO_RPC_VOUT_CONFIG_TV_SYSTEM*, VIDEO_RPC_VOUT_CONFIG_TV_SYSTEM*, bool)(1540) dataByte2=168
D/libRTKHDMIControl( 2721): [HDMI]: device/realtek/proprietary/libs/HDMIControl/HDMIUtil.cpp:int HDMI_SetAudioFormat2(VIDEO_RPC_VOUT_CONFIG_VIDEO_STANDARD, VIDEO_RPC_VOUT_CONFIG_TV_SYSTEM*, VIDEO_RPC_VOUT_CONFIG_TV_SYSTEM*, bool)(1541) dataByte3=0
D/libRTKHDMIControl( 2721): [HDMI]: device/realtek/proprietary/libs/HDMIControl/HDMIUtil.cpp:int HDMI_SetAudioFormat2(VIDEO_RPC_VOUT_CONFIG_VIDEO_STANDARD, VIDEO_RPC_VOUT_CONFIG_TV_SYSTEM*, VIDEO_RPC_VOUT_CONFIG_TV_SYSTEM*, bool)(1542) dataByte4=0
D/libRTKHDMIControl( 2721): [HDMI]: device/realtek/proprietary/libs/HDMIControl/HDMIUtil.cpp:int HDMI_SetAudioFormat2(VIDEO_RPC_VOUT_CONFIG_VIDEO_STANDARD, VIDEO_RPC_VOUT_CONFIG_TV_SYSTEM*, VIDEO_RPC_VOUT_CONFIG_TV_SYSTEM*, bool)(1543) dataByte5=0
D/libRTKHDMIControl( 2721): [HDMI]: device/realtek/proprietary/libs/HDMIControl/HDMIUtil.cpp:int HDMI_SetAudioFormat2(VIDEO_RPC_VOUT_CONFIG_VIDEO_STANDARD, VIDEO_RPC_VOUT_CONFIG_TV_SYSTEM*, VIDEO_RPC_VOUT_CONFIG_TV_SYSTEM*, bool)(1544) dataInt0=1
D/libRTKHDMIControl( 2721): [HDMI]: device/realtek/proprietary/libs/HDMIControl/HDMIUtil.cpp:int HDMI_SetAudioFormat2(VIDEO_RPC_VOUT_CONFIG_VIDEO_STANDARD, VIDEO_RPC_VOUT_CONFIG_TV_SYSTEM*, VIDEO_RPC_VOUT_CONFIG_TV_SYSTEM*, bool)(1546) videoInfo.enProg=1
D/        ( 2721):  enter hdmi_check_tmds_src
D/HDMI-Controller( 2721): [HDMI] LinkStatus: 2
D/libRTKHDMIControl( 2721): [HDMI / MHL]: device/realtek/proprietary/libs/HDMIControl/HDMIUtil.cpp:int HDMI_SetAudioFormat2(VIDEO_RPC_VOUT_CONFIG_VIDEO_STANDARD, VIDEO_RPC_VOUT_CONFIG_TV_SYSTEM*, VIDEO_RPC_VOUT_CONFIG_TV_SYSTEM*, bool)(1562) bUpdateVideo = 1 
D/libRTKHDMIControl( 2721): [HDMI / MHL]: video parameters different, need to do video setting.
D/libRTKHDMIControl( 2721): [HDMI / MHL]: video parameters different, need to do video setting.
D/libRTKHDMIControl( 2721): [HDMI / MHL]: video parameters different, need to do video setting.
D/libRTKHDMIControl( 2721): [HDMI]: send AVMute
D/HDMI-Controller( 2721): sendAVMute:  1
D/        ( 2721):  enter hdmi_send_avmute
E/NuPlayerRenderer( 2290): RNDR: dVA -262311 (dVAavg -232391), V 1076100155, A 1076362466, Asink 1076205184
I/NuPlayerDriver( 2290): notifyDuration: 0
D/HDMI-Controller( 2721): Enter HDMIController::configTVSystem()
D/        ( 2721):  enter hdmi_config_tv_system
D/libRTKHDMIControl( 2721): [HDMI]: device/realtek/proprietary/libs/HDMIControl/HDMIUtil.cpp:void getVidNameByTV(ENUM_VIDEO_SYSTEM, ENUM_VIDEO_STANDARD, int) (850) videoSystem=5 videoStandard=1
D/libRTKHDMIControl( 2721): [HDMI]: getVidNameByTV	=>  
D/libRTKHDMIControl( 2721): VIDEO_HD1080_60HZ	
D/libRTKHDMIControl( 2721): VIDEO_PROGRESSIVE	
D/libRTKHDMIControl( 2721): => 1080p 60Hz
D/libRTKHDMIControl( 2721): vid :16 is found in HDMI_EDID.VDB
D/libRTKHDMIControl( 2721): [HDMI] return vid: 16
D/libRTKHDMIControl( 2721): [HDMI] AUDIO use Input_I2S !!!!
E/UDPSource( 2290): in buffer: a[19, 10944] 456.000 ms, v[31, 439518] 1320.000 ms
E/UDPSource( 2290): in datasource: 414672916 bytes, extractor created ? 1
D/HDMI-Controller( 2721): restartHDMI: To be implemented later??
D/HDMI-Controller( 2721): VID=16=0x10 HDMI_Frequency=3
D/HDMI-Controller( 2721): [HDMI]: SET_HDMI_Frequency ST vid=0x10 HDMI_Freq=3
D/HDMI-Controller( 2721): [HDMI]: SET_HDMI_Frequency vid=0x10 HDMI_Freq=3 parameter the same, ignore it.
D/HDMI-Controller( 2721): sendAVMute:  0
D/        ( 2721):  enter hdmi_send_avmute
D/HDMI-Controller( 2721): HDMI DEVICE MODE: 1
D/libRTKHDMIControl( 2721): [HDMI]: HDMILipSyncMode = 1298	
D/libRTKHDMIControl( 2721): AUTO
D/libRTKHDMIControl( 2721): [HDMI]: HDMI Latency does not exist. Set 0 delay.
D/        ( 2721):  enter hdmi_audio_VSDB_data
D/libRTKHDMIControl( 2721): [HDMI]: Current VID = 0x10 = 16
D/libRTKHDMIControl( 2721): [HDMI]: OK! We are transmitting a video format that TV does support.
D/HDMI-Controller( 2721): HDMI DEVICE MODE: 1
D/libRTKHDMIControl( 2721): [HDMI]: Turn on HDMI AUDIO
D/HDMI-Controller( 2721): [HDMI]: Clear HDMI Audio Mute(Turn on AUDIO)
D/        ( 2721):  enter hdmi_send_audio_mute
D/HDMI-Controller( 2721): getTVSupportHDCP: To be implemented
D/libRTKHDMIControl( 2721): [HDMI]: device/realtek/proprietary/libs/HDMIControl/HDMIUtil.cpp:void getVidNameByTV(ENUM_VIDEO_SYSTEM, ENUM_VIDEO_STANDARD, int) (850) videoSystem=5 videoStandard=1
D/libRTKHDMIControl( 2721): [HDMI]: getVidNameByTV	=>  
D/libRTKHDMIControl( 2721): VIDEO_HD1080_60HZ	
D/libRTKHDMIControl( 2721): VIDEO_PROGRESSIVE	
D/libRTKHDMIControl( 2721): => 1080p 60Hz
D/libRTKHDMIControl( 2721): vid :16 is found in HDMI_EDID.VDB
D/libRTKHDMIControl( 2721): [HDMI] return vid: 16
D/libRTKHDMIControl( 2721): [HDMI] i 23 - HDMI_Video_List[i] 10
D/libRTKHDMIControl( 2721): [HDMI] HDMI_GetNextVideoListIndex 24
D/libRTKHDMIControl( 2721): [HDMI_CheckVideoFormat]: return vid: 16
D/VOUTUTIL( 2721): [device/realtek/proprietary/libs/hardware/VoutUtil/VoutUtil.cpp:195,HRESULT VoutUtil::SetTvSystem(VIDEO_RPC_VOUT_CONFIG_VIDEO_STANDARD, bool, ENUM_VIDEO_SYSTEM, u_char, VIDEO_RPC_VOUT_CONFIG_TV_SYSTEM*, VIDEO_RPC_VOUT_CONFIG_TV_SYSTEM*, bool)] Turn On VIDEO, both HDMI and CVBS OK
D/librealtek_runtime( 2721): Call VoutUtil::instance().ApplyVoutDisplayWindowSetup.
D/VOUTUTIL( 2721): set rect to rect1080
D/VOUTUTIL( 2721): set rtk.hwc.v1.reset to 1
D/VOUTUTIL( 2721): isZoom: 0
D/librealtek_runtime( 2721): [device/realtek/frameworks/services/jni/com_realtek_server_RtkHDMIService.cpp:948:void android::reloadTVSystem()] compare current TV system & Nand data , result = 1 
D/librealtek_runtime( 2721): [device/realtek/frameworks/services/jni/com_realtek_server_RtkHDMIService.cpp:951:void android::reloadTVSystem()] write to NAND START................ 
D/libRTKHDMIControl( 2721): 
D/libRTKHDMIControl( 2721): 
D/libRTKHDMIControl( 2721): 
D/libRTKHDMIControl( 2721): [checkNandTvSystem] Enter..........UPDATE_NAND_TYPE=2 
D/libRTKHDMIControl( 2721): 
D/libRTKHDMIControl( 2721): [checkNandTvSystem] orgNandPath=/tmp/factory/video_rpc_org.bin 
D/libRTKHDMIControl( 2721): 
D/libRTKHDMIControl( 2721): [checkNandTvSystem]: start to update to NAND.... 
D/libRTKHDMIControl( 2721): 
D/libRTKHDMIControl( 2721): [checkNandTvSystem] write org-data to file = /tmp/factory/video_rpc_org.bin 
D/libRTKHDMIControl( 2721): 
D/libRTKHDMIControl( 2721): [device/realtek/proprietary/libs/HDMIControl/HDMIUtil.cpp:2948:bool checkNandTVSystem(VIDEO_RPC_VOUT_CONFIG_TV_SYSTEM*, UPDATE_NAND_TYPE)].cmd=factory save
D/libRTKHDMIControl( 2721): ctl.start - factory:save
E/SettingsService( 2721): Exception: SettingsNotFound - realtek_setup_screen_zoom_on
V/hwcomposer( 2287): hwc_vo_layer_scaler Query DisplayWin! V1 [1920 x 1080]
V/hwcomposer( 2287): hwc_vo_layer_scaler [1280 x 558] => [1280 x 558]
E/NuPlayerRenderer( 2290): RNDR: dVA -262311 (dVAavg -232391), V 1076100155, A 1076362466, Asink 1076205184
E/NuPlayerRenderer( 2290): RNDR: dVA -262311 (dVAavg -232391), V 1076100155, A 1076362466, Asink 1076205184
I/NuPlayerDriver( 2290): notifyDuration: 0
E/UDPSource( 2290): in buffer: a[19, 10944] 456.000 ms, v[31, 439518] 1320.000 ms
E/UDPSource( 2290): in datasource: 414672916 bytes, extractor created ? 1
D/libRTKHDMIControl( 2721): [checkNandTvSystem]: after Update to NAND. isTheSame=0 --- END! 
D/librealtek_runtime( 2721): [device/realtek/frameworks/services/jni/com_realtek_server_RtkHDMIService.cpp:953:void android::reloadTVSystem()] write to NAND END................ 
V/RtkVoutUtilManager( 2721): RtkVoutUtilManager::isZooming()
W/AudioPolicyManagerBase( 2290): checkOutputsForDevice(): No output available for device 0400
W/RtkHDMIService( 2721): handleHotPlug hdcpEnabledByConfig =false
W/RtkHDMIService( 2721): handleHotPlug bHDCP =true
I/RtkCECService( 2721): Got HDMI plug event [true]
V/WiredAccessoryManager( 2721): device hdmi connected
E/NuPlayerRenderer( 2290): RNDR: dVA -262311 (dVAavg -232391), V 1076100155, A 1076362466, Asink 1076205184
E/NuPlayerRenderer( 2290): RNDR: dVA -262311 (dVAavg -232391), V 1076100155, A 1076362466, Asink 1076205184
I/NuPlayerDriver( 2290): notifyDuration: 0
E/UDPSource( 2290): in buffer: a[19, 10944] 456.000 ms, v[31, 439518] 1320.000 ms
E/UDPSource( 2290): in datasource: 414672916 bytes, extractor created ? 1
E/NuPlayerRenderer( 2290): RNDR: dVA -262311 (dVAavg -232391), V 1076100155, A 1076362466, Asink 1076205184
V/librealtek_runtime( 2721): RtkCECJNI: RtkCECService_HDMIHotPlug
I/[CEC] AP INFO,( 2721): [device/realtek/frameworks/services/jni/CEC/CECAPBridgeImpl.cpp,int CECAPBridgeImpl::CallBack_hdmi_event(bool),907] CallBack_hdmi_event.
I/[CEC] AP INFO,( 2721): 
I/[CEC] AP INFO,( 2721): 
I/[CEC] AP INFO,( 2721): 
I/[CEC] AP INFO,( 2721): Got HDMI Address : PLUG IN PA=2000
I/[CEC] AP INFO,( 2721): *******************************************
I/[CEC] AP INFO,( 2721):  
I/[CEC] AP INFO,( 2721): Got HDMIThreadEvent, getHDMISourceAddress
I/[CEC] AP INFO,( 2721):  
I/[CEC] AP INFO,( 2721): CECAPBridgeImpl::doUpdatePhysicalAddress(2000, ffff)
I/[CEC] AP INFO,( 2721): *******************************************
I/[CEC] AP INFO,( 2721):  
E/NuPlayerRenderer( 2290): RNDR: dVA -262311 (dVAavg -232391), V 1076100155, A 1076362466, Asink 1076205184
I/NuPlayerDriver( 2290): notifyDuration: 0
E/UDPSource( 2290): in buffer: a[19, 10944] 456.000 ms, v[31, 439518] 1320.000 ms
E/UDPSource( 2290): in datasource: 414672916 bytes, extractor created ? 1
E/NuPlayerRenderer( 2290): RNDR: dVA -262311 (dVAavg -232391), V 1076100155, A 1076362466, Asink 1076205184
D/HDMI-Controller( 2721): HDMIController::isSinkConnected: 1
D/        ( 2721):  enter hdmi_check_rx_sense
D/HDMI-Controller( 2721): HDMIController::checkRxSense: 0
W/librealtek_runtime( 2721): stopAllClientsOfMediaPlayerService: try to stop all clients of mediaserver...
W/AudioCache( 2290): MediaPlayerService::stopAllClients CALLED
D/WindowManager( 2721): HDMIStateChangedReceviver: ready = false
D/WindowManager( 2721): Left second to nothing: 30 sec
D/RtkHDMIService( 2721): HDMI_STATUS_CHANGED: HDMI_READY = false
E/NuPlayerRenderer( 2290): RNDR: dVA -262311 (dVAavg -232391), V 1076100155, A 1076362466, Asink 1076205184
I/NuPlayerDriver( 2290): notifyDuration: 0
E/UDPSource( 2290): in buffer: a[19, 10944] 456.000 ms, v[31, 439518] 1320.000 ms
E/UDPSource( 2290): in datasource: 414672916 bytes, extractor created ? 1
E/NuPlayerRenderer( 2290): RNDR: dVA -262311 (dVAavg -232391), V 1076100155, A 1076362466, Asink 1076205184
E/NuPlayerRenderer( 2290): RNDR: dVA -262311 (dVAavg -232391), V 1076100155, A 1076362466, Asink 1076205184
I/NuPlayerDriver( 2290): notifyDuration: 0
E/UDPSource( 2290): in buffer: a[19, 10944] 456.000 ms, v[31, 439518] 1320.000 ms
E/UDPSource( 2290): in datasource: 414672916 bytes, extractor created ? 1
E/NuPlayerRenderer( 2290): RNDR: dVA -262311 (dVAavg -232391), V 1076100155, A 1076362466, Asink 1076205184
E/NuPlayerRenderer( 2290): RNDR: dVA -262311 (dVAavg -232391), V 1076100155, A 1076362466, Asink 1076205184
I/NuPlayerDriver( 2290): notifyDuration: 0
E/UDPSource( 2290): in buffer: a[19, 10944] 456.000 ms, v[31, 439518] 1320.000 ms
E/UDPSource( 2290): in datasource: 414672916 bytes, extractor created ? 1
E/NuPlayerRenderer( 2290): RNDR: dVA -262311 (dVAavg -232391), V 1076100155, A 1076362466, Asink 1076205184
E/NuPlayerRenderer( 2290): RNDR: dVA -262311 (dVAavg -232391), V 1076100155, A 1076362466, Asink 1076205184
I/NuPlayerDriver( 2290): notifyDuration: 0
E/UDPSource( 2290): in buffer: a[19, 10944] 456.000 ms, v[31, 439518] 1320.000 ms
E/UDPSource( 2290): in datasource: 414672916 bytes, extractor created ? 1
E/NuPlayerRenderer( 2290): RNDR: dVA -262311 (dVAavg -232391), V 1076100155, A 1076362466, Asink 1076205184
E/NuPlayerRenderer( 2290): RNDR: dVA -262311 (dVAavg -232391), V 1076100155, A 1076362466, Asink 1076205184
I/NuPlayerDriver( 2290): notifyDuration: 0
E/UDPSource( 2290): in buffer: a[19, 10944] 456.000 ms, v[31, 439518] 1320.000 ms
E/UDPSource( 2290): in datasource: 414672916 bytes, extractor created ? 1
D/UpdateService( 2940): Trying to update. isFirstStartUpdate: false
E/NuPlayerRenderer( 2290): RNDR: dVA -262311 (dVAavg -232391), V 1076100155, A 1076362466, Asink 1076205184
D/WindowManager( 2721): Left second to nothing: 24 sec
E/NuPlayerRenderer( 2290): RNDR: dVA -262311 (dVAavg -232391), V 1076100155, A 1076362466, Asink 1076205184
I/NuPlayerDriver( 2290): notifyDuration: 0
E/UDPSource( 2290): in buffer: a[19, 10944] 456.000 ms, v[31, 439518] 1320.000 ms
E/UDPSource( 2290): in datasource: 414672916 bytes, extractor created ? 1
E/NuPlayerRenderer( 2290): RNDR: dVA -262311 (dVAavg -232391), V 1076100155, A 1076362466, Asink 1076205184
E/NuPlayerRenderer( 2290): RNDR: dVA -262311 (dVAavg -232391), V 1076100155, A 1076362466, Asink 1076205184
I/NuPlayerDriver( 2290): notifyDuration: 0
E/UDPSource( 2290): in buffer: a[19, 10944] 456.000 ms, v[31, 439518] 1320.000 ms
E/UDPSource( 2290): in datasource: 414672916 bytes, extractor created ? 1
E/NuPlayerRenderer( 2290): RNDR: dVA -262311 (dVAavg -232391), V 1076100155, A 1076362466, Asink 1076205184
E/NuPlayerRenderer( 2290): RNDR: dVA -262311 (dVAavg -232391), V 1076100155, A 1076362466, Asink 1076205184
I/NuPlayerDriver( 2290): notifyDuration: 0
E/UDPSource( 2290): in buffer: a[19, 10944] 456.000 ms, v[31, 439518] 1320.000 ms
E/UDPSource( 2290): in datasource: 414672916 bytes, extractor created ? 1
E/NuPlayerRenderer( 2290): RNDR: dVA -262311 (dVAavg -232391), V 1076100155, A 1076362466, Asink 1076205184
E/NuPlayerRenderer( 2290): RNDR: dVA -262311 (dVAavg -232391), V 1076100155, A 1076362466, Asink 1076205184
I/NuPlayerDriver( 2290): notifyDuration: 0
E/UDPSource( 2290): in buffer: a[19, 10944] 456.000 ms, v[31, 439518] 1320.000 ms
E/UDPSource( 2290): in datasource: 414672916 bytes, extractor created ? 1
E/NuPlayerRenderer( 2290): RNDR: dVA -262311 (dVAavg -232391), V 1076100155, A 1076362466, Asink 1076205184
E/NuPlayerRenderer( 2290): RNDR: dVA -262311 (dVAavg -232391), V 1076100155, A 1076362466, Asink 1076205184
I/NuPlayerDriver( 2290): notifyDuration: 0
E/UDPSource( 2290): in buffer: a[19, 10944] 456.000 ms, v[31, 439518] 1320.000 ms
E/UDPSource( 2290): in datasource: 414672916 bytes, extractor created ? 1
E/NuPlayerRenderer( 2290): RNDR: dVA -262311 (dVAavg -232391), V 1076100155, A 1076362466, Asink 1076205184
D/HDMI-Controller( 2721): HDMIController::isSinkConnected: 1
D/        ( 2721):  enter hdmi_check_rx_sense
D/HDMI-Controller( 2721): HDMIController::checkRxSense: 0
D/WindowManager( 2721): Left second to nothing: 19 sec
E/NuPlayerRenderer( 2290): RNDR: dVA -262311 (dVAavg -232391), V 1076100155, A 1076362466, Asink 1076205184
I/NuPlayerDriver( 2290): notifyDuration: 0
E/UDPSource( 2290): in buffer: a[19, 10944] 456.000 ms, v[31, 439518] 1320.000 ms
E/UDPSource( 2290): in datasource: 414672916 bytes, extractor created ? 1
E/NuPlayerRenderer( 2290): RNDR: dVA -262311 (dVAavg -232391), V 1076100155, A 1076362466, Asink 1076205184
E/NuPlayerRenderer( 2290): RNDR: dVA -262311 (dVAavg -232391), V 1076100155, A 1076362466, Asink 1076205184
I/NuPlayerDriver( 2290): notifyDuration: 0
E/UDPSource( 2290): in buffer: a[19, 10944] 456.000 ms, v[31, 439518] 1320.000 ms
E/UDPSource( 2290): in datasource: 414672916 bytes, extractor created ? 1
E/NuPlayerRenderer( 2290): RNDR: dVA -262311 (dVAavg -232391), V 1076100155, A 1076362466, Asink 1076205184
E/NuPlayerRenderer( 2290): RNDR: dVA -262311 (dVAavg -232391), V 1076100155, A 1076362466, Asink 1076205184
I/NuPlayerDriver( 2290): notifyDuration: 0
E/UDPSource( 2290): in buffer: a[19, 10944] 456.000 ms, v[31, 439518] 1320.000 ms
E/UDPSource( 2290): in datasource: 414672916 bytes, extractor created ? 1
E/NuPlayerRenderer( 2290): RNDR: dVA -262311 (dVAavg -232391), V 1076100155, A 1076362466, Asink 1076205184
E/NuPlayerRenderer( 2290): RNDR: dVA -262311 (dVAavg -232391), V 1076100155, A 1076362466, Asink 1076205184
I/NuPlayerDriver( 2290): notifyDuration: 0
E/UDPSource( 2290): in buffer: a[19, 10944] 456.000 ms, v[31, 439518] 1320.000 ms
E/UDPSource( 2290): in datasource: 414672916 bytes, extractor created ? 1
E/NuPlayerRenderer( 2290): RNDR: dVA -262311 (dVAavg -232391), V 1076100155, A 1076362466, Asink 1076205184
W/QmsJsonHttpSender( 2992): Send data is failed (Unable to resolve host "qms.local": No address associated with hostname)
E/NuPlayerRenderer( 2290): RNDR: dVA -262311 (dVAavg -232391), V 1076100155, A 1076362466, Asink 1076205184
I/NuPlayerDriver( 2290): notifyDuration: 0
E/UDPSource( 2290): in buffer: a[19, 10944] 456.000 ms, v[31, 439518] 1320.000 ms
E/UDPSource( 2290): in datasource: 414672916 bytes, extractor created ? 1
E/NuPlayerRenderer( 2290): RNDR: dVA -262311 (dVAavg -232391), V 1076100155, A 1076362466, Asink 1076205184
D/WindowManager( 2721): Left second to nothing: 14 sec
E/NuPlayerRenderer( 2290): RNDR: dVA -262311 (dVAavg -232391), V 1076100155, A 1076362466, Asink 1076205184
I/NuPlayerDriver( 2290): notifyDuration: 0
E/UDPSource( 2290): in buffer: a[19, 10944] 456.000 ms, v[31, 439518] 1320.000 ms
E/UDPSource( 2290): in datasource: 414672916 bytes, extractor created ? 1
E/NuPlayerRenderer( 2290): RNDR: dVA -262311 (dVAavg -232391), V 1076100155, A 1076362466, Asink 1076205184
I/NuPlayerDriver( 2290): notifyDuration: 0
E/NuPlayerRenderer( 2290): RNDR: dVA -262311 (dVAavg -232391), V 1076100155, A 1076362466, Asink 1076205184
E/UDPSource( 2290): in buffer: a[19, 10944] 456.000 ms, v[31, 439518] 1320.000 ms
E/UDPSource( 2290): in datasource: 414672916 bytes, extractor created ? 1
E/NuPlayerRenderer( 2290): RNDR: dVA -262311 (dVAavg -232391), V 1076100155, A 1076362466, Asink 1076205184
I/NuPlayerDriver( 2290): notifyDuration: 0
E/NuPlayerRenderer( 2290): RNDR: dVA -262311 (dVAavg -232391), V 1076100155, A 1076362466, Asink 1076205184
E/UDPSource( 2290): in buffer: a[19, 10944] 456.000 ms, v[31, 439518] 1320.000 ms
E/UDPSource( 2290): in datasource: 414672916 bytes, extractor created ? 1
E/NuPlayerRenderer( 2290): RNDR: dVA -262311 (dVAavg -232391), V 1076100155, A 1076362466, Asink 1076205184
I/NuPlayerDriver( 2290): notifyDuration: 0
E/NuPlayerRenderer( 2290): RNDR: dVA -262311 (dVAavg -232391), V 1076100155, A 1076362466, Asink 1076205184
E/UDPSource( 2290): in buffer: a[19, 10944] 456.000 ms, v[31, 439518] 1320.000 ms
E/UDPSource( 2290): in datasource: 414672916 bytes, extractor created ? 1
E/NuPlayerRenderer( 2290): RNDR: dVA -262311 (dVAavg -232391), V 1076100155, A 1076362466, Asink 1076205184
I/NuPlayerDriver( 2290): notifyDuration: 0
E/NuPlayerRenderer( 2290): RNDR: dVA -262311 (dVAavg -232391), V 1076100155, A 1076362466, Asink 1076205184
E/UDPSource( 2290): in buffer: a[19, 10944] 456.000 ms, v[31, 439518] 1320.000 ms
E/UDPSource( 2290): in datasource: 414672916 bytes, extractor created ? 1
E/NuPlayerRenderer( 2290): RNDR: dVA -262311 (dVAavg -232391), V 1076100155, A 1076362466, Asink 1076205184
D/HDMI-Controller( 2721): HDMIController::isSinkConnected: 1
D/        ( 2721):  enter hdmi_check_rx_sense
D/HDMI-Controller( 2721): HDMIController::checkRxSense: 0
D/WindowManager( 2721): Left second to nothing: 9 sec
I/NuPlayerDriver( 2290): notifyDuration: 0
E/NuPlayerRenderer( 2290): RNDR: dVA -262311 (dVAavg -232391), V 1076100155, A 1076362466, Asink 1076205184
E/UDPSource( 2290): in buffer: a[19, 10944] 456.000 ms, v[31, 439518] 1320.000 ms
E/UDPSource( 2290): in datasource: 414672916 bytes, extractor created ? 1
E/NuPlayerRenderer( 2290): RNDR: dVA -262311 (dVAavg -232391), V 1076100155, A 1076362466, Asink 1076205184
I/NuPlayerDriver( 2290): notifyDuration: 0
E/NuPlayerRenderer( 2290): RNDR: dVA -262311 (dVAavg -232391), V 1076100155, A 1076362466, Asink 1076205184
E/UDPSource( 2290): in buffer: a[19, 10944] 456.000 ms, v[31, 439518] 1320.000 ms
E/UDPSource( 2290): in datasource: 414672916 bytes, extractor created ? 1
E/NuPlayerRenderer( 2290): RNDR: dVA -262311 (dVAavg -232391), V 1076100155, A 1076362466, Asink 1076205184
I/NuPlayerDriver( 2290): notifyDuration: 0
E/NuPlayerRenderer( 2290): RNDR: dVA -262311 (dVAavg -232391), V 1076100155, A 1076362466, Asink 1076205184
E/UDPSource( 2290): in buffer: a[19, 10944] 456.000 ms, v[31, 439518] 1320.000 ms
E/UDPSource( 2290): in datasource: 414672916 bytes, extractor created ? 1
E/NuPlayerRenderer( 2290): RNDR: dVA -262311 (dVAavg -232391), V 1076100155, A 1076362466, Asink 1076205184
I/NuPlayerDriver( 2290): notifyDuration: 0
E/NuPlayerRenderer( 2290): RNDR: dVA -262311 (dVAavg -232391), V 1076100155, A 1076362466, Asink 1076205184
E/UDPSource( 2290): in buffer: a[19, 10944] 456.000 ms, v[31, 439518] 1320.000 ms
E/UDPSource( 2290): in datasource: 414672916 bytes, extractor created ? 1
E/NuPlayerRenderer( 2290): RNDR: dVA -262311 (dVAavg -232391), V 1076100155, A 1076362466, Asink 1076205184
I/NuPlayerDriver( 2290): notifyDuration: 0
E/NuPlayerRenderer( 2290): RNDR: dVA -262311 (dVAavg -232391), V 1076100155, A 1076362466, Asink 1076205184
E/UDPSource( 2290): in buffer: a[19, 10944] 456.000 ms, v[31, 439518] 1320.000 ms
E/UDPSource( 2290): in datasource: 414672916 bytes, extractor created ? 1
D/UpdateService( 2940): Trying to update. isFirstStartUpdate: false
E/NuPlayerRenderer( 2290): RNDR: dVA -262311 (dVAavg -232391), V 1076100155, A 1076362466, Asink 1076205184
I/NuPlayerDriver( 2290): notifyDuration: 0
E/NuPlayerRenderer( 2290): RNDR: dVA -262311 (dVAavg -232391), V 1076100155, A 1076362466, Asink 1076205184
E/UDPSource( 2290): in buffer: a[19, 10944] 456.000 ms, v[31, 439518] 1320.000 ms
E/UDPSource( 2290): in datasource: 414672916 bytes, extractor created ? 1
E/NuPlayerRenderer( 2290): RNDR: dVA -262311 (dVAavg -232391), V 1076100155, A 1076362466, Asink 1076205184
I/NuPlayerDriver( 2290): notifyDuration: 0
E/NuPlayerRenderer( 2290): RNDR: dVA -262311 (dVAavg -232391), V 1076100155, A 1076362466, Asink 1076205184
E/UDPSource( 2290): in buffer: a[19, 10944] 456.000 ms, v[31, 439518] 1320.000 ms
E/UDPSource( 2290): in datasource: 414672916 bytes, extractor created ? 1
E/NuPlayerRenderer( 2290): RNDR: dVA -262311 (dVAavg -232391), V 1076100155, A 1076362466, Asink 1076205184
I/NuPlayerDriver( 2290): notifyDuration: 0
E/NuPlayerRenderer( 2290): RNDR: dVA -262311 (dVAavg -232391), V 1076100155, A 1076362466, Asink 1076205184
E/UDPSource( 2290): in buffer: a[19, 10944] 456.000 ms, v[31, 439518] 1320.000 ms
E/UDPSource( 2290): in datasource: 414672916 bytes, extractor created ? 1
E/NuPlayerRenderer( 2290): RNDR: dVA -262311 (dVAavg -232391), V 1076100155, A 1076362466, Asink 1076205184
I/NuPlayerDriver( 2290): notifyDuration: 0
E/NuPlayerRenderer( 2290): RNDR: dVA -262311 (dVAavg -232391), V 1076100155, A 1076362466, Asink 1076205184
E/UDPSource( 2290): in buffer: a[19, 10944] 456.000 ms, v[31, 439518] 1320.000 ms
E/UDPSource( 2290): in datasource: 414672916 bytes, extractor created ? 1
E/NuPlayerRenderer( 2290): RNDR: dVA -262311 (dVAavg -232391), V 1076100155, A 1076362466, Asink 1076205184
I/NuPlayerDriver( 2290): notifyDuration: 0
E/NuPlayerRenderer( 2290): RNDR: dVA -262311 (dVAavg -232391), V 1076100155, A 1076362466, Asink 1076205184
E/UDPSource( 2290): in buffer: a[19, 10944] 456.000 ms, v[31, 439518] 1320.000 ms
E/UDPSource( 2290): in datasource: 414672916 bytes, extractor created ? 1
E/NuPlayerRenderer( 2290): RNDR: dVA -262311 (dVAavg -232391), V 1076100155, A 1076362466, Asink 1076205184
D/HDMI-Controller( 2721): HDMIController::isSinkConnected: 1
D/        ( 2721):  enter hdmi_check_rx_sense
D/HDMI-Controller( 2721): HDMIController::checkRxSense: 0
D/WindowManager( 2721): behaviorAfterTVOff = nothing
I/NuPlayerDriver( 2290): notifyDuration: 0
E/NuPlayerRenderer( 2290): RNDR: dVA -262311 (dVAavg -232391), V 1076100155, A 1076362466, Asink 1076205184
E/UDPSource( 2290): in buffer: a[19, 10944] 456.000 ms, v[31, 439518] 1320.000 ms
E/UDPSource( 2290): in datasource: 414672916 bytes, extractor created ? 1
E/NuPlayerRenderer( 2290): RNDR: dVA -262311 (dVAavg -232391), V 1076100155, A 1076362466, Asink 1076205184
I/NuPlayerDriver( 2290): notifyDuration: 0
E/NuPlayerRenderer( 2290): RNDR: dVA -262311 (dVAavg -232391), V 1076100155, A 1076362466, Asink 1076205184
E/UDPSource( 2290): in buffer: a[19, 10944] 456.000 ms, v[31, 439518] 1320.000 ms
E/UDPSource( 2290): in datasource: 414672916 bytes, extractor created ? 1
E/NuPlayerRenderer( 2290): RNDR: dVA -262311 (dVAavg -232391), V 1076100155, A 1076362466, Asink 1076205184
I/NuPlayerDriver( 2290): notifyDuration: 0
E/NuPlayerRenderer( 2290): RNDR: dVA -262311 (dVAavg -232391), V 1076100155, A 1076362466, Asink 1076205184
E/UDPSource( 2290): in buffer: a[19, 10944] 456.000 ms, v[31, 439518] 1320.000 ms
E/UDPSource( 2290): in datasource: 414672916 bytes, extractor created ? 1
E/NuPlayerRenderer( 2290): RNDR: dVA -262311 (dVAavg -232391), V 1076100155, A 1076362466, Asink 1076205184
I/NuPlayerDriver( 2290): notifyDuration: 0
E/NuPlayerRenderer( 2290): RNDR: dVA -262311 (dVAavg -232391), V 1076100155, A 1076362466, Asink 1076205184
E/UDPSource( 2290): in buffer: a[19, 10944] 456.000 ms, v[31, 439518] 1320.000 ms
E/UDPSource( 2290): in datasource: 414672916 bytes, extractor created ? 1
E/NuPlayerRenderer( 2290): RNDR: dVA -262311 (dVAavg -232391), V 1076100155, A 1076362466, Asink 1076205184
D/dalvikvm( 2721): GC_CONCURRENT freed 1957K, 24% free 7031K/9192K, paused 2ms+5ms, total 45ms
I/NuPlayerDriver( 2290): notifyDuration: 0
E/NuPlayerRenderer( 2290): RNDR: dVA -262311 (dVAavg -232391), V 1076100155, A 1076362466, Asink 1076205184
E/UDPSource( 2290): in buffer: a[19, 10944] 456.000 ms, v[31, 439518] 1320.000 ms
E/UDPSource( 2290): in datasource: 414672916 bytes, extractor created ? 1
E/NuPlayerRenderer( 2290): RNDR: dVA -262311 (dVAavg -232391), V 1076100155, A 1076362466, Asink 1076205184
I/NuPlayerDriver( 2290): notifyDuration: 0
E/NuPlayerRenderer( 2290): RNDR: dVA -262311 (dVAavg -232391), V 1076100155, A 1076362466, Asink 1076205184
E/UDPSource( 2290): in buffer: a[19, 10944] 456.000 ms, v[31, 439518] 1320.000 ms
E/UDPSource( 2290): in datasource: 414672916 bytes, extractor created ? 1
E/NuPlayerRenderer( 2290): RNDR: dVA -262311 (dVAavg -232391), V 1076100155, A 1076362466, Asink 1076205184
I/NuPlayerDriver( 2290): notifyDuration: 0
E/NuPlayerRenderer( 2290): RNDR: dVA -262311 (dVAavg -232391), V 1076100155, A 1076362466, Asink 1076205184
E/UDPSource( 2290): in buffer: a[19, 10944] 456.000 ms, v[31, 439518] 1320.000 ms
E/UDPSource( 2290): in datasource: 414672916 bytes, extractor created ? 1
E/NuPlayerRenderer( 2290): RNDR: dVA -262311 (dVAavg -232391), V 1076100155, A 1076362466, Asink 1076205184
I/NuPlayerDriver( 2290): notifyDuration: 0
E/NuPlayerRenderer( 2290): RNDR: dVA -262311 (dVAavg -232391), V 1076100155, A 1076362466, Asink 1076205184
E/UDPSource( 2290): in buffer: a[19, 10944] 456.000 ms, v[31, 439518] 1320.000 ms
E/UDPSource( 2290): in datasource: 414672916 bytes, extractor created ? 1
E/NuPlayerRenderer( 2290): RNDR: dVA -262311 (dVAavg -232391), V 1076100155, A 1076362466, Asink 1076205184
I/NuPlayerDriver( 2290): notifyDuration: 0
E/NuPlayerRenderer( 2290): RNDR: dVA -262311 (dVAavg -232391), V 1076100155, A 1076362466, Asink 1076205184
E/UDPSource( 2290): in buffer: a[19, 10944] 456.000 ms, v[31, 439518] 1320.000 ms
E/UDPSource( 2290): in datasource: 414672916 bytes, extractor created ? 1
E/NuPlayerRenderer( 2290): RNDR: dVA -262311 (dVAavg -232391), V 1076100155, A 1076362466, Asink 1076205184
I/NuPlayerDriver( 2290): notifyDuration: 0
E/NuPlayerRenderer( 2290): RNDR: dVA -262311 (dVAavg -232391), V 1076100155, A 1076362466, Asink 1076205184
E/UDPSource( 2290): in buffer: a[19, 10944] 456.000 ms, v[31, 439518] 1320.000 ms
E/UDPSource( 2290): in datasource: 414672916 bytes, extractor created ? 1
E/NuPlayerRenderer( 2290): RNDR: dVA -262311 (dVAavg -232391), V 1076100155, A 1076362466, Asink 1076205184
D/HDMI-Controller( 2721): HDMIController::isSinkConnected: 1
D/        ( 2721):  enter hdmi_check_rx_sense
D/HDMI-Controller( 2721): HDMIController::checkRxSense: 0
I/NuPlayerDriver( 2290): notifyDuration: 0
E/NuPlayerRenderer( 2290): RNDR: dVA -262311 (dVAavg -232391), V 1076100155, A 1076362466, Asink 1076205184
E/UDPSource( 2290): in buffer: a[19, 10944] 456.000 ms, v[31, 439518] 1320.000 ms
E/UDPSource( 2290): in datasource: 414672916 bytes, extractor created ? 1
E/NuPlayerRenderer( 2290): RNDR: dVA -262311 (dVAavg -232391), V 1076100155, A 1076362466, Asink 1076205184
I/NuPlayerDriver( 2290): notifyDuration: 0
E/NuPlayerRenderer( 2290): RNDR: dVA -262311 (dVAavg -232391), V 1076100155, A 1076362466, Asink 1076205184
E/UDPSource( 2290): in buffer: a[19, 10944] 456.000 ms, v[31, 439518] 1320.000 ms
E/UDPSource( 2290): in datasource: 414672916 bytes, extractor created ? 1
E/NuPlayerRenderer( 2290): RNDR: dVA -262311 (dVAavg -232391), V 1076100155, A 1076362466, Asink 1076205184
I/NuPlayerDriver( 2290): notifyDuration: 0
E/NuPlayerRenderer( 2290): RNDR: dVA -262311 (dVAavg -232391), V 1076100155, A 1076362466, Asink 1076205184
E/UDPSource( 2290): in buffer: a[19, 10944] 456.000 ms, v[31, 439518] 1320.000 ms
E/UDPSource( 2290): in datasource: 414672916 bytes, extractor created ? 1
E/NuPlayerRenderer( 2290): RNDR: dVA -262311 (dVAavg -232391), V 1076100155, A 1076362466, Asink 1076205184
I/NuPlayerDriver( 2290): notifyDuration: 0
E/NuPlayerRenderer( 2290): RNDR: dVA -262311 (dVAavg -232391), V 1076100155, A 1076362466, Asink 1076205184
E/UDPSource( 2290): in buffer: a[19, 10944] 456.000 ms, v[31, 439518] 1320.000 ms
E/UDPSource( 2290): in datasource: 414672916 bytes, extractor created ? 1
E/NuPlayerRenderer( 2290): RNDR: dVA -262311 (dVAavg -232391), V 1076100155, A 1076362466, Asink 1076205184
I/NuPlayerDriver( 2290): notifyDuration: 0
E/NuPlayerRenderer( 2290): RNDR: dVA -262311 (dVAavg -232391), V 1076100155, A 1076362466, Asink 1076205184
E/UDPSource( 2290): in buffer: a[19, 10944] 456.000 ms, v[31, 439518] 1320.000 ms
E/UDPSource( 2290): in datasource: 414672916 bytes, extractor created ? 1
D/UpdateService( 2940): Trying to update. isFirstStartUpdate: false
E/NuPlayerRenderer( 2290): RNDR: dVA -262311 (dVAavg -232391), V 1076100155, A 1076362466, Asink 1076205184
I/NuPlayerDriver( 2290): notifyDuration: 0
E/NuPlayerRenderer( 2290): RNDR: dVA -262311 (dVAavg -232391), V 1076100155, A 1076362466, Asink 1076205184
E/UDPSource( 2290): in buffer: a[19, 10944] 456.000 ms, v[31, 439518] 1320.000 ms
E/UDPSource( 2290): in datasource: 414672916 bytes, extractor created ? 1
E/NuPlayerRenderer( 2290): RNDR: dVA -262311 (dVAavg -232391), V 1076100155, A 1076362466, Asink 1076205184
I/NuPlayerDriver( 2290): notifyDuration: 0
E/NuPlayerRenderer( 2290): RNDR: dVA -262311 (dVAavg -232391), V 1076100155, A 1076362466, Asink 1076205184
E/UDPSource( 2290): in buffer: a[19, 10944] 456.000 ms, v[31, 439518] 1320.000 ms
E/UDPSource( 2290): in datasource: 414672916 bytes, extractor created ? 1
E/NuPlayerRenderer( 2290): RNDR: dVA -262311 (dVAavg -232391), V 1076100155, A 1076362466, Asink 1076205184
I/NuPlayerDriver( 2290): notifyDuration: 0
E/NuPlayerRenderer( 2290): RNDR: dVA -262311 (dVAavg -232391), V 1076100155, A 1076362466, Asink 1076205184
E/UDPSource( 2290): in buffer: a[19, 10944] 456.000 ms, v[31, 439518] 1320.000 ms
E/UDPSource( 2290): in datasource: 414672916 bytes, extractor created ? 1
E/NuPlayerRenderer( 2290): RNDR: dVA -262311 (dVAavg -232391), V 1076100155, A 1076362466, Asink 1076205184
I/NuPlayerDriver( 2290): notifyDuration: 0
E/NuPlayerRenderer( 2290): RNDR: dVA -262311 (dVAavg -232391), V 1076100155, A 1076362466, Asink 1076205184
E/UDPSource( 2290): in buffer: a[19, 10944] 456.000 ms, v[31, 439518] 1320.000 ms
E/UDPSource( 2290): in datasource: 414672916 bytes, extractor created ? 1
E/NuPlayerRenderer( 2290): RNDR: dVA -262311 (dVAavg -232391), V 1076100155, A 1076362466, Asink 1076205184
I/NuPlayerDriver( 2290): notifyDuration: 0
E/NuPlayerRenderer( 2290): RNDR: dVA -262311 (dVAavg -232391), V 1076100155, A 1076362466, Asink 1076205184
E/UDPSource( 2290): in buffer: a[19, 10944] 456.000 ms, v[31, 439518] 1320.000 ms
E/UDPSource( 2290): in datasource: 414672916 bytes, extractor created ? 1
E/NuPlayerRenderer( 2290): RNDR: dVA -262311 (dVAavg -232391), V 1076100155, A 1076362466, Asink 1076205184
D/HDMI-Controller( 2721): HDMIController::isSinkConnected: 1
D/        ( 2721):  enter hdmi_check_rx_sense
D/HDMI-Controller( 2721): HDMIController::checkRxSense: 0
I/NuPlayerDriver( 2290): notifyDuration: 0
E/NuPlayerRenderer( 2290): RNDR: dVA -262311 (dVAavg -232391), V 1076100155, A 1076362466, Asink 1076205184
E/UDPSource( 2290): in buffer: a[19, 10944] 456.000 ms, v[31, 439518] 1320.000 ms
E/UDPSource( 2290): in datasource: 414672916 bytes, extractor created ? 1
E/NuPlayerRenderer( 2290): RNDR: dVA -262311 (dVAavg -232391), V 1076100155, A 1076362466, Asink 1076205184
I/NuPlayerDriver( 2290): notifyDuration: 0
E/NuPlayerRenderer( 2290): RNDR: dVA -262311 (dVAavg -232391), V 1076100155, A 1076362466, Asink 1076205184
E/UDPSource( 2290): in buffer: a[19, 10944] 456.000 ms, v[31, 439518] 1320.000 ms
E/UDPSource( 2290): in datasource: 414672916 bytes, extractor created ? 1
E/NuPlayerRenderer( 2290): RNDR: dVA -262311 (dVAavg -232391), V 1076100155, A 1076362466, Asink 1076205184
I/NuPlayerDriver( 2290): notifyDuration: 0
E/NuPlayerRenderer( 2290): RNDR: dVA -262311 (dVAavg -232391), V 1076100155, A 1076362466, Asink 1076205184
E/UDPSource( 2290): in buffer: a[19, 10944] 456.000 ms, v[31, 439518] 1320.000 ms
E/UDPSource( 2290): in datasource: 414672916 bytes, extractor created ? 1
E/NuPlayerRenderer( 2290): RNDR: dVA -262311 (dVAavg -232391), V 1076100155, A 1076362466, Asink 1076205184
I/NuPlayerDriver( 2290): notifyDuration: 0
E/NuPlayerRenderer( 2290): RNDR: dVA -262311 (dVAavg -232391), V 1076100155, A 1076362466, Asink 1076205184
E/UDPSource( 2290): in buffer: a[19, 10944] 456.000 ms, v[31, 439518] 1320.000 ms
E/UDPSource( 2290): in datasource: 414672916 bytes, extractor created ? 1
E/NuPlayerRenderer( 2290): RNDR: dVA -262311 (dVAavg -232391), V 1076100155, A 1076362466, Asink 1076205184
I/NuPlayerDriver( 2290): notifyDuration: 0
E/NuPlayerRenderer( 2290): RNDR: dVA -262311 (dVAavg -232391), V 1076100155, A 1076362466, Asink 1076205184
E/UDPSource( 2290): in buffer: a[19, 10944] 456.000 ms, v[31, 439518] 1320.000 ms
E/UDPSource( 2290): in datasource: 414672916 bytes, extractor created ? 1
E/NuPlayerRenderer( 2290): RNDR: dVA -262311 (dVAavg -232391), V 1076100155, A 1076362466, Asink 1076205184
I/NuPlayerDriver( 2290): notifyDuration: 0
E/NuPlayerRenderer( 2290): RNDR: dVA -262311 (dVAavg -232391), V 1076100155, A 1076362466, Asink 1076205184
E/UDPSource( 2290): in buffer: a[19, 10944] 456.000 ms, v[31, 439518] 1320.000 ms
E/UDPSource( 2290): in datasource: 414672916 bytes, extractor created ? 1
E/NuPlayerRenderer( 2290): RNDR: dVA -262311 (dVAavg -232391), V 1076100155, A 1076362466, Asink 1076205184
I/NuPlayerDriver( 2290): notifyDuration: 0
E/NuPlayerRenderer( 2290): RNDR: dVA -262311 (dVAavg -232391), V 1076100155, A 1076362466, Asink 1076205184
E/UDPSource( 2290): in buffer: a[19, 10944] 456.000 ms, v[31, 439518] 1320.000 ms
E/UDPSource( 2290): in datasource: 414672916 bytes, extractor created ? 1
E/NuPlayerRenderer( 2290): RNDR: dVA -262311 (dVAavg -232391), V 1076100155, A 1076362466, Asink 1076205184
I/NuPlayerDriver( 2290): notifyDuration: 0
E/NuPlayerRenderer( 2290): RNDR: dVA -262311 (dVAavg -232391), V 1076100155, A 1076362466, Asink 1076205184
E/UDPSource( 2290): in buffer: a[19, 10944] 456.000 ms, v[31, 439518] 1320.000 ms
E/UDPSource( 2290): in datasource: 414672916 bytes, extractor created ? 1
E/NuPlayerRenderer( 2290): RNDR: dVA -262311 (dVAavg -232391), V 1076100155, A 1076362466, Asink 1076205184
I/NuPlayerDriver( 2290): notifyDuration: 0
E/NuPlayerRenderer( 2290): RNDR: dVA -262311 (dVAavg -232391), V 1076100155, A 1076362466, Asink 1076205184
E/UDPSource( 2290): in buffer: a[19, 10944] 456.000 ms, v[31, 439518] 1320.000 ms
E/UDPSource( 2290): in datasource: 414672916 bytes, extractor created ? 1
E/NuPlayerRenderer( 2290): RNDR: dVA -262311 (dVAavg -232391), V 1076100155, A 1076362466, Asink 1076205184
I/NuPlayerDriver( 2290): notifyDuration: 0
E/NuPlayerRenderer( 2290): RNDR: dVA -262311 (dVAavg -232391), V 1076100155, A 1076362466, Asink 1076205184
E/UDPSource( 2290): in buffer: a[19, 10944] 456.000 ms, v[31, 439518] 1320.000 ms
E/UDPSource( 2290): in datasource: 414672916 bytes, extractor created ? 1
E/NuPlayerRenderer( 2290): RNDR: dVA -262311 (dVAavg -232391), V 1076100155, A 1076362466, Asink 1076205184
D/HDMI-Controller( 2721): HDMIController::isSinkConnected: 1
D/        ( 2721):  enter hdmi_check_rx_sense
D/HDMI-Controller( 2721): HDMIController::checkRxSense: 0
I/NuPlayerDriver( 2290): notifyDuration: 0
E/NuPlayerRenderer( 2290): RNDR: dVA -262311 (dVAavg -232391), V 1076100155, A 1076362466, Asink 1076205184
E/UDPSource( 2290): in buffer: a[19, 10944] 456.000 ms, v[31, 439518] 1320.000 ms
E/UDPSource( 2290): in datasource: 414672916 bytes, extractor created ? 1
E/NuPlayerRenderer( 2290): RNDR: dVA -262311 (dVAavg -232391), V 1076100155, A 1076362466, Asink 1076205184
I/NuPlayerDriver( 2290): notifyDuration: 0
E/NuPlayerRenderer( 2290): RNDR: dVA -262311 (dVAavg -232391), V 1076100155, A 1076362466, Asink 1076205184
E/UDPSource( 2290): in buffer: a[19, 10944] 456.000 ms, v[31, 439518] 1320.000 ms
E/UDPSource( 2290): in datasource: 414672916 bytes, extractor created ? 1
E/NuPlayerRenderer( 2290): RNDR: dVA -262311 (dVAavg -232391), V 1076100155, A 1076362466, Asink 1076205184
I/NuPlayerDriver( 2290): notifyDuration: 0
E/NuPlayerRenderer( 2290): RNDR: dVA -262311 (dVAavg -232391), V 1076100155, A 1076362466, Asink 1076205184
E/UDPSource( 2290): in buffer: a[19, 10944] 456.000 ms, v[31, 439518] 1320.000 ms
E/UDPSource( 2290): in datasource: 414672916 bytes, extractor created ? 1
E/NuPlayerRenderer( 2290): RNDR: dVA -262311 (dVAavg -232391), V 1076100155, A 1076362466, Asink 1076205184
I/NuPlayerDriver( 2290): notifyDuration: 0
E/NuPlayerRenderer( 2290): RNDR: dVA -262311 (dVAavg -232391), V 1076100155, A 1076362466, Asink 1076205184
E/UDPSource( 2290): in buffer: a[19, 10944] 456.000 ms, v[31, 439518] 1320.000 ms
E/UDPSource( 2290): in datasource: 414672916 bytes, extractor created ? 1
E/NuPlayerRenderer( 2290): RNDR: dVA -262311 (dVAavg -232391), V 1076100155, A 1076362466, Asink 1076205184
I/NuPlayerDriver( 2290): notifyDuration: 0
E/NuPlayerRenderer( 2290): RNDR: dVA -262311 (dVAavg -232391), V 1076100155, A 1076362466, Asink 1076205184
E/UDPSource( 2290): in buffer: a[19, 10944] 456.000 ms, v[31, 439518] 1320.000 ms
E/UDPSource( 2290): in datasource: 414672916 bytes, extractor created ? 1
D/UpdateService( 2940): Trying to update. isFirstStartUpdate: false
E/NuPlayerRenderer( 2290): RNDR: dVA -262311 (dVAavg -232391), V 1076100155, A 1076362466, Asink 1076205184
I/NuPlayerDriver( 2290): notifyDuration: 0
E/NuPlayerRenderer( 2290): RNDR: dVA -262311 (dVAavg -232391), V 1076100155, A 1076362466, Asink 1076205184
E/UDPSource( 2290): in buffer: a[19, 10944] 456.000 ms, v[31, 439518] 1320.000 ms
E/UDPSource( 2290): in datasource: 414672916 bytes, extractor created ? 1
E/NuPlayerRenderer( 2290): RNDR: dVA -262311 (dVAavg -232391), V 1076100155, A 1076362466, Asink 1076205184
W/SocketClient( 2285): write error (Broken pipe)
D/dalvikvm( 2900): GC_CONCURRENT freed 2032K, 30% free 5868K/8360K, paused 3ms+3ms, total 56ms
I/NuPlayerDriver( 2290): notifyDuration: 0
E/NuPlayerRenderer( 2290): RNDR: dVA -262311 (dVAavg -232391), V 1076100155, A 1076362466, Asink 1076205184
E/UDPSource( 2290): in buffer: a[19, 10944] 456.000 ms, v[31, 439518] 1320.000 ms
E/UDPSource( 2290): in datasource: 414672916 bytes, extractor created ? 1
E/NuPlayerRenderer( 2290): RNDR: dVA -262311 (dVAavg -232391), V 1076100155, A 1076362466, Asink 1076205184
I/NuPlayerDriver( 2290): notifyDuration: 0
E/NuPlayerRenderer( 2290): RNDR: dVA -262311 (dVAavg -232391), V 1076100155, A 1076362466, Asink 1076205184
E/UDPSource( 2290): in buffer: a[19, 10944] 456.000 ms, v[31, 439518] 1320.000 ms
E/UDPSource( 2290): in datasource: 414672916 bytes, extractor created ? 1
E/NuPlayerRenderer( 2290): RNDR: dVA -262311 (dVAavg -232391), V 1076100155, A 1076362466, Asink 1076205184
I/NuPlayerDriver( 2290): notifyDuration: 0
E/NuPlayerRenderer( 2290): RNDR: dVA -262311 (dVAavg -232391), V 1076100155, A 1076362466, Asink 1076205184
E/UDPSource( 2290): in buffer: a[19, 10944] 456.000 ms, v[31, 439518] 1320.000 ms
E/UDPSource( 2290): in datasource: 414672916 bytes, extractor created ? 1
E/NuPlayerRenderer( 2290): RNDR: dVA -262311 (dVAavg -232391), V 1076100155, A 1076362466, Asink 1076205184
I/NuPlayerDriver( 2290): notifyDuration: 0
E/NuPlayerRenderer( 2290): RNDR: dVA -262311 (dVAavg -232391), V 1076100155, A 1076362466, Asink 1076205184
E/UDPSource( 2290): in buffer: a[19, 10944] 456.000 ms, v[31, 439518] 1320.000 ms
E/UDPSource( 2290): in datasource: 414672916 bytes, extractor created ? 1
E/NuPlayerRenderer( 2290): RNDR: dVA -262311 (dVAavg -232391), V 1076100155, A 1076362466, Asink 1076205184
D/HDMI-Controller( 2721): HDMIController::isSinkConnected: 1
D/        ( 2721):  enter hdmi_check_rx_sense
D/HDMI-Controller( 2721): HDMIController::checkRxSense: 0
I/NuPlayerDriver( 2290): notifyDuration: 0
E/NuPlayerRenderer( 2290): RNDR: dVA -262311 (dVAavg -232391), V 1076100155, A 1076362466, Asink 1076205184
E/UDPSource( 2290): in buffer: a[19, 10944] 456.000 ms, v[31, 439518] 1320.000 ms
E/UDPSource( 2290): in datasource: 414672916 bytes, extractor created ? 1
E/NuPlayerRenderer( 2290): RNDR: dVA -262311 (dVAavg -232391), V 1076100155, A 1076362466, Asink 1076205184
I/NuPlayerDriver( 2290): notifyDuration: 0
E/NuPlayerRenderer( 2290): RNDR: dVA -262311 (dVAavg -232391), V 1076100155, A 1076362466, Asink 1076205184
E/UDPSource( 2290): in buffer: a[19, 10944] 456.000 ms, v[31, 439518] 1320.000 ms
E/UDPSource( 2290): in datasource: 414672916 bytes, extractor created ? 1
E/NuPlayerRenderer( 2290): RNDR: dVA -262311 (dVAavg -232391), V 1076100155, A 1076362466, Asink 1076205184
I/NuPlayerDriver( 2290): notifyDuration: 0
E/NuPlayerRenderer( 2290): RNDR: dVA -262311 (dVAavg -232391), V 1076100155, A 1076362466, Asink 1076205184
E/UDPSource( 2290): in buffer: a[19, 10944] 456.000 ms, v[31, 439518] 1320.000 ms
E/UDPSource( 2290): in datasource: 414672916 bytes, extractor created ? 1
E/NuPlayerRenderer( 2290): RNDR: dVA -262311 (dVAavg -232391), V 1076100155, A 1076362466, Asink 1076205184
I/NuPlayerDriver( 2290): notifyDuration: 0
E/NuPlayerRenderer( 2290): RNDR: dVA -262311 (dVAavg -232391), V 1076100155, A 1076362466, Asink 1076205184
E/UDPSource( 2290): in buffer: a[19, 10944] 456.000 ms, v[31, 439518] 1320.000 ms
E/UDPSource( 2290): in datasource: 414672916 bytes, extractor created ? 1
E/NuPlayerRenderer( 2290): RNDR: dVA -262311 (dVAavg -232391), V 1076100155, A 1076362466, Asink 1076205184
I/NuPlayerDriver( 2290): notifyDuration: 0
E/NuPlayerRenderer( 2290): RNDR: dVA -262311 (dVAavg -232391), V 1076100155, A 1076362466, Asink 1076205184
E/UDPSource( 2290): in buffer: a[19, 10944] 456.000 ms, v[31, 439518] 1320.000 ms
E/UDPSource( 2290): in datasource: 414672916 bytes, extractor created ? 1
E/NuPlayerRenderer( 2290): RNDR: dVA -262311 (dVAavg -232391), V 1076100155, A 1076362466, Asink 1076205184
I/NuPlayerDriver( 2290): notifyDuration: 0
E/NuPlayerRenderer( 2290): RNDR: dVA -262311 (dVAavg -232391), V 1076100155, A 1076362466, Asink 1076205184
E/UDPSource( 2290): in buffer: a[19, 10944] 456.000 ms, v[31, 439518] 1320.000 ms
E/UDPSource( 2290): in datasource: 414672916 bytes, extractor created ? 1
E/NuPlayerRenderer( 2290): RNDR: dVA -262311 (dVAavg -232391), V 1076100155, A 1076362466, Asink 1076205184
I/NuPlayerDriver( 2290): notifyDuration: 0
E/NuPlayerRenderer( 2290): RNDR: dVA -262311 (dVAavg -232391), V 1076100155, A 1076362466, Asink 1076205184
E/UDPSource( 2290): in buffer: a[19, 10944] 456.000 ms, v[31, 439518] 1320.000 ms
E/UDPSource( 2290): in datasource: 414672916 bytes, extractor created ? 1
E/NuPlayerRenderer( 2290): RNDR: dVA -262311 (dVAavg -232391), V 1076100155, A 1076362466, Asink 1076205184
I/NuPlayerDriver( 2290): notifyDuration: 0
E/NuPlayerRenderer( 2290): RNDR: dVA -262311 (dVAavg -232391), V 1076100155, A 1076362466, Asink 1076205184
E/UDPSource( 2290): in buffer: a[19, 10944] 456.000 ms, v[31, 439518] 1320.000 ms
E/UDPSource( 2290): in datasource: 414672916 bytes, extractor created ? 1
E/NuPlayerRenderer( 2290): RNDR: dVA -262311 (dVAavg -232391), V 1076100155, A 1076362466, Asink 1076205184
I/NuPlayerDriver( 2290): notifyDuration: 0
E/NuPlayerRenderer( 2290): RNDR: dVA -262311 (dVAavg -232391), V 1076100155, A 1076362466, Asink 1076205184
E/UDPSource( 2290): in buffer: a[19, 10944] 456.000 ms, v[31, 439518] 1320.000 ms
E/UDPSource( 2290): in datasource: 414672916 bytes, extractor created ? 1
E/NuPlayerRenderer( 2290): RNDR: dVA -262311 (dVAavg -232391), V 1076100155, A 1076362466, Asink 1076205184
I/NuPlayerDriver( 2290): notifyDuration: 0
E/NuPlayerRenderer( 2290): RNDR: dVA -262311 (dVAavg -232391), V 1076100155, A 1076362466, Asink 1076205184
E/UDPSource( 2290): in buffer: a[19, 10944] 456.000 ms, v[31, 439518] 1320.000 ms
