E/NuPlayerRenderer( 2290): RNDR: dVA -142311 (dVAavg -190471), V 6431278033, A 6431420344, Asink 6431436288
I/NuPlayerDriver( 2290): notifyDuration: 0
D/HDMI-Controller( 2723): HDMIController::isSinkConnected: 1
D/        ( 2723):  enter hdmi_check_rx_sense
D/HDMI-Controller( 2723): HDMIController::checkRxSense: 0
E/FFmpegExtractor( 2290): ##### PKT Q DEBUG #####
E/FFmpegExtractor( 2290): Q[video, 0, 0]: dur 0, pkts 0, sz 0, 1st pts -9223372036854775808, lst pts -9223372036854775808
E/FFmpegExtractor( 2290): Q[audio, 1, 1]: dur 0, pkts 0, sz 0, 1st pts -9223372036854775808, lst pts -9223372036854775808
E/FFmpegExtractor( 2290): Q[subtitle, 2, 2]: dur 0, pkts 0, sz 0, 1st pts -9223372036854775808, lst pts -9223372036854775808
E/FFmpegExtractor( 2290): ff: mem descr: total size 0
E/NuPlayerRenderer( 2290): RNDR: dVA -190311 (dVAavg -188551), V 6431758033, A 6431948344, Asink 6431927296
E/UDPSource( 2290): in buffer: a[19, 10944] 456.000 ms, v[29, 345313] 1080.000 ms
E/UDPSource( 2290): in datasource: 1733565484 bytes, extractor created ? 1
E/NuPlayerRenderer( 2290): RNDR: dVA -198311 (dVAavg -191431), V 6432278033, A 6432476344, Asink 6432439296
I/NuPlayerDriver( 2290): notifyDuration: 0
E/FFmpegExtractor( 2290): ##### PKT Q DEBUG #####
E/FFmpegExtractor( 2290): Q[video, 0, 0]: dur 0, pkts 0, sz 0, 1st pts -9223372036854775808, lst pts -9223372036854775808
E/FFmpegExtractor( 2290): Q[audio, 1, 1]: dur 0, pkts 0, sz 0, 1st pts -9223372036854775808, lst pts -9223372036854775808
E/FFmpegExtractor( 2290): Q[subtitle, 2, 2]: dur 0, pkts 0, sz 0, 1st pts -9223372036854775808, lst pts -9223372036854775808
E/FFmpegExtractor( 2290): ff: mem descr: total size 0
E/NuPlayerRenderer( 2290): RNDR: dVA -150311 (dVAavg -188231), V 6432758033, A 6432908344, Asink 6432929792
E/UDPSource( 2290): in buffer: a[17, 9792] 408.000 ms, v[28, 389887] 1120.000 ms
E/UDPSource( 2290): in datasource: 1733952388 bytes, extractor created ? 1
E/NuPlayerRenderer( 2290): RNDR: dVA -158311 (dVAavg -188551), V 6433278033, A 6433436344, Asink 6433441792
I/NuPlayerDriver( 2290): notifyDuration: 0
E/FFmpegExtractor( 2290): ##### PKT Q DEBUG #####
E/FFmpegExtractor( 2290): Q[video, 0, 0]: dur 0, pkts 0, sz 0, 1st pts -9223372036854775808, lst pts -9223372036854775808
E/FFmpegExtractor( 2290): Q[audio, 1, 1]: dur 0, pkts 0, sz 0, 1st pts -9223372036854775808, lst pts -9223372036854775808
E/FFmpegExtractor( 2290): Q[subtitle, 2, 2]: dur 0, pkts 0, sz 0, 1st pts -9223372036854775808, lst pts -9223372036854775808
E/FFmpegExtractor( 2290): ff: mem descr: total size 0
E/NuPlayerRenderer( 2290): RNDR: dVA -182311 (dVAavg -181831), V 6433758033, A 6433940344, Asink 6433910784
E/UDPSource( 2290): in buffer: a[19, 10944] 456.000 ms, v[27, 344206] 1040.000 ms
E/UDPSource( 2290): in datasource: 1734336660 bytes, extractor created ? 1
E/NuPlayerRenderer( 2290): RNDR: dVA -190311 (dVAavg -187271), V 6434278033, A 6434468344, Asink 6434444288
I/NuPlayerDriver( 2290): notifyDuration: 0
E/FFmpegExtractor( 2290): ##### PKT Q DEBUG #####
E/FFmpegExtractor( 2290): Q[video, 0, 0]: dur 0, pkts 0, sz 0, 1st pts -9223372036854775808, lst pts -9223372036854775808
E/FFmpegExtractor( 2290): Q[audio, 1, 1]: dur 0, pkts 0, sz 0, 1st pts -9223372036854775808, lst pts -9223372036854775808
E/FFmpegExtractor( 2290): Q[subtitle, 2, 2]: dur 0, pkts 0, sz 0, 1st pts -9223372036854775808, lst pts -9223372036854775808
E/FFmpegExtractor( 2290): ff: mem descr: total size 0
E/NuPlayerRenderer( 2290): RNDR: dVA -142311 (dVAavg -185351), V 6434758033, A 6434900344, Asink 6434913792
E/UDPSource( 2290): in buffer: a[18, 10368] 432.000 ms, v[25, 348227] 880.000 ms
E/UDPSource( 2290): in datasource: 1734720932 bytes, extractor created ? 1
E/NuPlayerRenderer( 2290): RNDR: dVA -150311 (dVAavg -190791), V 6435278033, A 6435428344, Asink 6435446784
I/NuPlayerDriver( 2290): notifyDuration: 0
D/ConnectivityService( 2723): Sampling interval elapsed, updating statistics ..
D/ConnectivityService( 2723): Done.
D/ConnectivityService( 2723): Setting timer for 720seconds
V/UDPDataSource( 2290): total bytes: 1734960444, (in buf 34216)
E/NuPlayerRenderer( 2290): RNDR: dVA -198311 (dVAavg -186311), V 6435758033, A 6435956344, Asink 6435916288
E/FFmpegExtractor( 2290): ##### PKT Q DEBUG #####
E/FFmpegExtractor( 2290): Q[video, 0, 0]: dur 0, pkts 1, sz 1257, 1st pts 3603479781, lst pts 3603479781
E/FFmpegExtractor( 2290): Q[audio, 1, 1]: dur 0, pkts 0, sz 0, 1st pts -9223372036854775808, lst pts -9223372036854775808
E/FFmpegExtractor( 2290): Q[subtitle, 2, 2]: dur 0, pkts 0, sz 0, 1st pts -9223372036854775808, lst pts -9223372036854775808
E/FFmpegExtractor( 2290): ff: mem descr: total size 0
E/UDPSource( 2290): in buffer: a[20, 11520] 480.000 ms, v[29, 329845] 1080.000 ms
E/UDPSource( 2290): in datasource: 1735106520 bytes, extractor created ? 1
E/NuPlayerRenderer( 2290): RNDR: dVA -206311 (dVAavg -193031), V 6436278033, A 6436484344, Asink 6436449792
I/NuPlayerDriver( 2290): notifyDuration: 0
E/NuPlayerRenderer( 2290): RNDR: dVA -158311 (dVAavg -185991), V 6436758033, A 6436916344, Asink 6436919296
E/FFmpegExtractor( 2290): ##### PKT Q DEBUG #####
E/FFmpegExtractor( 2290): Q[video, 0, 0]: dur 0, pkts 0, sz 0, 1st pts -9223372036854775808, lst pts -9223372036854775808
E/FFmpegExtractor( 2290): Q[audio, 1, 1]: dur 0, pkts 0, sz 0, 1st pts -9223372036854775808, lst pts -9223372036854775808
E/FFmpegExtractor( 2290): Q[subtitle, 2, 2]: dur 0, pkts 0, sz 0, 1st pts -9223372036854775808, lst pts -9223372036854775808
E/FFmpegExtractor( 2290): ff: mem descr: total size 0
E/UDPSource( 2290): in buffer: a[18, 10368] 432.000 ms, v[49, 351901] 1220.000 ms
E/UDPSource( 2290): in datasource: 1735492108 bytes, extractor created ? 1
E/NuPlayerRenderer( 2290): RNDR: dVA -166311 (dVAavg -190151), V 6437278033, A 6437444344, Asink 6437431296
I/NuPlayerDriver( 2290): notifyDuration: 0
E/UDPSource( 2290): readBuffer video done in 12401 us
E/UDPSource( 2290): readBuffer audio done in 10409 us
E/NuPlayerRenderer( 2290): (now 6437570293) delayUs: 30699, diff 8103, delta 1198 (v 6437598033, a 6437708288 [abuf 6437665792], ltnc 312333)
E/NuPlayerRenderer( 2290): (now 6437614912) delayUs: 26080, diff 13894, delta 26 (v 6437638033, a 6437750784 [abuf 6437750784], ltnc 304000)
E/NuPlayerRenderer( 2290): RNDR: dVA -142311 (dVAavg -190471), V 6437758033, A 6437900344, Asink 6437921792
E/FFmpegExtractor( 2290): ##### PKT Q DEBUG #####
E/FFmpegExtractor( 2290): Q[video, 0, 0]: dur 0, pkts 0, sz 0, 1st pts -9223372036854775808, lst pts -9223372036854775808
E/FFmpegExtractor( 2290): Q[audio, 1, 1]: dur 0, pkts 0, sz 0, 1st pts -9223372036854775808, lst pts -9223372036854775808
E/FFmpegExtractor( 2290): Q[subtitle, 2, 2]: dur 0, pkts 0, sz 0, 1st pts -9223372036854775808, lst pts -9223372036854775808
E/FFmpegExtractor( 2290): ff: mem descr: total size 0
E/UDPSource( 2290): in buffer: a[18, 10368] 432.000 ms, v[54, 363828] 920.000 ms
E/UDPSource( 2290): in datasource: 1735876380 bytes, extractor created ? 1
E/NuPlayerRenderer( 2290): RNDR: dVA -174311 (dVAavg -191751), V 6438278033, A 6438452344, Asink 6438433792
I/NuPlayerDriver( 2290): notifyDuration: 0
E/NuPlayerRenderer( 2290): RNDR: dVA -198311 (dVAavg -190151), V 6438758033, A 6438956344, Asink 6438924288
E/FFmpegExtractor( 2290): ##### PKT Q DEBUG #####
E/FFmpegExtractor( 2290): Q[video, 0, 0]: dur 0, pkts 0, sz 0, 1st pts -9223372036854775808, lst pts -9223372036854775808
E/FFmpegExtractor( 2290): Q[audio, 1, 1]: dur 0, pkts 0, sz 0, 1st pts -9223372036854775808, lst pts -9223372036854775808
E/FFmpegExtractor( 2290): Q[subtitle, 2, 2]: dur 0, pkts 0, sz 0, 1st pts -9223372036854775808, lst pts -9223372036854775808
E/FFmpegExtractor( 2290): ff: mem descr: total size 0
E/UDPSource( 2290): in buffer: a[14, 8064] 336.000 ms, v[45, 283153] 1020.000 ms
E/UDPSource( 2290): in datasource: 1736261968 bytes, extractor created ? 1
E/NuPlayerRenderer( 2290): RNDR: dVA -206311 (dVAavg -191751), V 6439278033, A 6439484344, Asink 6439436288
I/NuPlayerDriver( 2290): notifyDuration: 0
E/NuPlayerRenderer( 2290): RNDR: dVA -158311 (dVAavg -189831), V 6439758033, A 6439916344, Asink 6439926784
E/FFmpegExtractor( 2290): ##### PKT Q DEBUG #####
E/FFmpegExtractor( 2290): Q[video, 0, 0]: dur 0, pkts 1, sz 9617, 1st pts 3603888381, lst pts 3603888381
E/FFmpegExtractor( 2290): Q[audio, 1, 1]: dur 0, pkts 0, sz 0, 1st pts -9223372036854775808, lst pts -9223372036854775808
E/FFmpegExtractor( 2290): Q[subtitle, 2, 2]: dur 0, pkts 0, sz 0, 1st pts -9223372036854775808, lst pts -9223372036854775808
E/FFmpegExtractor( 2290): ff: mem descr: total size 0
E/UDPSource( 2290): in buffer: a[20, 11520] 480.000 ms, v[64, 315536] 1280.000 ms
E/UDPSource( 2290): in datasource: 1736646240 bytes, extractor created ? 1
E/NuPlayerRenderer( 2290): RNDR: dVA -142311 (dVAavg -181511), V 6440278033, A 6440420344, Asink 6440438784
I/NuPlayerDriver( 2290): notifyDuration: 0
V/UDPDataSource( 2290): total bytes: 1736884436, (in buf 35532)
E/NuPlayerRenderer( 2290): RNDR: dVA -190311 (dVAavg -188551), V 6440758033, A 6440948344, Asink 6440908288
E/FFmpegExtractor( 2290): ##### PKT Q DEBUG #####
E/FFmpegExtractor( 2290): Q[video, 0, 0]: dur 0, pkts 1, sz 25113, 1st pts 3603972981, lst pts 3603972981
E/FFmpegExtractor( 2290): Q[audio, 1, 1]: dur 0, pkts 0, sz 0, 1st pts -9223372036854775808, lst pts -9223372036854775808
E/FFmpegExtractor( 2290): Q[subtitle, 2, 2]: dur 0, pkts 0, sz 0, 1st pts -9223372036854775808, lst pts -9223372036854775808
E/FFmpegExtractor( 2290): ff: mem descr: total size 0
E/UDPSource( 2290): in buffer: a[22, 12672] 528.000 ms, v[63, 408843] 1260.000 ms
E/UDPSource( 2290): in datasource: 1737030512 bytes, extractor created ? 1
E/NuPlayerRenderer( 2290): RNDR: dVA -222311 (dVAavg -189831), V 6441278033, A 6441500344, Asink 6441441792
I/NuPlayerDriver( 2290): notifyDuration: 0
D/HDMI-Controller( 2723): HDMIController::isSinkConnected: 1
D/        ( 2723):  enter hdmi_check_rx_sense
D/HDMI-Controller( 2723): HDMIController::checkRxSense: 0
E/NuPlayerRenderer( 2290): RNDR: dVA -150311 (dVAavg -188231), V 6441758033, A 6441908344, Asink 6441911296
E/FFmpegExtractor( 2290): ##### PKT Q DEBUG #####
E/FFmpegExtractor( 2290): Q[video, 0, 0]: dur 0, pkts 0, sz 0, 1st pts -9223372036854775808, lst pts -9223372036854775808
E/FFmpegExtractor( 2290): Q[audio, 1, 1]: dur 0, pkts 1, sz 576, 1st pts 3603974269, lst pts 3603974269
E/FFmpegExtractor( 2290): Q[subtitle, 2, 2]: dur 0, pkts 0, sz 0, 1st pts -9223372036854775808, lst pts -9223372036854775808
E/FFmpegExtractor( 2290): ff: mem descr: total size 0
E/UDPSource( 2290): in buffer: a[20, 11520] 480.000 ms, v[61, 386809] 1060.000 ms
E/UDPSource( 2290): in datasource: 1737414784 bytes, extractor created ? 1
E/NuPlayerRenderer( 2290): RNDR: dVA -182311 (dVAavg -189511), V 6442278033, A 6442460344, Asink 6442444288
I/NuPlayerDriver( 2290): notifyDuration: 0
E/NuPlayerRenderer( 2290): RNDR: dVA -206311 (dVAavg -191751), V 6442758033, A 6442964344, Asink 6442913792
E/FFmpegExtractor( 2290): ##### PKT Q DEBUG #####
E/FFmpegExtractor( 2290): Q[video, 0, 0]: dur 0, pkts 0, sz 0, 1st pts -9223372036854775808, lst pts -9223372036854775808
E/FFmpegExtractor( 2290): Q[audio, 1, 1]: dur 0, pkts 0, sz 0, 1st pts -9223372036854775808, lst pts -9223372036854775808
E/FFmpegExtractor( 2290): Q[subtitle, 2, 2]: dur 0, pkts 0, sz 0, 1st pts -9223372036854775808, lst pts -9223372036854775808
E/FFmpegExtractor( 2290): ff: mem descr: total size 0
E/UDPSource( 2290): in buffer: a[22, 12672] 528.000 ms, v[60, 368560] 1160.000 ms
E/UDPSource( 2290): in datasource: 1737800372 bytes, extractor created ? 1
D/UpdateService( 3122): Trying to update. isFirstStartUpdate: false
E/NuPlayerRenderer( 2290): RNDR: dVA -190311 (dVAavg -188551), V 6443278033, A 6443468344, Asink 6443447296
I/NuPlayerDriver( 2290): notifyDuration: 0
E/NuPlayerRenderer( 2290): RNDR: dVA -166311 (dVAavg -188871), V 6443758033, A 6443924344, Asink 6443916288
E/FFmpegExtractor( 2290): ##### PKT Q DEBUG #####
E/FFmpegExtractor( 2290): Q[video, 0, 0]: dur 0, pkts 1, sz 1482, 1st pts 3604235781, lst pts 3604235781
E/FFmpegExtractor( 2290): Q[audio, 1, 1]: dur 0, pkts 0, sz 0, 1st pts -9223372036854775808, lst pts -9223372036854775808
E/FFmpegExtractor( 2290): Q[subtitle, 2, 2]: dur 0, pkts 0, sz 0, 1st pts -9223372036854775808, lst pts -9223372036854775808
E/FFmpegExtractor( 2290): ff: mem descr: total size 0
E/UDPSource( 2290): in buffer: a[24, 13824] 576.000 ms, v[65, 400261] 1340.000 ms
E/UDPSource( 2290): in datasource: 1738184644 bytes, extractor created ? 1
E/NuPlayerRenderer( 2290): RNDR: dVA -174311 (dVAavg -189191), V 6444278033, A 6444452344, Asink 6444428288
I/NuPlayerDriver( 2290): notifyDuration: 0
E/NuPlayerRenderer( 2290): RNDR: dVA -222311 (dVAavg -189831), V 6444758033, A 6444980344, Asink 6444918784
E/FFmpegExtractor( 2290): ##### PKT Q DEBUG #####
E/FFmpegExtractor( 2290): Q[video, 0, 0]: dur 0, pkts 0, sz 0, 1st pts -9223372036854775808, lst pts -9223372036854775808
E/FFmpegExtractor( 2290): Q[audio, 1, 1]: dur 0, pkts 1, sz 576, 1st pts 3604246429, lst pts 3604246429
E/FFmpegExtractor( 2290): Q[subtitle, 2, 2]: dur 0, pkts 0, sz 0, 1st pts -9223372036854775808, lst pts -9223372036854775808
E/FFmpegExtractor( 2290): ff: mem descr: total size 0
E/UDPSource( 2290): in buffer: a[17, 9792] 408.000 ms, v[61, 401104] 1180.000 ms
E/UDPSource( 2290): in datasource: 1738570232 bytes, extractor created ? 1
E/NuPlayerRenderer( 2290): RNDR: dVA -206311 (dVAavg -189191), V 6445278033, A 6445484344, Asink 6445430784
I/NuPlayerDriver( 2290): notifyDuration: 0
V/UDPDataSource( 2290): total bytes: 1738808428, (in buf 3948)
E/NuPlayerRenderer( 2290): RNDR: dVA -182311 (dVAavg -186951), V 6445758033, A 6445940344, Asink 6445921792
E/FFmpegExtractor( 2290): ##### PKT Q DEBUG #####
E/FFmpegExtractor( 2290): Q[video, 0, 0]: dur 0, pkts 0, sz 0, 1st pts -9223372036854775808, lst pts -9223372036854775808
E/FFmpegExtractor( 2290): Q[audio, 1, 1]: dur 0, pkts 1, sz 576, 1st pts 3604337149, lst pts 3604337149
E/FFmpegExtractor( 2290): Q[subtitle, 2, 2]: dur 0, pkts 0, sz 0, 1st pts -9223372036854775808, lst pts -9223372036854775808
E/FFmpegExtractor( 2290): ff: mem descr: total size 0
E/UDPSource( 2290): in buffer: a[15, 8640] 360.000 ms, v[61, 376673] 1060.000 ms
E/UDPSource( 2290): in datasource: 1738957136 bytes, extractor created ? 1
E/NuPlayerRenderer( 2290): RNDR: dVA -166311 (dVAavg -195271), V 6446278033, A 6446444344, Asink 6446433792
I/NuPlayerDriver( 2290): notifyDuration: 0
E/NuPlayerRenderer( 2290): RNDR: dVA -214311 (dVAavg -190791), V 6446758033, A 6446972344, Asink 6446924288
E/FFmpegExtractor( 2290): ##### PKT Q DEBUG #####
E/FFmpegExtractor( 2290): Q[video, 0, 0]: dur 0, pkts 1, sz 5353, 1st pts 3604512981, lst pts 3604512981
E/FFmpegExtractor( 2290): Q[audio, 1, 1]: dur 0, pkts 0, sz 0, 1st pts -9223372036854775808, lst pts -9223372036854775808
E/FFmpegExtractor( 2290): Q[subtitle, 2, 2]: dur 0, pkts 0, sz 0, 1st pts -9223372036854775808, lst pts -9223372036854775808
E/FFmpegExtractor( 2290): ff: mem descr: total size 0
E/UDPSource( 2290): in buffer: a[17, 9792] 408.000 ms, v[59, 377331] 1140.000 ms
E/UDPSource( 2290): in datasource: 1739340092 bytes, extractor created ? 1
E/NuPlayerRenderer( 2290): RNDR: dVA -198311 (dVAavg -192711), V 6447278033, A 6447476344, Asink 6447436288
I/NuPlayerDriver( 2290): notifyDuration: 0
E/NuPlayerRenderer( 2290): RNDR: dVA -174311 (dVAavg -190471), V 6447758033, A 6447932344, Asink 6447927296
E/FFmpegExtractor( 2290): ##### PKT Q DEBUG #####
E/FFmpegExtractor( 2290): Q[video, 0, 0]: dur 0, pkts 0, sz 0, 1st pts -9223372036854775808, lst pts -9223372036854775808
E/FFmpegExtractor( 2290): Q[audio, 1, 1]: dur 0, pkts 0, sz 0, 1st pts -9223372036854775808, lst pts -9223372036854775808
E/FFmpegExtractor( 2290): Q[subtitle, 2, 2]: dur 0, pkts 0, sz 0, 1st pts -9223372036854775808, lst pts -9223372036854775808
E/FFmpegExtractor( 2290): ff: mem descr: total size 0
E/UDPSource( 2290): in buffer: a[19, 10944] 456.000 ms, v[58, 345280] 1200.000 ms
E/UDPSource( 2290): in datasource: 1739726996 bytes, extractor created ? 1
E/NuPlayerRenderer( 2290): RNDR: dVA -158311 (dVAavg -192391), V 6448278033, A 6448436344, Asink 6448439296
I/NuPlayerDriver( 2290): notifyDuration: 0
E/NuPlayerRenderer( 2290): RNDR: dVA -230311 (dVAavg -188871), V 6448758033, A 6448988344, Asink 6448929792
E/FFmpegExtractor( 2290): ##### PKT Q DEBUG #####
E/FFmpegExtractor( 2290): Q[video, 0, 0]: dur 0, pkts 0, sz 0, 1st pts -9223372036854775808, lst pts -9223372036854775808
E/FFmpegExtractor( 2290): Q[audio, 1, 1]: dur 0, pkts 0, sz 0, 1st pts -9223372036854775808, lst pts -9223372036854775808
E/FFmpegExtractor( 2290): Q[subtitle, 2, 2]: dur 0, pkts 0, sz 0, 1st pts -9223372036854775808, lst pts -9223372036854775808
E/FFmpegExtractor( 2290): ff: mem descr: total size 0
E/UDPSource( 2290): in buffer: a[18, 10368] 432.000 ms, v[57, 435979] 1300.000 ms
E/UDPSource( 2290): in datasource: 1740111268 bytes, extractor created ? 1
E/NuPlayerRenderer( 2290): RNDR: dVA -118311 (dVAavg -190791), V 6449278033, A 6449396344, Asink 6449441792
I/NuPlayerDriver( 2290): notifyDuration: 0
E/NuPlayerRenderer( 2290): RNDR: dVA -190311 (dVAavg -188551), V 6449758033, A 6449948344, Asink 6449910784
E/FFmpegExtractor( 2290): ##### PKT Q DEBUG #####
E/FFmpegExtractor( 2290): Q[video, 0, 0]: dur 0, pkts 0, sz 0, 1st pts -9223372036854775808, lst pts -9223372036854775808
E/FFmpegExtractor( 2290): Q[audio, 1, 1]: dur 0, pkts 0, sz 0, 1st pts -9223372036854775808, lst pts -9223372036854775808
E/FFmpegExtractor( 2290): Q[subtitle, 2, 2]: dur 0, pkts 0, sz 0, 1st pts -9223372036854775808, lst pts -9223372036854775808
E/FFmpegExtractor( 2290): ff: mem descr: total size 0
E/UDPSource( 2290): in buffer: a[20, 11520] 480.000 ms, v[58, 433076] 1040.000 ms
E/UDPSource( 2290): in datasource: 1740495540 bytes, extractor created ? 1
E/NuPlayerRenderer( 2290): RNDR: dVA -174311 (dVAavg -190471), V 6450278033, A 6450452344, Asink 6450444288
I/NuPlayerDriver( 2290): notifyDuration: 0
V/UDPDataSource( 2290): total bytes: 1740733736, (in buf 7896)
E/NuPlayerRenderer( 2290): RNDR: dVA -222311 (dVAavg -187271), V 6450758033, A 6450980344, Asink 6450934784
E/UDPSource( 2290): in buffer: a[18, 10368] 432.000 ms, v[52, 370226] 1140.000 ms
E/UDPSource( 2290): in datasource: 1740879812 bytes, extractor created ? 1
E/FFmpegExtractor( 2290): ##### PKT Q DEBUG #####
E/FFmpegExtractor( 2290): Q[video, 0, 0]: dur 0, pkts 0, sz 0, 1st pts -9223372036854775808, lst pts -9223372036854775808
E/FFmpegExtractor( 2290): Q[audio, 1, 1]: dur 0, pkts 0, sz 0, 1st pts -9223372036854775808, lst pts -9223372036854775808
E/FFmpegExtractor( 2290): Q[subtitle, 2, 2]: dur 0, pkts 0, sz 0, 1st pts -9223372036854775808, lst pts -9223372036854775808
E/FFmpegExtractor( 2290): ff: mem descr: total size 0
E/NuPlayerRenderer( 2290): RNDR: dVA -134311 (dVAavg -183751), V 6451278033, A 6451412344, Asink 6451446784
I/NuPlayerDriver( 2290): notifyDuration: 0
D/HDMI-Controller( 2723): HDMIController::isSinkConnected: 1
D/        ( 2723):  enter hdmi_check_rx_sense
D/HDMI-Controller( 2723): HDMIController::checkRxSense: 0
E/NuPlayerRenderer( 2290): RNDR: dVA -158311 (dVAavg -180871), V 6451758033, A 6451916344, Asink 6451916288
W/RTK_OMX_DEC_VIDEO( 2290): not found pts!!!
E/UDPSource( 2290): in buffer: a[20, 11520] 480.000 ms, v[25, 341380] 920.000 ms
E/UDPSource( 2290): in datasource: 1741265400 bytes, extractor created ? 1
E/FFmpegExtractor( 2290): ##### PKT Q DEBUG #####
E/FFmpegExtractor( 2290): Q[video, 0, 0]: dur 0, pkts 0, sz 0, 1st pts -9223372036854775808, lst pts -9223372036854775808
E/FFmpegExtractor( 2290): Q[audio, 1, 1]: dur 0, pkts 0, sz 0, 1st pts -9223372036854775808, lst pts -9223372036854775808
E/FFmpegExtractor( 2290): Q[subtitle, 2, 2]: dur 0, pkts 0, sz 0, 1st pts -9223372036854775808, lst pts -9223372036854775808
E/FFmpegExtractor( 2290): ff: mem descr: total size 0
E/NuPlayerRenderer( 2290): RNDR: dVA -190311 (dVAavg -184711), V 6452278033, A 6452468344, Asink 6452428288
I/NuPlayerDriver( 2290): notifyDuration: 0
E/NuPlayerRenderer( 2290): RNDR: dVA -238311 (dVAavg -200311), V 6452758033, A 6452996344, Asink 6452940288
E/UDPSource( 2290): in buffer: a[18, 10368] 432.000 ms, v[25, 297047] 1040.000 ms
E/UDPSource( 2290): in datasource: 1741649672 bytes, extractor created ? 1
E/FFmpegExtractor( 2290): ##### PKT Q DEBUG #####
E/FFmpegExtractor( 2290): Q[video, 0, 0]: dur 0, pkts 0, sz 0, 1st pts -9223372036854775808, lst pts -9223372036854775808
E/FFmpegExtractor( 2290): Q[audio, 1, 1]: dur 0, pkts 0, sz 0, 1st pts -9223372036854775808, lst pts -9223372036854775808
E/FFmpegExtractor( 2290): Q[subtitle, 2, 2]: dur 0, pkts 0, sz 0, 1st pts -9223372036854775808, lst pts -9223372036854775808
E/FFmpegExtractor( 2290): ff: mem descr: total size 0
E/NuPlayerRenderer( 2290): RNDR: dVA -150311 (dVAavg -192231), V 6453278033, A 6453428344, Asink 6453431296
I/NuPlayerDriver( 2290): notifyDuration: 0
E/NuPlayerRenderer( 2290): RNDR: dVA -198311 (dVAavg -183751), V 6453758033, A 6453956344, Asink 6453921792
E/UDPSource( 2290): in buffer: a[20, 11520] 480.000 ms, v[24, 361582] 960.000 ms
E/UDPSource( 2290): in datasource: 1742035260 bytes, extractor created ? 1
E/FFmpegExtractor( 2290): ##### PKT Q DEBUG #####
E/FFmpegExtractor( 2290): Q[video, 0, 0]: dur 0, pkts 1, sz 32245, 1st pts 3605153781, lst pts 3605153781
E/FFmpegExtractor( 2290): Q[audio, 1, 1]: dur 0, pkts 0, sz 0, 1st pts -9223372036854775808, lst pts -9223372036854775808
E/FFmpegExtractor( 2290): Q[subtitle, 2, 2]: dur 0, pkts 0, sz 0, 1st pts -9223372036854775808, lst pts -9223372036854775808
E/FFmpegExtractor( 2290): ff: mem descr: total size 0
E/NuPlayerRenderer( 2290): RNDR: dVA -182311 (dVAavg -184391), V 6454278033, A 6454460344, Asink 6454433792
I/NuPlayerDriver( 2290): notifyDuration: 0
E/NuPlayerRenderer( 2290): RNDR: dVA -230311 (dVAavg -187591), V 6454758033, A 6454988344, Asink 6454945792
E/UDPSource( 2290): in buffer: a[19, 10944] 456.000 ms, v[30, 328994] 1000.000 ms
E/UDPSource( 2290): in datasource: 1742419532 bytes, extractor created ? 1
E/FFmpegExtractor( 2290): ##### PKT Q DEBUG #####
E/FFmpegExtractor( 2290): Q[video, 0, 0]: dur 0, pkts 0, sz 0, 1st pts -9223372036854775808, lst pts -9223372036854775808
E/FFmpegExtractor( 2290): Q[audio, 1, 1]: dur 0, pkts 0, sz 0, 1st pts -9223372036854775808, lst pts -9223372036854775808
E/FFmpegExtractor( 2290): Q[subtitle, 2, 2]: dur 0, pkts 0, sz 0, 1st pts -9223372036854775808, lst pts -9223372036854775808
E/FFmpegExtractor( 2290): ff: mem descr: total size 0
E/NuPlayerRenderer( 2290): RNDR: dVA -142311 (dVAavg -184071), V 6455278033, A 6455420344, Asink 6455436288
I/NuPlayerDriver( 2290): notifyDuration: 0
V/UDPDataSource( 2290): total bytes: 1742657728, (in buf 18424)
E/NuPlayerRenderer( 2290): RNDR: dVA -190311 (dVAavg -192391), V 6455758033, A 6455948344, Asink 6455926784
E/UDPSource( 2290): in buffer: a[21, 12096] 504.000 ms, v[25, 338064] 920.000 ms
E/UDPSource( 2290): in datasource: 1742803804 bytes, extractor created ? 1
E/FFmpegExtractor( 2290): ##### PKT Q DEBUG #####
E/FFmpegExtractor( 2290): Q[video, 0, 0]: dur 0, pkts 1, sz 1997, 1st pts 3605322981, lst pts 3605322981
E/FFmpegExtractor( 2290): Q[audio, 1, 1]: dur 0, pkts 0, sz 0, 1st pts -9223372036854775808, lst pts -9223372036854775808
E/FFmpegExtractor( 2290): Q[subtitle, 2, 2]: dur 0, pkts 0, sz 0, 1st pts -9223372036854775808, lst pts -9223372036854775808
E/FFmpegExtractor( 2290): ff: mem descr: total size 0
E/NuPlayerRenderer( 2290): RNDR: dVA -222311 (dVAavg -189831), V 6456278033, A 6456500344, Asink 6456438784
I/NuPlayerDriver( 2290): notifyDuration: 0
E/NuPlayerRenderer( 2290): RNDR: dVA -150311 (dVAavg -190791), V 6456758033, A 6456908344, Asink 6456908288
E/UDPSource( 2290): in buffer: a[19, 10944] 456.000 ms, v[25, 342679] 1040.000 ms
E/UDPSource( 2290): in datasource: 1743190708 bytes, extractor created ? 1
E/FFmpegExtractor( 2290): ##### PKT Q DEBUG #####
E/FFmpegExtractor( 2290): Q[video, 0, 0]: dur 0, pkts 1, sz 34105, 1st pts 3605427381, lst pts 3605427381
E/FFmpegExtractor( 2290): Q[audio, 1, 1]: dur 0, pkts 0, sz 0, 1st pts -9223372036854775808, lst pts -9223372036854775808
E/FFmpegExtractor( 2290): Q[subtitle, 2, 2]: dur 0, pkts 0, sz 0, 1st pts -9223372036854775808, lst pts -9223372036854775808
E/FFmpegExtractor( 2290): ff: mem descr: total size 0
E/NuPlayerRenderer( 2290): RNDR: dVA -158311 (dVAavg -184711), V 6457278033, A 6457436344, Asink 6457441792
I/NuPlayerDriver( 2290): notifyDuration: 0
E/NuPlayerRenderer( 2290): RNDR: dVA -182311 (dVAavg -181831), V 6457758033, A 6457940344, Asink 6457911296
E/UDPSource( 2290): in buffer: a[16, 9216] 384.000 ms, v[28, 314275] 1120.000 ms
E/UDPSource( 2290): in datasource: 1743574980 bytes, extractor created ? 1
E/FFmpegExtractor( 2290): ##### PKT Q DEBUG #####
E/FFmpegExtractor( 2290): Q[video, 0, 0]: dur 0, pkts 0, sz 0, 1st pts -9223372036854775808, lst pts -9223372036854775808
E/FFmpegExtractor( 2290): Q[audio, 1, 1]: dur 0, pkts 0, sz 0, 1st pts -9223372036854775808, lst pts -9223372036854775808
E/FFmpegExtractor( 2290): Q[subtitle, 2, 2]: dur 0, pkts 0, sz 0, 1st pts -9223372036854775808, lst pts -9223372036854775808
E/FFmpegExtractor( 2290): ff: mem descr: total size 0
E/NuPlayerRenderer( 2290): RNDR: dVA -166311 (dVAavg -178631), V 6458278033, A 6458444344, Asink 6458444288
I/NuPlayerDriver( 2290): notifyDuration: 0
E/NuPlayerRenderer( 2290): RNDR: dVA -214311 (dVAavg -181831), V 6458758033, A 6458972344, Asink 6458913792
E/UDPSource( 2290): in buffer: a[22, 12672] 528.000 ms, v[29, 381256] 1040.000 ms
E/UDPSource( 2290): in datasource: 1743959252 bytes, extractor created ? 1
E/FFmpegExtractor( 2290): ##### PKT Q DEBUG #####
E/FFmpegExtractor( 2290): Q[video, 0, 0]: dur 0, pkts 0, sz 0, 1st pts -9223372036854775808, lst pts -9223372036854775808
E/FFmpegExtractor( 2290): Q[audio, 1, 1]: dur 0, pkts 0, sz 0, 1st pts -9223372036854775808, lst pts -9223372036854775808
E/FFmpegExtractor( 2290): Q[subtitle, 2, 2]: dur 0, pkts 0, sz 0, 1st pts -9223372036854775808, lst pts -9223372036854775808
E/FFmpegExtractor( 2290): ff: mem descr: total size 0
E/NuPlayerRenderer( 2290): RNDR: dVA -198311 (dVAavg -187591), V 6459278033, A 6459476344, Asink 6459447296
I/PlayCommon( 3293): [77] com.google.android.play.b.h.e(262): Preparing logs for uploading
I/NuPlayerDriver( 2290): notifyDuration: 0
W/PlayCommon( 3293): [77] com.google.android.play.b.h.a(672): No account for auth token provided
I/PlayCommon( 3293): [77] com.google.android.play.b.h.a(519): Connecting to server: https://play.googleapis.com/play/log?format=raw&proto_v2=true
E/PlayCommon( 3293): [77] com.google.android.play.b.h.a(549): Failed to connect to server: java.net.UnknownHostException: Unable to resolve host "play.googleapis.com": No address associated with hostname
E/NuPlayerRenderer( 2290): RNDR: dVA -174311 (dVAavg -190471), V 6459758033, A 6459932344, Asink 6459916288
E/UDPSource( 2290): in buffer: a[20, 11520] 480.000 ms, v[29, 379793] 1080.000 ms
E/UDPSource( 2290): in datasource: 1744344840 bytes, extractor created ? 1
E/FFmpegExtractor( 2290): ##### PKT Q DEBUG #####
E/FFmpegExtractor( 2290): Q[video, 0, 0]: dur 0, pkts 1, sz 2441, 1st pts 3605708181, lst pts 3605708181
E/FFmpegExtractor( 2290): Q[audio, 1, 1]: dur 0, pkts 0, sz 0, 1st pts -9223372036854775808, lst pts -9223372036854775808
E/FFmpegExtractor( 2290): Q[subtitle, 2, 2]: dur 0, pkts 0, sz 0, 1st pts -9223372036854775808, lst pts -9223372036854775808
E/FFmpegExtractor( 2290): ff: mem descr: total size 0
E/NuPlayerRenderer( 2290): RNDR: dVA -158311 (dVAavg -192391), V 6460278033, A 6460436344, Asink 6460428288
I/NuPlayerDriver( 2290): notifyDuration: 0
V/UDPDataSource( 2290): total bytes: 1744583036, (in buf 28952)
E/NuPlayerRenderer( 2290): RNDR: dVA -206311 (dVAavg -190471), V 6460758033, A 6460964344, Asink 6460918784
E/UDPSource( 2290): in buffer: a[22, 12672] 528.000 ms, v[29, 335852] 1200.000 ms
E/UDPSource( 2290): in datasource: 1744729112 bytes, extractor created ? 1
E/FFmpegExtractor( 2290): ##### PKT Q DEBUG #####
E/FFmpegExtractor( 2290): Q[video, 0, 0]: dur 0, pkts 0, sz 0, 1st pts -9223372036854775808, lst pts -9223372036854775808
E/FFmpegExtractor( 2290): Q[audio, 1, 1]: dur 0, pkts 0, sz 0, 1st pts -9223372036854775808, lst pts -9223372036854775808
E/FFmpegExtractor( 2290): Q[subtitle, 2, 2]: dur 0, pkts 0, sz 0, 1st pts -9223372036854775808, lst pts -9223372036854775808
E/FFmpegExtractor( 2290): ff: mem descr: total size 0
E/NuPlayerRenderer( 2290): RNDR: dVA -214311 (dVAavg -194631), V 6461278033, A 6461492344, Asink 6461430784
I/NuPlayerDriver( 2290): notifyDuration: 0
D/HDMI-Controller( 2723): HDMIController::isSinkConnected: 1
D/        ( 2723):  enter hdmi_check_rx_sense
D/HDMI-Controller( 2723): HDMIController::checkRxSense: 0
E/NuPlayerRenderer( 2290): RNDR: dVA -166311 (dVAavg -187591), V 6461758033, A 6461924344, Asink 6461921792
E/UDPSource( 2290): in buffer: a[20, 11520] 480.000 ms, v[27, 356370] 1040.000 ms
E/UDPSource( 2290): in datasource: 1745114700 bytes, extractor created ? 1
E/FFmpegExtractor( 2290): ##### PKT Q DEBUG #####
E/FFmpegExtractor( 2290): Q[video, 0, 0]: dur 0, pkts 1, sz 14473, 1st pts 3605902581, lst pts 3605902581
E/FFmpegExtractor( 2290): Q[audio, 1, 1]: dur 0, pkts 0, sz 0, 1st pts -9223372036854775808, lst pts -9223372036854775808
E/FFmpegExtractor( 2290): Q[subtitle, 2, 2]: dur 0, pkts 0, sz 0, 1st pts -9223372036854775808, lst pts -9223372036854775808
E/FFmpegExtractor( 2290): ff: mem descr: total size 0
E/NuPlayerRenderer( 2290): RNDR: dVA -174311 (dVAavg -193031), V 6462278033, A 6462452344, Asink 6462433792
I/NuPlayerDriver( 2290): notifyDuration: 0
E/NuPlayerRenderer( 2290): RNDR: dVA -222311 (dVAavg -192391), V 6462758033, A 6462980344, Asink 6462924288
E/UDPSource( 2290): in buffer: a[22, 12672] 528.000 ms, v[30, 386646] 1000.000 ms
E/UDPSource( 2290): in datasource: 1745500288 bytes, extractor created ? 1
E/FFmpegExtractor( 2290): ##### PKT Q DEBUG #####
E/FFmpegExtractor( 2290): Q[video, 0, 0]: dur 0, pkts 1, sz 41545, 1st pts 3605988981, lst pts 3605988981
E/FFmpegExtractor( 2290): Q[audio, 1, 1]: dur 0, pkts 0, sz 0, 1st pts -9223372036854775808, lst pts -9223372036854775808
E/FFmpegExtractor( 2290): Q[subtitle, 2, 2]: dur 0, pkts 0, sz 0, 1st pts -9223372036854775808, lst pts -9223372036854775808
E/FFmpegExtractor( 2290): ff: mem descr: total size 0
D/UpdateService( 3122): Trying to update. isFirstStartUpdate: false
E/NuPlayerRenderer( 2290): RNDR: dVA -206311 (dVAavg -194311), V 6463278033, A 6463484344, Asink 6463436288
I/NuPlayerDriver( 2290): notifyDuration: 0
E/NuPlayerRenderer( 2290): RNDR: dVA -182311 (dVAavg -188231), V 6463758033, A 6463940344, Asink 6463927296
E/UDPSource( 2290): in buffer: a[24, 13824] 576.000 ms, v[30, 395342] 1160.000 ms
E/UDPSource( 2290): in datasource: 1745884560 bytes, extractor created ? 1
W/QmsJsonHttpSender( 3201): Send data is failed (Unable to resolve host "qms.local": No address associated with hostname)
E/FrameworkListener( 2285): read() failed (Connection reset by peer)
E/FFmpegExtractor( 2290): ##### PKT Q DEBUG #####
E/FFmpegExtractor( 2290): Q[video, 0, 0]: dur 0, pkts 0, sz 0, 1st pts -9223372036854775808, lst pts -9223372036854775808
E/FFmpegExtractor( 2290): Q[audio, 1, 1]: dur 0, pkts 1, sz 576, 1st pts 3605983069, lst pts 3605983069
E/FFmpegExtractor( 2290): Q[subtitle, 2, 2]: dur 0, pkts 0, sz 0, 1st pts -9223372036854775808, lst pts -9223372036854775808
E/FFmpegExtractor( 2290): ff: mem descr: total size 0
E/NuPlayerRenderer( 2290): RNDR: dVA -166311 (dVAavg -190151), V 6464278033, A 6464444344, Asink 6464439296
I/NuPlayerDriver( 2290): notifyDuration: 0
E/NuPlayerRenderer( 2290): RNDR: dVA -214311 (dVAavg -188231), V 6464758033, A 6464972344, Asink 6464929792
E/UDPSource( 2290): in buffer: a[17, 9792] 408.000 ms, v[28, 368415] 1120.000 ms
E/UDPSource( 2290): in datasource: 1746270148 bytes, extractor created ? 1
E/FFmpegExtractor( 2290): ##### PKT Q DEBUG #####
E/FFmpegExtractor( 2290): Q[video, 0, 0]: dur 0, pkts 0, sz 0, 1st pts -9223372036854775808, lst pts -9223372036854775808
E/FFmpegExtractor( 2290): Q[audio, 1, 1]: dur 0, pkts 1, sz 576, 1st pts 3606073789, lst pts 3606073789
E/FFmpegExtractor( 2290): Q[subtitle, 2, 2]: dur 0, pkts 0, sz 0, 1st pts -9223372036854775808, lst pts -9223372036854775808
E/FFmpegExtractor( 2290): ff: mem descr: total size 0
E/NuPlayerRenderer( 2290): RNDR: dVA -222311 (dVAavg -192391), V 6465278033, A 6465500344, Asink 6465441792
I/NuPlayerDriver( 2290): notifyDuration: 0
V/UDPDataSource( 2290): total bytes: 1746507028, (in buf 1316)
E/NuPlayerRenderer( 2290): RNDR: dVA -174311 (dVAavg -187911), V 6465758033, A 6465932344, Asink 6465910784
E/UDPSource( 2290): in buffer: a[19, 10944] 456.000 ms, v[28, 369299] 1120.000 ms
E/UDPSource( 2290): in datasource: 1746654420 bytes, extractor created ? 1
E/FFmpegExtractor( 2290): ##### PKT Q DEBUG #####
E/FFmpegExtractor( 2290): Q[video, 0, 0]: dur 0, pkts 0, sz 0, 1st pts -9223372036854775808, lst pts -9223372036854775808
E/FFmpegExtractor( 2290): Q[audio, 1, 1]: dur 0, pkts 0, sz 0, 1st pts -9223372036854775808, lst pts -9223372036854775808
E/FFmpegExtractor( 2290): Q[subtitle, 2, 2]: dur 0, pkts 0, sz 0, 1st pts -9223372036854775808, lst pts -9223372036854775808
E/FFmpegExtractor( 2290): ff: mem descr: total size 0
E/NuPlayerRenderer( 2290): RNDR: dVA -182311 (dVAavg -188231), V 6466278033, A 6466460344, Asink 6466444288
I/NuPlayerDriver( 2290): notifyDuration: 0
E/FFmpegExtractor( 2290): (clbk) fetching ttx page 100
E/FFmpegExtractor( 2290): put ttx pkt: pts 3606198133, size 8924 (total 8924 bytes, 1 pkts, 0 us)
V/FFmpegExtractor( 2290): drop obsolete subtitle(2:2) packet 40068868144 < 40069904233
E/NuPlayerRenderer( 2290): RNDR: dVA -230311 (dVAavg -186311), V 6466758033, A 6466988344, Asink 6466934784
E/UDPSource( 2290): in buffer: a[17, 9792] 408.000 ms, v[26, 323513] 840.000 ms
E/UDPSource( 2290): in datasource: 1747038692 bytes, extractor created ? 1
E/NuPlayerRenderer( 2290): RNDR: dVA -142311 (dVAavg -186631), V 6467278033, A 6467420344, Asink 6467446784
E/FFmpegExtractor( 2290): ##### PKT Q DEBUG #####
E/FFmpegExtractor( 2290): Q[video, 0, 0]: dur 0, pkts 0, sz 0, 1st pts -9223372036854775808, lst pts -9223372036854775808
E/FFmpegExtractor( 2290): Q[audio, 1, 1]: dur 0, pkts 0, sz 0, 1st pts -9223372036854775808, lst pts -9223372036854775808
E/FFmpegExtractor( 2290): Q[subtitle, 2, 2]: dur 0, pkts 0, sz 0, 1st pts -9223372036854775808, lst pts -9223372036854775808
E/FFmpegExtractor( 2290): ff: mem descr: total size 0
I/NuPlayerDriver( 2290): notifyDuration: 0
E/NuPlayerRenderer( 2290): RNDR: dVA -190311 (dVAavg -187271), V 6467758033, A 6467948344, Asink 6467916288
E/UDPSource( 2290): in buffer: a[19, 10944] 456.000 ms, v[29, 392137] 1080.000 ms
E/UDPSource( 2290): in datasource: 1747424280 bytes, extractor created ? 1
E/NuPlayerRenderer( 2290): RNDR: dVA -174311 (dVAavg -189191), V 6468278033, A 6468452344, Asink 6468428288
E/FFmpegExtractor( 2290): ##### PKT Q DEBUG #####
E/FFmpegExtractor( 2290): Q[video, 0, 0]: dur 0, pkts 0, sz 0, 1st pts -9223372036854775808, lst pts -9223372036854775808
E/FFmpegExtractor( 2290): Q[audio, 1, 1]: dur 0, pkts 0, sz 0, 1st pts -9223372036854775808, lst pts -9223372036854775808
E/FFmpegExtractor( 2290): Q[subtitle, 2, 2]: dur 0, pkts 0, sz 0, 1st pts -9223372036854775808, lst pts -9223372036854775808
E/FFmpegExtractor( 2290): ff: mem descr: total size 0
I/NuPlayerDriver( 2290): notifyDuration: 0
E/NuPlayerRenderer( 2290): RNDR: dVA -222311 (dVAavg -187271), V 6468758033, A 6468980344, Asink 6468940288
E/UDPSource( 2290): in buffer: a[18, 10368] 432.000 ms, v[30, 396005] 1400.000 ms
E/UDPSource( 2290): in datasource: 1747809868 bytes, extractor created ? 1
E/NuPlayerRenderer( 2290): RNDR: dVA -134311 (dVAavg -190151), V 6469278033, A 6469412344, Asink 6469431296
I/NuPlayerDriver( 2290): notifyDuration: 0
E/FFmpegExtractor( 2290): ##### PKT Q DEBUG #####
E/FFmpegExtractor( 2290): Q[video, 0, 0]: dur 0, pkts 0, sz 0, 1st pts -9223372036854775808, lst pts -9223372036854775808
E/FFmpegExtractor( 2290): Q[audio, 1, 1]: dur 0, pkts 0, sz 0, 1st pts -9223372036854775808, lst pts -9223372036854775808
E/FFmpegExtractor( 2290): Q[subtitle, 2, 2]: dur 0, pkts 0, sz 0, 1st pts -9223372036854775808, lst pts -9223372036854775808
E/FFmpegExtractor( 2290): ff: mem descr: total size 0
E/NuPlayerRenderer( 2290): RNDR: dVA -182311 (dVAavg -181831), V 6469758033, A 6469940344, Asink 6469921792
E/UDPSource( 2290): in buffer: a[21, 12096] 504.000 ms, v[30, 395497] 1240.000 ms
E/UDPSource( 2290): in datasource: 1748194140 bytes, extractor created ? 1
E/NuPlayerRenderer( 2290): RNDR: dVA -190311 (dVAavg -179591), V 6470278033, A 6470468344, Asink 6470433792
I/NuPlayerDriver( 2290): notifyDuration: 0
E/FFmpegExtractor( 2290): ##### PKT Q DEBUG #####
E/FFmpegExtractor( 2290): Q[video, 0, 0]: dur 0, pkts 0, sz 0, 1st pts -9223372036854775808, lst pts -9223372036854775808
E/FFmpegExtractor( 2290): Q[audio, 1, 1]: dur 0, pkts 0, sz 0, 1st pts -9223372036854775808, lst pts -9223372036854775808
E/FFmpegExtractor( 2290): Q[subtitle, 2, 2]: dur 0, pkts 0, sz 0, 1st pts -9223372036854775808, lst pts -9223372036854775808
E/FFmpegExtractor( 2290): ff: mem descr: total size 0
V/UDPDataSource( 2290): total bytes: 1748432336, (in buf 11844)
E/NuPlayerRenderer( 2290): RNDR: dVA -214311 (dVAavg -192071), V 6470758033, A 6470972344, Asink 6470924288
E/UDPSource( 2290): in buffer: a[19, 10944] 456.000 ms, v[30, 375934] 1000.000 ms
E/UDPSource( 2290): in datasource: 1748578412 bytes, extractor created ? 1
E/NuPlayerRenderer( 2290): RNDR: dVA -222311 (dVAavg -191111), V 6471278033, A 6471500344, Asink 6471457792
I/NuPlayerDriver( 2290): notifyDuration: 0
E/FFmpegExtractor( 2290): ##### PKT Q DEBUG #####
E/FFmpegExtractor( 2290): Q[video, 0, 0]: dur 0, pkts 0, sz 0, 1st pts -9223372036854775808, lst pts -9223372036854775808
E/FFmpegExtractor( 2290): Q[audio, 1, 1]: dur 0, pkts 0, sz 0, 1st pts -9223372036854775808, lst pts -9223372036854775808
E/FFmpegExtractor( 2290): Q[subtitle, 2, 2]: dur 0, pkts 0, sz 0, 1st pts -9223372036854775808, lst pts -9223372036854775808
E/FFmpegExtractor( 2290): ff: mem descr: total size 0
D/HDMI-Controller( 2723): HDMIController::isSinkConnected: 1
D/        ( 2723):  enter hdmi_check_rx_sense
D/HDMI-Controller( 2723): HDMIController::checkRxSense: 0
E/NuPlayerRenderer( 2290): RNDR: dVA -174311 (dVAavg -193031), V 6471758033, A 6471932344, Asink 6471926784
E/UDPSource( 2290): in buffer: a[21, 12096] 504.000 ms, v[28, 357739] 1120.000 ms
E/UDPSource( 2290): in datasource: 1748964000 bytes, extractor created ? 1
E/NuPlayerRenderer( 2290): RNDR: dVA -158311 (dVAavg -191111), V 6472278033, A 6472436344, Asink 6472438784
I/NuPlayerDriver( 2290): notifyDuration: 0
E/FFmpegExtractor( 2290): ##### PKT Q DEBUG #####
E/FFmpegExtractor( 2290): Q[video, 0, 0]: dur 0, pkts 0, sz 0, 1st pts -9223372036854775808, lst pts -9223372036854775808
E/FFmpegExtractor( 2290): Q[audio, 1, 1]: dur 0, pkts 0, sz 0, 1st pts -9223372036854775808, lst pts -9223372036854775808
E/FFmpegExtractor( 2290): Q[subtitle, 2, 2]: dur 0, pkts 0, sz 0, 1st pts -9223372036854775808, lst pts -9223372036854775808
E/FFmpegExtractor( 2290): ff: mem descr: total size 0
E/NuPlayerRenderer( 2290): RNDR: dVA -230311 (dVAavg -188871), V 6472758033, A 6472988344, Asink 6472929792
E/UDPSource( 2290): in buffer: a[20, 11520] 480.000 ms, v[28, 369447] 1120.000 ms
E/UDPSource( 2290): in datasource: 1749348272 bytes, extractor created ? 1
E/NuPlayerRenderer( 2290): RNDR: dVA -214311 (dVAavg -194631), V 6473278033, A 6473492344, Asink 6473441792
I/NuPlayerDriver( 2290): notifyDuration: 0
E/FFmpegExtractor( 2290): ##### PKT Q DEBUG #####
E/FFmpegExtractor( 2290): Q[video, 0, 0]: dur 0, pkts 0, sz 0, 1st pts -9223372036854775808, lst pts -9223372036854775808
E/FFmpegExtractor( 2290): Q[audio, 1, 1]: dur 0, pkts 0, sz 0, 1st pts -9223372036854775808, lst pts -9223372036854775808
E/FFmpegExtractor( 2290): Q[subtitle, 2, 2]: dur 0, pkts 0, sz 0, 1st pts -9223372036854775808, lst pts -9223372036854775808
E/FFmpegExtractor( 2290): ff: mem descr: total size 0
E/NuPlayerRenderer( 2290): RNDR: dVA -190311 (dVAavg -192391), V 6473758033, A 6473948344, Asink 6473911296
E/UDPSource( 2290): in buffer: a[22, 12672] 528.000 ms, v[27, 348966] 1040.000 ms
E/UDPSource( 2290): in datasource: 1749733860 bytes, extractor created ? 1
E/NuPlayerRenderer( 2290): RNDR: dVA -174311 (dVAavg -190471), V 6474278033, A 6474452344, Asink 6474444288
I/NuPlayerDriver( 2290): notifyDuration: 0
E/FFmpegExtractor( 2290): ##### PKT Q DEBUG #####
E/FFmpegExtractor( 2290): Q[video, 0, 0]: dur 0, pkts 0, sz 0, 1st pts -9223372036854775808, lst pts -9223372036854775808
E/FFmpegExtractor( 2290): Q[audio, 1, 1]: dur 0, pkts 0, sz 0, 1st pts -9223372036854775808, lst pts -9223372036854775808
E/FFmpegExtractor( 2290): Q[subtitle, 2, 2]: dur 0, pkts 0, sz 0, 1st pts -9223372036854775808, lst pts -9223372036854775808
E/FFmpegExtractor( 2290): ff: mem descr: total size 0
E/NuPlayerRenderer( 2290): RNDR: dVA -222311 (dVAavg -188551), V 6474758033, A 6474980344, Asink 6474935296
E/UDPSource( 2290): in buffer: a[20, 11520] 480.000 ms, v[30, 389918] 1000.000 ms
E/UDPSource( 2290): in datasource: 1750118132 bytes, extractor created ? 1
E/NuPlayerRenderer( 2290): RNDR: dVA -206311 (dVAavg -189191), V 6475278033, A 6475484344, Asink 6475447296
I/NuPlayerDriver( 2290): notifyDuration: 0
E/FFmpegExtractor( 2290): ##### PKT Q DEBUG #####
E/FFmpegExtractor( 2290): Q[video, 0, 0]: dur 0, pkts 1, sz 27161, 1st pts 3607083381, lst pts 3607083381
E/FFmpegExtractor( 2290): Q[audio, 1, 1]: dur 0, pkts 0, sz 0, 1st pts -9223372036854775808, lst pts -9223372036854775808
E/FFmpegExtractor( 2290): Q[subtitle, 2, 2]: dur 0, pkts 0, sz 0, 1st pts -9223372036854775808, lst pts -9223372036854775808
E/FFmpegExtractor( 2290): ff: mem descr: total size 0
V/UDPDataSource( 2290): total bytes: 1750356328, (in buf 21056)
E/NuPlayerRenderer( 2290): RNDR: dVA -158311 (dVAavg -187271), V 6475758033, A 6475916344, Asink 6475916288
E/UDPSource( 2290): in buffer: a[19, 10944] 456.000 ms, v[29, 370025] 1080.000 ms
E/UDPSource( 2290): in datasource: 1750503720 bytes, extractor created ? 1
E/NuPlayerRenderer( 2290): RNDR: dVA -166311 (dVAavg -183751), V 6476278033, A 6476444344, Asink 6476428288
I/NuPlayerDriver( 2290): notifyDuration: 0
E/FFmpegExtractor( 2290): ##### PKT Q DEBUG #####
E/FFmpegExtractor( 2290): Q[video, 0, 0]: dur 0, pkts 0, sz 0, 1st pts -9223372036854775808, lst pts -9223372036854775808
E/FFmpegExtractor( 2290): Q[audio, 1, 1]: dur 0, pkts 0, sz 0, 1st pts -9223372036854775808, lst pts -9223372036854775808
E/FFmpegExtractor( 2290): Q[subtitle, 2, 2]: dur 0, pkts 0, sz 0, 1st pts -9223372036854775808, lst pts -9223372036854775808
E/FFmpegExtractor( 2290): ff: mem descr: total size 0
E/NuPlayerRenderer( 2290): RNDR: dVA -214311 (dVAavg -192071), V 6476758033, A 6476972344, Asink 6476918784
E/UDPSource( 2290): in buffer: a[21, 12096] 504.000 ms, v[30, 407561] 1400.000 ms
E/UDPSource( 2290): in datasource: 1750887992 bytes, extractor created ? 1
E/NuPlayerRenderer( 2290): RNDR: dVA -198311 (dVAavg -190151), V 6477278033, A 6477476344, Asink 6477452288
I/NuPlayerDriver( 2290): notifyDuration: 0
E/FFmpegExtractor( 2290): ##### PKT Q DEBUG #####
E/FFmpegExtractor( 2290): Q[video, 0, 0]: dur 0, pkts 0, sz 0, 1st pts -9223372036854775808, lst pts -9223372036854775808
E/FFmpegExtractor( 2290): Q[audio, 1, 1]: dur 0, pkts 0, sz 0, 1st pts -9223372036854775808, lst pts -9223372036854775808
E/FFmpegExtractor( 2290): Q[subtitle, 2, 2]: dur 0, pkts 0, sz 0, 1st pts -9223372036854775808, lst pts -9223372036854775808
E/FFmpegExtractor( 2290): ff: mem descr: total size 0
E/NuPlayerRenderer( 2290): RNDR: dVA -174311 (dVAavg -189191), V 6477758033, A 6477932344, Asink 6477921792
E/UDPSource( 2290): in buffer: a[16, 9216] 384.000 ms, v[30, 399493] 1240.000 ms
E/UDPSource( 2290): in datasource: 1751274896 bytes, extractor created ? 1
E/NuPlayerRenderer( 2290): RNDR: dVA -158311 (dVAavg -194951), V 6478278033, A 6478436344, Asink 6478433792
I/NuPlayerDriver( 2290): notifyDuration: 0
E/FFmpegExtractor( 2290): ##### PKT Q DEBUG #####
E/FFmpegExtractor( 2290): Q[video, 0, 0]: dur 0, pkts 1, sz 8246, 1st pts 3607346181, lst pts 3607346181
E/FFmpegExtractor( 2290): Q[audio, 1, 1]: dur 0, pkts 0, sz 0, 1st pts -9223372036854775808, lst pts -9223372036854775808
E/FFmpegExtractor( 2290): Q[subtitle, 2, 2]: dur 0, pkts 0, sz 0, 1st pts -9223372036854775808, lst pts -9223372036854775808
E/FFmpegExtractor( 2290): ff: mem descr: total size 0
E/NuPlayerRenderer( 2290): RNDR: dVA -206311 (dVAavg -186631), V 6478758033, A 6478964344, Asink 6478924288
E/UDPSource( 2290): in buffer: a[16, 9216] 384.000 ms, v[26, 323353] 840.000 ms
E/UDPSource( 2290): in datasource: 1751657852 bytes, extractor created ? 1
E/NuPlayerRenderer( 2290): RNDR: dVA -214311 (dVAavg -189511), V 6479278033, A 6479492344, Asink 6479436288
I/NuPlayerDriver( 2290): notifyDuration: 0
E/FFmpegExtractor( 2290): ##### PKT Q DEBUG #####
E/FFmpegExtractor( 2290): Q[video, 0, 0]: dur 0, pkts 1, sz 13185, 1st pts 3607439781, lst pts 3607439781
E/FFmpegExtractor( 2290): Q[audio, 1, 1]: dur 0, pkts 0, sz 0, 1st pts -9223372036854775808, lst pts -9223372036854775808
E/FFmpegExtractor( 2290): Q[subtitle, 2, 2]: dur 0, pkts 0, sz 0, 1st pts -9223372036854775808, lst pts -9223372036854775808
E/FFmpegExtractor( 2290): ff: mem descr: total size 0
E/NuPlayerRenderer( 2290): RNDR: dVA -166311 (dVAavg -190151), V 6479758033, A 6479924344, Asink 6479927296
E/UDPSource( 2290): in buffer: a[15, 8640] 360.000 ms, v[29, 366957] 1080.000 ms
E/UDPSource( 2290): in datasource: 1752043440 bytes, extractor created ? 1
E/NuPlayerRenderer( 2290): RNDR: dVA -174311 (dVAavg -193031), V 6480278033, A 6480452344, Asink 6480439296
I/NuPlayerDriver( 2290): notifyDuration: 0
E/FFmpegExtractor( 2290): ##### PKT Q DEBUG #####
E/FFmpegExtractor( 2290): Q[video, 0, 0]: dur 0, pkts 0, sz 0, 1st pts -9223372036854775808, lst pts -9223372036854775808
E/FFmpegExtractor( 2290): Q[audio, 1, 1]: dur 0, pkts 0, sz 0, 1st pts -9223372036854775808, lst pts -9223372036854775808
E/FFmpegExtractor( 2290): Q[subtitle, 2, 2]: dur 0, pkts 0, sz 0, 1st pts -9223372036854775808, lst pts -9223372036854775808
E/FFmpegExtractor( 2290): ff: mem descr: total size 0
V/UDPDataSource( 2290): total bytes: 1752280320, (in buf 30268)
E/NuPlayerRenderer( 2290): RNDR: dVA -222311 (dVAavg -187271), V 6480758033, A 6480980344, Asink 6480929792
E/UDPSource( 2290): in buffer: a[16, 9216] 384.000 ms, v[28, 369707] 1120.000 ms
E/UDPSource( 2290): in datasource: 1752427712 bytes, extractor created ? 1
E/NuPlayerRenderer( 2290): RNDR: dVA -158311 (dVAavg -188551), V 6481278033, A 6481436344, Asink 6481441792
I/NuPlayerDriver( 2290): notifyDuration: 0
E/FFmpegExtractor( 2290): ##### PKT Q DEBUG #####
E/FFmpegExtractor( 2290): Q[video, 0, 0]: dur 0, pkts 1, sz 48461, 1st pts 3607630581, lst pts 3607630581
E/FFmpegExtractor( 2290): Q[audio, 1, 1]: dur 0, pkts 0, sz 0, 1st pts -9223372036854775808, lst pts -9223372036854775808
E/FFmpegExtractor( 2290): Q[subtitle, 2, 2]: dur 0, pkts 0, sz 0, 1st pts -9223372036854775808, lst pts -9223372036854775808
E/FFmpegExtractor( 2290): ff: mem descr: total size 0
D/HDMI-Controller( 2723): HDMIController::isSinkConnected: 1
D/        ( 2723):  enter hdmi_check_rx_sense
D/HDMI-Controller( 2723): HDMIController::checkRxSense: 0
E/NuPlayerRenderer( 2290): RNDR: dVA -182311 (dVAavg -192071), V 6481758033, A 6481940344, Asink 6481910784
E/UDPSource( 2290): in buffer: a[24, 13824] 576.000 ms, v[27, 356966] 1040.000 ms
E/UDPSource( 2290): in datasource: 1752813300 bytes, extractor created ? 1
E/NuPlayerRenderer( 2290): RNDR: dVA -166311 (dVAavg -182471), V 6482278033, A 6482444344, Asink 6482444288
I/NuPlayerDriver( 2290): notifyDuration: 0
E/FFmpegExtractor( 2290): ##### PKT Q DEBUG #####
E/FFmpegExtractor( 2290): Q[video, 0, 0]: dur 0, pkts 1, sz 7341, 1st pts 3607713381, lst pts 3607713381
E/FFmpegExtractor( 2290): Q[audio, 1, 1]: dur 0, pkts 0, sz 0, 1st pts -9223372036854775808, lst pts -9223372036854775808
E/FFmpegExtractor( 2290): Q[subtitle, 2, 2]: dur 0, pkts 0, sz 0, 1st pts -9223372036854775808, lst pts -9223372036854775808
E/FFmpegExtractor( 2290): ff: mem descr: total size 0
E/NuPlayerRenderer( 2290): RNDR: dVA -238311 (dVAavg -178951), V 6482758033, A 6482996344, Asink 6482934784
E/UDPSource( 2290): in buffer: a[23, 13248] 552.000 ms, v[30, 380230] 1000.000 ms
E/UDPSource( 2290): in datasource: 1753198888 bytes, extractor created ? 1
D/UpdateService( 3122): Trying to update. isFirstStartUpdate: false
E/NuPlayerRenderer( 2290): RNDR: dVA -222311 (dVAavg -185991), V 6483278033, A 6483500344, Asink 6483446784
I/NuPlayerDriver( 2290): notifyDuration: 0
E/FFmpegExtractor( 2290): ##### PKT Q DEBUG #####
E/FFmpegExtractor( 2290): Q[video, 0, 0]: dur 0, pkts 0, sz 0, 1st pts -9223372036854775808, lst pts -9223372036854775808
E/FFmpegExtractor( 2290): Q[audio, 1, 1]: dur 0, pkts 0, sz 0, 1st pts -9223372036854775808, lst pts -9223372036854775808
E/FFmpegExtractor( 2290): Q[subtitle, 2, 2]: dur 0, pkts 0, sz 0, 1st pts -9223372036854775808, lst pts -9223372036854775808
E/FFmpegExtractor( 2290): ff: mem descr: total size 0
E/NuPlayerRenderer( 2290): RNDR: dVA -174311 (dVAavg -181511), V 6483758033, A 6483932344, Asink 6483916288
E/UDPSource( 2290): in buffer: a[24, 13824] 576.000 ms, v[30, 385150] 1160.000 ms
E/UDPSource( 2290): in datasource: 1753584476 bytes, extractor created ? 1
E/NuPlayerRenderer( 2290): RNDR: dVA -182311 (dVAavg -185671), V 6484278033, A 6484460344, Asink 6484428288
I/NuPlayerDriver( 2290): notifyDuration: 0
E/FFmpegExtractor( 2290): ##### PKT Q DEBUG #####
