--------- beginning of /dev/log/system
I/SettingsProxy( 2278): SettingsProxy firing up
I/GPIOProxy( 2279): GPIOProxy firing up
I/Vold    ( 2277): Vold 2.1 (the revenge) firing up
E/Vold    ( 2277): failed to open /fstab.phoenix
E/Vold    ( 2277): Error reading configuration (No such file or directory)... continuing anyways
W/SystemServer( 2723): System clock is before 1970; setting to 1970.
I/SystemServer( 2723): Entered the Android system server!
I/SystemServer( 2723): Waiting for installd to be ready.
I/Installer( 2723): connecting...
I/SystemServer( 2723): Power Manager
I/SystemServer( 2723): Activity Manager
I/XXXXXX  ( 2723): mTotoaMemMb=737 scaleMem=1.0925
I/XXXXXX  ( 2723): scaleDisp=-0.6 dw=0 dh=0
I/XXXXXX  ( 2723): minfree_adj=0 minfree_abs=-1
I/XXXXXX  ( 2723): adj=0,1,2,3,9,15
I/XXXXXX  ( 2723): minfree=12288,15360,18432,21504,24576,30720
I/XXXXXX  ( 2723): extra_free_kbytes=0
I/ActivityManager( 2723): Memory class: 128
I/IntentFirewall( 2723): Read new rules (A:0 B:0 S:0)
I/SystemServer( 2723): Display Manager
I/SystemServer( 2723): Telephony Registry
I/SystemServer( 2723): Scheduling Policy
I/DisplayManagerService( 2723): Display device added: DisplayDeviceInfo{"Встроенный экран": 1280 x 720, 60.000004 fps, density 160, 160.15764 x 160.42105 dpi, touch INTERNAL, rotation 0, type BUILT_IN, FLAG_DEFAULT_DISPLAY, FLAG_ROTATES_WITH_CONTENT, FLAG_SECURE, FLAG_SUPPORTS_PROTECTED_BUFFERS}
I/SystemServer( 2723): Package Manager
D/SELinuxMMAC( 2723): Couldn't find install policy /data/security/mac_permissions.xml
D/SELinuxMMAC( 2723): Using install policy file /system/etc/security/mac_permissions.xml
W/PackageManager( 2723): Running ENG build: no pre-dexopt!
W/PackageManager( 2723): Library not found: /system/framework/com.android.future.usb.accessory.jar
W/PackageParser( 2723): Unknown element under <manifest>: meta-data at /system/priv-app/tvlauncher_v1.9.3.apk Binary XML file line #23
W/PackageParser( 2723): Unknown element under <manifest>: meta-data at /system/priv-app/audioplayer_v1.1.1.apk Binary XML file line #22
W/PackageParser( 2723): No actions in intent filter at /system/app/Bluetooth.apk Binary XML file line #211
W/PackageParser( 2723): Unknown element under <manifest>: provider at /data/app/com.progdvb.progtva_adv-1.apk Binary XML file line #77
W/PackageManager( 2723): Package com.google.android.gms desires unavailable shared library org.apache.http.legacy; ignoring!
W/PackageManager( 2723): Package com.google.android.gms desires unavailable shared library com.google.android.ble; ignoring!
W/PackageManager( 2723): Package com.google.android.gms desires unavailable shared library com.google.android.wearable; ignoring!
I/PackageManager( 2723): Time to scan packages: 1.718 seconds
W/PackageManager( 2723): Unknown permission com.android.smspush.WAPPUSH_MANAGER_BIND in package com.android.phone
W/PackageManager( 2723): Not granting permission com.google.android.providers.settings.permission.READ_GSETTINGS to package com.google.android.voicesearch (protectionLevel=2 flags=0x4000be45)
W/PackageManager( 2723): Unknown permission com.google.android.gm.permission.AUTO_SEND in package com.google.android.voicesearch
W/PackageManager( 2723): Unknown permission com.google.android.apps.googlevoice.permission.AUTO_SEND in package com.google.android.voicesearch
W/PackageManager( 2723): Unknown permission com.android.vending.billing.IBillingAccountService.BIND2 in package com.google.android.gsf.login
W/PackageManager( 2723): Unknown permission com.android.chrome.TOS_ACKED in package com.google.android.gsf.login
W/PackageManager( 2723): Unknown permission com.google.android.gallery3d.permission.GALLERY_PROVIDER in package com.android.bluetooth
W/PackageManager( 2723): Unknown permission com.android.gallery3d.permission.GALLERY_PROVIDER in package com.android.bluetooth
W/PackageManager( 2723): Unknown permission android.permission.MMS_SEND_OUTBOX_MSG in package com.android.bluetooth
W/PackageManager( 2723): Not granting permission android.permission.ACCESS_DOWNLOAD_MANAGER to package com.android.browser (protectionLevel=18 flags=0x9be45)
W/PackageManager( 2723): Not granting permission android.permission.SEND_DOWNLOAD_COMPLETED_INTENTS to package com.android.browser (protectionLevel=2 flags=0x9be45)
W/PackageManager( 2723): Unknown permission com.android.launcher.permission.READ_SETTINGS in package com.android.onetimeinitializer
W/PackageManager( 2723): Unknown permission com.android.launcher.permission.WRITE_SETTINGS in package com.android.onetimeinitializer
W/PackageManager( 2723): Unknown permission android.permission.OBSERVE_GRANT_REVOKE_PERMISSIONS in package com.google.android.gms
W/PackageManager( 2723): Unknown permission android.permission.MANAGE_SOUND_TRIGGER in package com.google.android.gms
W/PackageManager( 2723): Unknown permission android.permission.RECOVERY in package com.google.android.gms
W/PackageManager( 2723): Not granting permission android.permission.READ_DREAM_STATE to package com.google.android.gms (protectionLevel=2 flags=0x40483e45)
W/PackageManager( 2723): Unknown permission android.permission.PROVIDE_TRUST_AGENT in package com.google.android.gms
W/PackageManager( 2723): Unknown permission android.permission.DISPATCH_PROVISIONING_MESSAGE in package com.google.android.gms
W/PackageManager( 2723): Unknown permission com.google.android.apps.enterprise.dmagent.permission.AutoSyncPermission in package com.google.android.gms
W/PackageManager( 2723): Unknown permission android.permission.CONNECTIVITY_USE_RESTRICTED_NETWORKS in package com.google.android.gms
W/PackageManager( 2723): Unknown permission android.permission.USE_FINGERPRINT in package com.google.android.gms
W/PackageManager( 2723): Unknown permission android.permission.SEND_SMS_NO_CONFIRMATION in package com.google.android.gms
W/PackageManager( 2723): Not granting permission android.permission.BIND_NOTIFICATION_LISTENER_SERVICE to package com.google.android.gms (protectionLevel=2 flags=0x40483e45)
W/PackageManager( 2723): Unknown permission com.google.android.googlequicksearchbox.permission.PAUSE_HOTWORD in package com.google.android.gms
W/PackageManager( 2723): Unknown permission android.permission.MANAGE_VOICE_KEYPHRASES in package com.google.android.gms
W/PackageManager( 2723): Unknown permission android.permission.TETHER_PRIVILEGED in package com.google.android.gms
W/PackageManager( 2723): Unknown permission android.permission.REAL_GET_TASKS in package com.google.android.gms
W/PackageManager( 2723): Unknown permission com.google.android.hangouts.START_HANGOUT in package com.google.android.gms
W/PackageManager( 2723): Unknown permission android.permission.READ_OEM_UNLOCK_STATE in package com.google.android.gms
W/PackageManager( 2723): Unknown permission android.permission.SCORE_NETWORKS in package com.google.android.gms
W/PackageManager( 2723): Unknown permission android.permission.OVERRIDE_WIFI_CONFIG in package com.google.android.gms
W/PackageManager( 2723): Unknown permission android.permission.CONTROL_INCALL_EXPERIENCE in package com.google.android.gms
W/PackageManager( 2723): Unknown permission android.permission.USER_ACTIVITY in package com.google.android.gms
W/PackageManager( 2723): Unknown permission android.permission.MODIFY_AUDIO_ROUTING in package com.google.android.gms
W/PackageManager( 2723): Unknown permission com.google.android.permission.ACCESSIBILITY_SCAN_SERVICE in package com.google.android.gms
W/PackageManager( 2723): Unknown permission android.permission.START_TASKS_FROM_RECENTS in package com.google.android.gms
W/PackageManager( 2723): Not granting permission android.permission.MANAGE_ACTIVITY_STACKS to package com.google.android.gms (protectionLevel=2 flags=0x40483e45)
W/PackageManager( 2723): Unknown permission android.permission.ACTIVITY_EMBEDDING in package com.google.android.gms
W/PackageManager( 2723): Unknown permission android.permission.PROVIDE_RESOLVER_RANKER_SERVICE in package com.google.android.gms
W/PackageManager( 2723): Unknown permission com.google.android.wearable.READ_SETTINGS in package com.google.android.gms
W/PackageManager( 2723): Unknown permission android.permission.INTENT_FILTER_VERIFICATION_AGENT in package com.google.android.gms
W/PackageManager( 2723): Unknown permission android.permission.LOCAL_MAC_ADDRESS in package com.google.android.gms
W/PackageManager( 2723): Unknown permission android.permission.CHANGE_DEVICE_IDLE_TEMP_WHITELIST in package com.google.android.gms
W/PackageManager( 2723): Unknown permission android.permission.READ_WIFI_CREDENTIAL in package com.google.android.gms
W/PackageManager( 2723): Unknown permission android.permission.SUBSTITUTE_NOTIFICATION_APP_NAME in package com.google.android.gms
W/PackageManager( 2723): Unknown permission android.permission.MANAGE_SUBSCRIPTION_PLANS in package com.google.android.gms
W/PackageManager( 2723): Unknown permission android.permission.NOTIFY_PENDING_SYSTEM_UPDATE in package com.google.android.gms
W/PackageManager( 2723): Unknown permission android.permission.BODY_SENSORS in package com.google.android.gms
W/PackageManager( 2723): Unknown permission com.google.android.gms.game.notifications.permission.WRITE in package com.google.android.gms
W/PackageManager( 2723): Unknown permission com.google.android.launcher.permission.RECEIVE_LAUNCH_BROADCASTS in package com.google.android.gms
W/PackageManager( 2723): Unknown permission com.google.android.gm.permission.READ_GMAIL in package com.google.android.gms
W/PackageManager( 2723): Unknown permission com.android.voicemail.permission.READ_VOICEMAIL in package com.google.android.gms
W/PackageManager( 2723): Unknown permission com.google.android.wearable.WRITE_SETTINGS in package com.google.android.gms
W/PackageManager( 2723): Unknown permission com.android.launcher.permission.READ_SETTINGS in package com.android.settings
W/PackageManager( 2723): Unknown permission com.android.launcher.permission.WRITE_SETTINGS in package com.android.settings
W/PackageManager( 2723): Unknown permission android.permission.REAL_GET_TASKS in package com.android.vending
W/PackageManager( 2723): Not granting permission android.permission.SEND_DOWNLOAD_COMPLETED_INTENTS to package com.android.vending (protectionLevel=2 flags=0x404abe45)
W/PackageManager( 2723): Unknown permission android.permission.SEND_SMS_NO_CONFIRMATION in package com.android.vending
W/PackageManager( 2723): Unknown permission android.permission.USE_FINGERPRINT in package com.android.vending
W/PackageManager( 2723): Unknown permission android.permission.GET_ACCOUNTS_PRIVILEGED in package com.android.vending
W/PackageManager( 2723): Unknown permission android.permission.INSTALL_GRANT_RUNTIME_PERMISSIONS in package com.android.vending
W/PackageManager( 2723): Unknown permission android.permission.GRANT_RUNTIME_PERMISSIONS in package com.android.vending
W/PackageManager( 2723): Unknown permission android.permission.REVOKE_RUNTIME_PERMISSIONS in package com.android.vending
W/PackageManager( 2723): Unknown permission android.permission.CHANGE_DEVICE_IDLE_TEMP_WHITELIST in package com.android.vending
W/PackageManager( 2723): Not granting permission android.permission.SET_PREFERRED_APPLICATIONS to package com.android.vending (protectionLevel=2 flags=0x404abe45)
W/PackageManager( 2723): Unknown permission android.permission.ACCESS_INSTANT_APPS in package com.android.vending
W/PackageManager( 2723): Unknown permission com.google.android.partnersetup.permission.WRITE_APP_PROVIDER in package com.android.vending
W/PackageManager( 2723): Unknown permission android.permission.ALLOCATE_AGGRESSIVE in package com.android.vending
W/PackageManager( 2723): Unknown permission com.sec.android.provider.badge.permission.READ in package com.android.vending
W/PackageManager( 2723): Unknown permission com.sec.android.provider.badge.permission.WRITE in package com.android.vending
W/PackageManager( 2723): Unknown permission com.htc.launcher.permission.READ_SETTINGS in package com.android.vending
W/PackageManager( 2723): Unknown permission com.htc.launcher.permission.UPDATE_SHORTCUT in package com.android.vending
W/PackageManager( 2723): Unknown permission com.sonyericsson.home.permission.BROADCAST_BADGE in package com.android.vending
W/PackageManager( 2723): Unknown permission com.sonymobile.home.permission.PROVIDER_INSERT_BADGE in package com.android.vending
W/PackageManager( 2723): Unknown permission com.anddoes.launcher.permission.UPDATE_COUNT in package com.android.vending
W/PackageManager( 2723): Unknown permission com.majeur.launcher.permission.UPDATE_BADGE in package com.android.vending
W/PackageManager( 2723): Unknown permission com.huawei.android.launcher.permission.CHANGE_BADGE in package com.android.vending
W/PackageManager( 2723): Unknown permission com.huawei.android.launcher.permission.READ_SETTINGS in package com.android.vending
W/PackageManager( 2723): Unknown permission com.huawei.android.launcher.permission.WRITE_SETTINGS in package com.android.vending
W/PackageManager( 2723): Unknown permission android.permission.READ_APP_BADGE in package com.android.vending
W/PackageManager( 2723): Unknown permission com.oppo.launcher.permission.READ_SETTINGS in package com.android.vending
W/PackageManager( 2723): Unknown permission com.oppo.launcher.permission.WRITE_SETTINGS in package com.android.vending
W/PackageManager( 2723): Unknown permission org.chromium.arc.apkcacheprovider.permission.READ_CACHE in package com.android.vending
W/PackageManager( 2723): Unknown permission org.chromium.arc.apkcacheprovider.permission.WRITE_CACHE in package com.android.vending
W/PackageManager( 2723): Unknown permission android.Manifest.permission.SUBSTITUTE_NOTIFICATION_APP_NAME in package com.android.vending
W/PackageManager( 2723): Unknown permission android.permission.READ_RUNTIME_PROFILES in package com.android.vending
W/PackageManager( 2723): Not granting permission android.permission.DEVICE_POWER to package com.android.deskclock (protectionLevel=2 flags=0x48be45)
W/PackageManager( 2723): Not granting permission android.permission.READ_DREAM_STATE to package com.google.android.gsf (protectionLevel=2 flags=0x40083e45)
I/SystemServer( 2723): Entropy Mixer
I/EntropyMixer( 2723): Writing entropy...
I/SystemServer( 2723): User Service
I/SystemServer( 2723): Account Manager
I/SystemServer( 2723): Content Manager
I/SystemServer( 2723): System Content Providers
I/SystemServer( 2723): Lights Service
I/SystemServer( 2723): Battery Service
I/SystemServer( 2723): Vibrator Service
I/SystemServer( 2723): Consumer IR Service
I/SystemServer( 2723): Alarm Manager
I/SystemServer( 2723): Tv Manager
I/SystemServer( 2723): AirFun Service
I/SystemServer( 2723): ToGoProxy Service
I/SystemServer( 2723): Init Watchdog
I/SystemServer( 2723): Input Manager
I/InputManager( 2723): Initializing input manager, mUseDevInputEventForAudioJack=true
I/SystemServer( 2723): Window Manager
I/WindowManager( 2723): No existing display settings /data/system/display_settings.xml; starting empty
W/WindowManager( 2723): Initialize HDMI State
W/WindowManager( 2723): setHdmiPlugged: plugged = true
I/WindowManager( 2723): No keyguard interface!
I/InputManager( 2723): Starting input manager
D/InputManager( 2723): registerShowMouseCursorSettingObserver 0
D/InputManager( 2723): registerShowMouseCursorSettingObserver 1
D/InputManager( 2723): getShowMouseCursorSetting 0,result=1
D/InputManager( 2723): updateShowMouseCursorFromSettings,setting=1
I/SystemServer( 2723): Bluetooth Manager Service
I/SystemServer( 2723): Input Method Service
W/InputMethodManagerService( 2723): Couldn't create dir.: /data/system/inputmethod
I/SystemServer( 2723): Accessibility Manager
I/SystemServer( 2723): MediaQueryService
W/MediaQueryService( 2723): MediaQueryService is constructed!
I/SystemServer( 2723): RtkHDMIRxService
W/RtkHDMIRxService( 2723): RtkHDMIRxService is constructed!
W/RtkHDMIRxService( 2723): hookHDMIRxPlugStatus register
W/RtkHDMIRxService( 2723): failed to initialize HDMIRx
D/RtkHDMIRxService( 2723): changeCameraStatus: cameraId:1 plugged:false
I/SystemServer( 2723): RtkVoutUtilService
W/RtkVoutUtilService( 2723): RtkVoutUtilService is constructed!
I/SystemServer( 2723): RtkGPIOService
I/SystemServer( 2723): RtkAoutUtilService
W/RtkAoutUtilService( 2723): RtkAoutUtilService is constructed!
D/GPIOCmdListener( 2279): 
D/GPIOCmdListener( 2279): [virtual int CommandListener::GpioCmd::runCommand(SocketClient*, int, char**), 75] cli=b8e93d78, argc=3
D/GPIOCmdListener( 2279): gpio get 4
D/GPIOCmdListener( 2279): 
D/GPIOCmdListener( 2279): [virtual int CommandListener::GpioCmd::runCommand(SocketClient*, int, char**), 95] we got gpio get command
I/XXXXXX  ( 2723): mTotoaMemMb=737 scaleMem=1.0925
I/XXXXXX  ( 2723): scaleDisp=0.84 dw=1280 dh=720
I/XXXXXX  ( 2723): minfree_adj=0 minfree_abs=-1
I/XXXXXX  ( 2723): adj=0,1,2,3,9,15
I/XXXXXX  ( 2723): minfree=12288,15360,18432,21504,24576,30720
I/XXXXXX  ( 2723): extra_free_kbytes=10800
I/ActivityManager( 2723): Config changes=1df8 {1.0 ?mcc?mnc ru_RU ldltr sw720dp w1280dp h720dp 160dpi xlrg long land ?uimode ?night -touch -keyb/v/h -nav/h s.2}
I/ActivityManager( 2723): Config changes=468 {1.0 ?mcc?mnc ru_RU ldltr sw720dp w1280dp h719dp 160dpi xlrg long land ?uimode ?night finger -keyb/v/h dpad/v s.3}
I/SystemServer( 2723): performing boot dexopt
I/SystemServer( 2723): Mount Service
D/MountService( 2723): got storage path: /storage/sdcard0 description: SD-карта primary: true removable: true emulated: false mtpReserve: 0 allowMassStorage: false maxFileSize: 0
D/MountService( 2723): addVolumeLocked() StorageVolume:
D/MountService( 2723):     mStorageId=0 mPath=/storage/sdcard0 mDescriptionId=17040670 mPrimary=true 
D/MountService( 2723):     mRemovable=true mEmulated=false mMtpReserveSpace=0 mAllowMassStorage=false 
D/MountService( 2723):     mMaxFileSize=0 mOwner=null mUuid=null mUserLabel=null mState=null 
I/SystemServer( 2723): LockSettingsService
I/SystemServer( 2723): Device Policy
D/VoldCmdListener( 2277): volume list
I/SystemServer( 2723): Status Bar
I/SystemServer( 2723): Clipboard Service
I/SystemServer( 2723): NetworkManagement Service
W/MountService( 2723): getSecureContainerList() called when storage not mounted
D/VoldCmdListener( 2277): asec list
I/SystemServer( 2723): Text Service Manager Service
W/PackageManager( 2723): Unknown permission com.android.smspush.WAPPUSH_MANAGER_BIND in package com.android.phone
W/PackageManager( 2723): Not granting permission com.google.android.providers.settings.permission.READ_GSETTINGS to package com.google.android.voicesearch (protectionLevel=2 flags=0x4000be45)
W/PackageManager( 2723): Unknown permission com.google.android.gm.permission.AUTO_SEND in package com.google.android.voicesearch
W/PackageManager( 2723): Unknown permission com.google.android.apps.googlevoice.permission.AUTO_SEND in package com.google.android.voicesearch
I/SystemServer( 2723): NetworkStats Service
W/PackageManager( 2723): Unknown permission com.android.vending.billing.IBillingAccountService.BIND2 in package com.google.android.gsf.login
W/PackageManager( 2723): Unknown permission com.android.chrome.TOS_ACKED in package com.google.android.gsf.login
W/PackageManager( 2723): Unknown permission com.google.android.gallery3d.permission.GALLERY_PROVIDER in package com.android.bluetooth
W/PackageManager( 2723): Unknown permission com.android.gallery3d.permission.GALLERY_PROVIDER in package com.android.bluetooth
W/PackageManager( 2723): Unknown permission android.permission.MMS_SEND_OUTBOX_MSG in package com.android.bluetooth
W/PackageManager( 2723): Not granting permission android.permission.ACCESS_DOWNLOAD_MANAGER to package com.android.browser (protectionLevel=18 flags=0x9be45)
W/PackageManager( 2723): Not granting permission android.permission.SEND_DOWNLOAD_COMPLETED_INTENTS to package com.android.browser (protectionLevel=2 flags=0x9be45)
W/PackageManager( 2723): Unknown permission com.android.launcher.permission.READ_SETTINGS in package com.android.onetimeinitializer
W/PackageManager( 2723): Unknown permission com.android.launcher.permission.WRITE_SETTINGS in package com.android.onetimeinitializer
W/PackageManager( 2723): Unknown permission android.permission.OBSERVE_GRANT_REVOKE_PERMISSIONS in package com.google.android.gms
W/PackageManager( 2723): Unknown permission android.permission.MANAGE_SOUND_TRIGGER in package com.google.android.gms
W/PackageManager( 2723): Unknown permission android.permission.RECOVERY in package com.google.android.gms
W/PackageManager( 2723): Not granting permission android.permission.READ_DREAM_STATE to package com.google.android.gms (protectionLevel=2 flags=0x40483e45)
W/PackageManager( 2723): Unknown permission android.permission.PROVIDE_TRUST_AGENT in package com.google.android.gms
W/PackageManager( 2723): Unknown permission android.permission.DISPATCH_PROVISIONING_MESSAGE in package com.google.android.gms
W/PackageManager( 2723): Unknown permission com.google.android.apps.enterprise.dmagent.permission.AutoSyncPermission in package com.google.android.gms
W/PackageManager( 2723): Unknown permission android.permission.CONNECTIVITY_USE_RESTRICTED_NETWORKS in package com.google.android.gms
W/PackageManager( 2723): Unknown permission android.permission.USE_FINGERPRINT in package com.google.android.gms
W/PackageManager( 2723): Unknown permission android.permission.SEND_SMS_NO_CONFIRMATION in package com.google.android.gms
W/PackageManager( 2723): Not granting permission android.permission.BIND_NOTIFICATION_LISTENER_SERVICE to package com.google.android.gms (protectionLevel=2 flags=0x40483e45)
W/PackageManager( 2723): Unknown permission com.google.android.googlequicksearchbox.permission.PAUSE_HOTWORD in package com.google.android.gms
W/PackageManager( 2723): Unknown permission android.permission.MANAGE_VOICE_KEYPHRASES in package com.google.android.gms
W/PackageManager( 2723): Unknown permission android.permission.TETHER_PRIVILEGED in package com.google.android.gms
W/PackageManager( 2723): Unknown permission android.permission.REAL_GET_TASKS in package com.google.android.gms
W/PackageManager( 2723): Unknown permission com.google.android.hangouts.START_HANGOUT in package com.google.android.gms
W/PackageManager( 2723): Unknown permission android.permission.READ_OEM_UNLOCK_STATE in package com.google.android.gms
W/PackageManager( 2723): Unknown permission android.permission.SCORE_NETWORKS in package com.google.android.gms
W/PackageManager( 2723): Unknown permission android.permission.OVERRIDE_WIFI_CONFIG in package com.google.android.gms
W/PackageManager( 2723): Unknown permission android.permission.CONTROL_INCALL_EXPERIENCE in package com.google.android.gms
W/PackageManager( 2723): Unknown permission android.permission.USER_ACTIVITY in package com.google.android.gms
W/PackageManager( 2723): Unknown permission android.permission.MODIFY_AUDIO_ROUTING in package com.google.android.gms
W/PackageManager( 2723): Unknown permission com.google.android.permission.ACCESSIBILITY_SCAN_SERVICE in package com.google.android.gms
W/PackageManager( 2723): Unknown permission android.permission.START_TASKS_FROM_RECENTS in package com.google.android.gms
W/PackageManager( 2723): Not granting permission android.permission.MANAGE_ACTIVITY_STACKS to package com.google.android.gms (protectionLevel=2 flags=0x40483e45)
W/PackageManager( 2723): Unknown permission android.permission.ACTIVITY_EMBEDDING in package com.google.android.gms
I/SystemServer( 2723): NetworkPolicy Service
W/PackageManager( 2723): Unknown permission android.permission.PROVIDE_RESOLVER_RANKER_SERVICE in package com.google.android.gms
W/PackageManager( 2723): Unknown permission com.google.android.wearable.READ_SETTINGS in package com.google.android.gms
W/PackageManager( 2723): Unknown permission android.permission.INTENT_FILTER_VERIFICATION_AGENT in package com.google.android.gms
W/PackageManager( 2723): Unknown permission android.permission.LOCAL_MAC_ADDRESS in package com.google.android.gms
W/PackageManager( 2723): Unknown permission android.permission.CHANGE_DEVICE_IDLE_TEMP_WHITELIST in package com.google.android.gms
W/PackageManager( 2723): Unknown permission android.permission.READ_WIFI_CREDENTIAL in package com.google.android.gms
W/PackageManager( 2723): Unknown permission android.permission.SUBSTITUTE_NOTIFICATION_APP_NAME in package com.google.android.gms
W/PackageManager( 2723): Unknown permission android.permission.MANAGE_SUBSCRIPTION_PLANS in package com.google.android.gms
W/PackageManager( 2723): Unknown permission android.permission.NOTIFY_PENDING_SYSTEM_UPDATE in package com.google.android.gms
W/PackageManager( 2723): Unknown permission android.permission.BODY_SENSORS in package com.google.android.gms
W/PackageManager( 2723): Unknown permission com.google.android.gms.game.notifications.permission.WRITE in package com.google.android.gms
W/PackageManager( 2723): Unknown permission com.google.android.launcher.permission.RECEIVE_LAUNCH_BROADCASTS in package com.google.android.gms
W/PackageManager( 2723): Unknown permission com.google.android.gm.permission.READ_GMAIL in package com.google.android.gms
W/PackageManager( 2723): Unknown permission com.android.voicemail.permission.READ_VOICEMAIL in package com.google.android.gms
W/PackageManager( 2723): Unknown permission com.google.android.wearable.WRITE_SETTINGS in package com.google.android.gms
I/SystemServer( 2723): Wi-Fi P2pService
W/PackageManager( 2723): Unknown permission com.android.launcher.permission.READ_SETTINGS in package com.android.settings
W/PackageManager( 2723): Unknown permission com.android.launcher.permission.WRITE_SETTINGS in package com.android.settings
W/PackageManager( 2723): Unknown permission android.permission.REAL_GET_TASKS in package com.android.vending
W/PackageManager( 2723): Not granting permission android.permission.SEND_DOWNLOAD_COMPLETED_INTENTS to package com.android.vending (protectionLevel=2 flags=0x404abe45)
W/PackageManager( 2723): Unknown permission android.permission.SEND_SMS_NO_CONFIRMATION in package com.android.vending
W/PackageManager( 2723): Unknown permission android.permission.USE_FINGERPRINT in package com.android.vending
W/PackageManager( 2723): Unknown permission android.permission.GET_ACCOUNTS_PRIVILEGED in package com.android.vending
W/PackageManager( 2723): Unknown permission android.permission.INSTALL_GRANT_RUNTIME_PERMISSIONS in package com.android.vending
W/PackageManager( 2723): Unknown permission android.permission.GRANT_RUNTIME_PERMISSIONS in package com.android.vending
W/PackageManager( 2723): Unknown permission android.permission.REVOKE_RUNTIME_PERMISSIONS in package com.android.vending
W/PackageManager( 2723): Unknown permission android.permission.CHANGE_DEVICE_IDLE_TEMP_WHITELIST in package com.android.vending
W/PackageManager( 2723): Not granting permission android.permission.SET_PREFERRED_APPLICATIONS to package com.android.vending (protectionLevel=2 flags=0x404abe45)
W/PackageManager( 2723): Unknown permission android.permission.ACCESS_INSTANT_APPS in package com.android.vending
W/PackageManager( 2723): Unknown permission com.google.android.partnersetup.permission.WRITE_APP_PROVIDER in package com.android.vending
W/PackageManager( 2723): Unknown permission android.permission.ALLOCATE_AGGRESSIVE in package com.android.vending
W/PackageManager( 2723): Unknown permission com.sec.android.provider.badge.permission.READ in package com.android.vending
W/PackageManager( 2723): Unknown permission com.sec.android.provider.badge.permission.WRITE in package com.android.vending
W/PackageManager( 2723): Unknown permission com.htc.launcher.permission.READ_SETTINGS in package com.android.vending
W/PackageManager( 2723): Unknown permission com.htc.launcher.permission.UPDATE_SHORTCUT in package com.android.vending
W/PackageManager( 2723): Unknown permission com.sonyericsson.home.permission.BROADCAST_BADGE in package com.android.vending
W/PackageManager( 2723): Unknown permission com.sonymobile.home.permission.PROVIDER_INSERT_BADGE in package com.android.vending
W/PackageManager( 2723): Unknown permission com.anddoes.launcher.permission.UPDATE_COUNT in package com.android.vending
W/PackageManager( 2723): Unknown permission com.majeur.launcher.permission.UPDATE_BADGE in package com.android.vending
W/PackageManager( 2723): Unknown permission com.huawei.android.launcher.permission.CHANGE_BADGE in package com.android.vending
W/PackageManager( 2723): Unknown permission com.huawei.android.launcher.permission.READ_SETTINGS in package com.android.vending
W/PackageManager( 2723): Unknown permission com.huawei.android.launcher.permission.WRITE_SETTINGS in package com.android.vending
W/PackageManager( 2723): Unknown permission android.permission.READ_APP_BADGE in package com.android.vending
W/PackageManager( 2723): Unknown permission com.oppo.launcher.permission.READ_SETTINGS in package com.android.vending
W/PackageManager( 2723): Unknown permission com.oppo.launcher.permission.WRITE_SETTINGS in package com.android.vending
W/PackageManager( 2723): Unknown permission org.chromium.arc.apkcacheprovider.permission.READ_CACHE in package com.android.vending
W/PackageManager( 2723): Unknown permission org.chromium.arc.apkcacheprovider.permission.WRITE_CACHE in package com.android.vending
W/PackageManager( 2723): Unknown permission android.Manifest.permission.SUBSTITUTE_NOTIFICATION_APP_NAME in package com.android.vending
W/PackageManager( 2723): Unknown permission android.permission.READ_RUNTIME_PROFILES in package com.android.vending
W/PackageManager( 2723): Not granting permission android.permission.DEVICE_POWER to package com.android.deskclock (protectionLevel=2 flags=0x48be45)
W/PackageManager( 2723): Not granting permission android.permission.READ_DREAM_STATE to package com.google.android.gsf (protectionLevel=2 flags=0x40083e45)
I/SystemServer( 2723): Wi-Fi Service
D/WifiController( 2723):  toto debug : DefaultState: enter!! 
I/SystemServer( 2723): Ethernet Service
I/EthernetService( 2723): EthernetService Starting......
I/SystemServer( 2723): Pppoe Service
I/SystemServer( 2723): Connectivity Service
D/ConnectivityService( 2723): ConnectivityService starting up
D/ConnectivityService( 2723): wifiOnly=false
E/ConnectivityService( 2723): check protectedNetwork 10
E/ConnectivityService( 2723): Ignoring protectedNetwork 10
E/ConnectivityService( 2723): check protectedNetwork 11
E/ConnectivityService( 2723): Ignoring protectedNetwork 11
E/ConnectivityService( 2723): check protectedNetwork 12
E/ConnectivityService( 2723): Ignoring protectedNetwork 12
E/ConnectivityService( 2723): check protectedNetwork 15
E/ConnectivityService( 2723): Ignoring protectedNetwork 15
E/ConnectivityService( 2723):  check  targetNetworkType = 14
E/ConnectivityService( 2723):  == debug == before call reconnect, networkType=14
E/ConnectivityService( 2723):  check  targetNetworkType = 9
E/ConnectivityService( 2723):  == debug == before call reconnect, networkType=9
E/ConnectivityService( 2723):  check  targetNetworkType = 7
W/ContextImpl( 2723): Calling a method in the system process without a qualified user: android.app.ContextImpl.bindService:1564 android.bluetooth.BluetoothPan.doBind:149 android.bluetooth.BluetoothPan.<init>:141 android.bluetooth.BluetoothAdapter.getProfileProxy:1370 android.bluetooth.BluetoothTetheringDataTracker.startMonitoring:116 
E/ConnectivityService( 2723):  == debug == before call reconnect, networkType=7
E/ConnectivityService( 2723):  check  targetNetworkType = 1
D/WifiService( 2723): New client listening to asynchronous messages
E/ConnectivityService( 2723):  == debug == before call reconnect, networkType=1
I/WifiService( 2723): WifiService starting up with Wi-Fi disabled
D/WifiService( 2723):  toto debug : checkAndStartWifi: can't get value of Settings.System.REALTEK_IS_WIFI_MACADDR_READY
I/SystemServer( 2723): SettingsService
W/SettingsService( 2723): SettingService is constructed!
I/SystemServer( 2723): RtkHDMIService
W/RtkHDMIService( 2723): RtkHDMIService is constructed!
W/RtkHDMIService( 2723): initialize media link to HDMI Mode
W/RtkHDMIService( 2723): *** HDCP is NOT initialized by the config "ro.config.enablehdcp"
W/RtkHDMIService( 2723): getItemValueFromSettings itemName: realtek_setup_tv_system_user itemValue: 0
W/RtkHDMIService( 2723): TV_SYSTEM_USER: 0
W/RtkHDMIService( 2723): getItemValueFromSettings itemName: realtek_setup_tv_system_auto_mode itemValue: 2
W/RtkHDMIService( 2723): getItemValueFromSettings itemName: realtek_setup_tv_system itemValue: 1
W/RtkHDMIService( 2723): getItemValueFromSettings itemName: realtek_setup_tv_standard itemValue: 0
W/RtkHDMIService( 2723): getItemValueFromSettings itemName: realtek_setup_tv_system_auto_mode itemValue: 2
W/RtkHDMIService( 2723): hookHDMIPlugStatus register
W/RtkHDMIService( 2723): bootCompleteRegistered register
D/RtkHDMIService( 2723): New value from </tmp/playback.status>: stopped
W/RtkHDMIService( 2723): getItemValueFromSettings itemName: realtek_setup_tv_system itemValue: 1
W/RtkHDMIService( 2723): getItemValueFromSettings itemName: realtek_setup_tv_standard itemValue: 0
I/SystemServer( 2723): RtkCECService
W/RtkCECService( 2723): RtkCECService is constructed!
W/RtkCECService( 2723): hookHDMI_TX_PlugStatus register
E/SettingsService( 2723): Exception: SettingsNotFound - realtek_setup_osd_language
I/SystemServer( 2723): Network Service Discovery Service
D/NsdService( 2723): Network service discovery enabled true
I/SystemServer( 2723): UpdateLock Service
I/SystemServer( 2723): Notification Manager
I/SystemServer( 2723): Device Storage Monitor
I/SystemServer( 2723): Location Manager
I/SystemServer( 2723): Country Detector
I/SystemServer( 2723): Search Service
I/SystemServer( 2723): DropBox Service
I/SystemServer( 2723): Wallpaper Service
I/SystemServer( 2723): Audio Service
I/SystemServer( 2723): Dock Observer
W/DockObserver( 2723): This kernel does not have dock station support
I/SystemServer( 2723): Wired Accessory Manager
I/SystemServer( 2723): USB Service
I/SystemServer( 2723): Serial Service
I/SystemServer( 2723): Twilight Service
I/SystemServer( 2723): UI Mode Manager Service
I/SystemServer( 2723): Backup Service
V/BackupManagerService( 2723): Initializing package tracking
V/BackupManagerService( 2723): No ancestral data
V/BackupManagerService( 2723): addPackageParticipantsLocked: all
I/BackupManagerService( 2723): Scheduling backup for new app com.android.browser
D/BackupManagerService( 2723): Now staging backup of com.android.browser
I/BackupManagerService( 2723): Scheduling backup for new app com.android.providers.userdictionary
D/BackupManagerService( 2723): Now staging backup of com.android.providers.userdictionary
I/BackupManagerService( 2723): Scheduling backup for new app com.android.sharedstoragebackup
D/BackupManagerService( 2723): Now staging backup of com.android.sharedstoragebackup
I/BackupManagerService( 2723): Scheduling backup for new app android
D/BackupManagerService( 2723): Now staging backup of android
I/BackupManagerService( 2723): Scheduling backup for new app com.android.vending
D/BackupManagerService( 2723): Now staging backup of com.android.vending
I/BackupManagerService( 2723): Scheduling backup for new app com.android.providers.settings
D/BackupManagerService( 2723): Now staging backup of com.android.providers.settings
V/BackupManagerService( 2723): Starting with transport android/com.android.internal.backup.LocalTransport
V/BackupManagerService( 2723): Found transports: 1
I/BackupManagerService( 2723): Binding to transport host ComponentInfo{android/com.android.internal.backup.LocalTransportService}
I/BackupManagerService( 2723): Found stale backup journal, scheduling
I/BackupManagerService( 2723):   com.android.browser
I/BackupManagerService( 2723):   com.android.providers.userdictionary
I/BackupManagerService( 2723):   com.android.sharedstoragebackup
I/BackupManagerService( 2723):   android
I/BackupManagerService( 2723):   com.android.vending
I/BackupManagerService( 2723):   com.android.providers.settings
I/BackupManagerService( 2723): Backup enabled => false
I/BackupManagerService( 2723): Opting out of backup
I/SystemServer( 2723): AppWidget Service
I/SystemServer( 2723): Recognition Service
I/SystemServer( 2723): DiskStats Service
I/SystemServer( 2723): SamplingProfiler Service
I/SystemServer( 2723): NetworkTimeUpdateService
I/SystemServer( 2723): CommonTimeManagementService
I/SystemServer( 2723): CertBlacklister
I/SystemServer( 2723): Dreams Service
I/SystemServer( 2723): Assets Atlas Service
I/SystemServer( 2723): IdleMaintenanceService
I/SystemServer( 2723): Print Service
I/SystemServer( 2723): Media Router Service
I/ActivityManager( 2723): Start proc com.android.systemui for service com.android.keyguard/.KeyguardService: pid=2816 uid=10004 gids={50004, 1028, 1015, 1035, 3002, 3001}
I/AppOps  ( 2723): Pruning old package media/1013: new uid=-1
I/ActivityManager( 2723): System now ready
I/SystemServer( 2723): Making services ready
D/NetworkManagementService( 2723): enabling bandwidth control
D/VoldCmdListener( 2277): volume mount /storage/sdcard0
E/MountService( 2723): Boot-time mount failed (-1)
I/StatusBarManagerService( 2723): registerStatusBar bar=com.android.internal.statusbar.IStatusBar$Stub$Proxy@41a85ad8
W/WindowManager( 2723): setHdmiPlugged: plugged = false
I/ActivityManager( 2723): Config changes=200 {1.0 ?mcc?mnc ru_RU ldltr sw720dp w1280dp h719dp 160dpi xlrg long land television finger -keyb/v/h dpad/v s.4}
W/InputMethodManagerService( 2723): Ignoring setImeWindowStatus of uid 1000 token: null
I/ActivityManager( 2723): Start proc com.android.inputmethod.latin for service com.android.inputmethod.latin/.LatinIME: pid=2885 uid=10040 gids={50040, 1028, 1015}
V/InputMethodManagerService( 2723): Adding window token: android.os.Binder@41a093a8
E/LocationManagerService( 2723): no geocoder provider found
E/LocationManagerService( 2723): No FusedProvider found.
E/LocationManagerService( 2723): no geofence provider found
I/ActivityManager( 2723): Start proc com.google.android.gms.persistent for broadcast com.google.android.gms/com.google.android.location.internal.NlpNetworkProviderSettingsUpdateReceiver: pid=2898 uid=10001 gids={50001, 3003, 1007, 1028, 1015, 3002, 3001, 3007, 2001, 3006}
I/ActivityManager( 2723): Start proc com.android.phone for added application com.android.phone: pid=2919 uid=1001 gids={41001, 3002, 3001, 3003}
I/ActivityManager( 2723): Start proc com.kehdev.kehdevmanger for added application com.kehdev.kehdevmanger: pid=2932 uid=10010 gids={50010, 3002, 3001, 1028, 1015}
I/ActivityManager( 2723): Start proc org.eltex.tr69 for added application org.eltex.tr69: pid=2945 uid=10025 gids={50025, 3003, 1007}
I/ActivityManager( 2723): START u0 {act=android.intent.action.MAIN cat=[android.intent.category.HOME] flg=0x10000000 cmp=org.eltex.android.app.exlauncher/org.eltex.android.app.ui.activities.MainActivity} from pid 0
I/ActivityManager( 2723): Start proc org.eltex.android.app.exlauncher for activity org.eltex.android.app.exlauncher/org.eltex.android.app.ui.activities.MainActivity: pid=2952 uid=10012 gids={50012, 3003}
I/SystemServer( 2723): System ServerThread is looping...
W/RtkHDMIRxService( 2723): hdmiRxPlugged is pulled out
W/RtkHDMIRxService( 2723): *** In parseRxInfo
W/RtkHDMIRxService( 2723): *** IOException in parseRxInfo
W/RtkHDMIService( 2723): handleHotPlug: hdmiPlugged = true
W/RtkHDMIService( 2723): getItemValueFromSettings itemName: realtek_setup_tv_system_user itemValue: 0
D/InputManager( 2723): getShowMouseCursorSetting 0,result=1
D/InputManager( 2723): updateShowMouseCursorFromSettings,setting=1
W/RtkHDMIService( 2723): main: change TV System: 0!!
W/RtkHDMIService( 2723): getItemValueFromSettings itemName: realtek_setup_tv_system itemValue: 1
W/RtkHDMIService( 2723): getItemValueFromSettings itemName: realtek_setup_tv_standard itemValue: 0
W/RtkHDMIService( 2723): setItemValue to Settings itemName: realtek_setup_tv_system_auto_mode itemValue: 2
W/RtkHDMIService( 2723): setItemValue to Settings itemName: realtek_setup_tv_system itemValue: 0
W/RtkHDMIService( 2723): setItemValue to Settings itemName: realtek_setup_tv_standard itemValue: 1
I/ActivityManager( 2723): Start proc com.android.printspooler for service com.android.printspooler/.PrintSpoolerService: pid=2975 uid=10033 gids={50033}
D/WifiService( 2723): New client listening to asynchronous messages
D/SignalClusterView( 2816): setEthernetIndicators -- visible = false
W/RtkHDMIService( 2723): setItemValue to Settings itemName: realtek_setup_tv_system_manual itemValue: 0
W/RtkHDMIService( 2723): setItemValue to Settings itemName: realtek_setup_tv_standard_manual itemValue: 1
W/RtkHDMIService( 2723): setItemValue to Settings itemName: realtek_setup_tv_system itemValue: 0
W/RtkHDMIService( 2723): setItemValue to Settings itemName: realtek_setup_tv_standard itemValue: 1
W/RtkHDMIService( 2723): getItemValueFromSettings itemName: realtek_setup_tv_system_auto_mode itemValue: 2
W/RtkHDMIService( 2723): main: change TV System: 0 done!!
D/RtkHDMIService( 2723): PlaybackStatusFileObserver: Stop watching!
I/ActivityManager( 2723): Start proc android.process.acore for content provider com.android.providers.userdictionary/.UserDictionaryProvider: pid=2997 uid=10005 gids={50005}
E/SettingsService( 2723): Exception: SettingsNotFound - realtek_setup_screen_zoom_on
E/ActivityThread( 2919): Failed to find provider info for sms
I/ActivityManager( 2723): Start proc org.synergy for service org.synergy/.BackgroundService: pid=3049 uid=10015 gids={50015, 3003, 1028, 1015}
I/ActivityManager( 2723): Start proc com.google.android.gms for service com.google.android.gms/.ads.identifier.service.AdvertisingIdService: pid=3063 uid=10001 gids={50001, 3003, 1007, 1028, 1015, 3002, 3001, 3007, 2001, 3006}
W/RtkHDMIService( 2723): handleHotPlug hdcpEnabledByConfig =false
W/RtkHDMIService( 2723): handleHotPlug bHDCP =true
I/RtkCECService( 2723): Got HDMI plug event [true]
W/InputMethodManagerService( 2723): Focus gain on non-focused client android.view.inputmethod.InputMethodManager$1@41d72bb8 (uid=1000 pid=2723)
W/RtkHDMIService( 2723): handleHotPlug: hdmiPlugged = false
W/RtkHDMIService( 2723): getItemValueFromSettings itemName: realtek_setup_cvbs_system_user itemValue: 2
W/RtkHDMIService( 2723): main: change TV System: 2!!
W/RtkHDMIService( 2723): getItemValueFromSettings itemName: realtek_setup_tv_system itemValue: 0
W/RtkHDMIService( 2723): getItemValueFromSettings itemName: realtek_setup_tv_standard itemValue: 1
W/RtkHDMIService( 2723): getItemValueFromSettings itemName: realtek_setup_tv_system_auto_mode itemValue: 2
W/RtkHDMIService( 2723): setItemValue to Settings itemName: realtek_setup_tv_system_auto_mode itemValue: 0
W/SocketClient( 2285): write error (Broken pipe)
W/RtkHDMIService( 2723): setItemValue to Settings itemName: realtek_setup_tv_system itemValue: 1
W/RtkHDMIService( 2723): setItemValue to Settings itemName: realtek_setup_tv_standard itemValue: 0
W/RtkHDMIService( 2723): setItemValue to Settings itemName: realtek_setup_tv_system_manual itemValue: 1
W/RtkHDMIService( 2723): setItemValue to Settings itemName: realtek_setup_tv_standard_manual itemValue: 0
W/RtkHDMIService( 2723): setItemValue to Settings itemName: realtek_setup_tv_system itemValue: 1
W/RtkHDMIService( 2723): setItemValue to Settings itemName: realtek_setup_tv_standard itemValue: 0
W/RtkHDMIService( 2723): getItemValueFromSettings itemName: realtek_setup_tv_system_auto_mode itemValue: 0
W/RtkHDMIService( 2723): main: change TV System: 2 done!!
D/RtkHDMIService( 2723): PlaybackStatusFileObserver: Stop watching!
I/ActivityManager( 2723): Start proc com.google.process.gapps for content provider com.google.android.gsf/.gservices.GservicesProvider: pid=3097 uid=10001 gids={50001, 3003, 1007, 1028, 1015, 3002, 3001, 3007, 2001, 3006}
E/SettingsService( 2723): Exception: SettingsNotFound - realtek_setup_screen_zoom_on
W/WindowManager( 2723): Window freeze timeout expired.
W/WindowManager( 2723): Force clearing orientation change: Window{419baf08 u0 org.synergy}
W/WindowManager( 2723): Force clearing orientation change: Window{419bad20 u0 org.synergy}
W/WindowManager( 2723): Force clearing orientation change: Window{41cb1110 u0 StatusBar}
W/RtkHDMIService( 2723): handleHotPlug hdcpEnabledByConfig =false
W/RtkHDMIService( 2723): handleHotPlug bHDCP =true
D/RtkHDMIService( 2723): PlaybackStatusFileObserver: Stop watching!
I/RtkCECService( 2723): Got HDMI plug event [false]
D/SignalClusterView( 2816): setEthernetIndicators -- visible = false
D/StatusBar.NetworkController( 2816): update ethernet icon -- N = 0, mEthernetIconId = 0x7f020005, description = null
D/WifiService( 2723): New client listening to asynchronous messages
W/WindowManager( 2723): setHdmiPlugged: plugged = true
D/DevicePolicyManagerService( 2723): START APPCUSTOMIZATION => Intent { act=org.eltex.appservice.AppCustomizationService cmp=org.eltex.appservice/.AppCustomizationService }
I/ActivityManager( 2723): Start proc org.eltex.appservice for service org.eltex.appservice/.AppCustomizationService: pid=3122 uid=10009 gids={50009, 3003, 1028, 1015, 1023}
D/WifiController( 2723): battery changed pluggedType: 1
V/BackupManagerService( 2723): Connected to transport ComponentInfo{android/com.android.internal.backup.LocalTransportService}
V/BackupManagerService( 2723): Registering transport android/com.android.internal.backup.LocalTransportService::android/com.android.internal.backup.LocalTransport = com.android.internal.backup.LocalTransport@41ade2d8
D/RtkHDMIService( 2723): HDMI_STATUS_CHANGED: HDMI_READY = false
W/RtkHDMIService( 2723): handleHotPlug: hdmiPlugged = true
W/RtkHDMIService( 2723): getItemValueFromSettings itemName: realtek_setup_tv_system_user itemValue: 0
W/RtkHDMIService( 2723): main: change TV System: 0!!
W/RtkHDMIService( 2723): getItemValueFromSettings itemName: realtek_setup_tv_system itemValue: 1
W/RtkHDMIService( 2723): getItemValueFromSettings itemName: realtek_setup_tv_standard itemValue: 0
W/RtkHDMIService( 2723): setItemValue to Settings itemName: realtek_setup_tv_system_auto_mode itemValue: 2
W/RtkHDMIService( 2723): setItemValue to Settings itemName: realtek_setup_tv_system itemValue: 0
W/RtkHDMIService( 2723): setItemValue to Settings itemName: realtek_setup_tv_standard itemValue: 1
W/RtkHDMIService( 2723): setItemValue to Settings itemName: realtek_setup_tv_system_manual itemValue: 0
W/RtkHDMIService( 2723): setItemValue to Settings itemName: realtek_setup_tv_standard_manual itemValue: 1
W/RtkHDMIService( 2723): setItemValue to Settings itemName: realtek_setup_tv_system itemValue: 0
W/RtkHDMIService( 2723): setItemValue to Settings itemName: realtek_setup_tv_standard itemValue: 1
W/RtkHDMIService( 2723): getItemValueFromSettings itemName: realtek_setup_tv_system_auto_mode itemValue: 2
W/RtkHDMIService( 2723): main: change TV System: 0 done!!
D/RtkHDMIService( 2723): PlaybackStatusFileObserver: Stop watching!
I/ActivityManager( 2723): Start proc com.android.settings for service com.android.settings/.SettingsService: pid=3162 uid=1000 gids={41000, 1028, 1015, 3002, 3001, 3003}
E/SettingsService( 2723): Exception: SettingsNotFound - realtek_setup_screen_zoom_on
D/WifiService( 2723): New client listening to asynchronous messages
W/RtkHDMIService( 2723): setupID: 9 == {4, 1}
W/RtkHDMIService( 2723): setupID: 2 == {1, 0}
W/RtkHDMIService( 2723): setupID: 7 == {4, 0}
W/RtkHDMIService( 2723): setupID: 5 == {2, 1}
W/RtkHDMIService( 2723): setupID: 4 == {1, 1}
W/RtkHDMIService( 2723): setupID: 4 == {1, 1}
W/RtkHDMIService( 2723): setupID: 10 == {5, 1}
W/RtkHDMIService( 2723): setupID: 1 == {0, 0}
W/RtkHDMIService( 2723): setupID: 8 == {5, 0}
W/RtkHDMIService( 2723): setupID: 6 == {3, 1}
W/RtkHDMIService( 2723): setupID: 3 == {0, 1}
W/RtkHDMIService( 2723): setupID: 3 == {0, 1}
W/RtkHDMIService( 2723): setupID: -1 == {-1, -1}
W/RtkHDMIService( 2723): setupID: 9 == {4, 1}
W/RtkHDMIService( 2723): setupID: 2 == {1, 0}
W/RtkHDMIService( 2723): setupID: 7 == {4, 0}
W/RtkHDMIService( 2723): setupID: 5 == {2, 1}
W/RtkHDMIService( 2723): setupID: 4 == {1, 1}
W/RtkHDMIService( 2723): setupID: 4 == {1, 1}
W/RtkHDMIService( 2723): setupID: 10 == {5, 1}
W/RtkHDMIService( 2723): setupID: 1 == {0, 0}
W/RtkHDMIService( 2723): setupID: 8 == {5, 0}
W/RtkHDMIService( 2723): setupID: 6 == {3, 1}
W/RtkHDMIService( 2723): setupID: 3 == {0, 1}
W/RtkHDMIService( 2723): setupID: 3 == {0, 1}
W/RtkHDMIService( 2723): setupID: -1 == {-1, -1}
W/RtkHDMIService( 2723): setupID: 9 == {4, 1}
W/RtkHDMIService( 2723): setupID: 2 == {1, 0}
W/RtkHDMIService( 2723): setupID: 7 == {4, 0}
W/RtkHDMIService( 2723): setupID: 5 == {2, 1}
W/RtkHDMIService( 2723): setupID: 4 == {1, 1}
W/RtkHDMIService( 2723): setupID: 4 == {1, 1}
W/RtkHDMIService( 2723): setupID: 10 == {5, 1}
W/RtkHDMIService( 2723): setupID: 1 == {0, 0}
W/RtkHDMIService( 2723): setupID: 8 == {5, 0}
W/RtkHDMIService( 2723): setupID: 6 == {3, 1}
W/RtkHDMIService( 2723): setupID: 3 == {0, 1}
W/RtkHDMIService( 2723): setupID: 3 == {0, 1}
W/RtkHDMIService( 2723): setupID: -1 == {-1, -1}
W/RtkHDMIService( 2723): setupID: 9 == {4, 1}
W/RtkHDMIService( 2723): setupID: 2 == {1, 0}
W/RtkHDMIService( 2723): setupID: 7 == {4, 0}
W/RtkHDMIService( 2723): setupID: 5 == {2, 1}
W/RtkHDMIService( 2723): setupID: 4 == {1, 1}
W/RtkHDMIService( 2723): setupID: 4 == {1, 1}
W/RtkHDMIService( 2723): setupID: 10 == {5, 1}
W/RtkHDMIService( 2723): setupID: 1 == {0, 0}
W/RtkHDMIService( 2723): setupID: 8 == {5, 0}
W/RtkHDMIService( 2723): setupID: 6 == {3, 1}
W/RtkHDMIService( 2723): setupID: 3 == {0, 1}
W/RtkHDMIService( 2723): setupID: 3 == {0, 1}
W/RtkHDMIService( 2723): setupID: -1 == {-1, -1}
W/RtkHDMIService( 2723): setupID: 9 == {4, 1}
W/RtkHDMIService( 2723): setupID: 2 == {1, 0}
W/RtkHDMIService( 2723): setupID: 7 == {4, 0}
W/RtkHDMIService( 2723): setupID: 5 == {2, 1}
W/RtkHDMIService( 2723): setupID: 4 == {1, 1}
W/RtkHDMIService( 2723): setupID: 4 == {1, 1}
W/RtkHDMIService( 2723): setupID: 10 == {5, 1}
