D/ConnectivityService( 2723): --------------- modifyRoute: enter, doAdd=false toDefaultTable=true
E/ConnectivityService( 2723): Unexpected mtu value: android.net.ethernet.EthernetDataTracker@41c9d408
D/ConnectivityService( 2723): --------------- modifyRoute: enter, doAdd=true toDefaultTable=true
D/ConnectivityService( 2723): --------------- modifyRoute: enter, doAdd=true toDefaultTable=true
D/Nat464Xlat( 2723): requiresClat: netType=9, hasIPv4Address=true
D/StatusBar.NetworkController( 2816): updateEthernetState -- action = android.net.ethernet.STATE_CHANGE
D/StatusBar.NetworkController( 2816): refreshViews -- mEthernetIconId =0x7f020004, combinedLabel = 
D/ConnectivityService( 2723): NetworkStateTrackerHandler->handleMessage(): ConnectivityChange for ETHERNET: CONNECTED/CONNECTED
E/ConnectivityService( 2723): Unexpected mtu value: android.net.ethernet.EthernetDataTracker@41c9d408
D/ConnectivityService( 2723): handleConnectivityChange: address are the same reset per doReset linkProperty[9]: resetMask=0
D/Nat464Xlat( 2723): requiresClat: netType=9, hasIPv4Address=true
D/ConnectivityService( 2723): NetworkStateTrackerHandler->handleMessage(): ConnectivityChange for ETHERNET: CONNECTED/CONNECTED
D/StatusBar.NetworkController( 2816): updateEthernetState -- action = android.net.ethernet.STATE_CHANGE
D/StatusBar.NetworkController( 2816): refreshViews -- mEthernetIconId =0x7f020004, combinedLabel = 
E/ConnectivityService( 2723): Unexpected mtu value: android.net.ethernet.EthernetDataTracker@41c9d408
D/ConnectivityService( 2723): handleConnectivityChange: address are the same reset per doReset linkProperty[9]: resetMask=0
D/Nat464Xlat( 2723): requiresClat: netType=9, hasIPv4Address=true
D/StatusBar.NetworkController( 2816): refreshViews -- mEthernetIconId =0x7f020004, combinedLabel = 
E/ActivityThread( 2723): Failed to find provider info for telephony
D/StatusBar.NetworkController( 2816): refreshViews -- mEthernetIconId =0x7f020004, combinedLabel = 
D/StatusBar.NetworkController( 2816): refreshViews -- mEthernetIconId =0x7f020004, combinedLabel = 
E/ActivityThread( 2723): Failed to find provider info for telephony
D/StatusBar.NetworkController( 2816): refreshViews -- mEthernetIconId =0x7f020004, combinedLabel = 
E/ActivityThread( 2723): Failed to find provider info for telephony
E/ActivityThread( 2723): Failed to find provider info for telephony
D/ConnectivityService( 2723): handleInetConditionHoldEnd: net=9, condition=0, published condition=0
D/StatusBar.NetworkController( 2816): refreshViews -- mEthernetIconId =0x7f020004, combinedLabel = 
D/ConnectivityService( 2723): handleInetConditionHoldEnd: net=9, condition=0, published condition=0
D/StatusBar.NetworkController( 2816): refreshViews -- mEthernetIconId =0x7f020004, combinedLabel = 
D/ConnectivityService( 2723): handleInetConditionHoldEnd: net=9, condition=0, published condition=0
D/StatusBar.NetworkController( 2816): refreshViews -- mEthernetIconId =0x7f020004, combinedLabel = 
E/FrameworkListener( 2285): read() failed (Connection reset by peer)
D/ConnectivityService( 2723): handleInetConditionHoldEnd: net=9, condition=0, published condition=0
D/StatusBar.NetworkController( 2816): refreshViews -- mEthernetIconId =0x7f020004, combinedLabel = 
W/SocketClient( 2285): write error (Broken pipe)
D/ConnectivityService( 2723): handleInetConditionHoldEnd: net=9, condition=0, published condition=0
D/StatusBar.NetworkController( 2816): refreshViews -- mEthernetIconId =0x7f020004, combinedLabel = 
W/SocketClient( 2285): write error (Broken pipe)
D/ConnectivityService( 2723): Sampling interval elapsed, updating statistics ..
D/ConnectivityService( 2723): Done.
D/ConnectivityService( 2723): Setting timer for 720seconds
W/SocketClient( 2285): write error (Broken pipe)
D/ConnectivityService( 2723): handleInetConditionHoldEnd: net=9, condition=0, published condition=0
D/StatusBar.NetworkController( 2816): refreshViews -- mEthernetIconId =0x7f020004, combinedLabel = 
W/SocketClient( 2285): write error (Broken pipe)
D/ConnectivityService( 2723): handleInetConditionHoldEnd: net=9, condition=0, published condition=0
D/StatusBar.NetworkController( 2816): refreshViews -- mEthernetIconId =0x7f020004, combinedLabel = 
E/FrameworkListener( 2285): read() failed (Connection reset by peer)
W/SocketClient( 2285): write error (Broken pipe)
D/ConnectivityService( 2723): Sampling interval elapsed, updating statistics ..
D/ConnectivityService( 2723): Done.
D/ConnectivityService( 2723): Setting timer for 720seconds
W/SocketClient( 2285): write error (Broken pipe)
W/SocketClient( 2285): write error (Broken pipe)
D/ConnectivityService( 2723): handleInetConditionHoldEnd: net=9, condition=0, published condition=0
D/StatusBar.NetworkController( 2816): refreshViews -- mEthernetIconId =0x7f020004, combinedLabel = 
E/FrameworkListener( 2285): read() failed (Connection reset by peer)
E/FrameworkListener( 2285): read() failed (Connection reset by peer)
W/SocketClient( 2285): write error (Broken pipe)
W/SocketClient( 2285): write error (Broken pipe)
I/ProcessStatsService( 2723): Prepared write state in 19ms
D/ConnectivityService( 2723): Sampling interval elapsed, updating statistics ..
D/ConnectivityService( 2723): Done.
D/ConnectivityService( 2723): Setting timer for 720seconds
W/SocketClient( 2285): write error (Broken pipe)
W/SocketClient( 2285): write error (Broken pipe)
E/FrameworkListener( 2285): read() failed (Connection reset by peer)
W/SocketClient( 2285): write error (Broken pipe)
W/SocketClient( 2285): write error (Broken pipe)
W/SocketClient( 2285): write error (Broken pipe)
W/SocketClient( 2285): write error (Broken pipe)
D/ConnectivityService( 2723): handleInetConditionHoldEnd: net=9, condition=0, published condition=0
D/StatusBar.NetworkController( 2816): refreshViews -- mEthernetIconId =0x7f020004, combinedLabel = 
W/SocketClient( 2285): write error (Broken pipe)
W/SocketClient( 2285): write error (Broken pipe)
W/SocketClient( 2285): write error (Broken pipe)
D/ConnectivityService( 2723): Sampling interval elapsed, updating statistics ..
D/ConnectivityService( 2723): Done.
D/ConnectivityService( 2723): Setting timer for 720seconds
W/SocketClient( 2285): write error (Broken pipe)
E/FrameworkListener( 2285): read() failed (Connection reset by peer)
W/SocketClient( 2285): write error (Broken pipe)
E/FrameworkListener( 2285): read() failed (Connection reset by peer)
W/SocketClient( 2285): write error (Broken pipe)
D/ConnectivityService( 2723): handleInetConditionHoldEnd: net=9, condition=0, published condition=0
D/StatusBar.NetworkController( 2816): refreshViews -- mEthernetIconId =0x7f020004, combinedLabel = 
W/SocketClient( 2285): write error (Broken pipe)
E/FrameworkListener( 2285): read() failed (Connection reset by peer)
D/ConnectivityService( 2723): Sampling interval elapsed, updating statistics ..
D/ConnectivityService( 2723): Done.
D/ConnectivityService( 2723): Setting timer for 720seconds
W/SocketClient( 2285): write error (Broken pipe)
I/ProcessStatsService( 2723): Prepared write state in 6ms
W/SocketClient( 2285): write error (Broken pipe)
W/SocketClient( 2285): write error (Broken pipe)
W/SocketClient( 2285): write error (Broken pipe)
D/ConnectivityService( 2723): Sampling interval elapsed, updating statistics ..
D/ConnectivityService( 2723): Done.
D/ConnectivityService( 2723): Setting timer for 720seconds
D/ConnectivityService( 2723): handleInetConditionHoldEnd: net=9, condition=0, published condition=0
D/StatusBar.NetworkController( 2816): refreshViews -- mEthernetIconId =0x7f020004, combinedLabel = 
W/SocketClient( 2285): write error (Broken pipe)
E/FrameworkListener( 2285): read() failed (Connection reset by peer)
W/SocketClient( 2285): write error (Broken pipe)
W/SocketClient( 2285): write error (Broken pipe)
W/SocketClient( 2285): write error (Broken pipe)
W/SocketClient( 2285): write error (Broken pipe)
--------- beginning of /dev/log/main
E/FFmpegExtractor( 2290): Q[audio, 1, 1]: dur 0, pkts 0, sz 0, 1st pts -9223372036854775808, lst pts -9223372036854775808
E/FFmpegExtractor( 2290): Q[subtitle, 2, 2]: dur 0, pkts 0, sz 0, 1st pts -9223372036854775808, lst pts -9223372036854775808
E/FFmpegExtractor( 2290): ff: mem descr: total size 0
E/NuPlayerRenderer( 2290): RNDR: dVA -206311 (dVAavg -185351), V 6276198033, A 6276404344, Asink 6276364288
I/NuPlayerDriver( 2290): notifyDuration: 0
E/NuPlayerRenderer( 2290): RNDR: dVA -214311 (dVAavg -189511), V 6276718033, A 6276932344, Asink 6276876288
E/UDPSource( 2290): in buffer: a[22, 12672] 528.000 ms, v[65, 395625] 1340.000 ms
E/UDPSource( 2290): in datasource: 1673898044 bytes, extractor created ? 1
E/FFmpegExtractor( 2290): ##### PKT Q DEBUG #####
E/FFmpegExtractor( 2290): Q[video, 0, 0]: dur 0, pkts 1, sz 6406, 1st pts 3589232781, lst pts 3589232781
E/FFmpegExtractor( 2290): Q[audio, 1, 1]: dur 0, pkts 0, sz 0, 1st pts -9223372036854775808, lst pts -9223372036854775808
E/FFmpegExtractor( 2290): Q[subtitle, 2, 2]: dur 0, pkts 0, sz 0, 1st pts -9223372036854775808, lst pts -9223372036854775808
E/FFmpegExtractor( 2290): ff: mem descr: total size 0
E/NuPlayerRenderer( 2290): RNDR: dVA -166311 (dVAavg -188871), V 6277198033, A 6277364344, Asink 6277366784
I/NuPlayerDriver( 2290): notifyDuration: 0
E/NuPlayerRenderer( 2290): RNDR: dVA -174311 (dVAavg -189191), V 6277718033, A 6277892344, Asink 6277878784
E/UDPSource( 2290): in buffer: a[24, 13824] 576.000 ms, v[64, 399812] 1280.000 ms
E/UDPSource( 2290): in datasource: 1674282316 bytes, extractor created ? 1
E/FFmpegExtractor( 2290): ##### PKT Q DEBUG #####
E/FFmpegExtractor( 2290): Q[video, 0, 0]: dur 0, pkts 0, sz 0, 1st pts -9223372036854775808, lst pts -9223372036854775808
E/FFmpegExtractor( 2290): Q[audio, 1, 1]: dur 0, pkts 0, sz 0, 1st pts -9223372036854775808, lst pts -9223372036854775808
E/FFmpegExtractor( 2290): Q[subtitle, 2, 2]: dur 0, pkts 0, sz 0, 1st pts -9223372036854775808, lst pts -9223372036854775808
E/FFmpegExtractor( 2290): ff: mem descr: total size 0
E/NuPlayerRenderer( 2290): RNDR: dVA -222311 (dVAavg -184711), V 6278198033, A 6278420344, Asink 6278369792
I/NuPlayerDriver( 2290): notifyDuration: 0
E/NuPlayerRenderer( 2290): RNDR: dVA -134311 (dVAavg -187591), V 6278718033, A 6278852344, Asink 6278881792
E/UDPSource( 2290): in buffer: a[22, 12672] 528.000 ms, v[66, 390118] 1200.000 ms
E/UDPSource( 2290): in datasource: 1674666588 bytes, extractor created ? 1
E/FFmpegExtractor( 2290): ##### PKT Q DEBUG #####
E/FFmpegExtractor( 2290): Q[video, 0, 0]: dur 0, pkts 1, sz 1905, 1st pts 3589423581, lst pts 3589423581
E/FFmpegExtractor( 2290): Q[audio, 1, 1]: dur 0, pkts 0, sz 0, 1st pts -9223372036854775808, lst pts -9223372036854775808
E/FFmpegExtractor( 2290): Q[subtitle, 2, 2]: dur 0, pkts 0, sz 0, 1st pts -9223372036854775808, lst pts -9223372036854775808
E/FFmpegExtractor( 2290): ff: mem descr: total size 0
E/NuPlayerRenderer( 2290): RNDR: dVA -182311 (dVAavg -186951), V 6279198033, A 6279380344, Asink 6279351296
I/NuPlayerDriver( 2290): notifyDuration: 0
E/NuPlayerRenderer( 2290): RNDR: dVA -166311 (dVAavg -182471), V 6279718033, A 6279884344, Asink 6279884288
E/UDPSource( 2290): in buffer: a[24, 13824] 576.000 ms, v[67, 388361] 1300.000 ms
E/UDPSource( 2290): in datasource: 1675052176 bytes, extractor created ? 1
E/FFmpegExtractor( 2290): ##### PKT Q DEBUG #####
E/FFmpegExtractor( 2290): Q[video, 0, 0]: dur 0, pkts 0, sz 0, 1st pts -9223372036854775808, lst pts -9223372036854775808
E/FFmpegExtractor( 2290): Q[audio, 1, 1]: dur 0, pkts 0, sz 0, 1st pts -9223372036854775808, lst pts -9223372036854775808
E/FFmpegExtractor( 2290): Q[subtitle, 2, 2]: dur 0, pkts 0, sz 0, 1st pts -9223372036854775808, lst pts -9223372036854775808
E/FFmpegExtractor( 2290): ff: mem descr: total size 0
E/NuPlayerRenderer( 2290): RNDR: dVA -238311 (dVAavg -182791), V 6280198033, A 6280436344, Asink 6280375296
I/NuPlayerDriver( 2290): notifyDuration: 0
V/UDPDataSource( 2290): total bytes: 1675298268, (in buf 14476)
E/NuPlayerRenderer( 2290): RNDR: dVA -150311 (dVAavg -181831), V 6280718033, A 6280868344, Asink 6280887296
E/UDPSource( 2290): in buffer: a[16, 9216] 384.000 ms, v[58, 357164] 1200.000 ms
E/UDPSource( 2290): in datasource: 1675437764 bytes, extractor created ? 1
E/NuPlayerRenderer( 2290): RNDR: dVA -198311 (dVAavg -186311), V 6281198033, A 6281396344, Asink 6281356288
E/FFmpegExtractor( 2290): ##### PKT Q DEBUG #####
E/FFmpegExtractor( 2290): Q[video, 0, 0]: dur 0, pkts 1, sz 6477, 1st pts 3589599981, lst pts 3589599981
E/FFmpegExtractor( 2290): Q[audio, 1, 1]: dur 0, pkts 0, sz 0, 1st pts -9223372036854775808, lst pts -9223372036854775808
E/FFmpegExtractor( 2290): Q[subtitle, 2, 2]: dur 0, pkts 0, sz 0, 1st pts -9223372036854775808, lst pts -9223372036854775808
E/FFmpegExtractor( 2290): ff: mem descr: total size 0
I/NuPlayerDriver( 2290): notifyDuration: 0
D/HDMI-Controller( 2723): HDMIController::isSinkConnected: 1
D/        ( 2723):  enter hdmi_check_rx_sense
D/HDMI-Controller( 2723): HDMIController::checkRxSense: 0
E/NuPlayerRenderer( 2290): RNDR: dVA -182311 (dVAavg -179271), V 6281718033, A 6281900344, Asink 6281868288
E/UDPSource( 2290): in buffer: a[18, 10368] 432.000 ms, v[63, 377799] 1260.000 ms
E/UDPSource( 2290): in datasource: 1675822036 bytes, extractor created ? 1
E/NuPlayerRenderer( 2290): RNDR: dVA -230311 (dVAavg -182471), V 6282198033, A 6282428344, Asink 6282380288
E/FFmpegExtractor( 2290): ##### PKT Q DEBUG #####
E/FFmpegExtractor( 2290): Q[video, 0, 0]: dur 0, pkts 0, sz 0, 1st pts -9223372036854775808, lst pts -9223372036854775808
E/FFmpegExtractor( 2290): Q[audio, 1, 1]: dur 0, pkts 0, sz 0, 1st pts -9223372036854775808, lst pts -9223372036854775808
E/FFmpegExtractor( 2290): Q[subtitle, 2, 2]: dur 0, pkts 0, sz 0, 1st pts -9223372036854775808, lst pts -9223372036854775808
E/FFmpegExtractor( 2290): ff: mem descr: total size 0
I/NuPlayerDriver( 2290): notifyDuration: 0
E/NuPlayerRenderer( 2290): RNDR: dVA -142311 (dVAavg -189191), V 6282718033, A 6282860344, Asink 6282870784
E/UDPSource( 2290): in buffer: a[18, 10368] 432.000 ms, v[55, 368777] 1100.000 ms
E/UDPSource( 2290): in datasource: 1676207624 bytes, extractor created ? 1
E/NuPlayerRenderer( 2290): RNDR: dVA -166311 (dVAavg -185031), V 6283198033, A 6283364344, Asink 6283361792
D/UpdateService( 3122): Trying to update. isFirstStartUpdate: false
E/FFmpegExtractor( 2290): ##### PKT Q DEBUG #####
E/FFmpegExtractor( 2290): Q[video, 0, 0]: dur 0, pkts 1, sz 11461, 1st pts 3589788981, lst pts 3589788981
E/FFmpegExtractor( 2290): Q[audio, 1, 1]: dur 0, pkts 0, sz 0, 1st pts -9223372036854775808, lst pts -9223372036854775808
E/FFmpegExtractor( 2290): Q[subtitle, 2, 2]: dur 0, pkts 0, sz 0, 1st pts -9223372036854775808, lst pts -9223372036854775808
E/FFmpegExtractor( 2290): ff: mem descr: total size 0
I/NuPlayerDriver( 2290): notifyDuration: 0
E/NuPlayerRenderer( 2290): RNDR: dVA -174311 (dVAavg -182791), V 6283718033, A 6283892344, Asink 6283873792
E/UDPSource( 2290): in buffer: a[20, 11520] 480.000 ms, v[59, 433391] 1140.000 ms
E/UDPSource( 2290): in datasource: 1676591896 bytes, extractor created ? 1
W/QmsJsonHttpSender( 3201): Send data is failed (Unable to resolve host "qms.local": No address associated with hostname)
E/NuPlayerRenderer( 2290): RNDR: dVA -222311 (dVAavg -188551), V 6284198033, A 6284420344, Asink 6284364288
E/FFmpegExtractor( 2290): ##### PKT Q DEBUG #####
E/FFmpegExtractor( 2290): Q[video, 0, 0]: dur 0, pkts 1, sz 4025, 1st pts 3589868181, lst pts 3589868181
E/FFmpegExtractor( 2290): Q[audio, 1, 1]: dur 0, pkts 0, sz 0, 1st pts -9223372036854775808, lst pts -9223372036854775808
E/FFmpegExtractor( 2290): Q[subtitle, 2, 2]: dur 0, pkts 0, sz 0, 1st pts -9223372036854775808, lst pts -9223372036854775808
E/FFmpegExtractor( 2290): ff: mem descr: total size 0
I/NuPlayerDriver( 2290): notifyDuration: 0
E/NuPlayerRenderer( 2290): RNDR: dVA -230311 (dVAavg -182471), V 6284718033, A 6284948344, Asink 6284897792
E/UDPSource( 2290): in buffer: a[18, 10368] 432.000 ms, v[62, 453024] 1320.000 ms
E/UDPSource( 2290): in datasource: 1676977484 bytes, extractor created ? 1
E/NuPlayerRenderer( 2290): RNDR: dVA -182311 (dVAavg -190791), V 6285198033, A 6285380344, Asink 6285367296
I/NuPlayerDriver( 2290): notifyDuration: 0
E/FFmpegExtractor( 2290): ##### PKT Q DEBUG #####
E/FFmpegExtractor( 2290): Q[video, 0, 0]: dur 0, pkts 1, sz 11261, 1st pts 3589976181, lst pts 3589976181
E/FFmpegExtractor( 2290): Q[audio, 1, 1]: dur 0, pkts 0, sz 0, 1st pts -9223372036854775808, lst pts -9223372036854775808
E/FFmpegExtractor( 2290): Q[subtitle, 2, 2]: dur 0, pkts 0, sz 0, 1st pts -9223372036854775808, lst pts -9223372036854775808
E/FFmpegExtractor( 2290): ff: mem descr: total size 0
V/UDPDataSource( 2290): total bytes: 1677222260, (in buf 18424)
E/NuPlayerRenderer( 2290): RNDR: dVA -190311 (dVAavg -185991), V 6285718033, A 6285908344, Asink 6285879296
E/UDPSource( 2290): in buffer: a[20, 11520] 480.000 ms, v[64, 437504] 1280.000 ms
E/UDPSource( 2290): in datasource: 1677361756 bytes, extractor created ? 1
E/NuPlayerRenderer( 2290): RNDR: dVA -214311 (dVAavg -186951), V 6286198033, A 6286412344, Asink 6286369792
I/NuPlayerDriver( 2290): notifyDuration: 0
E/FFmpegExtractor( 2290): ##### PKT Q DEBUG #####
E/FFmpegExtractor( 2290): Q[video, 0, 0]: dur 0, pkts 0, sz 0, 1st pts -9223372036854775808, lst pts -9223372036854775808
E/FFmpegExtractor( 2290): Q[audio, 1, 1]: dur 0, pkts 0, sz 0, 1st pts -9223372036854775808, lst pts -9223372036854775808
E/FFmpegExtractor( 2290): Q[subtitle, 2, 2]: dur 0, pkts 0, sz 0, 1st pts -9223372036854775808, lst pts -9223372036854775808
E/FFmpegExtractor( 2290): ff: mem descr: total size 0
E/NuPlayerRenderer( 2290): RNDR: dVA -150311 (dVAavg -184391), V 6286718033, A 6286868344, Asink 6286881792
E/UDPSource( 2290): in buffer: a[19, 10944] 456.000 ms, v[62, 345626] 1080.000 ms
E/UDPSource( 2290): in datasource: 1677747344 bytes, extractor created ? 1
E/NuPlayerRenderer( 2290): RNDR: dVA -174311 (dVAavg -185351), V 6287198033, A 6287372344, Asink 6287350784
I/NuPlayerDriver( 2290): notifyDuration: 0
E/FFmpegExtractor( 2290): ##### PKT Q DEBUG #####
E/FFmpegExtractor( 2290): Q[video, 0, 0]: dur 0, pkts 0, sz 0, 1st pts -9223372036854775808, lst pts -9223372036854775808
E/FFmpegExtractor( 2290): Q[audio, 1, 1]: dur 0, pkts 0, sz 0, 1st pts -9223372036854775808, lst pts -9223372036854775808
E/FFmpegExtractor( 2290): Q[subtitle, 2, 2]: dur 0, pkts 0, sz 0, 1st pts -9223372036854775808, lst pts -9223372036854775808
E/FFmpegExtractor( 2290): ff: mem descr: total size 0
E/NuPlayerRenderer( 2290): RNDR: dVA -206311 (dVAavg -186631), V 6287718033, A 6287924344, Asink 6287884288
E/UDPSource( 2290): in buffer: a[21, 12096] 504.000 ms, v[66, 367776] 1240.000 ms
E/UDPSource( 2290): in datasource: 1678131616 bytes, extractor created ? 1
E/NuPlayerRenderer( 2290): RNDR: dVA -230311 (dVAavg -181191), V 6288198033, A 6288428344, Asink 6288374784
I/NuPlayerDriver( 2290): notifyDuration: 0
E/FFmpegExtractor( 2290): ##### PKT Q DEBUG #####
E/FFmpegExtractor( 2290): Q[video, 0, 0]: dur 0, pkts 0, sz 0, 1st pts -9223372036854775808, lst pts -9223372036854775808
E/FFmpegExtractor( 2290): Q[audio, 1, 1]: dur 0, pkts 0, sz 0, 1st pts -9223372036854775808, lst pts -9223372036854775808
E/FFmpegExtractor( 2290): Q[subtitle, 2, 2]: dur 0, pkts 0, sz 0, 1st pts -9223372036854775808, lst pts -9223372036854775808
E/FFmpegExtractor( 2290): ff: mem descr: total size 0
E/NuPlayerRenderer( 2290): RNDR: dVA -142311 (dVAavg -181511), V 6288718033, A 6288860344, Asink 6288886784
E/UDPSource( 2290): in buffer: a[20, 11520] 480.000 ms, v[66, 431546] 1360.000 ms
E/UDPSource( 2290): in datasource: 1678517204 bytes, extractor created ? 1
E/NuPlayerRenderer( 2290): RNDR: dVA -190311 (dVAavg -184711), V 6289198033, A 6289388344, Asink 6289356288
I/NuPlayerDriver( 2290): notifyDuration: 0
E/FFmpegExtractor( 2290): ##### PKT Q DEBUG #####
E/FFmpegExtractor( 2290): Q[video, 0, 0]: dur 0, pkts 0, sz 0, 1st pts -9223372036854775808, lst pts -9223372036854775808
E/FFmpegExtractor( 2290): Q[audio, 1, 1]: dur 0, pkts 0, sz 0, 1st pts -9223372036854775808, lst pts -9223372036854775808
E/FFmpegExtractor( 2290): Q[subtitle, 2, 2]: dur 0, pkts 0, sz 0, 1st pts -9223372036854775808, lst pts -9223372036854775808
E/FFmpegExtractor( 2290): ff: mem descr: total size 0
E/NuPlayerRenderer( 2290): RNDR: dVA -174311 (dVAavg -191751), V 6289718033, A 6289892344, Asink 6289868288
E/UDPSource( 2290): in buffer: a[22, 12672] 528.000 ms, v[67, 445075] 1380.000 ms
E/UDPSource( 2290): in datasource: 1678902792 bytes, extractor created ? 1
E/NuPlayerRenderer( 2290): RNDR: dVA -222311 (dVAavg -182151), V 6290198033, A 6290420344, Asink 6290359296
I/NuPlayerDriver( 2290): notifyDuration: 0
E/FFmpegExtractor( 2290): ##### PKT Q DEBUG #####
E/FFmpegExtractor( 2290): Q[video, 0, 0]: dur 0, pkts 1, sz 10205, 1st pts 3590438781, lst pts 3590438781
E/FFmpegExtractor( 2290): Q[audio, 1, 1]: dur 0, pkts 0, sz 0, 1st pts -9223372036854775808, lst pts -9223372036854775808
E/FFmpegExtractor( 2290): Q[subtitle, 2, 2]: dur 0, pkts 0, sz 0, 1st pts -9223372036854775808, lst pts -9223372036854775808
E/FFmpegExtractor( 2290): ff: mem descr: total size 0
V/UDPDataSource( 2290): total bytes: 1679147568, (in buf 25004)
E/NuPlayerRenderer( 2290): RNDR: dVA -230311 (dVAavg -179911), V 6290718033, A 6290948344, Asink 6290892288
E/UDPSource( 2290): in buffer: a[20, 11520] 480.000 ms, v[68, 438078] 1160.000 ms
E/UDPSource( 2290): in datasource: 1679287064 bytes, extractor created ? 1
E/NuPlayerRenderer( 2290): RNDR: dVA -182311 (dVAavg -186951), V 6291198033, A 6291380344, Asink 6291361792
I/NuPlayerDriver( 2290): notifyDuration: 0
E/FFmpegExtractor( 2290): ##### PKT Q DEBUG #####
E/FFmpegExtractor( 2290): Q[video, 0, 0]: dur 0, pkts 1, sz 1906, 1st pts 3590514381, lst pts 3590514381
E/FFmpegExtractor( 2290): Q[audio, 1, 1]: dur 0, pkts 0, sz 0, 1st pts -9223372036854775808, lst pts -9223372036854775808
E/FFmpegExtractor( 2290): Q[subtitle, 2, 2]: dur 0, pkts 0, sz 0, 1st pts -9223372036854775808, lst pts -9223372036854775808
E/FFmpegExtractor( 2290): ff: mem descr: total size 0
D/HDMI-Controller( 2723): HDMIController::isSinkConnected: 1
D/        ( 2723):  enter hdmi_check_rx_sense
D/HDMI-Controller( 2723): HDMIController::checkRxSense: 0
E/NuPlayerRenderer( 2290): RNDR: dVA -166311 (dVAavg -188871), V 6291718033, A 6291884344, Asink 6291873792
E/UDPSource( 2290): in buffer: a[16, 9216] 384.000 ms, v[60, 398060] 1160.000 ms
E/UDPSource( 2290): in datasource: 1679672652 bytes, extractor created ? 1
E/NuPlayerRenderer( 2290): RNDR: dVA -214311 (dVAavg -190791), V 6292198033, A 6292412344, Asink 6292364288
I/NuPlayerDriver( 2290): notifyDuration: 0
E/FFmpegExtractor( 2290): ##### PKT Q DEBUG #####
E/FFmpegExtractor( 2290): Q[video, 0, 0]: dur 0, pkts 1, sz 4957, 1st pts 3590607981, lst pts 3590607981
E/FFmpegExtractor( 2290): Q[audio, 1, 1]: dur 0, pkts 0, sz 0, 1st pts -9223372036854775808, lst pts -9223372036854775808
E/FFmpegExtractor( 2290): Q[subtitle, 2, 2]: dur 0, pkts 0, sz 0, 1st pts -9223372036854775808, lst pts -9223372036854775808
E/FFmpegExtractor( 2290): ff: mem descr: total size 0
E/NuPlayerRenderer( 2290): RNDR: dVA -198311 (dVAavg -192711), V 6292718033, A 6292916344, Asink 6292876288
E/UDPSource( 2290): in buffer: a[16, 9216] 384.000 ms, v[58, 360404] 1200.000 ms
E/UDPSource( 2290): in datasource: 1680056924 bytes, extractor created ? 1
E/NuPlayerRenderer( 2290): RNDR: dVA -246311 (dVAavg -185671), V 6293198033, A 6293444344, Asink 6293388288
I/NuPlayerDriver( 2290): notifyDuration: 0
E/FFmpegExtractor( 2290): ##### PKT Q DEBUG #####
E/FFmpegExtractor( 2290): Q[video, 0, 0]: dur 0, pkts 1, sz 2377, 1st pts 3590705181, lst pts 3590705181
E/FFmpegExtractor( 2290): Q[audio, 1, 1]: dur 0, pkts 0, sz 0, 1st pts -9223372036854775808, lst pts -9223372036854775808
E/FFmpegExtractor( 2290): Q[subtitle, 2, 2]: dur 0, pkts 0, sz 0, 1st pts -9223372036854775808, lst pts -9223372036854775808
E/FFmpegExtractor( 2290): ff: mem descr: total size 0
E/NuPlayerRenderer( 2290): RNDR: dVA -158311 (dVAavg -185991), V 6293718033, A 6293876344, Asink 6293878784
E/UDPSource( 2290): in buffer: a[20, 11520] 480.000 ms, v[63, 387235] 1260.000 ms
E/UDPSource( 2290): in datasource: 1680441196 bytes, extractor created ? 1
E/NuPlayerRenderer( 2290): RNDR: dVA -206311 (dVAavg -190471), V 6294198033, A 6294404344, Asink 6294348288
I/NuPlayerDriver( 2290): notifyDuration: 0
E/FFmpegExtractor( 2290): ##### PKT Q DEBUG #####
E/FFmpegExtractor( 2290): Q[video, 0, 0]: dur 0, pkts 1, sz 6521, 1st pts 3590793381, lst pts 3590793381
E/FFmpegExtractor( 2290): Q[audio, 1, 1]: dur 0, pkts 0, sz 0, 1st pts -9223372036854775808, lst pts -9223372036854775808
E/FFmpegExtractor( 2290): Q[subtitle, 2, 2]: dur 0, pkts 0, sz 0, 1st pts -9223372036854775808, lst pts -9223372036854775808
E/FFmpegExtractor( 2290): ff: mem descr: total size 0
E/NuPlayerRenderer( 2290): RNDR: dVA -190311 (dVAavg -187271), V 6294718033, A 6294908344, Asink 6294881792
E/UDPSource( 2290): in buffer: a[23, 13248] 552.000 ms, v[64, 397652] 1280.000 ms
E/UDPSource( 2290): in datasource: 1680825468 bytes, extractor created ? 1
E/NuPlayerRenderer( 2290): RNDR: dVA -238311 (dVAavg -185351), V 6295198033, A 6295436344, Asink 6295393792
I/NuPlayerDriver( 2290): notifyDuration: 0
E/FFmpegExtractor( 2290): ##### PKT Q DEBUG #####
E/FFmpegExtractor( 2290): Q[video, 0, 0]: dur 0, pkts 0, sz 0, 1st pts -9223372036854775808, lst pts -9223372036854775808
E/FFmpegExtractor( 2290): Q[audio, 1, 1]: dur 0, pkts 1, sz 576, 1st pts 3590793949, lst pts 3590793949
E/FFmpegExtractor( 2290): Q[subtitle, 2, 2]: dur 0, pkts 0, sz 0, 1st pts -9223372036854775808, lst pts -9223372036854775808
E/FFmpegExtractor( 2290): ff: mem descr: total size 0
V/UDPDataSource( 2290): total bytes: 1681072876, (in buf 30268)
E/NuPlayerRenderer( 2290): RNDR: dVA -150311 (dVAavg -188231), V 6295718033, A 6295868344, Asink 6295884288
E/UDPSource( 2290): in buffer: a[22, 12672] 528.000 ms, v[67, 399701] 1300.000 ms
E/UDPSource( 2290): in datasource: 1681211056 bytes, extractor created ? 1
E/NuPlayerRenderer( 2290): RNDR: dVA -198311 (dVAavg -188871), V 6296198033, A 6296396344, Asink 6296353792
I/NuPlayerDriver( 2290): notifyDuration: 0
E/FFmpegExtractor( 2290): ##### PKT Q DEBUG #####
E/FFmpegExtractor( 2290): Q[video, 0, 0]: dur 0, pkts 0, sz 0, 1st pts -9223372036854775808, lst pts -9223372036854775808
E/FFmpegExtractor( 2290): Q[audio, 1, 1]: dur 0, pkts 0, sz 0, 1st pts -9223372036854775808, lst pts -9223372036854775808
E/FFmpegExtractor( 2290): Q[subtitle, 2, 2]: dur 0, pkts 0, sz 0, 1st pts -9223372036854775808, lst pts -9223372036854775808
E/FFmpegExtractor( 2290): ff: mem descr: total size 0
E/NuPlayerRenderer( 2290): RNDR: dVA -206311 (dVAavg -194311), V 6296718033, A 6296924344, Asink 6296887296
E/UDPSource( 2290): in buffer: a[24, 13824] 576.000 ms, v[66, 403146] 1360.000 ms
E/UDPSource( 2290): in datasource: 1681595328 bytes, extractor created ? 1
E/NuPlayerRenderer( 2290): RNDR: dVA -254311 (dVAavg -185991), V 6297198033, A 6297452344, Asink 6297399296
I/NuPlayerDriver( 2290): notifyDuration: 0
E/FFmpegExtractor( 2290): ##### PKT Q DEBUG #####
E/FFmpegExtractor( 2290): Q[video, 0, 0]: dur 0, pkts 1, sz 6533, 1st pts 3591054381, lst pts 3591054381
E/FFmpegExtractor( 2290): Q[audio, 1, 1]: dur 0, pkts 0, sz 0, 1st pts -9223372036854775808, lst pts -9223372036854775808
E/FFmpegExtractor( 2290): Q[subtitle, 2, 2]: dur 0, pkts 0, sz 0, 1st pts -9223372036854775808, lst pts -9223372036854775808
E/FFmpegExtractor( 2290): ff: mem descr: total size 0
E/NuPlayerRenderer( 2290): RNDR: dVA -166311 (dVAavg -188871), V 6297718033, A 6297884344, Asink 6297868288
E/UDPSource( 2290): in buffer: a[15, 8640] 360.000 ms, v[63, 404551] 1260.000 ms
E/UDPSource( 2290): in datasource: 1681980916 bytes, extractor created ? 1
E/NuPlayerRenderer( 2290): RNDR: dVA -214311 (dVAavg -192071), V 6298198033, A 6298412344, Asink 6298358784
I/NuPlayerDriver( 2290): notifyDuration: 0
E/FFmpegExtractor( 2290): ##### PKT Q DEBUG #####
E/FFmpegExtractor( 2290): Q[video, 0, 0]: dur 0, pkts 0, sz 0, 1st pts -9223372036854775808, lst pts -9223372036854775808
E/FFmpegExtractor( 2290): Q[audio, 1, 1]: dur 0, pkts 0, sz 0, 1st pts -9223372036854775808, lst pts -9223372036854775808
E/FFmpegExtractor( 2290): Q[subtitle, 2, 2]: dur 0, pkts 0, sz 0, 1st pts -9223372036854775808, lst pts -9223372036854775808
E/FFmpegExtractor( 2290): ff: mem descr: total size 0
E/NuPlayerRenderer( 2290): RNDR: dVA -198311 (dVAavg -193991), V 6298718033, A 6298916344, Asink 6298870784
E/UDPSource( 2290): in buffer: a[17, 9792] 408.000 ms, v[62, 364250] 1080.000 ms
E/UDPSource( 2290): in datasource: 1682366504 bytes, extractor created ? 1
E/NuPlayerRenderer( 2290): RNDR: dVA -174311 (dVAavg -191751), V 6299198033, A 6299372344, Asink 6299361792
I/NuPlayerDriver( 2290): notifyDuration: 0
E/FFmpegExtractor( 2290): ##### PKT Q DEBUG #####
E/FFmpegExtractor( 2290): Q[video, 0, 0]: dur 0, pkts 1, sz 1233, 1st pts 3591241581, lst pts 3591241581
E/FFmpegExtractor( 2290): Q[audio, 1, 1]: dur 0, pkts 0, sz 0, 1st pts -9223372036854775808, lst pts -9223372036854775808
E/FFmpegExtractor( 2290): Q[subtitle, 2, 2]: dur 0, pkts 0, sz 0, 1st pts -9223372036854775808, lst pts -9223372036854775808
E/FFmpegExtractor( 2290): ff: mem descr: total size 0
E/NuPlayerRenderer( 2290): RNDR: dVA -158311 (dVAavg -189831), V 6299718033, A 6299876344, Asink 6299873792
E/UDPSource( 2290): in buffer: a[18, 10368] 432.000 ms, v[66, 395460] 1240.000 ms
E/UDPSource( 2290): in datasource: 1682752092 bytes, extractor created ? 1
E/NuPlayerRenderer( 2290): RNDR: dVA -206311 (dVAavg -189191), V 6300198033, A 6300404344, Asink 6300364288
I/NuPlayerDriver( 2290): notifyDuration: 0
E/FFmpegExtractor( 2290): ##### PKT Q DEBUG #####
E/FFmpegExtractor( 2290): Q[video, 0, 0]: dur 0, pkts 1, sz 910, 1st pts 3591333381, lst pts 3591333381
E/FFmpegExtractor( 2290): Q[audio, 1, 1]: dur 0, pkts 0, sz 0, 1st pts -9223372036854775808, lst pts -9223372036854775808
E/FFmpegExtractor( 2290): Q[subtitle, 2, 2]: dur 0, pkts 0, sz 0, 1st pts -9223372036854775808, lst pts -9223372036854775808
E/FFmpegExtractor( 2290): ff: mem descr: total size 0
V/UDPDataSource( 2290): total bytes: 1682996868, (in buf 35532)
E/NuPlayerRenderer( 2290): RNDR: dVA -214311 (dVAavg -188231), V 6300718033, A 6300932344, Asink 6300876288
E/UDPSource( 2290): in buffer: a[18, 10368] 432.000 ms, v[59, 409097] 1380.000 ms
E/UDPSource( 2290): in datasource: 1683136364 bytes, extractor created ? 1
E/NuPlayerRenderer( 2290): RNDR: dVA -238311 (dVAavg -185351), V 6301198033, A 6301436344, Asink 6301388288
I/NuPlayerDriver( 2290): notifyDuration: 0
D/HDMI-Controller( 2723): HDMIController::isSinkConnected: 1
D/        ( 2723):  enter hdmi_check_rx_sense
D/HDMI-Controller( 2723): HDMIController::checkRxSense: 0
E/FFmpegExtractor( 2290): ##### PKT Q DEBUG #####
E/FFmpegExtractor( 2290): Q[video, 0, 0]: dur 0, pkts 1, sz 10457, 1st pts 3591446781, lst pts 3591446781
E/FFmpegExtractor( 2290): Q[audio, 1, 1]: dur 0, pkts 0, sz 0, 1st pts -9223372036854775808, lst pts -9223372036854775808
E/FFmpegExtractor( 2290): Q[subtitle, 2, 2]: dur 0, pkts 0, sz 0, 1st pts -9223372036854775808, lst pts -9223372036854775808
E/FFmpegExtractor( 2290): ff: mem descr: total size 0
E/NuPlayerRenderer( 2290): RNDR: dVA -174311 (dVAavg -189191), V 6301718033, A 6301892344, Asink 6301879296
E/UDPSource( 2290): in buffer: a[17, 9792] 408.000 ms, v[62, 451306] 1200.000 ms
E/UDPSource( 2290): in datasource: 1683521952 bytes, extractor created ? 1
E/NuPlayerRenderer( 2290): RNDR: dVA -198311 (dVAavg -195271), V 6302198033, A 6302396344, Asink 6302348288
I/NuPlayerDriver( 2290): notifyDuration: 0
E/FFmpegExtractor( 2290): ##### PKT Q DEBUG #####
E/FFmpegExtractor( 2290): Q[video, 0, 0]: dur 0, pkts 1, sz 4286, 1st pts 3591522381, lst pts 3591522381
E/FFmpegExtractor( 2290): Q[audio, 1, 1]: dur 0, pkts 0, sz 0, 1st pts -9223372036854775808, lst pts -9223372036854775808
E/FFmpegExtractor( 2290): Q[subtitle, 2, 2]: dur 0, pkts 0, sz 0, 1st pts -9223372036854775808, lst pts -9223372036854775808
E/FFmpegExtractor( 2290): ff: mem descr: total size 0
E/NuPlayerRenderer( 2290): RNDR: dVA -206311 (dVAavg -193031), V 6302718033, A 6302924344, Asink 6302881792
E/UDPSource( 2290): in buffer: a[19, 10944] 456.000 ms, v[61, 421705] 1060.000 ms
E/UDPSource( 2290): in datasource: 1683906224 bytes, extractor created ? 1
E/NuPlayerRenderer( 2290): RNDR: dVA -158311 (dVAavg -194951), V 6303198033, A 6303356344, Asink 6303350784
D/UpdateService( 3122): Trying to update. isFirstStartUpdate: false
I/NuPlayerDriver( 2290): notifyDuration: 0
E/FFmpegExtractor( 2290): ##### PKT Q DEBUG #####
E/FFmpegExtractor( 2290): Q[video, 0, 0]: dur 0, pkts 1, sz 6477, 1st pts 3591615981, lst pts 3591615981
E/FFmpegExtractor( 2290): Q[audio, 1, 1]: dur 0, pkts 0, sz 0, 1st pts -9223372036854775808, lst pts -9223372036854775808
E/FFmpegExtractor( 2290): Q[subtitle, 2, 2]: dur 0, pkts 0, sz 0, 1st pts -9223372036854775808, lst pts -9223372036854775808
E/FFmpegExtractor( 2290): ff: mem descr: total size 0
E/NuPlayerRenderer( 2290): RNDR: dVA -166311 (dVAavg -192711), V 6303718033, A 6303884344, Asink 6303884288
E/UDPSource( 2290): in buffer: a[17, 9792] 408.000 ms, v[59, 414687] 1140.000 ms
E/UDPSource( 2290): in datasource: 1684291812 bytes, extractor created ? 1
E/NuPlayerRenderer( 2290): RNDR: dVA -238311 (dVAavg -191751), V 6304198033, A 6304436344, Asink 6304374784
I/NuPlayerDriver( 2290): notifyDuration: 0
E/FFmpegExtractor( 2290): ##### PKT Q DEBUG #####
E/FFmpegExtractor( 2290): Q[video, 0, 0]: dur 0, pkts 1, sz 16825, 1st pts 3591718581, lst pts 3591718581
E/FFmpegExtractor( 2290): Q[audio, 1, 1]: dur 0, pkts 0, sz 0, 1st pts -9223372036854775808, lst pts -9223372036854775808
E/FFmpegExtractor( 2290): Q[subtitle, 2, 2]: dur 0, pkts 0, sz 0, 1st pts -9223372036854775808, lst pts -9223372036854775808
E/FFmpegExtractor( 2290): ff: mem descr: total size 0
E/NuPlayerRenderer( 2290): RNDR: dVA -222311 (dVAavg -192391), V 6304718033, A 6304940344, Asink 6304886784
E/UDPSource( 2290): in buffer: a[19, 10944] 456.000 ms, v[58, 424200] 1200.000 ms
E/UDPSource( 2290): in datasource: 1684676084 bytes, extractor created ? 1
E/NuPlayerRenderer( 2290): RNDR: dVA -174311 (dVAavg -186631), V 6305198033, A 6305372344, Asink 6305356288
I/NuPlayerDriver( 2290): notifyDuration: 0
E/FFmpegExtractor( 2290): ##### PKT Q DEBUG #####
E/FFmpegExtractor( 2290): Q[video, 0, 0]: dur 0, pkts 1, sz 6505, 1st pts 3591801381, lst pts 3591801381
E/FFmpegExtractor( 2290): Q[audio, 1, 1]: dur 0, pkts 0, sz 0, 1st pts -9223372036854775808, lst pts -9223372036854775808
E/FFmpegExtractor( 2290): Q[subtitle, 2, 2]: dur 0, pkts 0, sz 0, 1st pts -9223372036854775808, lst pts -9223372036854775808
E/FFmpegExtractor( 2290): ff: mem descr: total size 0
V/UDPDataSource( 2290): total bytes: 1684920860, (in buf 0)
E/NuPlayerRenderer( 2290): RNDR: dVA -182311 (dVAavg -186951), V 6305718033, A 6305900344, Asink 6305868288
E/UDPSource( 2290): in buffer: a[18, 10368] 432.000 ms, v[57, 427891] 1300.000 ms
E/UDPSource( 2290): in datasource: 1685060356 bytes, extractor created ? 1
E/NuPlayerRenderer( 2290): RNDR: dVA -166311 (dVAavg -193991), V 6306238033, A 6306404344, Asink 6306401792
I/NuPlayerDriver( 2290): notifyDuration: 0
E/FFmpegExtractor( 2290): ##### PKT Q DEBUG #####
E/FFmpegExtractor( 2290): Q[video, 0, 0]: dur 0, pkts 0, sz 0, 1st pts -9223372036854775808, lst pts -9223372036854775808
E/FFmpegExtractor( 2290): Q[audio, 1, 1]: dur 0, pkts 0, sz 0, 1st pts -9223372036854775808, lst pts -9223372036854775808
E/FFmpegExtractor( 2290): Q[subtitle, 2, 2]: dur 0, pkts 0, sz 0, 1st pts -9223372036854775808, lst pts -9223372036854775808
E/FFmpegExtractor( 2290): ff: mem descr: total size 0
E/NuPlayerRenderer( 2290): RNDR: dVA -214311 (dVAavg -188231), V 6306718033, A 6306932344, Asink 6306892288
E/UDPSource( 2290): in buffer: a[20, 11520] 480.000 ms, v[62, 357322] 1080.000 ms
E/UDPSource( 2290): in datasource: 1685447260 bytes, extractor created ? 1
E/NuPlayerRenderer( 2290): RNDR: dVA -126311 (dVAavg -185991), V 6307238033, A 6307364344, Asink 6307404288
I/NuPlayerDriver( 2290): notifyDuration: 0
E/FFmpegExtractor( 2290): ##### PKT Q DEBUG #####
E/FFmpegExtractor( 2290): Q[video, 0, 0]: dur 0, pkts 0, sz 0, 1st pts -9223372036854775808, lst pts -9223372036854775808
E/FFmpegExtractor( 2290): Q[audio, 1, 1]: dur 0, pkts 0, sz 0, 1st pts -9223372036854775808, lst pts -9223372036854775808
E/FFmpegExtractor( 2290): Q[subtitle, 2, 2]: dur 0, pkts 0, sz 0, 1st pts -9223372036854775808, lst pts -9223372036854775808
E/FFmpegExtractor( 2290): ff: mem descr: total size 0
E/NuPlayerRenderer( 2290): RNDR: dVA -174311 (dVAavg -184071), V 6307718033, A 6307892344, Asink 6307873792
E/UDPSource( 2290): in buffer: a[22, 12672] 528.000 ms, v[67, 375249] 1300.000 ms
E/UDPSource( 2290): in datasource: 1685831532 bytes, extractor created ? 1
E/NuPlayerRenderer( 2290): RNDR: dVA -206311 (dVAavg -185351), V 6308238033, A 6308444344, Asink 6308407296
I/NuPlayerDriver( 2290): notifyDuration: 0
E/FFmpegExtractor( 2290): ##### PKT Q DEBUG #####
E/FFmpegExtractor( 2290): Q[video, 0, 0]: dur 0, pkts 1, sz 30857, 1st pts 3592078581, lst pts 3592078581
E/FFmpegExtractor( 2290): Q[audio, 1, 1]: dur 0, pkts 0, sz 0, 1st pts -9223372036854775808, lst pts -9223372036854775808
E/FFmpegExtractor( 2290): Q[subtitle, 2, 2]: dur 0, pkts 0, sz 0, 1st pts -9223372036854775808, lst pts -9223372036854775808
E/FFmpegExtractor( 2290): ff: mem descr: total size 0
E/NuPlayerRenderer( 2290): RNDR: dVA -134311 (dVAavg -185031), V 6308718033, A 6308852344, Asink 6308876288
E/UDPSource( 2290): in buffer: a[20, 11520] 480.000 ms, v[65, 426321] 1340.000 ms
E/UDPSource( 2290): in datasource: 1686215804 bytes, extractor created ? 1
E/NuPlayerRenderer( 2290): RNDR: dVA -166311 (dVAavg -185031), V 6309238033, A 6309404344, Asink 6309388288
I/NuPlayerDriver( 2290): notifyDuration: 0
E/FFmpegExtractor( 2290): ##### PKT Q DEBUG #####
E/FFmpegExtractor( 2290): Q[video, 0, 0]: dur 0, pkts 0, sz 0, 1st pts -9223372036854775808, lst pts -9223372036854775808
E/FFmpegExtractor( 2290): Q[audio, 1, 1]: dur 0, pkts 0, sz 0, 1st pts -9223372036854775808, lst pts -9223372036854775808
E/FFmpegExtractor( 2290): Q[subtitle, 2, 2]: dur 0, pkts 0, sz 0, 1st pts -9223372036854775808, lst pts -9223372036854775808
E/FFmpegExtractor( 2290): ff: mem descr: total size 0
E/NuPlayerRenderer( 2290): RNDR: dVA -190311 (dVAavg -187271), V 6309718033, A 6309908344, Asink 6309878784
E/UDPSource( 2290): in buffer: a[22, 12672] 528.000 ms, v[63, 385083] 1260.000 ms
E/UDPSource( 2290): in datasource: 1686600076 bytes, extractor created ? 1
E/NuPlayerRenderer( 2290): RNDR: dVA -198311 (dVAavg -186311), V 6310238033, A 6310436344, Asink 6310390784
I/NuPlayerDriver( 2290): notifyDuration: 0
V/UDPDataSource( 2290): total bytes: 1686844852, (in buf 6580)
E/NuPlayerRenderer( 2290): RNDR: dVA -150311 (dVAavg -184391), V 6310718033, A 6310868344, Asink 6310881792
E/FFmpegExtractor( 2290): ##### PKT Q DEBUG #####
E/FFmpegExtractor( 2290): Q[video, 0, 0]: dur 0, pkts 1, sz 5034, 1st pts 3592254981, lst pts 3592254981
E/FFmpegExtractor( 2290): Q[audio, 1, 1]: dur 0, pkts 0, sz 0, 1st pts -9223372036854775808, lst pts -9223372036854775808
E/FFmpegExtractor( 2290): Q[subtitle, 2, 2]: dur 0, pkts 0, sz 0, 1st pts -9223372036854775808, lst pts -9223372036854775808
E/FFmpegExtractor( 2290): ff: mem descr: total size 0
E/UDPSource( 2290): in buffer: a[20, 11520] 480.000 ms, v[64, 399208] 1280.000 ms
E/UDPSource( 2290): in datasource: 1686985664 bytes, extractor created ? 1
E/NuPlayerRenderer( 2290): RNDR: dVA -158311 (dVAavg -191111), V 6311238033, A 6311396344, Asink 6311393792
I/NuPlayerDriver( 2290): notifyDuration: 0
D/HDMI-Controller( 2723): HDMIController::isSinkConnected: 1
D/        ( 2723):  enter hdmi_check_rx_sense
D/HDMI-Controller( 2723): HDMIController::checkRxSense: 0
E/NuPlayerRenderer( 2290): RNDR: dVA -206311 (dVAavg -190471), V 6311718033, A 6311924344, Asink 6311884288
E/FFmpegExtractor( 2290): ##### PKT Q DEBUG #####
E/FFmpegExtractor( 2290): Q[video, 0, 0]: dur 0, pkts 1, sz 865, 1st pts 3592335981, lst pts 3592335981
E/FFmpegExtractor( 2290): Q[audio, 1, 1]: dur 0, pkts 0, sz 0, 1st pts -9223372036854775808, lst pts -9223372036854775808
E/FFmpegExtractor( 2290): Q[subtitle, 2, 2]: dur 0, pkts 0, sz 0, 1st pts -9223372036854775808, lst pts -9223372036854775808
E/FFmpegExtractor( 2290): ff: mem descr: total size 0
E/UDPSource( 2290): in buffer: a[22, 12672] 528.000 ms, v[60, 396708] 1160.000 ms
E/UDPSource( 2290): in datasource: 1687371252 bytes, extractor created ? 1
E/NuPlayerRenderer( 2290): RNDR: dVA -214311 (dVAavg -194631), V 6312238033, A 6312452344, Asink 6312396288
I/NuPlayerDriver( 2290): notifyDuration: 0
E/NuPlayerRenderer( 2290): RNDR: dVA -166311 (dVAavg -190151), V 6312718033, A 6312884344, Asink 6312887296
E/FFmpegExtractor( 2290): ##### PKT Q DEBUG #####
E/FFmpegExtractor( 2290): Q[video, 0, 0]: dur 0, pkts 1, sz 389, 1st pts 3592436781, lst pts 3592436781
E/FFmpegExtractor( 2290): Q[audio, 1, 1]: dur 0, pkts 0, sz 0, 1st pts -9223372036854775808, lst pts -9223372036854775808
E/FFmpegExtractor( 2290): Q[subtitle, 2, 2]: dur 0, pkts 0, sz 0, 1st pts -9223372036854775808, lst pts -9223372036854775808
E/FFmpegExtractor( 2290): ff: mem descr: total size 0
E/UDPSource( 2290): in buffer: a[21, 12096] 504.000 ms, v[65, 390065] 1340.000 ms
E/UDPSource( 2290): in datasource: 1687756840 bytes, extractor created ? 1
E/NuPlayerRenderer( 2290): RNDR: dVA -150311 (dVAavg -181831), V 6313238033, A 6313388344, Asink 6313399296
I/NuPlayerDriver( 2290): notifyDuration: 0
E/NuPlayerRenderer( 2290): RNDR: dVA -198311 (dVAavg -183751), V 6313718033, A 6313916344, Asink 6313868288
E/FFmpegExtractor( 2290): ##### PKT Q DEBUG #####
E/FFmpegExtractor( 2290): Q[video, 0, 0]: dur 0, pkts 1, sz 861, 1st pts 3592523181, lst pts 3592523181
E/FFmpegExtractor( 2290): Q[audio, 1, 1]: dur 0, pkts 0, sz 0, 1st pts -9223372036854775808, lst pts -9223372036854775808
E/FFmpegExtractor( 2290): Q[subtitle, 2, 2]: dur 0, pkts 0, sz 0, 1st pts -9223372036854775808, lst pts -9223372036854775808
E/FFmpegExtractor( 2290): ff: mem descr: total size 0
E/UDPSource( 2290): in buffer: a[23, 13248] 552.000 ms, v[68, 430048] 1400.000 ms
E/UDPSource( 2290): in datasource: 1688141112 bytes, extractor created ? 1
D/dalvikvm( 2723): GC_CONCURRENT freed 1920K, 25% free 7298K/9704K, paused 2ms+5ms, total 59ms
E/NuPlayerRenderer( 2290): RNDR: dVA -182311 (dVAavg -189511), V 6314238033, A 6314420344, Asink 6314401792
I/NuPlayerDriver( 2290): notifyDuration: 0
E/NuPlayerRenderer( 2290): RNDR: dVA -158311 (dVAavg -185991), V 6314718033, A 6314876344, Asink 6314870784
E/FFmpegExtractor( 2290): ##### PKT Q DEBUG #####
E/FFmpegExtractor( 2290): Q[video, 0, 0]: dur 0, pkts 1, sz 1965, 1st pts 3592620381, lst pts 3592620381
E/FFmpegExtractor( 2290): Q[audio, 1, 1]: dur 0, pkts 0, sz 0, 1st pts -9223372036854775808, lst pts -9223372036854775808
E/FFmpegExtractor( 2290): Q[subtitle, 2, 2]: dur 0, pkts 0, sz 0, 1st pts -9223372036854775808, lst pts -9223372036854775808
E/FFmpegExtractor( 2290): ff: mem descr: total size 0
E/UDPSource( 2290): in buffer: a[21, 12096] 504.000 ms, v[68, 399322] 1160.000 ms
E/UDPSource( 2290): in datasource: 1688526700 bytes, extractor created ? 1
E/NuPlayerRenderer( 2290): RNDR: dVA -142311 (dVAavg -187911), V 6315238033, A 6315380344, Asink 6315404288
I/NuPlayerDriver( 2290): notifyDuration: 0
V/UDPDataSource( 2290): total bytes: 1688770160, (in buf 11844)
E/NuPlayerRenderer( 2290): RNDR: dVA -214311 (dVAavg -186951), V 6315718033, A 6315932344, Asink 6315873792
E/FFmpegExtractor( 2290): ##### PKT Q DEBUG #####
E/FFmpegExtractor( 2290): Q[video, 0, 0]: dur 0, pkts 1, sz 657, 1st pts 3592710381, lst pts 3592710381
E/FFmpegExtractor( 2290): Q[audio, 1, 1]: dur 0, pkts 0, sz 0, 1st pts -9223372036854775808, lst pts -9223372036854775808
E/FFmpegExtractor( 2290): Q[subtitle, 2, 2]: dur 0, pkts 0, sz 0, 1st pts -9223372036854775808, lst pts -9223372036854775808
E/FFmpegExtractor( 2290): ff: mem descr: total size 0
E/UDPSource( 2290): in buffer: a[18, 10368] 432.000 ms, v[65, 390538] 1220.000 ms
E/UDPSource( 2290): in datasource: 1688910972 bytes, extractor created ? 1
E/NuPlayerRenderer( 2290): RNDR: dVA -198311 (dVAavg -192711), V 6316238033, A 6316436344, Asink 6316406784
I/NuPlayerDriver( 2290): notifyDuration: 0
E/NuPlayerRenderer( 2290): RNDR: dVA -174311 (dVAavg -186631), V 6316718033, A 6316892344, Asink 6316876288
E/FFmpegExtractor( 2290): ##### PKT Q DEBUG #####
E/FFmpegExtractor( 2290): Q[video, 0, 0]: dur 0, pkts 1, sz 7413, 1st pts 3592805781, lst pts 3592805781
E/FFmpegExtractor( 2290): Q[audio, 1, 1]: dur 0, pkts 0, sz 0, 1st pts -9223372036854775808, lst pts -9223372036854775808
E/FFmpegExtractor( 2290): Q[subtitle, 2, 2]: dur 0, pkts 0, sz 0, 1st pts -9223372036854775808, lst pts -9223372036854775808
E/FFmpegExtractor( 2290): ff: mem descr: total size 0
E/UDPSource( 2290): in buffer: a[16, 9216] 384.000 ms, v[66, 398062] 1360.000 ms
E/UDPSource( 2290): in datasource: 1689295244 bytes, extractor created ? 1
E/NuPlayerRenderer( 2290): RNDR: dVA -158311 (dVAavg -187271), V 6317238033, A 6317396344, Asink 6317388288
I/NuPlayerDriver( 2290): notifyDuration: 0
E/NuPlayerRenderer( 2290): RNDR: dVA -206311 (dVAavg -194311), V 6317718033, A 6317924344, Asink 6317879296
E/FFmpegExtractor( 2290): ##### PKT Q DEBUG #####
E/FFmpegExtractor( 2290): Q[video, 0, 0]: dur 0, pkts 1, sz 1005, 1st pts 3592897581, lst pts 3592897581
E/FFmpegExtractor( 2290): Q[audio, 1, 1]: dur 0, pkts 0, sz 0, 1st pts -9223372036854775808, lst pts -9223372036854775808
E/FFmpegExtractor( 2290): Q[subtitle, 2, 2]: dur 0, pkts 0, sz 0, 1st pts -9223372036854775808, lst pts -9223372036854775808
E/FFmpegExtractor( 2290): ff: mem descr: total size 0
E/UDPSource( 2290): in buffer: a[18, 10368] 432.000 ms, v[67, 426371] 1380.000 ms
E/UDPSource( 2290): in datasource: 1689680832 bytes, extractor created ? 1
E/NuPlayerRenderer( 2290): RNDR: dVA -142311 (dVAavg -190471), V 6318238033, A 6318380344, Asink 6318391296
I/NuPlayerDriver( 2290): notifyDuration: 0
E/NuPlayerRenderer( 2290): RNDR: dVA -166311 (dVAavg -190151), V 6318718033, A 6318884344, Asink 6318881792
E/FFmpegExtractor( 2290): ##### PKT Q DEBUG #####
E/FFmpegExtractor( 2290): Q[video, 0, 0]: dur 0, pkts 1, sz 8705, 1st pts 3593001981, lst pts 3593001981
E/FFmpegExtractor( 2290): Q[audio, 1, 1]: dur 0, pkts 0, sz 0, 1st pts -9223372036854775808, lst pts -9223372036854775808
E/FFmpegExtractor( 2290): Q[subtitle, 2, 2]: dur 0, pkts 0, sz 0, 1st pts -9223372036854775808, lst pts -9223372036854775808
E/FFmpegExtractor( 2290): ff: mem descr: total size 0
E/UDPSource( 2290): in buffer: a[16, 9216] 384.000 ms, v[67, 401544] 1140.000 ms
E/UDPSource( 2290): in datasource: 1690066420 bytes, extractor created ? 1
E/NuPlayerRenderer( 2290): RNDR: dVA -174311 (dVAavg -189191), V 6319238033, A 6319412344, Asink 6319393792
I/NuPlayerDriver( 2290): notifyDuration: 0
E/NuPlayerRenderer( 2290): RNDR: dVA -222311 (dVAavg -192391), V 6319718033, A 6319940344, Asink 6319884288
E/FFmpegExtractor( 2290): ##### PKT Q DEBUG #####
E/FFmpegExtractor( 2290): Q[video, 0, 0]: dur 0, pkts 1, sz 2829, 1st pts 3593079381, lst pts 3593079381
E/FFmpegExtractor( 2290): Q[audio, 1, 1]: dur 0, pkts 0, sz 0, 1st pts -9223372036854775808, lst pts -9223372036854775808
E/FFmpegExtractor( 2290): Q[subtitle, 2, 2]: dur 0, pkts 0, sz 0, 1st pts -9223372036854775808, lst pts -9223372036854775808
E/FFmpegExtractor( 2290): ff: mem descr: total size 0
E/UDPSource( 2290): in buffer: a[18, 10368] 432.000 ms, v[67, 402497] 1300.000 ms
E/UDPSource( 2290): in datasource: 1690450692 bytes, extractor created ? 1
E/NuPlayerRenderer( 2290): RNDR: dVA -134311 (dVAavg -187591), V 6320238033, A 6320372344, Asink 6320396288
I/NuPlayerDriver( 2290): notifyDuration: 0
V/UDPDataSource( 2290): total bytes: 1690695468, (in buf 17108)
E/NuPlayerRenderer( 2290): RNDR: dVA -182311 (dVAavg -192071), V 6320718033, A 6320900344, Asink 6320886784
E/FFmpegExtractor( 2290): ##### PKT Q DEBUG #####
E/FFmpegExtractor( 2290): Q[video, 0, 0]: dur 0, pkts 0, sz 0, 1st pts -9223372036854775808, lst pts -9223372036854775808
E/FFmpegExtractor( 2290): Q[audio, 1, 1]: dur 0, pkts 0, sz 0, 1st pts -9223372036854775808, lst pts -9223372036854775808
E/FFmpegExtractor( 2290): Q[subtitle, 2, 2]: dur 0, pkts 0, sz 0, 1st pts -9223372036854775808, lst pts -9223372036854775808
E/FFmpegExtractor( 2290): ff: mem descr: total size 0
E/UDPSource( 2290): in buffer: a[21, 12096] 504.000 ms, v[60, 432398] 1400.000 ms
E/UDPSource( 2290): in datasource: 1690834964 bytes, extractor created ? 1
E/NuPlayerRenderer( 2290): RNDR: dVA -166311 (dVAavg -186311), V 6321238033, A 6321404344, Asink 6321398784
I/NuPlayerDriver( 2290): notifyDuration: 0
D/HDMI-Controller( 2723): HDMIController::isSinkConnected: 1
D/        ( 2723):  enter hdmi_check_rx_sense
D/HDMI-Controller( 2723): HDMIController::checkRxSense: 0
E/NuPlayerRenderer( 2290): RNDR: dVA -190311 (dVAavg -187271), V 6321718033, A 6321908344, Asink 6321868288
E/FFmpegExtractor( 2290): ##### PKT Q DEBUG #####
E/FFmpegExtractor( 2290): Q[video, 0, 0]: dur 0, pkts 1, sz 15521, 1st pts 3593273781, lst pts 3593273781
E/FFmpegExtractor( 2290): Q[audio, 1, 1]: dur 0, pkts 0, sz 0, 1st pts -9223372036854775808, lst pts -9223372036854775808
E/FFmpegExtractor( 2290): Q[subtitle, 2, 2]: dur 0, pkts 0, sz 0, 1st pts -9223372036854775808, lst pts -9223372036854775808
E/FFmpegExtractor( 2290): ff: mem descr: total size 0
E/UDPSource( 2290): in buffer: a[20, 11520] 480.000 ms, v[63, 418527] 1260.000 ms
E/UDPSource( 2290): in datasource: 1691219236 bytes, extractor created ? 1
E/NuPlayerRenderer( 2290): RNDR: dVA -198311 (dVAavg -182471), V 6322238033, A 6322436344, Asink 6322401792
I/NuPlayerDriver( 2290): notifyDuration: 0
