E/FFmpegExtractor( 2290): Q[subtitle, 2, 2]: dur 0, pkts 0, sz 0, 1st pts -9223372036854775808, lst pts -9223372036854775808
E/FFmpegExtractor( 2290): ff: mem descr: total size 0
E/UDPSource( 2290): in buffer: a[18, 10368] 432.000 ms, v[56, 408430] 1120.000 ms
E/UDPSource( 2290): in datasource: 1712394992 bytes, extractor created ? 1
E/NuPlayerRenderer( 2290): RNDR: dVA -158311 (dVAavg -185991), V 6377238033, A 6377396344, Asink 6377399296
I/NuPlayerDriver( 2290): notifyDuration: 0
E/NuPlayerRenderer( 2290): RNDR: dVA -166311 (dVAavg -190151), V 6377758033, A 6377924344, Asink 6377911296
E/FFmpegExtractor( 2290): ##### PKT Q DEBUG #####
E/FFmpegExtractor( 2290): Q[video, 0, 0]: dur 0, pkts 1, sz 1722, 1st pts 3598290381, lst pts 3598290381
E/FFmpegExtractor( 2290): Q[audio, 1, 1]: dur 0, pkts 0, sz 0, 1st pts -9223372036854775808, lst pts -9223372036854775808
E/FFmpegExtractor( 2290): Q[subtitle, 2, 2]: dur 0, pkts 0, sz 0, 1st pts -9223372036854775808, lst pts -9223372036854775808
E/FFmpegExtractor( 2290): ff: mem descr: total size 0
E/UDPSource( 2290): in buffer: a[20, 11520] 480.000 ms, v[62, 369542] 1080.000 ms
E/UDPSource( 2290): in datasource: 1712779264 bytes, extractor created ? 1
E/NuPlayerRenderer( 2290): RNDR: dVA -214311 (dVAavg -189511), V 6378238033, A 6378452344, Asink 6378401792
I/NuPlayerDriver( 2290): notifyDuration: 0
E/NuPlayerRenderer( 2290): RNDR: dVA -198311 (dVAavg -193991), V 6378758033, A 6378956344, Asink 6378913792
E/FFmpegExtractor( 2290): ##### PKT Q DEBUG #####
E/FFmpegExtractor( 2290): Q[video, 0, 0]: dur 0, pkts 0, sz 0, 1st pts -9223372036854775808, lst pts -9223372036854775808
E/FFmpegExtractor( 2290): Q[audio, 1, 1]: dur 0, pkts 0, sz 0, 1st pts -9223372036854775808, lst pts -9223372036854775808
E/FFmpegExtractor( 2290): Q[subtitle, 2, 2]: dur 0, pkts 0, sz 0, 1st pts -9223372036854775808, lst pts -9223372036854775808
E/FFmpegExtractor( 2290): ff: mem descr: total size 0
E/UDPSource( 2290): in buffer: a[18, 10368] 432.000 ms, v[67, 398257] 1300.000 ms
E/UDPSource( 2290): in datasource: 1713166168 bytes, extractor created ? 1
E/NuPlayerRenderer( 2290): RNDR: dVA -174311 (dVAavg -194311), V 6379238033, A 6379412344, Asink 6379404288
I/NuPlayerDriver( 2290): notifyDuration: 0
E/NuPlayerRenderer( 2290): RNDR: dVA -158311 (dVAavg -192391), V 6379758033, A 6379916344, Asink 6379916288
E/FFmpegExtractor( 2290): ##### PKT Q DEBUG #####
E/FFmpegExtractor( 2290): Q[video, 0, 0]: dur 0, pkts 1, sz 11957, 1st pts 3598486581, lst pts 3598486581
E/FFmpegExtractor( 2290): Q[audio, 1, 1]: dur 0, pkts 0, sz 0, 1st pts -9223372036854775808, lst pts -9223372036854775808
E/FFmpegExtractor( 2290): Q[subtitle, 2, 2]: dur 0, pkts 0, sz 0, 1st pts -9223372036854775808, lst pts -9223372036854775808
E/FFmpegExtractor( 2290): ff: mem descr: total size 0
E/UDPSource( 2290): in buffer: a[20, 11520] 480.000 ms, v[58, 352516] 1200.000 ms
E/UDPSource( 2290): in datasource: 1713550440 bytes, extractor created ? 1
E/NuPlayerRenderer( 2290): RNDR: dVA -230311 (dVAavg -188871), V 6380238033, A 6380468344, Asink 6380406784
I/NuPlayerDriver( 2290): notifyDuration: 0
V/UDPDataSource( 2290): total bytes: 1713789952, (in buf 3948)
E/NuPlayerRenderer( 2290): RNDR: dVA -214311 (dVAavg -188231), V 6380758033, A 6380972344, Asink 6380918784
E/FFmpegExtractor( 2290): ##### PKT Q DEBUG #####
E/FFmpegExtractor( 2290): Q[video, 0, 0]: dur 0, pkts 1, sz 3257, 1st pts 3598581981, lst pts 3598581981
E/FFmpegExtractor( 2290): Q[audio, 1, 1]: dur 0, pkts 0, sz 0, 1st pts -9223372036854775808, lst pts -9223372036854775808
E/FFmpegExtractor( 2290): Q[subtitle, 2, 2]: dur 0, pkts 0, sz 0, 1st pts -9223372036854775808, lst pts -9223372036854775808
E/FFmpegExtractor( 2290): ff: mem descr: total size 0
E/UDPSource( 2290): in buffer: a[19, 10944] 456.000 ms, v[63, 369351] 1260.000 ms
E/UDPSource( 2290): in datasource: 1713934712 bytes, extractor created ? 1
E/NuPlayerRenderer( 2290): RNDR: dVA -166311 (dVAavg -183751), V 6381238033, A 6381404344, Asink 6381388288
I/NuPlayerDriver( 2290): notifyDuration: 0
D/HDMI-Controller( 2723): HDMIController::isSinkConnected: 1
D/        ( 2723):  enter hdmi_check_rx_sense
D/HDMI-Controller( 2723): HDMIController::checkRxSense: 0
E/NuPlayerRenderer( 2290): RNDR: dVA -174311 (dVAavg -193031), V 6381758033, A 6381932344, Asink 6381921792
E/FFmpegExtractor( 2290): ##### PKT Q DEBUG #####
E/FFmpegExtractor( 2290): Q[video, 0, 0]: dur 0, pkts 1, sz 6557, 1st pts 3598670181, lst pts 3598670181
E/FFmpegExtractor( 2290): Q[audio, 1, 1]: dur 0, pkts 0, sz 0, 1st pts -9223372036854775808, lst pts -9223372036854775808
E/FFmpegExtractor( 2290): Q[subtitle, 2, 2]: dur 0, pkts 0, sz 0, 1st pts -9223372036854775808, lst pts -9223372036854775808
E/FFmpegExtractor( 2290): ff: mem descr: total size 0
E/UDPSource( 2290): in buffer: a[21, 12096] 504.000 ms, v[61, 388369] 1060.000 ms
E/UDPSource( 2290): in datasource: 1714318984 bytes, extractor created ? 1
E/NuPlayerRenderer( 2290): RNDR: dVA -198311 (dVAavg -190151), V 6382238033, A 6382436344, Asink 6382391296
I/NuPlayerDriver( 2290): notifyDuration: 0
E/NuPlayerRenderer( 2290): RNDR: dVA -206311 (dVAavg -189191), V 6382758033, A 6382964344, Asink 6382924288
E/FFmpegExtractor( 2290): ##### PKT Q DEBUG #####
E/FFmpegExtractor( 2290): Q[video, 0, 0]: dur 0, pkts 0, sz 0, 1st pts -9223372036854775808, lst pts -9223372036854775808
E/FFmpegExtractor( 2290): Q[audio, 1, 1]: dur 0, pkts 0, sz 0, 1st pts -9223372036854775808, lst pts -9223372036854775808
E/FFmpegExtractor( 2290): Q[subtitle, 2, 2]: dur 0, pkts 0, sz 0, 1st pts -9223372036854775808, lst pts -9223372036854775808
E/FFmpegExtractor( 2290): ff: mem descr: total size 0
E/UDPSource( 2290): in buffer: a[20, 11520] 480.000 ms, v[60, 392508] 1160.000 ms
E/UDPSource( 2290): in datasource: 1714704572 bytes, extractor created ? 1
E/NuPlayerRenderer( 2290): RNDR: dVA -158311 (dVAavg -188551), V 6383238033, A 6383396344, Asink 6383393792
D/UpdateService( 3122): Trying to update. isFirstStartUpdate: false
I/NuPlayerDriver( 2290): notifyDuration: 0
E/NuPlayerRenderer( 2290): RNDR: dVA -166311 (dVAavg -190151), V 6383758033, A 6383924344, Asink 6383927296
E/FFmpegExtractor( 2290): ##### PKT Q DEBUG #####
E/FFmpegExtractor( 2290): Q[video, 0, 0]: dur 0, pkts 1, sz 6497, 1st pts 3598844781, lst pts 3598844781
E/FFmpegExtractor( 2290): Q[audio, 1, 1]: dur 0, pkts 0, sz 0, 1st pts -9223372036854775808, lst pts -9223372036854775808
E/FFmpegExtractor( 2290): Q[subtitle, 2, 2]: dur 0, pkts 0, sz 0, 1st pts -9223372036854775808, lst pts -9223372036854775808
E/FFmpegExtractor( 2290): ff: mem descr: total size 0
E/UDPSource( 2290): in buffer: a[22, 12672] 528.000 ms, v[61, 443063] 1300.000 ms
E/UDPSource( 2290): in datasource: 1715088844 bytes, extractor created ? 1
E/NuPlayerRenderer( 2290): RNDR: dVA -238311 (dVAavg -193031), V 6384238033, A 6384476344, Asink 6384417792
I/NuPlayerDriver( 2290): notifyDuration: 0
E/NuPlayerRenderer( 2290): RNDR: dVA -126311 (dVAavg -189831), V 6384758033, A 6384884344, Asink 6384929792
E/FFmpegExtractor( 2290): ##### PKT Q DEBUG #####
E/FFmpegExtractor( 2290): Q[video, 0, 0]: dur 0, pkts 0, sz 0, 1st pts -9223372036854775808, lst pts -9223372036854775808
E/FFmpegExtractor( 2290): Q[audio, 1, 1]: dur 0, pkts 1, sz 576, 1st pts 3598855069, lst pts 3598855069
E/FFmpegExtractor( 2290): Q[subtitle, 2, 2]: dur 0, pkts 0, sz 0, 1st pts -9223372036854775808, lst pts -9223372036854775808
E/FFmpegExtractor( 2290): ff: mem descr: total size 0
E/UDPSource( 2290): in buffer: a[19, 10944] 456.000 ms, v[63, 444863] 1260.000 ms
E/UDPSource( 2290): in datasource: 1715474432 bytes, extractor created ? 1
E/NuPlayerRenderer( 2290): RNDR: dVA -198311 (dVAavg -187591), V 6385238033, A 6385436344, Asink 6385398784
I/NuPlayerDriver( 2290): notifyDuration: 0
V/UDPDataSource( 2290): total bytes: 1715713944, (in buf 9212)
W/tr69:bcmWrapper( 2945): Attribute not loaded; file [/data/data/org.eltex.tr69/files/tr69c_acsState.bin] not opened
E/tr69:bcmWrapper( 2945): tr69c: Unable to read tr69c acs state data from scratch pad
E/tr69:informer( 2945): ACS Connect Failed: Could not resolve host acs-eltex.local
D/tr69:informer( 2945): retryInterval: min = 2560, max = 5120
D/tr69:informer( 2945): acsDisconnect: retry ACS connect through 2975 sec
E/NuPlayerRenderer( 2290): RNDR: dVA -182311 (dVAavg -194631), V 6385758033, A 6385940344, Asink 6385910784
E/UDPSource( 2290): in buffer: a[16, 9216] 384.000 ms, v[58, 389192] 1040.000 ms
E/UDPSource( 2290): in datasource: 1715860020 bytes, extractor created ? 1
E/FFmpegExtractor( 2290): ##### PKT Q DEBUG #####
E/FFmpegExtractor( 2290): Q[video, 0, 0]: dur 0, pkts 0, sz 0, 1st pts -9223372036854775808, lst pts -9223372036854775808
E/FFmpegExtractor( 2290): Q[audio, 1, 1]: dur 0, pkts 0, sz 0, 1st pts -9223372036854775808, lst pts -9223372036854775808
E/FFmpegExtractor( 2290): Q[subtitle, 2, 2]: dur 0, pkts 0, sz 0, 1st pts -9223372036854775808, lst pts -9223372036854775808
E/FFmpegExtractor( 2290): ff: mem descr: total size 0
E/NuPlayerRenderer( 2290): RNDR: dVA -230311 (dVAavg -190151), V 6386238033, A 6386468344, Asink 6386422784
I/NuPlayerDriver( 2290): notifyDuration: 0
E/NuPlayerRenderer( 2290): RNDR: dVA -142311 (dVAavg -190471), V 6386758033, A 6386900344, Asink 6386913792
E/UDPSource( 2290): in buffer: a[15, 8640] 360.000 ms, v[59, 373167] 1140.000 ms
E/UDPSource( 2290): in datasource: 1716244292 bytes, extractor created ? 1
E/FFmpegExtractor( 2290): ##### PKT Q DEBUG #####
E/FFmpegExtractor( 2290): Q[video, 0, 0]: dur 0, pkts 0, sz 0, 1st pts -9223372036854775808, lst pts -9223372036854775808
E/FFmpegExtractor( 2290): Q[audio, 1, 1]: dur 0, pkts 1, sz 576, 1st pts 3599036509, lst pts 3599036509
E/FFmpegExtractor( 2290): Q[subtitle, 2, 2]: dur 0, pkts 0, sz 0, 1st pts -9223372036854775808, lst pts -9223372036854775808
E/FFmpegExtractor( 2290): ff: mem descr: total size 0
E/NuPlayerRenderer( 2290): RNDR: dVA -190311 (dVAavg -189831), V 6387238033, A 6387428344, Asink 6387404288
I/NuPlayerDriver( 2290): notifyDuration: 0
E/NuPlayerRenderer( 2290): RNDR: dVA -198311 (dVAavg -190151), V 6387758033, A 6387956344, Asink 6387916288
E/UDPSource( 2290): in buffer: a[23, 13248] 552.000 ms, v[57, 371891] 1180.000 ms
E/UDPSource( 2290): in datasource: 1716629880 bytes, extractor created ? 1
E/FFmpegExtractor( 2290): ##### PKT Q DEBUG #####
E/FFmpegExtractor( 2290): Q[video, 0, 0]: dur 0, pkts 0, sz 0, 1st pts -9223372036854775808, lst pts -9223372036854775808
E/FFmpegExtractor( 2290): Q[audio, 1, 1]: dur 0, pkts 0, sz 0, 1st pts -9223372036854775808, lst pts -9223372036854775808
E/FFmpegExtractor( 2290): Q[subtitle, 2, 2]: dur 0, pkts 0, sz 0, 1st pts -9223372036854775808, lst pts -9223372036854775808
E/FFmpegExtractor( 2290): ff: mem descr: total size 0
E/NuPlayerRenderer( 2290): RNDR: dVA -246311 (dVAavg -189511), V 6388238033, A 6388484344, Asink 6388428288
I/NuPlayerDriver( 2290): notifyDuration: 0
E/NuPlayerRenderer( 2290): RNDR: dVA -158311 (dVAavg -188551), V 6388758033, A 6388916344, Asink 6388919296
E/UDPSource( 2290): in buffer: a[20, 11520] 480.000 ms, v[56, 366742] 1120.000 ms
E/UDPSource( 2290): in datasource: 1717014152 bytes, extractor created ? 1
E/FFmpegExtractor( 2290): ##### PKT Q DEBUG #####
E/FFmpegExtractor( 2290): Q[video, 0, 0]: dur 0, pkts 1, sz 66249, 1st pts 3599307381, lst pts 3599307381
E/FFmpegExtractor( 2290): Q[audio, 1, 1]: dur 0, pkts 0, sz 0, 1st pts -9223372036854775808, lst pts -9223372036854775808
E/FFmpegExtractor( 2290): Q[subtitle, 2, 2]: dur 0, pkts 0, sz 0, 1st pts -9223372036854775808, lst pts -9223372036854775808
E/FFmpegExtractor( 2290): ff: mem descr: total size 0
E/NuPlayerRenderer( 2290): RNDR: dVA -206311 (dVAavg -186631), V 6389238033, A 6389444344, Asink 6389409792
I/NuPlayerDriver( 2290): notifyDuration: 0
E/NuPlayerRenderer( 2290): RNDR: dVA -190311 (dVAavg -192391), V 6389758033, A 6389948344, Asink 6389921792
E/UDPSource( 2290): in buffer: a[23, 13248] 552.000 ms, v[61, 436653] 1060.000 ms
E/UDPSource( 2290): in datasource: 1717399740 bytes, extractor created ? 1
E/FFmpegExtractor( 2290): ##### PKT Q DEBUG #####
E/FFmpegExtractor( 2290): Q[video, 0, 0]: dur 0, pkts 0, sz 0, 1st pts -9223372036854775808, lst pts -9223372036854775808
E/FFmpegExtractor( 2290): Q[audio, 1, 1]: dur 0, pkts 0, sz 0, 1st pts -9223372036854775808, lst pts -9223372036854775808
E/FFmpegExtractor( 2290): Q[subtitle, 2, 2]: dur 0, pkts 0, sz 0, 1st pts -9223372036854775808, lst pts -9223372036854775808
E/FFmpegExtractor( 2290): ff: mem descr: total size 0
E/NuPlayerRenderer( 2290): RNDR: dVA -238311 (dVAavg -190471), V 6390238033, A 6390476344, Asink 6390433792
I/NuPlayerDriver( 2290): notifyDuration: 0
V/UDPDataSource( 2290): total bytes: 1717639252, (in buf 14476)
E/NuPlayerRenderer( 2290): RNDR: dVA -150311 (dVAavg -189511), V 6390758033, A 6390908344, Asink 6390924288
E/UDPSource( 2290): in buffer: a[21, 12096] 504.000 ms, v[57, 427620] 1060.000 ms
E/UDPSource( 2290): in datasource: 1717784012 bytes, extractor created ? 1
E/FFmpegExtractor( 2290): ##### PKT Q DEBUG #####
E/FFmpegExtractor( 2290): Q[video, 0, 0]: dur 0, pkts 1, sz 9993, 1st pts 3599494581, lst pts 3599494581
E/FFmpegExtractor( 2290): Q[audio, 1, 1]: dur 0, pkts 0, sz 0, 1st pts -9223372036854775808, lst pts -9223372036854775808
E/FFmpegExtractor( 2290): Q[subtitle, 2, 2]: dur 0, pkts 0, sz 0, 1st pts -9223372036854775808, lst pts -9223372036854775808
E/FFmpegExtractor( 2290): ff: mem descr: total size 0
E/NuPlayerRenderer( 2290): RNDR: dVA -174311 (dVAavg -184071), V 6391238033, A 6391412344, Asink 6391393792
I/NuPlayerDriver( 2290): notifyDuration: 0
D/HDMI-Controller( 2723): HDMIController::isSinkConnected: 1
D/        ( 2723):  enter hdmi_check_rx_sense
D/HDMI-Controller( 2723): HDMIController::checkRxSense: 0
E/NuPlayerRenderer( 2290): RNDR: dVA -206311 (dVAavg -187911), V 6391758033, A 6391964344, Asink 6391926784
E/UDPSource( 2290): in buffer: a[18, 10368] 432.000 ms, v[57, 423847] 1180.000 ms
E/UDPSource( 2290): in datasource: 1718168284 bytes, extractor created ? 1
E/FFmpegExtractor( 2290): ##### PKT Q DEBUG #####
E/FFmpegExtractor( 2290): Q[video, 0, 0]: dur 0, pkts 1, sz 1454, 1st pts 3599570181, lst pts 3599570181
E/FFmpegExtractor( 2290): Q[audio, 1, 1]: dur 0, pkts 0, sz 0, 1st pts -9223372036854775808, lst pts -9223372036854775808
E/FFmpegExtractor( 2290): Q[subtitle, 2, 2]: dur 0, pkts 0, sz 0, 1st pts -9223372036854775808, lst pts -9223372036854775808
E/FFmpegExtractor( 2290): ff: mem descr: total size 0
E/NuPlayerRenderer( 2290): RNDR: dVA -230311 (dVAavg -192711), V 6392238033, A 6392468344, Asink 6392417792
I/NuPlayerDriver( 2290): notifyDuration: 0
E/NuPlayerRenderer( 2290): RNDR: dVA -166311 (dVAavg -187591), V 6392758033, A 6392924344, Asink 6392929792
E/UDPSource( 2290): in buffer: a[16, 9216] 384.000 ms, v[58, 428568] 1320.000 ms
E/UDPSource( 2290): in datasource: 1718552556 bytes, extractor created ? 1
E/FFmpegExtractor( 2290): ##### PKT Q DEBUG #####
E/FFmpegExtractor( 2290): Q[video, 0, 0]: dur 0, pkts 1, sz 2773, 1st pts 3599674581, lst pts 3599674581
E/FFmpegExtractor( 2290): Q[audio, 1, 1]: dur 0, pkts 0, sz 0, 1st pts -9223372036854775808, lst pts -9223372036854775808
E/FFmpegExtractor( 2290): Q[subtitle, 2, 2]: dur 0, pkts 0, sz 0, 1st pts -9223372036854775808, lst pts -9223372036854775808
E/FFmpegExtractor( 2290): ff: mem descr: total size 0
E/NuPlayerRenderer( 2290): RNDR: dVA -190311 (dVAavg -189831), V 6393238033, A 6393428344, Asink 6393399296
I/NuPlayerDriver( 2290): notifyDuration: 0
E/NuPlayerRenderer( 2290): RNDR: dVA -198311 (dVAavg -191431), V 6393758033, A 6393956344, Asink 6393911296
E/UDPSource( 2290): in buffer: a[18, 10368] 432.000 ms, v[61, 357017] 1060.000 ms
E/UDPSource( 2290): in datasource: 1718939460 bytes, extractor created ? 1
E/FFmpegExtractor( 2290): ##### PKT Q DEBUG #####
E/FFmpegExtractor( 2290): Q[video, 0, 0]: dur 0, pkts 1, sz 1409, 1st pts 3599766381, lst pts 3599766381
E/FFmpegExtractor( 2290): Q[audio, 1, 1]: dur 0, pkts 0, sz 0, 1st pts -9223372036854775808, lst pts -9223372036854775808
E/FFmpegExtractor( 2290): Q[subtitle, 2, 2]: dur 0, pkts 0, sz 0, 1st pts -9223372036854775808, lst pts -9223372036854775808
E/FFmpegExtractor( 2290): ff: mem descr: total size 0
E/NuPlayerRenderer( 2290): RNDR: dVA -150311 (dVAavg -189511), V 6394238033, A 6394388344, Asink 6394401792
I/NuPlayerDriver( 2290): notifyDuration: 0
E/NuPlayerRenderer( 2290): RNDR: dVA -158311 (dVAavg -189831), V 6394758033, A 6394916344, Asink 6394913792
E/UDPSource( 2290): in buffer: a[20, 11520] 480.000 ms, v[60, 361424] 1160.000 ms
E/UDPSource( 2290): in datasource: 1719323732 bytes, extractor created ? 1
E/FFmpegExtractor( 2290): ##### PKT Q DEBUG #####
E/FFmpegExtractor( 2290): Q[video, 0, 0]: dur 0, pkts 1, sz 3169, 1st pts 3599850981, lst pts 3599850981
E/FFmpegExtractor( 2290): Q[audio, 1, 1]: dur 0, pkts 0, sz 0, 1st pts -9223372036854775808, lst pts -9223372036854775808
E/FFmpegExtractor( 2290): Q[subtitle, 2, 2]: dur 0, pkts 0, sz 0, 1st pts -9223372036854775808, lst pts -9223372036854775808
E/FFmpegExtractor( 2290): ff: mem descr: total size 0
E/NuPlayerRenderer( 2290): RNDR: dVA -206311 (dVAavg -190471), V 6395238033, A 6395444344, Asink 6395404288
I/NuPlayerDriver( 2290): notifyDuration: 0
V/UDPDataSource( 2290): total bytes: 1719563244, (in buf 21056)
E/NuPlayerRenderer( 2290): RNDR: dVA -214311 (dVAavg -194631), V 6395758033, A 6395972344, Asink 6395916288
E/UDPSource( 2290): in buffer: a[18, 10368] 432.000 ms, v[38, 356771] 1020.000 ms
E/UDPSource( 2290): in datasource: 1719708004 bytes, extractor created ? 1
E/FFmpegExtractor( 2290): ##### PKT Q DEBUG #####
E/FFmpegExtractor( 2290): Q[video, 0, 0]: dur 0, pkts 0, sz 0, 1st pts -9223372036854775808, lst pts -9223372036854775808
E/FFmpegExtractor( 2290): Q[audio, 1, 1]: dur 0, pkts 0, sz 0, 1st pts -9223372036854775808, lst pts -9223372036854775808
E/FFmpegExtractor( 2290): Q[subtitle, 2, 2]: dur 0, pkts 0, sz 0, 1st pts -9223372036854775808, lst pts -9223372036854775808
E/FFmpegExtractor( 2290): ff: mem descr: total size 0
E/NuPlayerRenderer( 2290): RNDR: dVA -166311 (dVAavg -190151), V 6396238033, A 6396404344, Asink 6396406784
I/NuPlayerDriver( 2290): notifyDuration: 0
W/RTK_OMX_DEC_VIDEO( 2290): not found pts!!!
E/NuPlayerRenderer( 2290): RNDR: dVA -174311 (dVAavg -193031), V 6396758033, A 6396932344, Asink 6396918784
E/UDPSource( 2290): in buffer: a[20, 11520] 480.000 ms, v[25, 282691] 1040.000 ms
E/UDPSource( 2290): in datasource: 1720093592 bytes, extractor created ? 1
E/FFmpegExtractor( 2290): ##### PKT Q DEBUG #####
E/FFmpegExtractor( 2290): Q[video, 0, 0]: dur 0, pkts 0, sz 0, 1st pts -9223372036854775808, lst pts -9223372036854775808
E/FFmpegExtractor( 2290): Q[audio, 1, 1]: dur 0, pkts 0, sz 0, 1st pts -9223372036854775808, lst pts -9223372036854775808
E/FFmpegExtractor( 2290): Q[subtitle, 2, 2]: dur 0, pkts 0, sz 0, 1st pts -9223372036854775808, lst pts -9223372036854775808
E/FFmpegExtractor( 2290): ff: mem descr: total size 0
E/NuPlayerRenderer( 2290): RNDR: dVA -222311 (dVAavg -199351), V 6397238033, A 6397460344, Asink 6397409792
I/NuPlayerDriver( 2290): notifyDuration: 0
E/NuPlayerRenderer( 2290): RNDR: dVA -206311 (dVAavg -200551), V 6397758033, A 6397964344, Asink 6397921792
E/UDPSource( 2290): in buffer: a[19, 10944] 456.000 ms, v[25, 319631] 1160.000 ms
E/UDPSource( 2290): in datasource: 1720477864 bytes, extractor created ? 1
E/FFmpegExtractor( 2290): ##### PKT Q DEBUG #####
E/FFmpegExtractor( 2290): Q[video, 0, 0]: dur 0, pkts 0, sz 0, 1st pts -9223372036854775808, lst pts -9223372036854775808
E/FFmpegExtractor( 2290): Q[audio, 1, 1]: dur 0, pkts 0, sz 0, 1st pts -9223372036854775808, lst pts -9223372036854775808
E/FFmpegExtractor( 2290): Q[subtitle, 2, 2]: dur 0, pkts 0, sz 0, 1st pts -9223372036854775808, lst pts -9223372036854775808
E/FFmpegExtractor( 2290): ff: mem descr: total size 0
E/NuPlayerRenderer( 2290): RNDR: dVA -182311 (dVAavg -186951), V 6398238033, A 6398420344, Asink 6398391296
I/NuPlayerDriver( 2290): notifyDuration: 0
E/NuPlayerRenderer( 2290): RNDR: dVA -166311 (dVAavg -191431), V 6398758033, A 6398924344, Asink 6398924288
E/UDPSource( 2290): in buffer: a[21, 12096] 504.000 ms, v[26, 338669] 840.000 ms
E/UDPSource( 2290): in datasource: 1720863452 bytes, extractor created ? 1
E/NuPlayerRenderer( 2290): RNDR: dVA -238311 (dVAavg -185351), V 6399238033, A 6399476344, Asink 6399415296
E/FFmpegExtractor( 2290): ##### PKT Q DEBUG #####
E/FFmpegExtractor( 2290): Q[video, 0, 0]: dur 0, pkts 1, sz 4905, 1st pts 3600210981, lst pts 3600210981
E/FFmpegExtractor( 2290): Q[audio, 1, 1]: dur 0, pkts 0, sz 0, 1st pts -9223372036854775808, lst pts -9223372036854775808
E/FFmpegExtractor( 2290): Q[subtitle, 2, 2]: dur 0, pkts 0, sz 0, 1st pts -9223372036854775808, lst pts -9223372036854775808
E/FFmpegExtractor( 2290): ff: mem descr: total size 0
I/NuPlayerDriver( 2290): notifyDuration: 0
E/NuPlayerRenderer( 2290): RNDR: dVA -126311 (dVAavg -189831), V 6399758033, A 6399884344, Asink 6399927296
E/UDPSource( 2290): in buffer: a[19, 10944] 456.000 ms, v[25, 326552] 920.000 ms
E/UDPSource( 2290): in datasource: 1721247724 bytes, extractor created ? 1
E/NuPlayerRenderer( 2290): RNDR: dVA -174311 (dVAavg -189191), V 6400238033, A 6400412344, Asink 6400396288
E/FFmpegExtractor( 2290): ##### PKT Q DEBUG #####
E/FFmpegExtractor( 2290): Q[video, 0, 0]: dur 0, pkts 1, sz 9605, 1st pts 3600308181, lst pts 3600308181
E/FFmpegExtractor( 2290): Q[audio, 1, 1]: dur 0, pkts 0, sz 0, 1st pts -9223372036854775808, lst pts -9223372036854775808
E/FFmpegExtractor( 2290): Q[subtitle, 2, 2]: dur 0, pkts 0, sz 0, 1st pts -9223372036854775808, lst pts -9223372036854775808
E/FFmpegExtractor( 2290): ff: mem descr: total size 0
I/NuPlayerDriver( 2290): notifyDuration: 0
V/UDPDataSource( 2290): total bytes: 1721488552, (in buf 31584)
E/NuPlayerRenderer( 2290): RNDR: dVA -182311 (dVAavg -192071), V 6400758033, A 6400940344, Asink 6400929792
E/UDPSource( 2290): in buffer: a[21, 12096] 504.000 ms, v[28, 345563] 1120.000 ms
E/UDPSource( 2290): in datasource: 1721633312 bytes, extractor created ? 1
E/NuPlayerRenderer( 2290): RNDR: dVA -206311 (dVAavg -187911), V 6401238033, A 6401444344, Asink 6401398784
E/FFmpegExtractor( 2290): ##### PKT Q DEBUG #####
E/FFmpegExtractor( 2290): Q[video, 0, 0]: dur 0, pkts 0, sz 0, 1st pts -9223372036854775808, lst pts -9223372036854775808
E/FFmpegExtractor( 2290): Q[audio, 1, 1]: dur 0, pkts 0, sz 0, 1st pts -9223372036854775808, lst pts -9223372036854775808
E/FFmpegExtractor( 2290): Q[subtitle, 2, 2]: dur 0, pkts 0, sz 0, 1st pts -9223372036854775808, lst pts -9223372036854775808
E/FFmpegExtractor( 2290): ff: mem descr: total size 0
I/NuPlayerDriver( 2290): notifyDuration: 0
D/HDMI-Controller( 2723): HDMIController::isSinkConnected: 1
D/        ( 2723):  enter hdmi_check_rx_sense
D/HDMI-Controller( 2723): HDMIController::checkRxSense: 0
E/NuPlayerRenderer( 2290): RNDR: dVA -214311 (dVAavg -188231), V 6401758033, A 6401972344, Asink 6401932288
E/UDPSource( 2290): in buffer: a[20, 11520] 480.000 ms, v[27, 368358] 1040.000 ms
E/UDPSource( 2290): in datasource: 1722017584 bytes, extractor created ? 1
E/NuPlayerRenderer( 2290): RNDR: dVA -166311 (dVAavg -192711), V 6402238033, A 6402404344, Asink 6402401792
E/FFmpegExtractor( 2290): ##### PKT Q DEBUG #####
E/FFmpegExtractor( 2290): Q[video, 0, 0]: dur 0, pkts 1, sz 5365, 1st pts 3600484581, lst pts 3600484581
E/FFmpegExtractor( 2290): Q[audio, 1, 1]: dur 0, pkts 0, sz 0, 1st pts -9223372036854775808, lst pts -9223372036854775808
E/FFmpegExtractor( 2290): Q[subtitle, 2, 2]: dur 0, pkts 0, sz 0, 1st pts -9223372036854775808, lst pts -9223372036854775808
E/FFmpegExtractor( 2290): ff: mem descr: total size 0
I/NuPlayerDriver( 2290): notifyDuration: 0
E/NuPlayerRenderer( 2290): RNDR: dVA -174311 (dVAavg -187911), V 6402758033, A 6402932344, Asink 6402913792
E/UDPSource( 2290): in buffer: a[22, 12672] 528.000 ms, v[26, 336961] 840.000 ms
E/UDPSource( 2290): in datasource: 1722403172 bytes, extractor created ? 1
D/UpdateService( 3122): Trying to update. isFirstStartUpdate: false
E/NuPlayerRenderer( 2290): RNDR: dVA -246311 (dVAavg -184391), V 6403238033, A 6403484344, Asink 6403425792
I/NuPlayerDriver( 2290): notifyDuration: 0
E/FFmpegExtractor( 2290): ##### PKT Q DEBUG #####
E/FFmpegExtractor( 2290): Q[video, 0, 0]: dur 0, pkts 1, sz 9605, 1st pts 3600581781, lst pts 3600581781
E/FFmpegExtractor( 2290): Q[audio, 1, 1]: dur 0, pkts 0, sz 0, 1st pts -9223372036854775808, lst pts -9223372036854775808
E/FFmpegExtractor( 2290): Q[subtitle, 2, 2]: dur 0, pkts 0, sz 0, 1st pts -9223372036854775808, lst pts -9223372036854775808
E/FFmpegExtractor( 2290): ff: mem descr: total size 0
E/NuPlayerRenderer( 2290): RNDR: dVA -134311 (dVAavg -186311), V 6403758033, A 6403892344, Asink 6403916288
E/UDPSource( 2290): in buffer: a[19, 10944] 456.000 ms, v[26, 334953] 1000.000 ms
E/UDPSource( 2290): in datasource: 1722787444 bytes, extractor created ? 1
W/QmsJsonHttpSender( 3201): Send data is failed (Unable to resolve host "qms.local": No address associated with hostname)
E/NuPlayerRenderer( 2290): RNDR: dVA -206311 (dVAavg -189191), V 6404238033, A 6404444344, Asink 6404407296
I/NuPlayerDriver( 2290): notifyDuration: 0
E/FFmpegExtractor( 2290): ##### PKT Q DEBUG #####
E/FFmpegExtractor( 2290): Q[video, 0, 0]: dur 0, pkts 0, sz 0, 1st pts -9223372036854775808, lst pts -9223372036854775808
E/FFmpegExtractor( 2290): Q[audio, 1, 1]: dur 0, pkts 1, sz 576, 1st pts 3600591709, lst pts 3600591709
E/FFmpegExtractor( 2290): Q[subtitle, 2, 2]: dur 0, pkts 0, sz 0, 1st pts -9223372036854775808, lst pts -9223372036854775808
E/FFmpegExtractor( 2290): ff: mem descr: total size 0
E/NuPlayerRenderer( 2290): RNDR: dVA -190311 (dVAavg -189831), V 6404758033, A 6404948344, Asink 6404919296
E/UDPSource( 2290): in buffer: a[16, 9216] 384.000 ms, v[24, 299802] 960.000 ms
E/UDPSource( 2290): in datasource: 1723173032 bytes, extractor created ? 1
E/NuPlayerRenderer( 2290): RNDR: dVA -214311 (dVAavg -184391), V 6405238033, A 6405452344, Asink 6405409792
I/NuPlayerDriver( 2290): notifyDuration: 0
E/FFmpegExtractor( 2290): ##### PKT Q DEBUG #####
E/FFmpegExtractor( 2290): Q[video, 0, 0]: dur 0, pkts 0, sz 0, 1st pts -9223372036854775808, lst pts -9223372036854775808
E/FFmpegExtractor( 2290): Q[audio, 1, 1]: dur 0, pkts 1, sz 576, 1st pts 3600682429, lst pts 3600682429
E/FFmpegExtractor( 2290): Q[subtitle, 2, 2]: dur 0, pkts 0, sz 0, 1st pts -9223372036854775808, lst pts -9223372036854775808
E/FFmpegExtractor( 2290): ff: mem descr: total size 0
V/UDPDataSource( 2290): total bytes: 1723412544, (in buf 5264)
E/NuPlayerRenderer( 2290): RNDR: dVA -198311 (dVAavg -179911), V 6405758033, A 6405956344, Asink 6405943296
E/UDPSource( 2290): in buffer: a[15, 8640] 360.000 ms, v[27, 361714] 1040.000 ms
E/UDPSource( 2290): in datasource: 1723557304 bytes, extractor created ? 1
E/NuPlayerRenderer( 2290): RNDR: dVA -174311 (dVAavg -191751), V 6406238033, A 6406412344, Asink 6406390784
I/NuPlayerDriver( 2290): notifyDuration: 0
E/FFmpegExtractor( 2290): ##### PKT Q DEBUG #####
E/FFmpegExtractor( 2290): Q[video, 0, 0]: dur 0, pkts 0, sz 0, 1st pts -9223372036854775808, lst pts -9223372036854775808
E/FFmpegExtractor( 2290): Q[audio, 1, 1]: dur 0, pkts 1, sz 576, 1st pts 3600773149, lst pts 3600773149
E/FFmpegExtractor( 2290): Q[subtitle, 2, 2]: dur 0, pkts 0, sz 0, 1st pts -9223372036854775808, lst pts -9223372036854775808
E/FFmpegExtractor( 2290): ff: mem descr: total size 0
E/NuPlayerRenderer( 2290): RNDR: dVA -206311 (dVAavg -184071), V 6406758033, A 6406964344, Asink 6406924288
E/UDPSource( 2290): in buffer: a[17, 9792] 408.000 ms, v[26, 324461] 840.000 ms
E/UDPSource( 2290): in datasource: 1723942892 bytes, extractor created ? 1
E/NuPlayerRenderer( 2290): RNDR: dVA -230311 (dVAavg -190151), V 6407238033, A 6407468344, Asink 6407414784
I/NuPlayerDriver( 2290): notifyDuration: 0
E/FFmpegExtractor( 2290): ##### PKT Q DEBUG #####
E/FFmpegExtractor( 2290): Q[video, 0, 0]: dur 0, pkts 1, sz 3957, 1st pts 3600945381, lst pts 3600945381
E/FFmpegExtractor( 2290): Q[audio, 1, 1]: dur 0, pkts 0, sz 0, 1st pts -9223372036854775808, lst pts -9223372036854775808
E/FFmpegExtractor( 2290): Q[subtitle, 2, 2]: dur 0, pkts 0, sz 0, 1st pts -9223372036854775808, lst pts -9223372036854775808
E/FFmpegExtractor( 2290): ff: mem descr: total size 0
E/NuPlayerRenderer( 2290): RNDR: dVA -166311 (dVAavg -182471), V 6407758033, A 6407924344, Asink 6407926784
E/UDPSource( 2290): in buffer: a[15, 8640] 360.000 ms, v[27, 355314] 1200.000 ms
E/UDPSource( 2290): in datasource: 1724327164 bytes, extractor created ? 1
E/NuPlayerRenderer( 2290): RNDR: dVA -190311 (dVAavg -191111), V 6408238033, A 6408428344, Asink 6408396288
I/NuPlayerDriver( 2290): notifyDuration: 0
E/FFmpegExtractor( 2290): ##### PKT Q DEBUG #####
E/FFmpegExtractor( 2290): Q[video, 0, 0]: dur 0, pkts 1, sz 50973, 1st pts 3601049781, lst pts 3601049781
E/FFmpegExtractor( 2290): Q[audio, 1, 1]: dur 0, pkts 0, sz 0, 1st pts -9223372036854775808, lst pts -9223372036854775808
E/FFmpegExtractor( 2290): Q[subtitle, 2, 2]: dur 0, pkts 0, sz 0, 1st pts -9223372036854775808, lst pts -9223372036854775808
E/FFmpegExtractor( 2290): ff: mem descr: total size 0
E/NuPlayerRenderer( 2290): RNDR: dVA -174311 (dVAavg -178951), V 6408758033, A 6408932344, Asink 6408929792
E/UDPSource( 2290): in buffer: a[24, 13824] 576.000 ms, v[28, 370355] 1120.000 ms
E/UDPSource( 2290): in datasource: 1724712752 bytes, extractor created ? 1
E/NuPlayerRenderer( 2290): RNDR: dVA -222311 (dVAavg -183431), V 6409238033, A 6409460344, Asink 6409420288
I/NuPlayerDriver( 2290): notifyDuration: 0
E/FFmpegExtractor( 2290): ##### PKT Q DEBUG #####
E/FFmpegExtractor( 2290): Q[video, 0, 0]: dur 0, pkts 0, sz 0, 1st pts -9223372036854775808, lst pts -9223372036854775808
E/FFmpegExtractor( 2290): Q[audio, 1, 1]: dur 0, pkts 0, sz 0, 1st pts -9223372036854775808, lst pts -9223372036854775808
E/FFmpegExtractor( 2290): Q[subtitle, 2, 2]: dur 0, pkts 0, sz 0, 1st pts -9223372036854775808, lst pts -9223372036854775808
E/FFmpegExtractor( 2290): ff: mem descr: total size 0
E/NuPlayerRenderer( 2290): RNDR: dVA -134311 (dVAavg -190151), V 6409758033, A 6409892344, Asink 6409911296
E/UDPSource( 2290): in buffer: a[22, 12672] 528.000 ms, v[27, 369374] 1040.000 ms
E/UDPSource( 2290): in datasource: 1725097024 bytes, extractor created ? 1
E/NuPlayerRenderer( 2290): RNDR: dVA -182311 (dVAavg -186951), V 6410238033, A 6410420344, Asink 6410401792
I/NuPlayerDriver( 2290): notifyDuration: 0
E/FFmpegExtractor( 2290): ##### PKT Q DEBUG #####
E/FFmpegExtractor( 2290): Q[video, 0, 0]: dur 0, pkts 1, sz 3733, 1st pts 3601218981, lst pts 3601218981
E/FFmpegExtractor( 2290): Q[audio, 1, 1]: dur 0, pkts 0, sz 0, 1st pts -9223372036854775808, lst pts -9223372036854775808
E/FFmpegExtractor( 2290): Q[subtitle, 2, 2]: dur 0, pkts 0, sz 0, 1st pts -9223372036854775808, lst pts -9223372036854775808
E/FFmpegExtractor( 2290): ff: mem descr: total size 0
V/UDPDataSource( 2290): total bytes: 1725336536, (in buf 15792)
E/NuPlayerRenderer( 2290): RNDR: dVA -190311 (dVAavg -189831), V 6410758033, A 6410948344, Asink 6410913792
E/UDPSource( 2290): in buffer: a[24, 13824] 576.000 ms, v[26, 330829] 840.000 ms
E/UDPSource( 2290): in datasource: 1725482612 bytes, extractor created ? 1
E/NuPlayerRenderer( 2290): RNDR: dVA -238311 (dVAavg -186631), V 6411238033, A 6411476344, Asink 6411425792
I/NuPlayerDriver( 2290): notifyDuration: 0
E/FFmpegExtractor( 2290): ##### PKT Q DEBUG #####
E/FFmpegExtractor( 2290): Q[video, 0, 0]: dur 0, pkts 1, sz 4325, 1st pts 3601305381, lst pts 3601305381
E/FFmpegExtractor( 2290): Q[audio, 1, 1]: dur 0, pkts 0, sz 0, 1st pts -9223372036854775808, lst pts -9223372036854775808
E/FFmpegExtractor( 2290): Q[subtitle, 2, 2]: dur 0, pkts 0, sz 0, 1st pts -9223372036854775808, lst pts -9223372036854775808
E/FFmpegExtractor( 2290): ff: mem descr: total size 0
D/HDMI-Controller( 2723): HDMIController::isSinkConnected: 1
D/        ( 2723):  enter hdmi_check_rx_sense
D/HDMI-Controller( 2723): HDMIController::checkRxSense: 0
E/NuPlayerRenderer( 2290): RNDR: dVA -150311 (dVAavg -188231), V 6411758033, A 6411908344, Asink 6411916288
E/UDPSource( 2290): in buffer: a[18, 10368] 432.000 ms, v[24, 334414] 960.000 ms
E/UDPSource( 2290): in datasource: 1725868200 bytes, extractor created ? 1
E/NuPlayerRenderer( 2290): RNDR: dVA -198311 (dVAavg -182471), V 6412238033, A 6412436344, Asink 6412406784
I/NuPlayerDriver( 2290): notifyDuration: 0
E/FFmpegExtractor( 2290): ##### PKT Q DEBUG #####
E/FFmpegExtractor( 2290): Q[video, 0, 0]: dur 0, pkts 0, sz 0, 1st pts -9223372036854775808, lst pts -9223372036854775808
E/FFmpegExtractor( 2290): Q[audio, 1, 1]: dur 0, pkts 0, sz 0, 1st pts -9223372036854775808, lst pts -9223372036854775808
E/FFmpegExtractor( 2290): Q[subtitle, 2, 2]: dur 0, pkts 0, sz 0, 1st pts -9223372036854775808, lst pts -9223372036854775808
E/FFmpegExtractor( 2290): ff: mem descr: total size 0
E/NuPlayerRenderer( 2290): RNDR: dVA -182311 (dVAavg -190791), V 6412758033, A 6412940344, Asink 6412918784
E/UDPSource( 2290): in buffer: a[19, 10944] 456.000 ms, v[24, 319982] 960.000 ms
E/UDPSource( 2290): in datasource: 1726252472 bytes, extractor created ? 1
E/NuPlayerRenderer( 2290): RNDR: dVA -254311 (dVAavg -184711), V 6413238033, A 6413492344, Asink 6413430784
I/NuPlayerDriver( 2290): notifyDuration: 0
E/FFmpegExtractor( 2290): ##### PKT Q DEBUG #####
E/FFmpegExtractor( 2290): Q[video, 0, 0]: dur 0, pkts 0, sz 0, 1st pts -9223372036854775808, lst pts -9223372036854775808
E/FFmpegExtractor( 2290): Q[audio, 1, 1]: dur 0, pkts 0, sz 0, 1st pts -9223372036854775808, lst pts -9223372036854775808
E/FFmpegExtractor( 2290): Q[subtitle, 2, 2]: dur 0, pkts 0, sz 0, 1st pts -9223372036854775808, lst pts -9223372036854775808
E/FFmpegExtractor( 2290): ff: mem descr: total size 0
E/NuPlayerRenderer( 2290): RNDR: dVA -142311 (dVAavg -191751), V 6413758033, A 6413900344, Asink 6413921792
E/UDPSource( 2290): in buffer: a[17, 9792] 408.000 ms, v[25, 333723] 1160.000 ms
E/UDPSource( 2290): in datasource: 1726638060 bytes, extractor created ? 1
E/NuPlayerRenderer( 2290): RNDR: dVA -190311 (dVAavg -180871), V 6414238033, A 6414428344, Asink 6414391296
I/NuPlayerDriver( 2290): notifyDuration: 0
E/FFmpegExtractor( 2290): ##### PKT Q DEBUG #####
E/FFmpegExtractor( 2290): Q[video, 0, 0]: dur 0, pkts 0, sz 0, 1st pts -9223372036854775808, lst pts -9223372036854775808
E/FFmpegExtractor( 2290): Q[audio, 1, 1]: dur 0, pkts 0, sz 0, 1st pts -9223372036854775808, lst pts -9223372036854775808
E/FFmpegExtractor( 2290): Q[subtitle, 2, 2]: dur 0, pkts 0, sz 0, 1st pts -9223372036854775808, lst pts -9223372036854775808
E/FFmpegExtractor( 2290): ff: mem descr: total size 0
D/dalvikvm( 2723): GC_CONCURRENT freed 1938K, 25% free 7298K/9704K, paused 2ms+4ms, total 52ms
E/NuPlayerRenderer( 2290): RNDR: dVA -198311 (dVAavg -187591), V 6414758033, A 6414956344, Asink 6414924288
E/UDPSource( 2290): in buffer: a[19, 10944] 456.000 ms, v[26, 311605] 840.000 ms
E/UDPSource( 2290): in datasource: 1727022332 bytes, extractor created ? 1
E/NuPlayerRenderer( 2290): RNDR: dVA -222311 (dVAavg -192391), V 6415238033, A 6415460344, Asink 6415415296
I/NuPlayerDriver( 2290): notifyDuration: 0
E/FFmpegExtractor( 2290): ##### PKT Q DEBUG #####
E/FFmpegExtractor( 2290): Q[video, 0, 0]: dur 0, pkts 0, sz 0, 1st pts -9223372036854775808, lst pts -9223372036854775808
E/FFmpegExtractor( 2290): Q[audio, 1, 1]: dur 0, pkts 0, sz 0, 1st pts -9223372036854775808, lst pts -9223372036854775808
E/FFmpegExtractor( 2290): Q[subtitle, 2, 2]: dur 0, pkts 0, sz 0, 1st pts -9223372036854775808, lst pts -9223372036854775808
E/FFmpegExtractor( 2290): ff: mem descr: total size 0
V/UDPDataSource( 2290): total bytes: 1727261844, (in buf 27636)
E/NuPlayerRenderer( 2290): RNDR: dVA -158311 (dVAavg -188551), V 6415758033, A 6415916344, Asink 6415927296
E/UDPSource( 2290): in buffer: a[18, 10368] 432.000 ms, v[28, 365111] 1120.000 ms
E/UDPSource( 2290): in datasource: 1727407920 bytes, extractor created ? 1
E/NuPlayerRenderer( 2290): RNDR: dVA -182311 (dVAavg -192071), V 6416238033, A 6416420344, Asink 6416396288
I/NuPlayerDriver( 2290): notifyDuration: 0
E/FFmpegExtractor( 2290): ##### PKT Q DEBUG #####
E/FFmpegExtractor( 2290): Q[video, 0, 0]: dur 0, pkts 0, sz 0, 1st pts -9223372036854775808, lst pts -9223372036854775808
E/FFmpegExtractor( 2290): Q[audio, 1, 1]: dur 0, pkts 0, sz 0, 1st pts -9223372036854775808, lst pts -9223372036854775808
E/FFmpegExtractor( 2290): Q[subtitle, 2, 2]: dur 0, pkts 0, sz 0, 1st pts -9223372036854775808, lst pts -9223372036854775808
E/FFmpegExtractor( 2290): ff: mem descr: total size 0
E/NuPlayerRenderer( 2290): RNDR: dVA -190311 (dVAavg -185991), V 6416758033, A 6416948344, Asink 6416929792
E/UDPSource( 2290): in buffer: a[20, 11520] 480.000 ms, v[29, 353140] 1200.000 ms
E/UDPSource( 2290): in datasource: 1727792192 bytes, extractor created ? 1
E/NuPlayerRenderer( 2290): RNDR: dVA -238311 (dVAavg -191751), V 6417238033, A 6417476344, Asink 6417420288
I/NuPlayerDriver( 2290): notifyDuration: 0
E/FFmpegExtractor( 2290): ##### PKT Q DEBUG #####
E/FFmpegExtractor( 2290): Q[video, 0, 0]: dur 0, pkts 0, sz 0, 1st pts -9223372036854775808, lst pts -9223372036854775808
E/FFmpegExtractor( 2290): Q[audio, 1, 1]: dur 0, pkts 0, sz 0, 1st pts -9223372036854775808, lst pts -9223372036854775808
E/FFmpegExtractor( 2290): Q[subtitle, 2, 2]: dur 0, pkts 0, sz 0, 1st pts -9223372036854775808, lst pts -9223372036854775808
E/FFmpegExtractor( 2290): ff: mem descr: total size 0
E/NuPlayerRenderer( 2290): RNDR: dVA -150311 (dVAavg -183111), V 6417758033, A 6417908344, Asink 6417910784
E/UDPSource( 2290): in buffer: a[18, 10368] 432.000 ms, v[30, 408885] 1240.000 ms
E/UDPSource( 2290): in datasource: 1728177780 bytes, extractor created ? 1
E/NuPlayerRenderer( 2290): RNDR: dVA -198311 (dVAavg -187591), V 6418238033, A 6418436344, Asink 6418401792
I/NuPlayerDriver( 2290): notifyDuration: 0
E/FFmpegExtractor( 2290): ##### PKT Q DEBUG #####
E/FFmpegExtractor( 2290): Q[video, 0, 0]: dur 0, pkts 0, sz 0, 1st pts -9223372036854775808, lst pts -9223372036854775808
E/FFmpegExtractor( 2290): Q[audio, 1, 1]: dur 0, pkts 0, sz 0, 1st pts -9223372036854775808, lst pts -9223372036854775808
E/FFmpegExtractor( 2290): Q[subtitle, 2, 2]: dur 0, pkts 0, sz 0, 1st pts -9223372036854775808, lst pts -9223372036854775808
E/FFmpegExtractor( 2290): ff: mem descr: total size 0
E/FFmpegExtractor( 2290): (clbk) fetching ttx page 100
E/FFmpegExtractor( 2290): put ttx pkt: pts 3601892532, size 8924 (total 8924 bytes, 1 pkts, 0 us)
V/FFmpegExtractor( 2290): drop obsolete subtitle(2:2) packet 40021028133 < 40021904233
E/NuPlayerRenderer( 2290): RNDR: dVA -206311 (dVAavg -186631), V 6418758033, A 6418964344, Asink 6418913792
E/UDPSource( 2290): in buffer: a[20, 11520] 480.000 ms, v[30, 387090] 1000.000 ms
E/UDPSource( 2290): in datasource: 1728562052 bytes, extractor created ? 1
E/NuPlayerRenderer( 2290): RNDR: dVA -230311 (dVAavg -193991), V 6419238033, A 6419468344, Asink 6419425792
I/NuPlayerDriver( 2290): notifyDuration: 0
E/FFmpegExtractor( 2290): ##### PKT Q DEBUG #####
E/FFmpegExtractor( 2290): Q[video, 0, 0]: dur 0, pkts 0, sz 0, 1st pts -9223372036854775808, lst pts -9223372036854775808
E/FFmpegExtractor( 2290): Q[audio, 1, 1]: dur 0, pkts 0, sz 0, 1st pts -9223372036854775808, lst pts -9223372036854775808
E/FFmpegExtractor( 2290): Q[subtitle, 2, 2]: dur 0, pkts 0, sz 0, 1st pts -9223372036854775808, lst pts -9223372036854775808
E/FFmpegExtractor( 2290): ff: mem descr: total size 0
E/NuPlayerRenderer( 2290): RNDR: dVA -166311 (dVAavg -186311), V 6419758033, A 6419924344, Asink 6419916288
E/UDPSource( 2290): in buffer: a[19, 10944] 456.000 ms, v[27, 346494] 1200.000 ms
E/UDPSource( 2290): in datasource: 1728947640 bytes, extractor created ? 1
E/NuPlayerRenderer( 2290): RNDR: dVA -190311 (dVAavg -194951), V 6420238033, A 6420428344, Asink 6420407296
I/NuPlayerDriver( 2290): notifyDuration: 0
E/FFmpegExtractor( 2290): ##### PKT Q DEBUG #####
E/FFmpegExtractor( 2290): Q[video, 0, 0]: dur 0, pkts 0, sz 0, 1st pts -9223372036854775808, lst pts -9223372036854775808
E/FFmpegExtractor( 2290): Q[audio, 1, 1]: dur 0, pkts 0, sz 0, 1st pts -9223372036854775808, lst pts -9223372036854775808
E/FFmpegExtractor( 2290): Q[subtitle, 2, 2]: dur 0, pkts 0, sz 0, 1st pts -9223372036854775808, lst pts -9223372036854775808
E/FFmpegExtractor( 2290): ff: mem descr: total size 0
V/UDPDataSource( 2290): total bytes: 1729185836, (in buf 0)
E/NuPlayerRenderer( 2290): RNDR: dVA -198311 (dVAavg -188871), V 6420758033, A 6420956344, Asink 6420919296
E/UDPSource( 2290): in buffer: a[22, 12672] 528.000 ms, v[28, 373635] 1120.000 ms
E/UDPSource( 2290): in datasource: 1729331912 bytes, extractor created ? 1
E/NuPlayerRenderer( 2290): RNDR: dVA -246311 (dVAavg -188231), V 6421238033, A 6421484344, Asink 6421431296
I/NuPlayerDriver( 2290): notifyDuration: 0
D/HDMI-Controller( 2723): HDMIController::isSinkConnected: 1
D/        ( 2723):  enter hdmi_check_rx_sense
D/HDMI-Controller( 2723): HDMIController::checkRxSense: 0
E/FFmpegExtractor( 2290): ##### PKT Q DEBUG #####
E/FFmpegExtractor( 2290): Q[video, 0, 0]: dur 0, pkts 1, sz 4397, 1st pts 3602226981, lst pts 3602226981
E/FFmpegExtractor( 2290): Q[audio, 1, 1]: dur 0, pkts 0, sz 0, 1st pts -9223372036854775808, lst pts -9223372036854775808
E/FFmpegExtractor( 2290): Q[subtitle, 2, 2]: dur 0, pkts 0, sz 0, 1st pts -9223372036854775808, lst pts -9223372036854775808
E/FFmpegExtractor( 2290): ff: mem descr: total size 0
E/NuPlayerRenderer( 2290): RNDR: dVA -158311 (dVAavg -185991), V 6421758033, A 6421916344, Asink 6421921792
E/UDPSource( 2290): in buffer: a[20, 11520] 480.000 ms, v[27, 342870] 1040.000 ms
E/UDPSource( 2290): in datasource: 1729717500 bytes, extractor created ? 1
E/NuPlayerRenderer( 2290): RNDR: dVA -182311 (dVAavg -181831), V 6422238033, A 6422420344, Asink 6422390784
I/NuPlayerDriver( 2290): notifyDuration: 0
E/FFmpegExtractor( 2290): ##### PKT Q DEBUG #####
E/FFmpegExtractor( 2290): Q[video, 0, 0]: dur 0, pkts 0, sz 0, 1st pts -9223372036854775808, lst pts -9223372036854775808
E/FFmpegExtractor( 2290): Q[audio, 1, 1]: dur 0, pkts 0, sz 0, 1st pts -9223372036854775808, lst pts -9223372036854775808
E/FFmpegExtractor( 2290): Q[subtitle, 2, 2]: dur 0, pkts 0, sz 0, 1st pts -9223372036854775808, lst pts -9223372036854775808
E/FFmpegExtractor( 2290): ff: mem descr: total size 0
E/NuPlayerRenderer( 2290): RNDR: dVA -190311 (dVAavg -189831), V 6422758033, A 6422948344, Asink 6422924288
E/UDPSource( 2290): in buffer: a[22, 12672] 528.000 ms, v[27, 344042] 920.000 ms
E/UDPSource( 2290): in datasource: 1730101772 bytes, extractor created ? 1
D/UpdateService( 3122): Trying to update. isFirstStartUpdate: false
E/NuPlayerRenderer( 2290): RNDR: dVA -238311 (dVAavg -189191), V 6423238033, A 6423476344, Asink 6423414784
I/NuPlayerDriver( 2290): notifyDuration: 0
E/FFmpegExtractor( 2290): ##### PKT Q DEBUG #####
E/FFmpegExtractor( 2290): Q[video, 0, 0]: dur 0, pkts 1, sz 6186, 1st pts 3602406981, lst pts 3602406981
E/FFmpegExtractor( 2290): Q[audio, 1, 1]: dur 0, pkts 0, sz 0, 1st pts -9223372036854775808, lst pts -9223372036854775808
E/FFmpegExtractor( 2290): Q[subtitle, 2, 2]: dur 0, pkts 0, sz 0, 1st pts -9223372036854775808, lst pts -9223372036854775808
E/FFmpegExtractor( 2290): ff: mem descr: total size 0
E/NuPlayerRenderer( 2290): RNDR: dVA -150311 (dVAavg -185671), V 6423758033, A 6423908344, Asink 6423926784
E/UDPSource( 2290): in buffer: a[20, 11520] 480.000 ms, v[25, 349564] 920.000 ms
E/UDPSource( 2290): in datasource: 1730488676 bytes, extractor created ? 1
E/NuPlayerRenderer( 2290): RNDR: dVA -198311 (dVAavg -186311), V 6424238033, A 6424436344, Asink 6424396288
I/NuPlayerDriver( 2290): notifyDuration: 0
E/FFmpegExtractor( 2290): ##### PKT Q DEBUG #####
E/FFmpegExtractor( 2290): Q[video, 0, 0]: dur 0, pkts 1, sz 76237, 1st pts 3602489781, lst pts 3602489781
E/FFmpegExtractor( 2290): Q[audio, 1, 1]: dur 0, pkts 0, sz 0, 1st pts -9223372036854775808, lst pts -9223372036854775808
E/FFmpegExtractor( 2290): Q[subtitle, 2, 2]: dur 0, pkts 0, sz 0, 1st pts -9223372036854775808, lst pts -9223372036854775808
E/FFmpegExtractor( 2290): ff: mem descr: total size 0
E/NuPlayerRenderer( 2290): RNDR: dVA -206311 (dVAavg -190471), V 6424758033, A 6424964344, Asink 6424929792
E/UDPSource( 2290): in buffer: a[22, 12672] 528.000 ms, v[28, 330695] 1120.000 ms
E/UDPSource( 2290): in datasource: 1730872948 bytes, extractor created ? 1
E/NuPlayerRenderer( 2290): RNDR: dVA -254311 (dVAavg -193671), V 6425238033, A 6425492344, Asink 6425441792
I/NuPlayerDriver( 2290): notifyDuration: 0
E/FFmpegExtractor( 2290): ##### PKT Q DEBUG #####
E/FFmpegExtractor( 2290): Q[video, 0, 0]: dur 0, pkts 1, sz 29645, 1st pts 3602590581, lst pts 3602590581
E/FFmpegExtractor( 2290): Q[audio, 1, 1]: dur 0, pkts 0, sz 0, 1st pts -9223372036854775808, lst pts -9223372036854775808
E/FFmpegExtractor( 2290): Q[subtitle, 2, 2]: dur 0, pkts 0, sz 0, 1st pts -9223372036854775808, lst pts -9223372036854775808
E/FFmpegExtractor( 2290): ff: mem descr: total size 0
V/UDPDataSource( 2290): total bytes: 1731111144, (in buf 11844)
E/NuPlayerRenderer( 2290): RNDR: dVA -166311 (dVAavg -195271), V 6425758033, A 6425924344, Asink 6425911296
E/UDPSource( 2290): in buffer: a[21, 12096] 504.000 ms, v[30, 396969] 1240.000 ms
E/UDPSource( 2290): in datasource: 1731257220 bytes, extractor created ? 1
E/NuPlayerRenderer( 2290): RNDR: dVA -174311 (dVAavg -194311), V 6426278033, A 6426452344, Asink 6426444288
I/NuPlayerDriver( 2290): notifyDuration: 0
E/FFmpegExtractor( 2290): ##### PKT Q DEBUG #####
E/FFmpegExtractor( 2290): Q[video, 0, 0]: dur 0, pkts 0, sz 0, 1st pts -9223372036854775808, lst pts -9223372036854775808
E/FFmpegExtractor( 2290): Q[audio, 1, 1]: dur 0, pkts 0, sz 0, 1st pts -9223372036854775808, lst pts -9223372036854775808
E/FFmpegExtractor( 2290): Q[subtitle, 2, 2]: dur 0, pkts 0, sz 0, 1st pts -9223372036854775808, lst pts -9223372036854775808
E/FFmpegExtractor( 2290): ff: mem descr: total size 0
E/NuPlayerRenderer( 2290): RNDR: dVA -198311 (dVAavg -192711), V 6426758033, A 6426956344, Asink 6426913792
E/UDPSource( 2290): in buffer: a[16, 9216] 384.000 ms, v[28, 365975] 1120.000 ms
E/UDPSource( 2290): in datasource: 1731642808 bytes, extractor created ? 1
E/NuPlayerRenderer( 2290): RNDR: dVA -134311 (dVAavg -186311), V 6427278033, A 6427412344, Asink 6427447296
I/NuPlayerDriver( 2290): notifyDuration: 0
E/FFmpegExtractor( 2290): ##### PKT Q DEBUG #####
E/FFmpegExtractor( 2290): Q[video, 0, 0]: dur 0, pkts 0, sz 0, 1st pts -9223372036854775808, lst pts -9223372036854775808
E/FFmpegExtractor( 2290): Q[audio, 1, 1]: dur 0, pkts 1, sz 576, 1st pts 3602691229, lst pts 3602691229
E/FFmpegExtractor( 2290): Q[subtitle, 2, 2]: dur 0, pkts 0, sz 0, 1st pts -9223372036854775808, lst pts -9223372036854775808
E/FFmpegExtractor( 2290): ff: mem descr: total size 0
E/NuPlayerRenderer( 2290): RNDR: dVA -182311 (dVAavg -189511), V 6427758033, A 6427940344, Asink 6427916288
E/UDPSource( 2290): in buffer: a[18, 10368] 432.000 ms, v[25, 352568] 920.000 ms
E/UDPSource( 2290): in datasource: 1732027080 bytes, extractor created ? 1
E/NuPlayerRenderer( 2290): RNDR: dVA -190311 (dVAavg -189831), V 6428278033, A 6428468344, Asink 6428449792
I/NuPlayerDriver( 2290): notifyDuration: 0
E/FFmpegExtractor( 2290): ##### PKT Q DEBUG #####
E/FFmpegExtractor( 2290): Q[video, 0, 0]: dur 0, pkts 0, sz 0, 1st pts -9223372036854775808, lst pts -9223372036854775808
E/FFmpegExtractor( 2290): Q[audio, 1, 1]: dur 0, pkts 1, sz 576, 1st pts 3602781949, lst pts 3602781949
E/FFmpegExtractor( 2290): Q[subtitle, 2, 2]: dur 0, pkts 0, sz 0, 1st pts -9223372036854775808, lst pts -9223372036854775808
E/FFmpegExtractor( 2290): ff: mem descr: total size 0
E/NuPlayerRenderer( 2290): RNDR: dVA -214311 (dVAavg -186951), V 6428758033, A 6428972344, Asink 6428918784
E/UDPSource( 2290): in buffer: a[16, 9216] 384.000 ms, v[28, 325559] 1120.000 ms
E/UDPSource( 2290): in datasource: 1732411352 bytes, extractor created ? 1
E/NuPlayerRenderer( 2290): RNDR: dVA -150311 (dVAavg -190791), V 6429278033, A 6429428344, Asink 6429430784
I/NuPlayerDriver( 2290): notifyDuration: 0
E/FFmpegExtractor( 2290): ##### PKT Q DEBUG #####
E/FFmpegExtractor( 2290): Q[video, 0, 0]: dur 0, pkts 0, sz 0, 1st pts -9223372036854775808, lst pts -9223372036854775808
E/FFmpegExtractor( 2290): Q[audio, 1, 1]: dur 0, pkts 1, sz 576, 1st pts 3602872669, lst pts 3602872669
E/FFmpegExtractor( 2290): Q[subtitle, 2, 2]: dur 0, pkts 0, sz 0, 1st pts -9223372036854775808, lst pts -9223372036854775808
E/FFmpegExtractor( 2290): ff: mem descr: total size 0
E/NuPlayerRenderer( 2290): RNDR: dVA -174311 (dVAavg -191751), V 6429758033, A 6429932344, Asink 6429921792
E/UDPSource( 2290): in buffer: a[18, 10368] 432.000 ms, v[29, 396488] 1320.000 ms
E/UDPSource( 2290): in datasource: 1732795624 bytes, extractor created ? 1
E/NuPlayerRenderer( 2290): RNDR: dVA -182311 (dVAavg -192071), V 6430278033, A 6430460344, Asink 6430433792
I/NuPlayerDriver( 2290): notifyDuration: 0
V/UDPDataSource( 2290): total bytes: 1733036452, (in buf 25004)
E/FFmpegExtractor( 2290): ##### PKT Q DEBUG #####
E/FFmpegExtractor( 2290): Q[video, 0, 0]: dur 0, pkts 1, sz 13225, 1st pts 3603033381, lst pts 3603033381
E/FFmpegExtractor( 2290): Q[audio, 1, 1]: dur 0, pkts 0, sz 0, 1st pts -9223372036854775808, lst pts -9223372036854775808
E/FFmpegExtractor( 2290): Q[subtitle, 2, 2]: dur 0, pkts 0, sz 0, 1st pts -9223372036854775808, lst pts -9223372036854775808
E/FFmpegExtractor( 2290): ff: mem descr: total size 0
E/NuPlayerRenderer( 2290): RNDR: dVA -230311 (dVAavg -190151), V 6430758033, A 6430988344, Asink 6430945792
E/UDPSource( 2290): in buffer: a[17, 9792] 408.000 ms, v[30, 372290] 1000.000 ms
E/UDPSource( 2290): in datasource: 1733182528 bytes, extractor created ? 1
