E/NuPlayerRenderer( 2290): RNDR: dVA -150311 (dVAavg -185671), V 6322718033, A 6322868344, Asink 6322871296
E/FFmpegExtractor( 2290): ##### PKT Q DEBUG #####
E/FFmpegExtractor( 2290): Q[video, 0, 0]: dur 0, pkts 0, sz 0, 1st pts -9223372036854775808, lst pts -9223372036854775808
E/FFmpegExtractor( 2290): Q[audio, 1, 1]: dur 0, pkts 0, sz 0, 1st pts -9223372036854775808, lst pts -9223372036854775808
E/FFmpegExtractor( 2290): Q[subtitle, 2, 2]: dur 0, pkts 0, sz 0, 1st pts -9223372036854775808, lst pts -9223372036854775808
E/FFmpegExtractor( 2290): ff: mem descr: total size 0
E/FFmpegExtractor( 2290): (clbk) fetching ttx page 100
E/FFmpegExtractor( 2290): put ttx pkt: pts 3593281329, size 8924 (total 8924 bytes, 1 pkts, 0 us)
V/FFmpegExtractor( 2290): drop obsolete subtitle(2:2) packet 39925348100 < 39926204233
E/UDPSource( 2290): in buffer: a[18, 10368] 432.000 ms, v[66, 399026] 1200.000 ms
E/UDPSource( 2290): in datasource: 1691606140 bytes, extractor created ? 1
E/NuPlayerRenderer( 2290): RNDR: dVA -158311 (dVAavg -187271), V 6323238033, A 6323396344, Asink 6323404288
D/UpdateService( 3122): Trying to update. isFirstStartUpdate: false
I/NuPlayerDriver( 2290): notifyDuration: 0
E/NuPlayerRenderer( 2290): RNDR: dVA -182311 (dVAavg -184391), V 6323718033, A 6323900344, Asink 6323873792
E/FFmpegExtractor( 2290): ##### PKT Q DEBUG #####
E/FFmpegExtractor( 2290): Q[video, 0, 0]: dur 0, pkts 0, sz 0, 1st pts -9223372036854775808, lst pts -9223372036854775808
E/FFmpegExtractor( 2290): Q[audio, 1, 1]: dur 0, pkts 0, sz 0, 1st pts -9223372036854775808, lst pts -9223372036854775808
E/FFmpegExtractor( 2290): Q[subtitle, 2, 2]: dur 0, pkts 0, sz 0, 1st pts -9223372036854775808, lst pts -9223372036854775808
E/FFmpegExtractor( 2290): ff: mem descr: total size 0
E/UDPSource( 2290): in buffer: a[20, 11520] 480.000 ms, v[67, 405873] 1300.000 ms
E/UDPSource( 2290): in datasource: 1691989096 bytes, extractor created ? 1
E/NuPlayerRenderer( 2290): RNDR: dVA -190311 (dVAavg -192391), V 6324238033, A 6324428344, Asink 6324407296
I/NuPlayerDriver( 2290): notifyDuration: 0
E/NuPlayerRenderer( 2290): RNDR: dVA -214311 (dVAavg -186951), V 6324718033, A 6324932344, Asink 6324897792
E/FFmpegExtractor( 2290): ##### PKT Q DEBUG #####
E/FFmpegExtractor( 2290): Q[video, 0, 0]: dur 0, pkts 1, sz 3121, 1st pts 3593541981, lst pts 3593541981
E/FFmpegExtractor( 2290): Q[audio, 1, 1]: dur 0, pkts 0, sz 0, 1st pts -9223372036854775808, lst pts -9223372036854775808
E/FFmpegExtractor( 2290): Q[subtitle, 2, 2]: dur 0, pkts 0, sz 0, 1st pts -9223372036854775808, lst pts -9223372036854775808
E/FFmpegExtractor( 2290): ff: mem descr: total size 0
E/UDPSource( 2290): in buffer: a[19, 10944] 456.000 ms, v[66, 407990] 1360.000 ms
E/UDPSource( 2290): in datasource: 1692374684 bytes, extractor created ? 1
E/NuPlayerRenderer( 2290): RNDR: dVA -150311 (dVAavg -189511), V 6325238033, A 6325388344, Asink 6325388288
I/NuPlayerDriver( 2290): notifyDuration: 0
V/UDPDataSource( 2290): total bytes: 1692619460, (in buf 23688)
E/NuPlayerRenderer( 2290): RNDR: dVA -198311 (dVAavg -188871), V 6325718033, A 6325916344, Asink 6325878784
E/FFmpegExtractor( 2290): ##### PKT Q DEBUG #####
E/FFmpegExtractor( 2290): Q[video, 0, 0]: dur 0, pkts 0, sz 0, 1st pts -9223372036854775808, lst pts -9223372036854775808
E/FFmpegExtractor( 2290): Q[audio, 1, 1]: dur 0, pkts 1, sz 576, 1st pts 3593541469, lst pts 3593541469
E/FFmpegExtractor( 2290): Q[subtitle, 2, 2]: dur 0, pkts 0, sz 0, 1st pts -9223372036854775808, lst pts -9223372036854775808
E/FFmpegExtractor( 2290): ff: mem descr: total size 0
E/UDPSource( 2290): in buffer: a[21, 12096] 504.000 ms, v[67, 444963] 1380.000 ms
E/UDPSource( 2290): in datasource: 1692760272 bytes, extractor created ? 1
E/NuPlayerRenderer( 2290): RNDR: dVA -206311 (dVAavg -189191), V 6326238033, A 6326444344, Asink 6326390784
I/NuPlayerDriver( 2290): notifyDuration: 0
E/NuPlayerRenderer( 2290): RNDR: dVA -158311 (dVAavg -188551), V 6326718033, A 6326876344, Asink 6326881792
E/FFmpegExtractor( 2290): ##### PKT Q DEBUG #####
E/FFmpegExtractor( 2290): Q[video, 0, 0]: dur 0, pkts 1, sz 15053, 1st pts 3593734581, lst pts 3593734581
E/FFmpegExtractor( 2290): Q[audio, 1, 1]: dur 0, pkts 0, sz 0, 1st pts -9223372036854775808, lst pts -9223372036854775808
E/FFmpegExtractor( 2290): Q[subtitle, 2, 2]: dur 0, pkts 0, sz 0, 1st pts -9223372036854775808, lst pts -9223372036854775808
E/FFmpegExtractor( 2290): ff: mem descr: total size 0
E/UDPSource( 2290): in buffer: a[19, 10944] 456.000 ms, v[63, 376811] 1260.000 ms
E/UDPSource( 2290): in datasource: 1693144544 bytes, extractor created ? 1
E/NuPlayerRenderer( 2290): RNDR: dVA -166311 (dVAavg -188871), V 6327238033, A 6327404344, Asink 6327393792
I/NuPlayerDriver( 2290): notifyDuration: 0
E/NuPlayerRenderer( 2290): RNDR: dVA -214311 (dVAavg -190791), V 6327718033, A 6327932344, Asink 6327884288
E/UDPSource( 2290): in buffer: a[21, 12096] 504.000 ms, v[65, 401990] 1220.000 ms
E/UDPSource( 2290): in datasource: 1693530132 bytes, extractor created ? 1
E/FFmpegExtractor( 2290): ##### PKT Q DEBUG #####
E/FFmpegExtractor( 2290): Q[video, 0, 0]: dur 0, pkts 1, sz 6526, 1st pts 3593811981, lst pts 3593811981
E/FFmpegExtractor( 2290): Q[audio, 1, 1]: dur 0, pkts 0, sz 0, 1st pts -9223372036854775808, lst pts -9223372036854775808
E/FFmpegExtractor( 2290): Q[subtitle, 2, 2]: dur 0, pkts 0, sz 0, 1st pts -9223372036854775808, lst pts -9223372036854775808
E/FFmpegExtractor( 2290): ff: mem descr: total size 0
E/NuPlayerRenderer( 2290): RNDR: dVA -198311 (dVAavg -196551), V 6328238033, A 6328436344, Asink 6328396288
I/NuPlayerDriver( 2290): notifyDuration: 0
E/NuPlayerRenderer( 2290): RNDR: dVA -150311 (dVAavg -189511), V 6328718033, A 6328868344, Asink 6328887296
E/UDPSource( 2290): in buffer: a[20, 11520] 480.000 ms, v[66, 418062] 1360.000 ms
E/UDPSource( 2290): in datasource: 1693914404 bytes, extractor created ? 1
E/FFmpegExtractor( 2290): ##### PKT Q DEBUG #####
E/FFmpegExtractor( 2290): Q[video, 0, 0]: dur 0, pkts 1, sz 10073, 1st pts 3593921781, lst pts 3593921781
E/FFmpegExtractor( 2290): Q[audio, 1, 1]: dur 0, pkts 0, sz 0, 1st pts -9223372036854775808, lst pts -9223372036854775808
E/FFmpegExtractor( 2290): Q[subtitle, 2, 2]: dur 0, pkts 0, sz 0, 1st pts -9223372036854775808, lst pts -9223372036854775808
E/FFmpegExtractor( 2290): ff: mem descr: total size 0
E/NuPlayerRenderer( 2290): RNDR: dVA -158311 (dVAavg -193671), V 6329238033, A 6329396344, Asink 6329399296
I/NuPlayerDriver( 2290): notifyDuration: 0
E/NuPlayerRenderer( 2290): RNDR: dVA -230311 (dVAavg -192711), V 6329718033, A 6329948344, Asink 6329889792
E/UDPSource( 2290): in buffer: a[22, 12672] 528.000 ms, v[67, 424659] 1380.000 ms
E/UDPSource( 2290): in datasource: 1694299992 bytes, extractor created ? 1
E/FFmpegExtractor( 2290): ##### PKT Q DEBUG #####
E/FFmpegExtractor( 2290): Q[video, 0, 0]: dur 0, pkts 1, sz 6629, 1st pts 3594002781, lst pts 3594002781
E/FFmpegExtractor( 2290): Q[audio, 1, 1]: dur 0, pkts 0, sz 0, 1st pts -9223372036854775808, lst pts -9223372036854775808
E/FFmpegExtractor( 2290): Q[subtitle, 2, 2]: dur 0, pkts 0, sz 0, 1st pts -9223372036854775808, lst pts -9223372036854775808
E/FFmpegExtractor( 2290): ff: mem descr: total size 0
E/NuPlayerRenderer( 2290): RNDR: dVA -118311 (dVAavg -190791), V 6330238033, A 6330356344, Asink 6330401792
I/NuPlayerDriver( 2290): notifyDuration: 0
V/UDPDataSource( 2290): total bytes: 1694544768, (in buf 27636)
E/NuPlayerRenderer( 2290): RNDR: dVA -190311 (dVAavg -188551), V 6330718033, A 6330908344, Asink 6330870784
E/UDPSource( 2290): in buffer: a[20, 11520] 480.000 ms, v[68, 425838] 1160.000 ms
E/UDPSource( 2290): in datasource: 1694684264 bytes, extractor created ? 1
E/FFmpegExtractor( 2290): ##### PKT Q DEBUG #####
E/FFmpegExtractor( 2290): Q[video, 0, 0]: dur 0, pkts 1, sz 4885, 1st pts 3594090981, lst pts 3594090981
E/FFmpegExtractor( 2290): Q[audio, 1, 1]: dur 0, pkts 0, sz 0, 1st pts -9223372036854775808, lst pts -9223372036854775808
E/FFmpegExtractor( 2290): Q[subtitle, 2, 2]: dur 0, pkts 0, sz 0, 1st pts -9223372036854775808, lst pts -9223372036854775808
E/FFmpegExtractor( 2290): ff: mem descr: total size 0
E/NuPlayerRenderer( 2290): RNDR: dVA -174311 (dVAavg -190471), V 6331238033, A 6331412344, Asink 6331404288
I/NuPlayerDriver( 2290): notifyDuration: 0
D/HDMI-Controller( 2723): HDMIController::isSinkConnected: 1
D/        ( 2723):  enter hdmi_check_rx_sense
D/HDMI-Controller( 2723): HDMIController::checkRxSense: 0
E/NuPlayerRenderer( 2290): RNDR: dVA -222311 (dVAavg -187271), V 6331718033, A 6331940344, Asink 6331894784
E/UDPSource( 2290): in buffer: a[22, 12672] 528.000 ms, v[67, 417161] 1300.000 ms
E/UDPSource( 2290): in datasource: 1695069852 bytes, extractor created ? 1
E/FFmpegExtractor( 2290): ##### PKT Q DEBUG #####
E/FFmpegExtractor( 2290): Q[video, 0, 0]: dur 0, pkts 0, sz 0, 1st pts -9223372036854775808, lst pts -9223372036854775808
E/FFmpegExtractor( 2290): Q[audio, 1, 1]: dur 0, pkts 0, sz 0, 1st pts -9223372036854775808, lst pts -9223372036854775808
E/FFmpegExtractor( 2290): Q[subtitle, 2, 2]: dur 0, pkts 0, sz 0, 1st pts -9223372036854775808, lst pts -9223372036854775808
E/FFmpegExtractor( 2290): ff: mem descr: total size 0
E/NuPlayerRenderer( 2290): RNDR: dVA -134311 (dVAavg -183751), V 6332238033, A 6332372344, Asink 6332406784
I/NuPlayerDriver( 2290): notifyDuration: 0
E/NuPlayerRenderer( 2290): RNDR: dVA -182311 (dVAavg -185671), V 6332718033, A 6332900344, Asink 6332876288
E/UDPSource( 2290): in buffer: a[18, 10368] 432.000 ms, v[57, 430847] 1180.000 ms
E/UDPSource( 2290): in datasource: 1695454124 bytes, extractor created ? 1
E/FFmpegExtractor( 2290): ##### PKT Q DEBUG #####
E/FFmpegExtractor( 2290): Q[video, 0, 0]: dur 0, pkts 0, sz 0, 1st pts -9223372036854775808, lst pts -9223372036854775808
E/FFmpegExtractor( 2290): Q[audio, 1, 1]: dur 0, pkts 0, sz 0, 1st pts -9223372036854775808, lst pts -9223372036854775808
E/FFmpegExtractor( 2290): Q[subtitle, 2, 2]: dur 0, pkts 0, sz 0, 1st pts -9223372036854775808, lst pts -9223372036854775808
E/FFmpegExtractor( 2290): ff: mem descr: total size 0
E/NuPlayerRenderer( 2290): RNDR: dVA -190311 (dVAavg -183431), V 6333238033, A 6333428344, Asink 6333388288
I/NuPlayerDriver( 2290): notifyDuration: 0
E/NuPlayerRenderer( 2290): RNDR: dVA -238311 (dVAavg -186631), V 6333718033, A 6333956344, Asink 6333900288
E/UDPSource( 2290): in buffer: a[16, 9216] 384.000 ms, v[58, 377000] 1320.000 ms
E/UDPSource( 2290): in datasource: 1695839712 bytes, extractor created ? 1
E/FFmpegExtractor( 2290): ##### PKT Q DEBUG #####
E/FFmpegExtractor( 2290): Q[video, 0, 0]: dur 0, pkts 0, sz 0, 1st pts -9223372036854775808, lst pts -9223372036854775808
E/FFmpegExtractor( 2290): Q[audio, 1, 1]: dur 0, pkts 0, sz 0, 1st pts -9223372036854775808, lst pts -9223372036854775808
E/FFmpegExtractor( 2290): Q[subtitle, 2, 2]: dur 0, pkts 0, sz 0, 1st pts -9223372036854775808, lst pts -9223372036854775808
E/FFmpegExtractor( 2290): ff: mem descr: total size 0
E/NuPlayerRenderer( 2290): RNDR: dVA -150311 (dVAavg -183111), V 6334238033, A 6334388344, Asink 6334391296
I/NuPlayerDriver( 2290): notifyDuration: 0
E/NuPlayerRenderer( 2290): RNDR: dVA -198311 (dVAavg -187591), V 6334718033, A 6334916344, Asink 6334881792
E/UDPSource( 2290): in buffer: a[18, 10368] 432.000 ms, v[62, 345310] 1080.000 ms
E/UDPSource( 2290): in datasource: 1696223984 bytes, extractor created ? 1
E/FFmpegExtractor( 2290): ##### PKT Q DEBUG #####
E/FFmpegExtractor( 2290): Q[video, 0, 0]: dur 0, pkts 0, sz 0, 1st pts -9223372036854775808, lst pts -9223372036854775808
E/FFmpegExtractor( 2290): Q[audio, 1, 1]: dur 0, pkts 0, sz 0, 1st pts -9223372036854775808, lst pts -9223372036854775808
E/FFmpegExtractor( 2290): Q[subtitle, 2, 2]: dur 0, pkts 0, sz 0, 1st pts -9223372036854775808, lst pts -9223372036854775808
E/FFmpegExtractor( 2290): ff: mem descr: total size 0
E/NuPlayerRenderer( 2290): RNDR: dVA -206311 (dVAavg -186631), V 6335238033, A 6335444344, Asink 6335393792
I/NuPlayerDriver( 2290): notifyDuration: 0
V/UDPDataSource( 2290): total bytes: 1696468760, (in buf 34216)
E/NuPlayerRenderer( 2290): RNDR: dVA -158311 (dVAavg -187271), V 6335718033, A 6335876344, Asink 6335884288
E/UDPSource( 2290): in buffer: a[16, 9216] 384.000 ms, v[67, 392473] 1300.000 ms
E/UDPSource( 2290): in datasource: 1696608256 bytes, extractor created ? 1
E/FFmpegExtractor( 2290): ##### PKT Q DEBUG #####
E/FFmpegExtractor( 2290): Q[video, 0, 0]: dur 0, pkts 0, sz 0, 1st pts -9223372036854775808, lst pts -9223372036854775808
E/FFmpegExtractor( 2290): Q[audio, 1, 1]: dur 0, pkts 0, sz 0, 1st pts -9223372036854775808, lst pts -9223372036854775808
E/FFmpegExtractor( 2290): Q[subtitle, 2, 2]: dur 0, pkts 0, sz 0, 1st pts -9223372036854775808, lst pts -9223372036854775808
E/FFmpegExtractor( 2290): ff: mem descr: total size 0
E/NuPlayerRenderer( 2290): RNDR: dVA -166311 (dVAavg -190151), V 6336238033, A 6336404344, Asink 6336396288
I/NuPlayerDriver( 2290): notifyDuration: 0
E/NuPlayerRenderer( 2290): RNDR: dVA -190311 (dVAavg -193671), V 6336718033, A 6336908344, Asink 6336886784
E/UDPSource( 2290): in buffer: a[18, 10368] 432.000 ms, v[65, 424761] 1340.000 ms
E/UDPSource( 2290): in datasource: 1696993844 bytes, extractor created ? 1
E/FFmpegExtractor( 2290): ##### PKT Q DEBUG #####
E/FFmpegExtractor( 2290): Q[video, 0, 0]: dur 0, pkts 0, sz 0, 1st pts -9223372036854775808, lst pts -9223372036854775808
E/FFmpegExtractor( 2290): Q[audio, 1, 1]: dur 0, pkts 0, sz 0, 1st pts -9223372036854775808, lst pts -9223372036854775808
E/FFmpegExtractor( 2290): Q[subtitle, 2, 2]: dur 0, pkts 0, sz 0, 1st pts -9223372036854775808, lst pts -9223372036854775808
E/FFmpegExtractor( 2290): ff: mem descr: total size 0
E/NuPlayerRenderer( 2290): RNDR: dVA -222311 (dVAavg -193671), V 6337238033, A 6337460344, Asink 6337398784
I/NuPlayerDriver( 2290): notifyDuration: 0
E/NuPlayerRenderer( 2290): RNDR: dVA -150311 (dVAavg -193351), V 6337718033, A 6337868344, Asink 6337868288
E/UDPSource( 2290): in buffer: a[22, 12672] 528.000 ms, v[69, 451414] 1340.000 ms
E/UDPSource( 2290): in datasource: 1697378116 bytes, extractor created ? 1
E/FFmpegExtractor( 2290): ##### PKT Q DEBUG #####
E/FFmpegExtractor( 2290): Q[video, 0, 0]: dur 0, pkts 0, sz 0, 1st pts -9223372036854775808, lst pts -9223372036854775808
E/FFmpegExtractor( 2290): Q[audio, 1, 1]: dur 0, pkts 1, sz 576, 1st pts 3594643069, lst pts 3594643069
E/FFmpegExtractor( 2290): Q[subtitle, 2, 2]: dur 0, pkts 0, sz 0, 1st pts -9223372036854775808, lst pts -9223372036854775808
E/FFmpegExtractor( 2290): ff: mem descr: total size 0
E/NuPlayerRenderer( 2290): RNDR: dVA -182311 (dVAavg -193351), V 6338238033, A 6338420344, Asink 6338401792
I/NuPlayerDriver( 2290): notifyDuration: 0
E/NuPlayerRenderer( 2290): RNDR: dVA -206311 (dVAavg -193031), V 6338718033, A 6338924344, Asink 6338871296
E/UDPSource( 2290): in buffer: a[18, 10368] 432.000 ms, v[62, 362654] 1080.000 ms
E/UDPSource( 2290): in datasource: 1697763704 bytes, extractor created ? 1
E/FFmpegExtractor( 2290): ##### PKT Q DEBUG #####
E/FFmpegExtractor( 2290): Q[video, 0, 0]: dur 0, pkts 0, sz 0, 1st pts -9223372036854775808, lst pts -9223372036854775808
E/FFmpegExtractor( 2290): Q[audio, 1, 1]: dur 0, pkts 0, sz 0, 1st pts -9223372036854775808, lst pts -9223372036854775808
E/FFmpegExtractor( 2290): Q[subtitle, 2, 2]: dur 0, pkts 0, sz 0, 1st pts -9223372036854775808, lst pts -9223372036854775808
E/FFmpegExtractor( 2290): ff: mem descr: total size 0
E/NuPlayerRenderer( 2290): RNDR: dVA -214311 (dVAavg -193351), V 6339238033, A 6339452344, Asink 6339404288
I/NuPlayerDriver( 2290): notifyDuration: 0
E/NuPlayerRenderer( 2290): RNDR: dVA -190311 (dVAavg -189831), V 6339718033, A 6339908344, Asink 6339873792
E/UDPSource( 2290): in buffer: a[17, 9792] 408.000 ms, v[60, 386896] 1160.000 ms
E/UDPSource( 2290): in datasource: 1698147976 bytes, extractor created ? 1
E/NuPlayerRenderer( 2290): RNDR: dVA -174311 (dVAavg -191751), V 6340238033, A 6340412344, Asink 6340407296
E/FFmpegExtractor( 2290): ##### PKT Q DEBUG #####
E/FFmpegExtractor( 2290): Q[video, 0, 0]: dur 0, pkts 0, sz 0, 1st pts -9223372036854775808, lst pts -9223372036854775808
E/FFmpegExtractor( 2290): Q[audio, 1, 1]: dur 0, pkts 0, sz 0, 1st pts -9223372036854775808, lst pts -9223372036854775808
E/FFmpegExtractor( 2290): Q[subtitle, 2, 2]: dur 0, pkts 0, sz 0, 1st pts -9223372036854775808, lst pts -9223372036854775808
E/FFmpegExtractor( 2290): ff: mem descr: total size 0
I/NuPlayerDriver( 2290): notifyDuration: 0
V/UDPDataSource( 2290): total bytes: 1698392752, (in buf 0)
E/NuPlayerRenderer( 2290): RNDR: dVA -222311 (dVAavg -191111), V 6340718033, A 6340940344, Asink 6340897792
E/UDPSource( 2290): in buffer: a[19, 10944] 456.000 ms, v[65, 370665] 1340.000 ms
E/UDPSource( 2290): in datasource: 1698533564 bytes, extractor created ? 1
E/NuPlayerRenderer( 2290): RNDR: dVA -230311 (dVAavg -191431), V 6341238033, A 6341468344, Asink 6341409792
E/FFmpegExtractor( 2290): ##### PKT Q DEBUG #####
E/FFmpegExtractor( 2290): Q[video, 0, 0]: dur 0, pkts 0, sz 0, 1st pts -9223372036854775808, lst pts -9223372036854775808
E/FFmpegExtractor( 2290): Q[audio, 1, 1]: dur 0, pkts 0, sz 0, 1st pts -9223372036854775808, lst pts -9223372036854775808
E/FFmpegExtractor( 2290): Q[subtitle, 2, 2]: dur 0, pkts 0, sz 0, 1st pts -9223372036854775808, lst pts -9223372036854775808
E/FFmpegExtractor( 2290): ff: mem descr: total size 0
I/NuPlayerDriver( 2290): notifyDuration: 0
D/HDMI-Controller( 2723): HDMIController::isSinkConnected: 1
D/        ( 2723):  enter hdmi_check_rx_sense
D/HDMI-Controller( 2723): HDMIController::checkRxSense: 0
E/NuPlayerRenderer( 2290): RNDR: dVA -158311 (dVAavg -191111), V 6341718033, A 6341876344, Asink 6341878784
E/UDPSource( 2290): in buffer: a[17, 9792] 408.000 ms, v[63, 392059] 1260.000 ms
E/UDPSource( 2290): in datasource: 1698917836 bytes, extractor created ? 1
E/NuPlayerRenderer( 2290): RNDR: dVA -190311 (dVAavg -187271), V 6342238033, A 6342428344, Asink 6342390784
E/FFmpegExtractor( 2290): ##### PKT Q DEBUG #####
E/FFmpegExtractor( 2290): Q[video, 0, 0]: dur 0, pkts 0, sz 0, 1st pts -9223372036854775808, lst pts -9223372036854775808
E/FFmpegExtractor( 2290): Q[audio, 1, 1]: dur 0, pkts 1, sz 576, 1st pts 3595005949, lst pts 3595005949
E/FFmpegExtractor( 2290): Q[subtitle, 2, 2]: dur 0, pkts 0, sz 0, 1st pts -9223372036854775808, lst pts -9223372036854775808
E/FFmpegExtractor( 2290): ff: mem descr: total size 0
I/NuPlayerDriver( 2290): notifyDuration: 0
E/NuPlayerRenderer( 2290): RNDR: dVA -214311 (dVAavg -186951), V 6342718033, A 6342932344, Asink 6342881792
E/UDPSource( 2290): in buffer: a[19, 10944] 456.000 ms, v[61, 351625] 1060.000 ms
E/UDPSource( 2290): in datasource: 1699304740 bytes, extractor created ? 1
E/NuPlayerRenderer( 2290): RNDR: dVA -150311 (dVAavg -185671), V 6343238033, A 6343388344, Asink 6343393792
D/UpdateService( 3122): Trying to update. isFirstStartUpdate: false
I/NuPlayerDriver( 2290): notifyDuration: 0
E/FFmpegExtractor( 2290): ##### PKT Q DEBUG #####
E/FFmpegExtractor( 2290): Q[video, 0, 0]: dur 0, pkts 1, sz 89253, 1st pts 3595174581, lst pts 3595174581
E/FFmpegExtractor( 2290): Q[audio, 1, 1]: dur 0, pkts 0, sz 0, 1st pts -9223372036854775808, lst pts -9223372036854775808
E/FFmpegExtractor( 2290): Q[subtitle, 2, 2]: dur 0, pkts 0, sz 0, 1st pts -9223372036854775808, lst pts -9223372036854775808
E/FFmpegExtractor( 2290): ff: mem descr: total size 0
E/NuPlayerRenderer( 2290): RNDR: dVA -174311 (dVAavg -186631), V 6343718033, A 6343892344, Asink 6343884288
E/UDPSource( 2290): in buffer: a[19, 10944] 456.000 ms, v[59, 355663] 1140.000 ms
E/UDPSource( 2290): in datasource: 1699689012 bytes, extractor created ? 1
W/QmsJsonHttpSender( 3201): Send data is failed (Unable to resolve host "qms.local": No address associated with hostname)
E/NuPlayerRenderer( 2290): RNDR: dVA -158311 (dVAavg -183431), V 6344238033, A 6344396344, Asink 6344396288
I/NuPlayerDriver( 2290): notifyDuration: 0
E/FFmpegExtractor( 2290): ##### PKT Q DEBUG #####
E/FFmpegExtractor( 2290): Q[video, 0, 0]: dur 0, pkts 0, sz 0, 1st pts -9223372036854775808, lst pts -9223372036854775808
E/FFmpegExtractor( 2290): Q[audio, 1, 1]: dur 0, pkts 0, sz 0, 1st pts -9223372036854775808, lst pts -9223372036854775808
E/FFmpegExtractor( 2290): Q[subtitle, 2, 2]: dur 0, pkts 0, sz 0, 1st pts -9223372036854775808, lst pts -9223372036854775808
E/FFmpegExtractor( 2290): ff: mem descr: total size 0
D/dalvikvm( 2898): GC_CONCURRENT freed 2025K, 28% free 5943K/8168K, paused 4ms+4ms, total 54ms
E/NuPlayerRenderer( 2290): RNDR: dVA -230311 (dVAavg -186311), V 6344718033, A 6344948344, Asink 6344887296
E/UDPSource( 2290): in buffer: a[21, 12096] 504.000 ms, v[57, 373079] 1180.000 ms
E/UDPSource( 2290): in datasource: 1700074600 bytes, extractor created ? 1
E/NuPlayerRenderer( 2290): RNDR: dVA -214311 (dVAavg -183111), V 6345238033, A 6345452344, Asink 6345420288
I/NuPlayerDriver( 2290): notifyDuration: 0
E/FFmpegExtractor( 2290): ##### PKT Q DEBUG #####
E/FFmpegExtractor( 2290): Q[video, 0, 0]: dur 0, pkts 1, sz 17333, 1st pts 3595361781, lst pts 3595361781
E/FFmpegExtractor( 2290): Q[audio, 1, 1]: dur 0, pkts 0, sz 0, 1st pts -9223372036854775808, lst pts -9223372036854775808
E/FFmpegExtractor( 2290): Q[subtitle, 2, 2]: dur 0, pkts 0, sz 0, 1st pts -9223372036854775808, lst pts -9223372036854775808
E/FFmpegExtractor( 2290): ff: mem descr: total size 0
V/UDPDataSource( 2290): total bytes: 1700316744, (in buf 5264)
E/NuPlayerRenderer( 2290): RNDR: dVA -190311 (dVAavg -185991), V 6345718033, A 6345908344, Asink 6345868288
E/UDPSource( 2290): in buffer: a[18, 10368] 432.000 ms, v[64, 389388] 1280.000 ms
E/UDPSource( 2290): in datasource: 1700460188 bytes, extractor created ? 1
E/NuPlayerRenderer( 2290): RNDR: dVA -198311 (dVAavg -187591), V 6346238033, A 6346436344, Asink 6346401792
I/NuPlayerDriver( 2290): notifyDuration: 0
E/FFmpegExtractor( 2290): ##### PKT Q DEBUG #####
E/FFmpegExtractor( 2290): Q[video, 0, 0]: dur 0, pkts 0, sz 0, 1st pts -9223372036854775808, lst pts -9223372036854775808
E/FFmpegExtractor( 2290): Q[audio, 1, 1]: dur 0, pkts 0, sz 0, 1st pts -9223372036854775808, lst pts -9223372036854775808
E/FFmpegExtractor( 2290): Q[subtitle, 2, 2]: dur 0, pkts 0, sz 0, 1st pts -9223372036854775808, lst pts -9223372036854775808
E/FFmpegExtractor( 2290): ff: mem descr: total size 0
E/NuPlayerRenderer( 2290): RNDR: dVA -222311 (dVAavg -189831), V 6346718033, A 6346940344, Asink 6346892288
E/UDPSource( 2290): in buffer: a[20, 11520] 480.000 ms, v[61, 387161] 1180.000 ms
E/UDPSource( 2290): in datasource: 1700845776 bytes, extractor created ? 1
E/NuPlayerRenderer( 2290): RNDR: dVA -158311 (dVAavg -185991), V 6347238033, A 6347396344, Asink 6347404288
I/NuPlayerDriver( 2290): notifyDuration: 0
E/FFmpegExtractor( 2290): ##### PKT Q DEBUG #####
E/FFmpegExtractor( 2290): Q[video, 0, 0]: dur 0, pkts 1, sz 3601, 1st pts 3595556181, lst pts 3595556181
E/FFmpegExtractor( 2290): Q[audio, 1, 1]: dur 0, pkts 0, sz 0, 1st pts -9223372036854775808, lst pts -9223372036854775808
E/FFmpegExtractor( 2290): Q[subtitle, 2, 2]: dur 0, pkts 0, sz 0, 1st pts -9223372036854775808, lst pts -9223372036854775808
E/FFmpegExtractor( 2290): ff: mem descr: total size 0
E/NuPlayerRenderer( 2290): RNDR: dVA -182311 (dVAavg -189511), V 6347718033, A 6347900344, Asink 6347873792
E/UDPSource( 2290): in buffer: a[22, 12672] 528.000 ms, v[61, 427220] 1420.000 ms
E/UDPSource( 2290): in datasource: 1701230048 bytes, extractor created ? 1
E/NuPlayerRenderer( 2290): RNDR: dVA -190311 (dVAavg -185991), V 6348238033, A 6348428344, Asink 6348406784
I/NuPlayerDriver( 2290): notifyDuration: 0
E/FFmpegExtractor( 2290): ##### PKT Q DEBUG #####
E/FFmpegExtractor( 2290): Q[video, 0, 0]: dur 0, pkts 0, sz 0, 1st pts -9223372036854775808, lst pts -9223372036854775808
E/FFmpegExtractor( 2290): Q[audio, 1, 1]: dur 0, pkts 0, sz 0, 1st pts -9223372036854775808, lst pts -9223372036854775808
E/FFmpegExtractor( 2290): Q[subtitle, 2, 2]: dur 0, pkts 0, sz 0, 1st pts -9223372036854775808, lst pts -9223372036854775808
E/FFmpegExtractor( 2290): ff: mem descr: total size 0
E/NuPlayerRenderer( 2290): RNDR: dVA -238311 (dVAavg -185351), V 6348718033, A 6348956344, Asink 6348897792
E/UDPSource( 2290): in buffer: a[22, 12672] 528.000 ms, v[64, 444892] 1280.000 ms
E/UDPSource( 2290): in datasource: 1701616952 bytes, extractor created ? 1
E/NuPlayerRenderer( 2290): RNDR: dVA -150311 (dVAavg -183111), V 6349238033, A 6349388344, Asink 6349388288
I/NuPlayerDriver( 2290): notifyDuration: 0
E/FFmpegExtractor( 2290): ##### PKT Q DEBUG #####
E/FFmpegExtractor( 2290): Q[video, 0, 0]: dur 0, pkts 0, sz 0, 1st pts -9223372036854775808, lst pts -9223372036854775808
E/FFmpegExtractor( 2290): Q[audio, 1, 1]: dur 0, pkts 0, sz 0, 1st pts -9223372036854775808, lst pts -9223372036854775808
E/FFmpegExtractor( 2290): Q[subtitle, 2, 2]: dur 0, pkts 0, sz 0, 1st pts -9223372036854775808, lst pts -9223372036854775808
E/FFmpegExtractor( 2290): ff: mem descr: total size 0
E/NuPlayerRenderer( 2290): RNDR: dVA -198311 (dVAavg -188871), V 6349718033, A 6349916344, Asink 6349879296
E/UDPSource( 2290): in buffer: a[24, 13824] 576.000 ms, v[62, 364022] 1080.000 ms
E/UDPSource( 2290): in datasource: 1702001224 bytes, extractor created ? 1
E/NuPlayerRenderer( 2290): RNDR: dVA -206311 (dVAavg -189191), V 6350238033, A 6350444344, Asink 6350391296
I/NuPlayerDriver( 2290): notifyDuration: 0
E/FFmpegExtractor( 2290): ##### PKT Q DEBUG #####
E/FFmpegExtractor( 2290): Q[video, 0, 0]: dur 0, pkts 1, sz 5374, 1st pts 3595827981, lst pts 3595827981
E/FFmpegExtractor( 2290): Q[audio, 1, 1]: dur 0, pkts 0, sz 0, 1st pts -9223372036854775808, lst pts -9223372036854775808
E/FFmpegExtractor( 2290): Q[subtitle, 2, 2]: dur 0, pkts 0, sz 0, 1st pts -9223372036854775808, lst pts -9223372036854775808
E/FFmpegExtractor( 2290): ff: mem descr: total size 0
V/UDPDataSource( 2290): total bytes: 1702242052, (in buf 11844)
E/NuPlayerRenderer( 2290): RNDR: dVA -230311 (dVAavg -188871), V 6350718033, A 6350948344, Asink 6350903296
E/UDPSource( 2290): in buffer: a[15, 8640] 360.000 ms, v[61, 366509] 1180.000 ms
E/UDPSource( 2290): in datasource: 1702385496 bytes, extractor created ? 1
E/NuPlayerRenderer( 2290): RNDR: dVA -166311 (dVAavg -188871), V 6351238033, A 6351404344, Asink 6351393792
I/NuPlayerDriver( 2290): notifyDuration: 0
E/FFmpegExtractor( 2290): ##### PKT Q DEBUG #####
E/FFmpegExtractor( 2290): Q[video, 0, 0]: dur 0, pkts 1, sz 1829, 1st pts 3595919781, lst pts 3595919781
E/FFmpegExtractor( 2290): Q[audio, 1, 1]: dur 0, pkts 0, sz 0, 1st pts -9223372036854775808, lst pts -9223372036854775808
E/FFmpegExtractor( 2290): Q[subtitle, 2, 2]: dur 0, pkts 0, sz 0, 1st pts -9223372036854775808, lst pts -9223372036854775808
E/FFmpegExtractor( 2290): ff: mem descr: total size 0
D/HDMI-Controller( 2723): HDMIController::isSinkConnected: 1
D/        ( 2723):  enter hdmi_check_rx_sense
D/HDMI-Controller( 2723): HDMIController::checkRxSense: 0
E/NuPlayerRenderer( 2290): RNDR: dVA -190311 (dVAavg -194951), V 6351718033, A 6351908344, Asink 6351884288
E/UDPSource( 2290): in buffer: a[17, 9792] 408.000 ms, v[64, 390424] 1280.000 ms
E/UDPSource( 2290): in datasource: 1702771084 bytes, extractor created ? 1
E/NuPlayerRenderer( 2290): RNDR: dVA -198311 (dVAavg -190151), V 6352238033, A 6352436344, Asink 6352396288
I/NuPlayerDriver( 2290): notifyDuration: 0
E/FFmpegExtractor( 2290): ##### PKT Q DEBUG #####
E/FFmpegExtractor( 2290): Q[video, 0, 0]: dur 0, pkts 1, sz 2437, 1st pts 3596016981, lst pts 3596016981
E/FFmpegExtractor( 2290): Q[audio, 1, 1]: dur 0, pkts 0, sz 0, 1st pts -9223372036854775808, lst pts -9223372036854775808
E/FFmpegExtractor( 2290): Q[subtitle, 2, 2]: dur 0, pkts 0, sz 0, 1st pts -9223372036854775808, lst pts -9223372036854775808
E/FFmpegExtractor( 2290): ff: mem descr: total size 0
E/NuPlayerRenderer( 2290): RNDR: dVA -222311 (dVAavg -193671), V 6352718033, A 6352940344, Asink 6352908288
E/UDPSource( 2290): in buffer: a[16, 9216] 384.000 ms, v[63, 411711] 1260.000 ms
E/UDPSource( 2290): in datasource: 1703155356 bytes, extractor created ? 1
E/NuPlayerRenderer( 2290): RNDR: dVA -158311 (dVAavg -189831), V 6353238033, A 6353396344, Asink 6353398784
I/NuPlayerDriver( 2290): notifyDuration: 0
E/FFmpegExtractor( 2290): ##### PKT Q DEBUG #####
E/FFmpegExtractor( 2290): Q[video, 0, 0]: dur 0, pkts 1, sz 23649, 1st pts 3596110581, lst pts 3596110581
E/FFmpegExtractor( 2290): Q[audio, 1, 1]: dur 0, pkts 0, sz 0, 1st pts -9223372036854775808, lst pts -9223372036854775808
E/FFmpegExtractor( 2290): Q[subtitle, 2, 2]: dur 0, pkts 0, sz 0, 1st pts -9223372036854775808, lst pts -9223372036854775808
E/FFmpegExtractor( 2290): ff: mem descr: total size 0
E/NuPlayerRenderer( 2290): RNDR: dVA -206311 (dVAavg -190471), V 6353718033, A 6353924344, Asink 6353868288
E/UDPSource( 2290): in buffer: a[18, 10368] 432.000 ms, v[61, 386257] 1060.000 ms
E/UDPSource( 2290): in datasource: 1703540944 bytes, extractor created ? 1
E/NuPlayerRenderer( 2290): RNDR: dVA -190311 (dVAavg -183431), V 6354238033, A 6354428344, Asink 6354401792
I/NuPlayerDriver( 2290): notifyDuration: 0
E/FFmpegExtractor( 2290): ##### PKT Q DEBUG #####
E/FFmpegExtractor( 2290): Q[video, 0, 0]: dur 0, pkts 0, sz 0, 1st pts -9223372036854775808, lst pts -9223372036854775808
E/FFmpegExtractor( 2290): Q[audio, 1, 1]: dur 0, pkts 1, sz 576, 1st pts 3596107549, lst pts 3596107549
E/FFmpegExtractor( 2290): Q[subtitle, 2, 2]: dur 0, pkts 0, sz 0, 1st pts -9223372036854775808, lst pts -9223372036854775808
E/FFmpegExtractor( 2290): ff: mem descr: total size 0
E/NuPlayerRenderer( 2290): RNDR: dVA -238311 (dVAavg -185351), V 6354718033, A 6354956344, Asink 6354913792
E/UDPSource( 2290): in buffer: a[23, 13248] 552.000 ms, v[60, 383284] 1160.000 ms
E/UDPSource( 2290): in datasource: 1703925216 bytes, extractor created ? 1
E/NuPlayerRenderer( 2290): RNDR: dVA -150311 (dVAavg -188231), V 6355238033, A 6355388344, Asink 6355404288
I/NuPlayerDriver( 2290): notifyDuration: 0
E/FFmpegExtractor( 2290): ##### PKT Q DEBUG #####
E/FFmpegExtractor( 2290): Q[video, 0, 0]: dur 0, pkts 1, sz 5881, 1st pts 3596292381, lst pts 3596292381
E/FFmpegExtractor( 2290): Q[audio, 1, 1]: dur 0, pkts 0, sz 0, 1st pts -9223372036854775808, lst pts -9223372036854775808
E/FFmpegExtractor( 2290): Q[subtitle, 2, 2]: dur 0, pkts 0, sz 0, 1st pts -9223372036854775808, lst pts -9223372036854775808
E/FFmpegExtractor( 2290): ff: mem descr: total size 0
V/UDPDataSource( 2290): total bytes: 1704167360, (in buf 15792)
E/NuPlayerRenderer( 2290): RNDR: dVA -198311 (dVAavg -188871), V 6355718033, A 6355916344, Asink 6355873792
E/UDPSource( 2290): in buffer: a[25, 14400] 600.000 ms, v[68, 447908] 1560.000 ms
E/UDPSource( 2290): in datasource: 1704310804 bytes, extractor created ? 1
E/NuPlayerRenderer( 2290): RNDR: dVA -206311 (dVAavg -190471), V 6356238033, A 6356444344, Asink 6356407296
I/NuPlayerDriver( 2290): notifyDuration: 0
E/FFmpegExtractor( 2290): ##### PKT Q DEBUG #####
E/FFmpegExtractor( 2290): Q[video, 0, 0]: dur 0, pkts 0, sz 0, 1st pts -9223372036854775808, lst pts -9223372036854775808
E/FFmpegExtractor( 2290): Q[audio, 1, 1]: dur 0, pkts 1, sz 576, 1st pts 3596288989, lst pts 3596288989
E/FFmpegExtractor( 2290): Q[subtitle, 2, 2]: dur 0, pkts 0, sz 0, 1st pts -9223372036854775808, lst pts -9223372036854775808
E/FFmpegExtractor( 2290): ff: mem descr: total size 0
E/NuPlayerRenderer( 2290): RNDR: dVA -254311 (dVAavg -191111), V 6356718033, A 6356972344, Asink 6356919296
E/UDPSource( 2290): in buffer: a[17, 9792] 408.000 ms, v[63, 412339] 1260.000 ms
E/UDPSource( 2290): in datasource: 1704695076 bytes, extractor created ? 1
E/NuPlayerRenderer( 2290): RNDR: dVA -166311 (dVAavg -190151), V 6357238033, A 6357404344, Asink 6357388288
I/NuPlayerDriver( 2290): notifyDuration: 0
E/FFmpegExtractor( 2290): ##### PKT Q DEBUG #####
E/FFmpegExtractor( 2290): Q[video, 0, 0]: dur 0, pkts 0, sz 0, 1st pts -9223372036854775808, lst pts -9223372036854775808
E/FFmpegExtractor( 2290): Q[audio, 1, 1]: dur 0, pkts 0, sz 0, 1st pts -9223372036854775808, lst pts -9223372036854775808
E/FFmpegExtractor( 2290): Q[subtitle, 2, 2]: dur 0, pkts 0, sz 0, 1st pts -9223372036854775808, lst pts -9223372036854775808
E/FFmpegExtractor( 2290): ff: mem descr: total size 0
E/NuPlayerRenderer( 2290): RNDR: dVA -214311 (dVAavg -192071), V 6357718033, A 6357932344, Asink 6357878784
E/UDPSource( 2290): in buffer: a[19, 10944] 456.000 ms, v[61, 400469] 1060.000 ms
E/UDPSource( 2290): in datasource: 1705080664 bytes, extractor created ? 1
E/NuPlayerRenderer( 2290): RNDR: dVA -198311 (dVAavg -193991), V 6358238033, A 6358436344, Asink 6358390784
I/NuPlayerDriver( 2290): notifyDuration: 0
E/FFmpegExtractor( 2290): ##### PKT Q DEBUG #####
E/FFmpegExtractor( 2290): Q[video, 0, 0]: dur 0, pkts 0, sz 0, 1st pts -9223372036854775808, lst pts -9223372036854775808
E/FFmpegExtractor( 2290): Q[audio, 1, 1]: dur 0, pkts 0, sz 0, 1st pts -9223372036854775808, lst pts -9223372036854775808
E/FFmpegExtractor( 2290): Q[subtitle, 2, 2]: dur 0, pkts 0, sz 0, 1st pts -9223372036854775808, lst pts -9223372036854775808
E/FFmpegExtractor( 2290): ff: mem descr: total size 0
E/NuPlayerRenderer( 2290): RNDR: dVA -246311 (dVAavg -184391), V 6358718033, A 6358964344, Asink 6358902784
E/UDPSource( 2290): in buffer: a[18, 10368] 432.000 ms, v[60, 352392] 1160.000 ms
E/UDPSource( 2290): in datasource: 1705464936 bytes, extractor created ? 1
E/NuPlayerRenderer( 2290): RNDR: dVA -158311 (dVAavg -191111), V 6359238033, A 6359396344, Asink 6359393792
I/NuPlayerDriver( 2290): notifyDuration: 0
E/FFmpegExtractor( 2290): ##### PKT Q DEBUG #####
E/FFmpegExtractor( 2290): Q[video, 0, 0]: dur 0, pkts 0, sz 0, 1st pts -9223372036854775808, lst pts -9223372036854775808
E/FFmpegExtractor( 2290): Q[audio, 1, 1]: dur 0, pkts 0, sz 0, 1st pts -9223372036854775808, lst pts -9223372036854775808
E/FFmpegExtractor( 2290): Q[subtitle, 2, 2]: dur 0, pkts 0, sz 0, 1st pts -9223372036854775808, lst pts -9223372036854775808
E/FFmpegExtractor( 2290): ff: mem descr: total size 0
E/NuPlayerRenderer( 2290): RNDR: dVA -206311 (dVAavg -190471), V 6359718033, A 6359924344, Asink 6359884288
E/UDPSource( 2290): in buffer: a[20, 11520] 480.000 ms, v[65, 385701] 1340.000 ms
E/UDPSource( 2290): in datasource: 1705850524 bytes, extractor created ? 1
E/NuPlayerRenderer( 2290): RNDR: dVA -214311 (dVAavg -194631), V 6360238033, A 6360452344, Asink 6360396288
I/NuPlayerDriver( 2290): notifyDuration: 0
E/FFmpegExtractor( 2290): ##### PKT Q DEBUG #####
E/FFmpegExtractor( 2290): Q[video, 0, 0]: dur 0, pkts 0, sz 0, 1st pts -9223372036854775808, lst pts -9223372036854775808
E/FFmpegExtractor( 2290): Q[audio, 1, 1]: dur 0, pkts 0, sz 0, 1st pts -9223372036854775808, lst pts -9223372036854775808
E/FFmpegExtractor( 2290): Q[subtitle, 2, 2]: dur 0, pkts 0, sz 0, 1st pts -9223372036854775808, lst pts -9223372036854775808
E/FFmpegExtractor( 2290): ff: mem descr: total size 0
V/UDPDataSource( 2290): total bytes: 1706091352, (in buf 21056)
E/NuPlayerRenderer( 2290): RNDR: dVA -238311 (dVAavg -190471), V 6360718033, A 6360956344, Asink 6360908288
E/UDPSource( 2290): in buffer: a[18, 10368] 432.000 ms, v[66, 404614] 1480.000 ms
E/UDPSource( 2290): in datasource: 1706234796 bytes, extractor created ? 1
E/NuPlayerRenderer( 2290): RNDR: dVA -174311 (dVAavg -194311), V 6361238033, A 6361412344, Asink 6361399296
I/NuPlayerDriver( 2290): notifyDuration: 0
D/HDMI-Controller( 2723): HDMIController::isSinkConnected: 1
D/        ( 2723):  enter hdmi_check_rx_sense
D/HDMI-Controller( 2723): HDMIController::checkRxSense: 0
E/FFmpegExtractor( 2290): ##### PKT Q DEBUG #####
E/FFmpegExtractor( 2290): Q[video, 0, 0]: dur 0, pkts 1, sz 6450, 1st pts 3596835981, lst pts 3596835981
E/FFmpegExtractor( 2290): Q[audio, 1, 1]: dur 0, pkts 0, sz 0, 1st pts -9223372036854775808, lst pts -9223372036854775808
E/FFmpegExtractor( 2290): Q[subtitle, 2, 2]: dur 0, pkts 0, sz 0, 1st pts -9223372036854775808, lst pts -9223372036854775808
E/FFmpegExtractor( 2290): ff: mem descr: total size 0
E/NuPlayerRenderer( 2290): RNDR: dVA -158311 (dVAavg -191111), V 6361758033, A 6361916344, Asink 6361911296
E/UDPSource( 2290): in buffer: a[21, 12096] 504.000 ms, v[60, 381368] 1000.000 ms
E/UDPSource( 2290): in datasource: 1706620384 bytes, extractor created ? 1
E/NuPlayerRenderer( 2290): RNDR: dVA -182311 (dVAavg -183111), V 6362238033, A 6362420344, Asink 6362401792
I/NuPlayerDriver( 2290): notifyDuration: 0
E/FFmpegExtractor( 2290): ##### PKT Q DEBUG #####
E/FFmpegExtractor( 2290): Q[video, 0, 0]: dur 0, pkts 0, sz 0, 1st pts -9223372036854775808, lst pts -9223372036854775808
E/FFmpegExtractor( 2290): Q[audio, 1, 1]: dur 0, pkts 0, sz 0, 1st pts -9223372036854775808, lst pts -9223372036854775808
E/FFmpegExtractor( 2290): Q[subtitle, 2, 2]: dur 0, pkts 0, sz 0, 1st pts -9223372036854775808, lst pts -9223372036854775808
E/FFmpegExtractor( 2290): ff: mem descr: total size 0
E/NuPlayerRenderer( 2290): RNDR: dVA -214311 (dVAavg -189511), V 6362758033, A 6362972344, Asink 6362913792
E/UDPSource( 2290): in buffer: a[20, 11520] 480.000 ms, v[60, 352836] 1160.000 ms
E/UDPSource( 2290): in datasource: 1707004656 bytes, extractor created ? 1
E/NuPlayerRenderer( 2290): RNDR: dVA -142311 (dVAavg -191751), V 6363238033, A 6363380344, Asink 6363404288
D/UpdateService( 3122): Trying to update. isFirstStartUpdate: false
I/NuPlayerDriver( 2290): notifyDuration: 0
E/FFmpegExtractor( 2290): ##### PKT Q DEBUG #####
E/FFmpegExtractor( 2290): Q[video, 0, 0]: dur 0, pkts 1, sz 9025, 1st pts 3597033981, lst pts 3597033981
E/FFmpegExtractor( 2290): Q[audio, 1, 1]: dur 0, pkts 0, sz 0, 1st pts -9223372036854775808, lst pts -9223372036854775808
E/FFmpegExtractor( 2290): Q[subtitle, 2, 2]: dur 0, pkts 0, sz 0, 1st pts -9223372036854775808, lst pts -9223372036854775808
E/FFmpegExtractor( 2290): ff: mem descr: total size 0
E/NuPlayerRenderer( 2290): RNDR: dVA -174311 (dVAavg -186631), V 6363758033, A 6363932344, Asink 6363916288
E/UDPSource( 2290): in buffer: a[22, 12672] 528.000 ms, v[57, 327295] 1180.000 ms
E/UDPSource( 2290): in datasource: 1707391560 bytes, extractor created ? 1
E/NuPlayerRenderer( 2290): RNDR: dVA -198311 (dVAavg -192711), V 6364238033, A 6364436344, Asink 6364406784
I/NuPlayerDriver( 2290): notifyDuration: 0
E/FFmpegExtractor( 2290): ##### PKT Q DEBUG #####
E/FFmpegExtractor( 2290): Q[video, 0, 0]: dur 0, pkts 0, sz 0, 1st pts -9223372036854775808, lst pts -9223372036854775808
E/FFmpegExtractor( 2290): Q[audio, 1, 1]: dur 0, pkts 0, sz 0, 1st pts -9223372036854775808, lst pts -9223372036854775808
E/FFmpegExtractor( 2290): Q[subtitle, 2, 2]: dur 0, pkts 0, sz 0, 1st pts -9223372036854775808, lst pts -9223372036854775808
E/FFmpegExtractor( 2290): ff: mem descr: total size 0
E/NuPlayerRenderer( 2290): RNDR: dVA -182311 (dVAavg -185671), V 6364758033, A 6364940344, Asink 6364918784
E/UDPSource( 2290): in buffer: a[20, 11520] 480.000 ms, v[56, 366134] 1120.000 ms
E/UDPSource( 2290): in datasource: 1707775832 bytes, extractor created ? 1
E/NuPlayerRenderer( 2290): RNDR: dVA -158311 (dVAavg -187271), V 6365238033, A 6365396344, Asink 6365388288
I/NuPlayerDriver( 2290): notifyDuration: 0
V/UDPDataSource( 2290): total bytes: 1708016660, (in buf 26320)
E/FFmpegExtractor( 2290): ##### PKT Q DEBUG #####
E/FFmpegExtractor( 2290): Q[video, 0, 0]: dur 0, pkts 1, sz 6589, 1st pts 3597203181, lst pts 3597203181
E/FFmpegExtractor( 2290): Q[audio, 1, 1]: dur 0, pkts 0, sz 0, 1st pts -9223372036854775808, lst pts -9223372036854775808
E/FFmpegExtractor( 2290): Q[subtitle, 2, 2]: dur 0, pkts 0, sz 0, 1st pts -9223372036854775808, lst pts -9223372036854775808
E/FFmpegExtractor( 2290): ff: mem descr: total size 0
E/NuPlayerRenderer( 2290): RNDR: dVA -142311 (dVAavg -185351), V 6365758033, A 6365900344, Asink 6365921792
E/UDPSource( 2290): in buffer: a[21, 12096] 504.000 ms, v[56, 438514] 1120.000 ms
E/UDPSource( 2290): in datasource: 1708160104 bytes, extractor created ? 1
E/NuPlayerRenderer( 2290): RNDR: dVA -214311 (dVAavg -183111), V 6366238033, A 6366452344, Asink 6366391296
I/NuPlayerDriver( 2290): notifyDuration: 0
E/FFmpegExtractor( 2290): ##### PKT Q DEBUG #####
E/FFmpegExtractor( 2290): Q[video, 0, 0]: dur 0, pkts 1, sz 6517, 1st pts 3597300381, lst pts 3597300381
E/FFmpegExtractor( 2290): Q[audio, 1, 1]: dur 0, pkts 0, sz 0, 1st pts -9223372036854775808, lst pts -9223372036854775808
E/FFmpegExtractor( 2290): Q[subtitle, 2, 2]: dur 0, pkts 0, sz 0, 1st pts -9223372036854775808, lst pts -9223372036854775808
E/FFmpegExtractor( 2290): ff: mem descr: total size 0
E/NuPlayerRenderer( 2290): RNDR: dVA -198311 (dVAavg -192711), V 6366758033, A 6366956344, Asink 6366924288
E/UDPSource( 2290): in buffer: a[21, 12096] 504.000 ms, v[60, 421248] 1160.000 ms
E/UDPSource( 2290): in datasource: 1708545692 bytes, extractor created ? 1
E/NuPlayerRenderer( 2290): RNDR: dVA -174311 (dVAavg -182791), V 6367238033, A 6367412344, Asink 6367393792
I/NuPlayerDriver( 2290): notifyDuration: 0
E/FFmpegExtractor( 2290): ##### PKT Q DEBUG #####
E/FFmpegExtractor( 2290): Q[video, 0, 0]: dur 0, pkts 0, sz 0, 1st pts -9223372036854775808, lst pts -9223372036854775808
E/FFmpegExtractor( 2290): Q[audio, 1, 1]: dur 0, pkts 0, sz 0, 1st pts -9223372036854775808, lst pts -9223372036854775808
E/FFmpegExtractor( 2290): Q[subtitle, 2, 2]: dur 0, pkts 0, sz 0, 1st pts -9223372036854775808, lst pts -9223372036854775808
E/FFmpegExtractor( 2290): ff: mem descr: total size 0
E/NuPlayerRenderer( 2290): RNDR: dVA -158311 (dVAavg -192391), V 6367758033, A 6367916344, Asink 6367927296
E/UDPSource( 2290): in buffer: a[18, 10368] 432.000 ms, v[58, 417096] 1200.000 ms
E/UDPSource( 2290): in datasource: 1708929964 bytes, extractor created ? 1
E/NuPlayerRenderer( 2290): RNDR: dVA -206311 (dVAavg -189191), V 6368238033, A 6368444344, Asink 6368396288
I/NuPlayerDriver( 2290): notifyDuration: 0
E/FFmpegExtractor( 2290): ##### PKT Q DEBUG #####
E/FFmpegExtractor( 2290): Q[video, 0, 0]: dur 0, pkts 0, sz 0, 1st pts -9223372036854775808, lst pts -9223372036854775808
E/FFmpegExtractor( 2290): Q[audio, 1, 1]: dur 0, pkts 0, sz 0, 1st pts -9223372036854775808, lst pts -9223372036854775808
E/FFmpegExtractor( 2290): Q[subtitle, 2, 2]: dur 0, pkts 0, sz 0, 1st pts -9223372036854775808, lst pts -9223372036854775808
E/FFmpegExtractor( 2290): ff: mem descr: total size 0
E/NuPlayerRenderer( 2290): RNDR: dVA -190311 (dVAavg -196231), V 6368758033, A 6368948344, Asink 6368908288
E/UDPSource( 2290): in buffer: a[15, 8640] 360.000 ms, v[57, 416147] 1300.000 ms
E/UDPSource( 2290): in datasource: 1709315552 bytes, extractor created ? 1
E/NuPlayerRenderer( 2290): RNDR: dVA -166311 (dVAavg -188871), V 6369238033, A 6369404344, Asink 6369398784
I/NuPlayerDriver( 2290): notifyDuration: 0
E/NuPlayerRenderer( 2290): RNDR: dVA -150311 (dVAavg -194631), V 6369758033, A 6369908344, Asink 6369910784
E/FFmpegExtractor( 2290): ##### PKT Q DEBUG #####
E/FFmpegExtractor( 2290): Q[video, 0, 0]: dur 0, pkts 0, sz 0, 1st pts -9223372036854775808, lst pts -9223372036854775808
E/FFmpegExtractor( 2290): Q[audio, 1, 1]: dur 0, pkts 0, sz 0, 1st pts -9223372036854775808, lst pts -9223372036854775808
E/FFmpegExtractor( 2290): Q[subtitle, 2, 2]: dur 0, pkts 0, sz 0, 1st pts -9223372036854775808, lst pts -9223372036854775808
E/FFmpegExtractor( 2290): ff: mem descr: total size 0
E/UDPSource( 2290): in buffer: a[17, 9792] 408.000 ms, v[63, 351127] 1260.000 ms
E/UDPSource( 2290): in datasource: 1709699824 bytes, extractor created ? 1
E/NuPlayerRenderer( 2290): RNDR: dVA -222311 (dVAavg -187271), V 6370238033, A 6370460344, Asink 6370401792
I/NuPlayerDriver( 2290): notifyDuration: 0
V/UDPDataSource( 2290): total bytes: 1709939336, (in buf 31584)
E/NuPlayerRenderer( 2290): RNDR: dVA -206311 (dVAavg -191751), V 6370758033, A 6370964344, Asink 6370913792
E/FFmpegExtractor( 2290): ##### PKT Q DEBUG #####
E/FFmpegExtractor( 2290): Q[video, 0, 0]: dur 0, pkts 0, sz 0, 1st pts -9223372036854775808, lst pts -9223372036854775808
E/FFmpegExtractor( 2290): Q[audio, 1, 1]: dur 0, pkts 1, sz 576, 1st pts 3597572029, lst pts 3597572029
E/FFmpegExtractor( 2290): Q[subtitle, 2, 2]: dur 0, pkts 0, sz 0, 1st pts -9223372036854775808, lst pts -9223372036854775808
E/FFmpegExtractor( 2290): ff: mem descr: total size 0
E/FFmpegExtractor( 2290): (clbk) fetching ttx page 100
E/FFmpegExtractor( 2290): put ttx pkt: pts 3597586930, size 8924 (total 8924 bytes, 1 pkts, 0 us)
V/FFmpegExtractor( 2290): drop obsolete subtitle(2:2) packet 39973188111 < 39974084233
E/UDPSource( 2290): in buffer: a[22, 12672] 528.000 ms, v[60, 401340] 1160.000 ms
E/UDPSource( 2290): in datasource: 1710085412 bytes, extractor created ? 1
E/NuPlayerRenderer( 2290): RNDR: dVA -182311 (dVAavg -189511), V 6371238033, A 6371420344, Asink 6371404288
I/NuPlayerDriver( 2290): notifyDuration: 0
D/HDMI-Controller( 2723): HDMIController::isSinkConnected: 1
D/        ( 2723):  enter hdmi_check_rx_sense
D/HDMI-Controller( 2723): HDMIController::checkRxSense: 0
E/NuPlayerRenderer( 2290): RNDR: dVA -166311 (dVAavg -195271), V 6371758033, A 6371924344, Asink 6371916288
E/FFmpegExtractor( 2290): ##### PKT Q DEBUG #####
E/FFmpegExtractor( 2290): Q[video, 0, 0]: dur 0, pkts 1, sz 3897, 1st pts 3597730581, lst pts 3597730581
E/FFmpegExtractor( 2290): Q[audio, 1, 1]: dur 0, pkts 0, sz 0, 1st pts -9223372036854775808, lst pts -9223372036854775808
E/FFmpegExtractor( 2290): Q[subtitle, 2, 2]: dur 0, pkts 0, sz 0, 1st pts -9223372036854775808, lst pts -9223372036854775808
E/FFmpegExtractor( 2290): ff: mem descr: total size 0
E/UDPSource( 2290): in buffer: a[24, 13824] 576.000 ms, v[63, 393054] 1260.000 ms
E/UDPSource( 2290): in datasource: 1710469684 bytes, extractor created ? 1
E/NuPlayerRenderer( 2290): RNDR: dVA -190311 (dVAavg -192391), V 6372238033, A 6372428344, Asink 6372407296
I/NuPlayerDriver( 2290): notifyDuration: 0
E/NuPlayerRenderer( 2290): RNDR: dVA -222311 (dVAavg -187271), V 6372758033, A 6372980344, Asink 6372919296
E/FFmpegExtractor( 2290): ##### PKT Q DEBUG #####
E/FFmpegExtractor( 2290): Q[video, 0, 0]: dur 0, pkts 1, sz 902, 1st pts 3597842181, lst pts 3597842181
E/FFmpegExtractor( 2290): Q[audio, 1, 1]: dur 0, pkts 0, sz 0, 1st pts -9223372036854775808, lst pts -9223372036854775808
E/FFmpegExtractor( 2290): Q[subtitle, 2, 2]: dur 0, pkts 0, sz 0, 1st pts -9223372036854775808, lst pts -9223372036854775808
E/FFmpegExtractor( 2290): ff: mem descr: total size 0
E/UDPSource( 2290): in buffer: a[23, 13248] 552.000 ms, v[63, 364579] 1260.000 ms
E/UDPSource( 2290): in datasource: 1710855272 bytes, extractor created ? 1
E/NuPlayerRenderer( 2290): RNDR: dVA -150311 (dVAavg -192071), V 6373238033, A 6373388344, Asink 6373388288
I/NuPlayerDriver( 2290): notifyDuration: 0
E/NuPlayerRenderer( 2290): RNDR: dVA -182311 (dVAavg -186951), V 6373758033, A 6373940344, Asink 6373921792
E/FFmpegExtractor( 2290): ##### PKT Q DEBUG #####
E/FFmpegExtractor( 2290): Q[video, 0, 0]: dur 0, pkts 1, sz 1749, 1st pts 3597932181, lst pts 3597932181
E/FFmpegExtractor( 2290): Q[audio, 1, 1]: dur 0, pkts 0, sz 0, 1st pts -9223372036854775808, lst pts -9223372036854775808
E/FFmpegExtractor( 2290): Q[subtitle, 2, 2]: dur 0, pkts 0, sz 0, 1st pts -9223372036854775808, lst pts -9223372036854775808
E/FFmpegExtractor( 2290): ff: mem descr: total size 0
E/UDPSource( 2290): in buffer: a[19, 10944] 456.000 ms, v[61, 382429] 1060.000 ms
E/UDPSource( 2290): in datasource: 1711239544 bytes, extractor created ? 1
E/NuPlayerRenderer( 2290): RNDR: dVA -206311 (dVAavg -195591), V 6374238033, A 6374444344, Asink 6374390784
I/NuPlayerDriver( 2290): notifyDuration: 0
E/NuPlayerRenderer( 2290): RNDR: dVA -190311 (dVAavg -189831), V 6374758033, A 6374948344, Asink 6374924288
E/FFmpegExtractor( 2290): ##### PKT Q DEBUG #####
E/FFmpegExtractor( 2290): Q[video, 0, 0]: dur 0, pkts 0, sz 0, 1st pts -9223372036854775808, lst pts -9223372036854775808
E/FFmpegExtractor( 2290): Q[audio, 1, 1]: dur 0, pkts 0, sz 0, 1st pts -9223372036854775808, lst pts -9223372036854775808
E/FFmpegExtractor( 2290): Q[subtitle, 2, 2]: dur 0, pkts 0, sz 0, 1st pts -9223372036854775808, lst pts -9223372036854775808
E/FFmpegExtractor( 2290): ff: mem descr: total size 0
E/UDPSource( 2290): in buffer: a[18, 10368] 432.000 ms, v[59, 356035] 1140.000 ms
E/UDPSource( 2290): in datasource: 1711625132 bytes, extractor created ? 1
E/NuPlayerRenderer( 2290): RNDR: dVA -142311 (dVAavg -185351), V 6375238033, A 6375380344, Asink 6375393792
I/NuPlayerDriver( 2290): notifyDuration: 0
V/UDPDataSource( 2290): total bytes: 1711865960, (in buf 36848)
E/NuPlayerRenderer( 2290): RNDR: dVA -150311 (dVAavg -186951), V 6375758033, A 6375908344, Asink 6375926784
E/FFmpegExtractor( 2290): ##### PKT Q DEBUG #####
E/FFmpegExtractor( 2290): Q[video, 0, 0]: dur 0, pkts 0, sz 0, 1st pts -9223372036854775808, lst pts -9223372036854775808
E/FFmpegExtractor( 2290): Q[audio, 1, 1]: dur 0, pkts 0, sz 0, 1st pts -9223372036854775808, lst pts -9223372036854775808
E/FFmpegExtractor( 2290): Q[subtitle, 2, 2]: dur 0, pkts 0, sz 0, 1st pts -9223372036854775808, lst pts -9223372036854775808
E/FFmpegExtractor( 2290): ff: mem descr: total size 0
E/UDPSource( 2290): in buffer: a[17, 9792] 408.000 ms, v[57, 402343] 1180.000 ms
E/UDPSource( 2290): in datasource: 1712010720 bytes, extractor created ? 1
E/NuPlayerRenderer( 2290): RNDR: dVA -198311 (dVAavg -186311), V 6376238033, A 6376436344, Asink 6376396288
I/NuPlayerDriver( 2290): notifyDuration: 0
E/NuPlayerRenderer( 2290): RNDR: dVA -206311 (dVAavg -190471), V 6376758033, A 6376964344, Asink 6376908288
E/FFmpegExtractor( 2290): ##### PKT Q DEBUG #####
E/FFmpegExtractor( 2290): Q[video, 0, 0]: dur 0, pkts 0, sz 0, 1st pts -9223372036854775808, lst pts -9223372036854775808
E/FFmpegExtractor( 2290): Q[audio, 1, 1]: dur 0, pkts 0, sz 0, 1st pts -9223372036854775808, lst pts -9223372036854775808
