W/RtkHDMIService( 2723): setupID: 1 == {0, 0}
W/RtkHDMIService( 2723): setupID: 8 == {5, 0}
W/RtkHDMIService( 2723): setupID: 6 == {3, 1}
W/RtkHDMIService( 2723): setupID: 3 == {0, 1}
W/RtkHDMIService( 2723): setupID: 3 == {0, 1}
W/RtkHDMIService( 2723): setupID: -1 == {-1, -1}
W/RtkHDMIService( 2723): setupID: 9 == {4, 1}
W/RtkHDMIService( 2723): setupID: 2 == {1, 0}
W/RtkHDMIService( 2723): setupID: 7 == {4, 0}
W/RtkHDMIService( 2723): setupID: 5 == {2, 1}
W/RtkHDMIService( 2723): setupID: 4 == {1, 1}
W/RtkHDMIService( 2723): setupID: 4 == {1, 1}
W/RtkHDMIService( 2723): setupID: 10 == {5, 1}
W/RtkHDMIService( 2723): setupID: 1 == {0, 0}
W/RtkHDMIService( 2723): setupID: 8 == {5, 0}
W/RtkHDMIService( 2723): setupID: 6 == {3, 1}
W/RtkHDMIService( 2723): setupID: 3 == {0, 1}
W/RtkHDMIService( 2723): setupID: 3 == {0, 1}
W/RtkHDMIService( 2723): setupID: -1 == {-1, -1}
I/ActivityManager( 2723): Start proc org.eltex.AppStore for service org.eltex.AppStore/.CustomizationServiceImpl: pid=3191 uid=10020 gids={50020, 3003, 1028, 1015}
I/ActivityManager( 2723): Start proc org.eltex.qms for service org.eltex.qms/.service.settings.CustomizationServiceImpl: pid=3201 uid=10017 gids={50017, 3003}
I/ActivityManager( 2723): Start proc org.eltex.android.app.auto_launcher for service org.eltex.android.app.auto_launcher/.CustomizationServiceImpl: pid=3207 uid=10018 gids={50018, 3003}
I/ActivityManager( 2723): Start proc org.eltex.android.app.iptvplayer for service org.eltex.android.app.iptvplayer/.CustomizationServiceImpl: pid=3217 uid=10000 gids={50000, 1028, 1015, 1023, 3003}
W/RtkHDMIService( 2723): handleHotPlug hdcpEnabledByConfig =false
W/RtkHDMIService( 2723): handleHotPlug bHDCP =true
I/RtkCECService( 2723): Got HDMI plug event [true]
W/BackupManagerService( 2723): dataChanged but no participant pkg='com.android.providers.settings' uid=10009
W/ContextImpl( 3162): Calling a method in the system process without a qualified user: android.app.ContextImpl.bindService:1564 android.content.ContextWrapper.bindService:517 android.bluetooth.BluetoothInputDevice.doBind:245 android.bluetooth.BluetoothInputDevice.<init>:238 android.bluetooth.BluetoothAdapter.getProfileProxy:1367 
W/ContextImpl( 3162): Calling a method in the system process without a qualified user: android.app.ContextImpl.bindService:1564 android.content.ContextWrapper.bindService:517 android.bluetooth.BluetoothPan.doBind:149 android.bluetooth.BluetoothPan.<init>:141 android.bluetooth.BluetoothAdapter.getProfileProxy:1370 
W/ContextImpl( 3162): Calling a method in the system process without a qualified user: android.app.ContextImpl.bindService:1564 android.content.ContextWrapper.bindService:517 android.bluetooth.BluetoothPbap.doBind:164 android.bluetooth.BluetoothPbap.<init>:157 com.android.settings.bluetooth.PbapServerProfile.<init>:68 
I/ActivityManager( 2723): Start proc com.android.vending for broadcast com.android.vending/com.google.android.finsky.simhandler.SimStateReceiver: pid=3293 uid=10027 gids={50027, 3003, 1028, 1015}
D/WifiService( 2723): New client listening to asynchronous messages
D/RtkHDMIService( 2723): HDMI_STATUS_CHANGED: HDMI_READY = false
I/ActivityManager( 2723): Start proc android.process.media for content provider com.android.providers.downloads/.DownloadProvider: pid=3358 uid=10026 gids={50026, 2001, 3003, 1028, 1015, 3007}
I/ActivityManager( 2723): Delaying start of: ServiceRecord{41cfe7f8 u0 com.google.android.gms/.chimera.GmsIntentOperationService}
I/ActivityManager( 2723): Start proc com.kwblesdk.BluetoothLeService for service com.kehdev.kehdevmanger/com.kwblesdk.BluetoothLeService: pid=3406 uid=10010 gids={50010, 3002, 3001, 1028, 1015}
I/ActivityManager( 2723): Start proc com.android.bluetooth for service com.android.bluetooth/.btservice.AdapterService: pid=3433 uid=1002 gids={41002, 3003, 3002, 3001, 1028, 1015, 3005, 1016, 3008}
W/RtkHDMIService( 2723): bootCompleteReceiver bHDCP =true
W/ContextImpl( 2723): Calling a method in the system process without a qualified user: android.app.ContextImpl.bindService:1564 android.bluetooth.BluetoothHeadset.doBind:283 android.bluetooth.BluetoothHeadset.<init>:276 android.bluetooth.BluetoothAdapter.getProfileProxy:1361 android.media.AudioService.getBluetoothHeadset:2256 
W/ContextImpl( 2723): Calling a method in the system process without a qualified user: android.app.ContextImpl.bindService:1564 android.bluetooth.BluetoothA2dp.doBind:165 android.bluetooth.BluetoothA2dp.<init>:158 android.bluetooth.BluetoothAdapter.getProfileProxy:1364 android.media.AudioService$AudioServiceBroadcastReceiver.onReceive:4228 
V/WiredAccessoryManager( 2723): notifyWiredAccessoryChanged: when=0 bits= mask=14
V/WiredAccessoryManager( 2723): flag_usb_change = false
V/WiredAccessoryManager( 2723): newName=h2w newState=0 headsetState=0 prev headsetState=0
V/WiredAccessoryManager( 2723): init()
V/WiredAccessoryManager( 2723): flag_usb_change = false
V/WiredAccessoryManager( 2723): newName=hdmi newState=16 headsetState=16 prev headsetState=0
V/WiredAccessoryManager( 2723): device hdmi connected
I/PowerManagerService( 2723): Boot animation finished.
I/ActivityManager( 2723): Start proc com.progdvb.progtva_adv for broadcast com.progdvb.progtva_adv/md5939aa44cc2c21e276ccc1f351c4283a2.BootReceiver: pid=3466 uid=10043 gids={50043, 3003, 1028, 1015}
W/RtkHDMIService( 2723): setupID: 9 == {4, 1}
W/RtkHDMIService( 2723): setupID: 2 == {1, 0}
W/RtkHDMIService( 2723): setupID: 7 == {4, 0}
W/RtkHDMIService( 2723): setupID: 5 == {2, 1}
W/RtkHDMIService( 2723): setupID: 4 == {1, 1}
W/RtkHDMIService( 2723): setupID: 4 == {1, 1}
W/RtkHDMIService( 2723): setupID: 10 == {5, 1}
W/RtkHDMIService( 2723): setupID: 1 == {0, 0}
W/RtkHDMIService( 2723): setupID: 8 == {5, 0}
W/RtkHDMIService( 2723): setupID: 6 == {3, 1}
W/RtkHDMIService( 2723): setupID: 3 == {0, 1}
W/RtkHDMIService( 2723): setupID: 3 == {0, 1}
W/RtkHDMIService( 2723): setupID: -1 == {-1, -1}
W/RtkHDMIService( 2723): setupID: 9 == {4, 1}
W/RtkHDMIService( 2723): setupID: 2 == {1, 0}
W/RtkHDMIService( 2723): setupID: 7 == {4, 0}
W/RtkHDMIService( 2723): setupID: 5 == {2, 1}
W/RtkHDMIService( 2723): setupID: 4 == {1, 1}
W/RtkHDMIService( 2723): setupID: 4 == {1, 1}
W/RtkHDMIService( 2723): setupID: 10 == {5, 1}
W/RtkHDMIService( 2723): setupID: 1 == {0, 0}
W/RtkHDMIService( 2723): setupID: 8 == {5, 0}
W/RtkHDMIService( 2723): setupID: 6 == {3, 1}
W/RtkHDMIService( 2723): setupID: 3 == {0, 1}
W/RtkHDMIService( 2723): setupID: 3 == {0, 1}
W/RtkHDMIService( 2723): setupID: -1 == {-1, -1}
W/RtkHDMIService( 2723): setupID: 9 == {4, 1}
W/RtkHDMIService( 2723): setupID: 2 == {1, 0}
W/RtkHDMIService( 2723): setupID: 7 == {4, 0}
W/RtkHDMIService( 2723): setupID: 5 == {2, 1}
W/RtkHDMIService( 2723): setupID: 4 == {1, 1}
W/RtkHDMIService( 2723): setupID: 4 == {1, 1}
W/RtkHDMIService( 2723): setupID: 10 == {5, 1}
W/RtkHDMIService( 2723): setupID: 1 == {0, 0}
W/RtkHDMIService( 2723): setupID: 8 == {5, 0}
W/RtkHDMIService( 2723): setupID: 6 == {3, 1}
W/RtkHDMIService( 2723): setupID: 3 == {0, 1}
W/RtkHDMIService( 2723): setupID: 3 == {0, 1}
W/RtkHDMIService( 2723): setupID: -1 == {-1, -1}
D/WifiService( 2723): New client listening to asynchronous messages
I/ActivityManager( 2723): Start proc com.google.android.gms.unstable for service com.google.android.gms/.droidguard.DroidGuardService: pid=3757 uid=10001 gids={50001, 3003, 1007, 1028, 1015, 3002, 3001, 3007, 2001, 3006}
W/ContextImpl( 2723): Calling a method in the system process without a qualified user: android.app.ContextImpl.sendBroadcast:1144 android.net.ethernet.EthernetDataTracker.interfaceLinkStateChanged:294 android.net.ethernet.EthernetDataTracker.access$000:77 android.net.ethernet.EthernetDataTracker$InterfaceObserver.interfaceLinkStateChanged:121 com.android.server.NetworkManagementService.notifyInterfaceLinkStateChanged:263 
I/BootReceiver( 2723): Copying audit failures to DropBox
I/BootReceiver( 2723): Checking for fsck errors
I/ActivityManager( 2723): Start proc org.eltex.dpadservice for broadcast org.eltex.dpadservice/.OnBootReceiver: pid=3806 uid=10016 gids={50016}
I/ActivityManager( 2723): Start proc org.eltex.android.service.pvrservice for broadcast org.eltex.android.service.pvrservice/.PvrBroadcastReceiver: pid=3824 uid=10022 gids={50022, 1028, 1015, 3003}
I/ActivityManager( 2723): Delay finish: org.eltex.android.service.pvrservice/.PvrBroadcastReceiver
D/Nat464Xlat( 2723): requiresClat: netType=9, hasIPv4Address=false
D/StatusBar.NetworkController( 2816): updateEthernetState -- action = android.net.ethernet.STATE_CHANGE
D/SignalClusterView( 2816): setEthernetIndicators -- visible = false
D/StatusBar.NetworkController( 2816): update ethernet icon -- N = 0, mEthernetIconId = 0x0, description = Wi-Fi выключен
I/ActivityManager( 2723): Delaying start of: ServiceRecord{41c9e328 u0 com.android.vending/com.google.android.finsky.verifier.impl.PackageVerificationService}
D/StatusBar.NetworkController( 2816): updateEthernetState -- action = android.net.ethernet.STATE_CHANGE
I/ActivityManager( 2723): Waited long enough for: ServiceRecord{41c216b8 u0 org.eltex.qms/.service.QmsService}
I/ActivityManager( 2723): Resuming delayed broadcast
I/ActivityManager( 2723): Start proc com.android.onetimeinitializer for broadcast com.android.onetimeinitializer/.OneTimeInitializerReceiver: pid=3895 uid=10024 gids={50024}
I/ActivityManager( 2723): Delay finish: com.android.onetimeinitializer/.OneTimeInitializerReceiver
I/ActivityManager( 2723): Resuming delayed broadcast
I/ActivityManager( 2723): Start proc com.android.providers.calendar for broadcast com.android.providers.calendar/.CalendarReceiver: pid=3910 uid=10030 gids={50030, 3003, 1028, 1015}
I/ActivityManager( 2723): Delay finish: com.android.providers.calendar/.CalendarReceiver
I/ActivityManager( 2723): Resuming delayed broadcast
I/ActivityManager( 2723): Delay finish: com.google.android.gms/.chimera.GmsIntentOperationService$PersistentTrustedReceiver
D/ConnectivityService( 2723): NetworkStateTrackerHandler->handleMessage(): ConnectivityChange for ETHERNET: DISCONNECTED/DISCONNECTED
D/ConnectivityService( 2723):  handleDisconnect : preNetType=9 isDefault=true
D/ConnectivityService( 2723): ==debug== need to reconnect to wifi
D/ConnectivityService( 2723): Attempting to switch to wifi
D/ConnectivityService( 2723): ==debug== need to reconnect to BLUETOOTH_TETHER
D/ConnectivityService( 2723): Attempting to switch to BLUETOOTH_TETHER
D/ConnectivityService( 2723): ==debug== need to reconnect to PPPOE
D/ConnectivityService( 2723): Attempting to switch to PPPOE
D/ConnectivityService( 2723):  handleDisconnect : mActiveDefaultNetwork=-1
D/ConnectivityService( 2723): handleDisconnect: prevNetType=9 doReset=true
D/Nat464Xlat( 2723): requiresClat: netType=9, hasIPv4Address=false
D/StatusBar.NetworkController( 2816): updateEthernetState -- action = android.net.ethernet.STATE_CHANGE
W/ContextImpl( 2723): Calling a method in the system process without a qualified user: android.app.ContextImpl.sendBroadcast:1144 android.net.ethernet.EthernetDataTracker.ConnectNetwork:527 android.net.ethernet.EthernetDataTracker.teardown:618 android.net.ethernet.EthernetDataTracker.interfaceLinkStateChanged:304 android.net.ethernet.EthernetDataTracker.access$000:77 
D/StatusBar.NetworkController( 2816): updateEthernetState -- action = android.net.ethernet.STATE_CHANGE
D/ConnectivityService( 2723): handleInetConditionChange: no active default network - ignore
W/ContextImpl( 2723): Calling a method in the system process without a qualified user: android.app.ContextImpl.sendBroadcast:1144 android.net.ethernet.EthernetDataTracker.interfaceLinkStateChanged:294 android.net.ethernet.EthernetDataTracker.access$000:77 android.net.ethernet.EthernetDataTracker$InterfaceObserver.interfaceLinkStateChanged:121 com.android.server.NetworkManagementService.notifyInterfaceLinkStateChanged:263 
I/ActivityManager( 2723): Waited long enough for: ServiceRecord{41c5efa8 u0 org.eltex.dpadservice/.DpadService}
I/ActivityManager( 2723): Waited long enough for: ServiceRecord{41d05820 u0 org.eltex.android.service.pvrservice/.PvrService}
I/ActivityManager( 2723): Start proc com.google.android.gms.ui for service com.google.android.gms/.chimera.UiIntentOperationService: pid=4047 uid=10001 gids={50001, 3003, 1007, 1028, 1015, 3002, 3001, 3007, 2001, 3006}
E/ActivityThread( 2723): Failed to find provider info for telephony
I/ActivityManager( 2723): START u0 {act=android.intent.action.MAIN cat=[android.intent.category.LAUNCHER] flg=0x10000000 pkg=org.eltex.android.app.iptvplayer cmp=org.eltex.android.app.iptvplayer/.ui.activities.MainActivity (has extras)} from pid 2952
I/ActivityManager( 2723): Waited long enough for: ServiceRecord{41d85300 u0 com.google.android.gms/.auth.account.service.WorkAccountService}
I/ActivityManager( 2723): Resuming delayed broadcast
I/ActivityManager( 2723): Delay finish: com.android.providers.downloads/.DownloadReceiver
I/ActivityManager( 2723): Resuming delayed broadcast
I/ActivityManager( 2723): Start proc com.android.deskclock for broadcast com.android.deskclock/.AlarmInitReceiver: pid=4147 uid=10038 gids={50038, 1028}
I/ActivityManager( 2723): Start proc com.realtek.dmr for broadcast com.realtek.dmr/.BootReceiver: pid=4168 uid=10032 gids={50032, 3003}
I/ActivityManager( 2723): Delay finish: com.android.vending/com.google.android.finsky.flushlogs.FlushLogsReceiver
I/ActivityManager( 2723): Waited long enough for: ServiceRecord{41d22b38 u0 com.google.android.gms/.common.stats.GmsCoreStatsService}
I/ActivityManager( 2723): Resuming delayed broadcast
I/ActivityManager( 2723): Waited long enough for: ServiceRecord{41d0b420 u0 com.google.android.gms/.deviceconnection.service.DeviceConnectionWatcherService}
I/ActivityManager( 2723): Delay finish: com.google.android.gms/.gcm.nts.SchedulerReceiver
I/ActivityManager( 2723): Resuming delayed broadcast
D/ConnectivityService( 2723): handleInetConditionChange: no active default network - ignore
I/ActivityManager( 2723): Delay finish: com.google.android.gms/.chimera.GmsIntentOperationService$PersistentTrustedReceiver
I/ActivityManager( 2723): Resuming delayed broadcast
I/NotificationService( 2723): cancelToast pkg=org.eltex.android.app.iptvplayer callback=android.app.ITransientNotification$Stub$Proxy@41ceafa8
I/ActivityManager( 2723): START u0 {act=android.intent.action.MAIN cat=[android.intent.category.LAUNCHER] flg=0x10000000 pkg=com.android.settings cmp=com.android.settings/.Settings (has extras)} from pid 2952
D/StatusBar.NetworkController( 2816): updateEthernetState -- action = android.net.ethernet.STATE_CHANGE
D/StatusBar.NetworkController( 2816): updateEthernetState -- action = android.net.ethernet.STATE_CHANGE
D/ConnectivityService( 2723): NetworkStateTrackerHandler->handleMessage(): ConnectivityChange for ETHERNET: DISCONNECTED/DISCONNECTED
D/ConnectivityService( 2723):  handleDisconnect : preNetType=9 isDefault=true
D/ConnectivityService( 2723): ==debug== need to reconnect to wifi
D/ConnectivityService( 2723): Attempting to switch to wifi
D/ConnectivityService( 2723): ==debug== need to reconnect to BLUETOOTH_TETHER
D/ConnectivityService( 2723): Attempting to switch to BLUETOOTH_TETHER
D/ConnectivityService( 2723): ==debug== need to reconnect to PPPOE
D/ConnectivityService( 2723): Attempting to switch to PPPOE
D/ConnectivityService( 2723):  handleDisconnect : mActiveDefaultNetwork=-1
D/StatusBar.NetworkController( 2816): updateEthernetState -- action = android.net.ethernet.STATE_CHANGE
D/ConnectivityService( 2723): handleDisconnect: prevNetType=9 doReset=true
D/Nat464Xlat( 2723): requiresClat: netType=9, hasIPv4Address=false
W/ContextImpl( 2723): Calling a method in the system process without a qualified user: android.app.ContextImpl.sendBroadcast:1144 android.net.ethernet.EthernetDataTracker.ConnectNetwork:527 android.net.ethernet.EthernetDataTracker.teardown:618 com.android.server.EthernetService.setState:300 android.net.ethernet.IEthernetManager$Stub.onTransact:63 
W/ContextImpl( 2723): Calling a method in the system process without a qualified user: android.app.ContextImpl.sendStickyBroadcast:1302 com.android.server.EthernetService.sendChangedBroadcast:327 com.android.server.EthernetService.setState:308 android.net.ethernet.IEthernetManager$Stub.onTransact:63 android.os.Binder.execTransact:404 
W/SocketClient( 2285): write error (Broken pipe)
D/StatusBar.NetworkController( 2816): updateEthernetState -- action = android.net.ethernet.ETHERNET_STATE_CHANGED
D/StatusBar.NetworkController( 2816): updateEthernetState -- action = android.net.ethernet.STATE_CHANGE
E/ActivityThread( 2723): Failed to find provider info for telephony
W/ContextImpl( 2723): Calling a method in the system process without a qualified user: android.app.ContextImpl.sendStickyBroadcast:1302 com.android.server.EthernetService.sendChangedBroadcast:327 com.android.server.EthernetService.setState:308 android.net.ethernet.IEthernetManager$Stub.onTransact:63 android.os.Binder.execTransact:404 
D/StatusBar.NetworkController( 2816): updateEthernetState -- action = android.net.ethernet.ETHERNET_STATE_CHANGED
E/NativeDaemonConnector.ResponseQueue( 2723): Timeout waiting for response
E/RtkGPIOConnector( 2723): timed-out waiting for response to 1 gpio get 4
E/RtkGPIOService( 2723): Error processing initial gpio state
E/RtkGPIOService( 2723): com.android.server.NativeDaemonConnector$NativeDaemonFailureException: command '1 gpio get 4' failed with 'null'
E/RtkGPIOService( 2723): 	at com.android.server.NativeDaemonConnector.execute(NativeDaemonConnector.java:376)
E/RtkGPIOService( 2723): 	at com.android.server.NativeDaemonConnector.executeForList(NativeDaemonConnector.java:327)
E/RtkGPIOService( 2723): 	at com.android.server.RtkGPIOService$1.run(RtkGPIOService.java:172)
D/ConnectivityService( 2723): Sampling interval elapsed, updating statistics ..
D/ConnectivityService( 2723): Done.
D/ConnectivityService( 2723): Setting timer for 720seconds
D/ConnectivityService( 2723): NetworkStateTrackerHandler->handleMessage(): ConnectivityChange for ETHERNET: DISCONNECTED/DISCONNECTED
D/ConnectivityService( 2723):  handleDisconnect : preNetType=9 isDefault=true
D/ConnectivityService( 2723): ==debug== need to reconnect to wifi
D/ConnectivityService( 2723): Attempting to switch to wifi
D/ConnectivityService( 2723): ==debug== need to reconnect to BLUETOOTH_TETHER
D/ConnectivityService( 2723): Attempting to switch to BLUETOOTH_TETHER
D/ConnectivityService( 2723): ==debug== need to reconnect to PPPOE
D/ConnectivityService( 2723): Attempting to switch to PPPOE
D/ConnectivityService( 2723):  handleDisconnect : mActiveDefaultNetwork=-1
D/ConnectivityService( 2723): handleDisconnect: prevNetType=9 doReset=true
D/Nat464Xlat( 2723): requiresClat: netType=9, hasIPv4Address=false
W/ContextImpl( 2723): Calling a method in the system process without a qualified user: android.app.ContextImpl.sendBroadcast:1144 android.net.ethernet.EthernetDataTracker.ConnectNetwork:527 android.net.ethernet.EthernetDataTracker.teardown:618 android.net.ethernet.EthernetDataTracker.interfaceLinkStateChanged:304 android.net.ethernet.EthernetDataTracker.access$000:77 
D/StatusBar.NetworkController( 2816): updateEthernetState -- action = android.net.ethernet.STATE_CHANGE
D/StatusBar.NetworkController( 2816): updateEthernetState -- action = android.net.ethernet.STATE_CHANGE
D/StatusBar.NetworkController( 2816): updateEthernetState -- action = android.net.ethernet.STATE_CHANGE
W/ContextImpl( 2723): Calling a method in the system process without a qualified user: android.app.ContextImpl.sendBroadcast:1144 android.net.ethernet.EthernetDataTracker.interfaceLinkStateChanged:294 android.net.ethernet.EthernetDataTracker.access$000:77 android.net.ethernet.EthernetDataTracker$InterfaceObserver.interfaceLinkStateChanged:121 com.android.server.NetworkManagementService.notifyInterfaceLinkStateChanged:263 
D/Nat464Xlat( 2723): requiresClat: netType=9, hasIPv4Address=false
D/ConnectivityService( 2723): NetworkStateTrackerHandler->handleMessage(): ConnectivityChange for ETHERNET: DISCONNECTED/DISCONNECTED
D/ConnectivityService( 2723):  handleDisconnect : preNetType=9 isDefault=true
D/ConnectivityService( 2723): ==debug== need to reconnect to wifi
D/ConnectivityService( 2723): Attempting to switch to wifi
D/ConnectivityService( 2723): ==debug== need to reconnect to BLUETOOTH_TETHER
D/ConnectivityService( 2723): Attempting to switch to BLUETOOTH_TETHER
D/ConnectivityService( 2723): ==debug== need to reconnect to PPPOE
D/ConnectivityService( 2723): Attempting to switch to PPPOE
D/ConnectivityService( 2723):  handleDisconnect : mActiveDefaultNetwork=-1
D/ConnectivityService( 2723): handleDisconnect: prevNetType=9 doReset=true
D/Nat464Xlat( 2723): requiresClat: netType=9, hasIPv4Address=false
D/StatusBar.NetworkController( 2816): updateEthernetState -- action = android.net.ethernet.STATE_CHANGE
E/ActivityThread( 2723): Failed to find provider info for telephony
E/ActivityThread( 2723): Failed to find provider info for telephony
D/StatusBar.NetworkController( 2816): updateEthernetState -- action = android.net.ethernet.STATE_CHANGE
D/StatusBar.NetworkController( 2816): updateEthernetState -- action = android.net.ethernet.STATE_CHANGE
D/StatusBar.NetworkController( 2816): updateEthernetState -- action = android.net.ethernet.STATE_CHANGE
D/ConnectivityService( 2723): NetworkStateTrackerHandler->handleMessage(): ConnectivityChange for ETHERNET: DISCONNECTED/DISCONNECTED
D/ConnectivityService( 2723):  handleDisconnect : preNetType=9 isDefault=true
D/ConnectivityService( 2723): ==debug== need to reconnect to wifi
D/ConnectivityService( 2723): Attempting to switch to wifi
D/ConnectivityService( 2723): ==debug== need to reconnect to BLUETOOTH_TETHER
D/ConnectivityService( 2723): Attempting to switch to BLUETOOTH_TETHER
D/ConnectivityService( 2723): ==debug== need to reconnect to PPPOE
D/ConnectivityService( 2723): Attempting to switch to PPPOE
D/ConnectivityService( 2723):  handleDisconnect : mActiveDefaultNetwork=-1
D/ConnectivityService( 2723): handleDisconnect: prevNetType=9 doReset=true
D/Nat464Xlat( 2723): requiresClat: netType=9, hasIPv4Address=false
W/ContextImpl( 2723): Calling a method in the system process without a qualified user: android.app.ContextImpl.sendBroadcast:1144 android.net.ethernet.EthernetDataTracker.ConnectNetwork:527 android.net.ethernet.EthernetDataTracker.teardown:618 com.android.server.EthernetService.updateDevInfo:181 android.net.ethernet.IEthernetManager$Stub.onTransact:85 
D/StatusBar.NetworkController( 2816): updateEthernetState -- action = android.net.ethernet.STATE_CHANGE
E/ActivityThread( 2723): Failed to find provider info for telephony
D/ConnectivityService( 2723): handleInetConditionChange: no active default network - ignore
W/ActivityManager( 2723): Unable to start service Intent { act=com.google.android.gms.drive.ApiService.RESET_AFTER_BOOT flg=0x4 cmp=com.google.android.gms/.drive.api.ApiService (has extras) } U=0: not found
D/StatusBar.NetworkController( 2816): updateEthernetState -- action = android.net.ethernet.STATE_CHANGE
D/StatusBar.NetworkController( 2816): updateEthernetState -- action = android.net.ethernet.STATE_CHANGE
D/ConnectivityService( 2723): handleInetConditionChange: no active default network - ignore
D/Nat464Xlat( 2723): requiresClat: netType=9, hasIPv4Address=true
D/ConnectivityService( 2723): NetworkStateTrackerHandler->handleMessage(): ConnectivityChange for ETHERNET: DISCONNECTED/DISCONNECTED
D/ConnectivityService( 2723):  handleDisconnect : preNetType=9 isDefault=true
D/ConnectivityService( 2723): ==debug== need to reconnect to wifi
D/StatusBar.NetworkController( 2816): updateEthernetState -- action = android.net.ethernet.STATE_CHANGE
D/ConnectivityService( 2723): Attempting to switch to wifi
D/ConnectivityService( 2723): ==debug== need to reconnect to BLUETOOTH_TETHER
D/ConnectivityService( 2723): Attempting to switch to BLUETOOTH_TETHER
D/ConnectivityService( 2723): ==debug== need to reconnect to PPPOE
D/ConnectivityService( 2723): Attempting to switch to PPPOE
D/ConnectivityService( 2723):  handleDisconnect : mActiveDefaultNetwork=-1
D/ConnectivityService( 2723): handleDisconnect: prevNetType=9 doReset=true
D/Nat464Xlat( 2723): requiresClat: netType=9, hasIPv4Address=true
D/ConnectivityService( 2723): NetworkStateTrackerHandler->handleMessage(): ConnectivityChange for ETHERNET: CONNECTED/CONNECTED
D/StatusBar.NetworkController( 2816): updateEthernetState -- action = android.net.ethernet.STATE_CHANGE
D/StatusBar.NetworkController( 2816): refreshViews -- mEthernetIconId =0x7f020004, combinedLabel = 
D/SignalClusterView( 2816): setEthernetIndicators -- visible = true
D/ConnectivityService( 2723): --------------- modifyRoute: enter, doAdd=false toDefaultTable=true
D/StatusBar.NetworkController( 2816): update ethernet icon -- N = 0, mEthernetIconId = 0x7f020004, description = Ethernet
D/ConnectivityService( 2723): --------------- modifyRoute: enter, doAdd=false toDefaultTable=true
E/ConnectivityService( 2723): Unexpected mtu value: android.net.ethernet.EthernetDataTracker@41c9d408
D/StatusBar.NetworkController( 2816): updateEthernetState -- action = android.net.ethernet.STATE_CHANGE
D/StatusBar.NetworkController( 2816): refreshViews -- mEthernetIconId =0x7f020004, combinedLabel = 
D/StatusBar.NetworkController( 2816): updateEthernetState -- action = android.net.ethernet.STATE_CHANGE
D/StatusBar.NetworkController( 2816): refreshViews -- mEthernetIconId =0x7f020004, combinedLabel = 
D/StatusBar.NetworkController( 2816): updateEthernetState -- action = android.net.ethernet.STATE_CHANGE
D/StatusBar.NetworkController( 2816): refreshViews -- mEthernetIconId =0x7f020004, combinedLabel = 
D/ConnectivityService( 2723): --------------- modifyRoute: enter, doAdd=true toDefaultTable=true
D/ConnectivityService( 2723): --------------- modifyRoute: enter, doAdd=true toDefaultTable=true
D/Nat464Xlat( 2723): requiresClat: netType=9, hasIPv4Address=true
D/ConnectivityService( 2723): NetworkStateTrackerHandler->handleMessage(): ConnectivityChange for ETHERNET: CONNECTED/CONNECTED
E/ConnectivityService( 2723): Unexpected mtu value: android.net.ethernet.EthernetDataTracker@41c9d408
D/ConnectivityService( 2723): handleConnectivityChange: address are the same reset per doReset linkProperty[9]: resetMask=0
D/Nat464Xlat( 2723): requiresClat: netType=9, hasIPv4Address=true
D/ConnectivityService( 2723): NetworkStateTrackerHandler->handleMessage(): ConnectivityChange for ETHERNET: CONNECTED/CONNECTED
E/ConnectivityService( 2723): Unexpected mtu value: android.net.ethernet.EthernetDataTracker@41c9d408
D/ConnectivityService( 2723): handleConnectivityChange: address are the same reset per doReset linkProperty[9]: resetMask=0
D/Nat464Xlat( 2723): requiresClat: netType=9, hasIPv4Address=true
D/ConnectivityService( 2723): NetworkStateTrackerHandler->handleMessage(): ConnectivityChange for ETHERNET: CONNECTED/CONNECTED
E/ConnectivityService( 2723): Unexpected mtu value: android.net.ethernet.EthernetDataTracker@41c9d408
D/ConnectivityService( 2723): handleConnectivityChange: address are the same reset per doReset linkProperty[9]: resetMask=0
D/Nat464Xlat( 2723): requiresClat: netType=9, hasIPv4Address=true
D/StatusBar.NetworkController( 2816): refreshViews -- mEthernetIconId =0x7f020004, combinedLabel = 
E/ActivityThread( 2723): Failed to find provider info for telephony
D/StatusBar.NetworkController( 2816): refreshViews -- mEthernetIconId =0x7f020004, combinedLabel = 
E/ActivityThread( 2723): Failed to find provider info for telephony
D/StatusBar.NetworkController( 2816): refreshViews -- mEthernetIconId =0x7f020004, combinedLabel = 
E/ActivityThread( 2723): Failed to find provider info for telephony
D/StatusBar.NetworkController( 2816): refreshViews -- mEthernetIconId =0x7f020004, combinedLabel = 
E/ActivityThread( 2723): Failed to find provider info for telephony
D/StatusBar.NetworkController( 2816): refreshViews -- mEthernetIconId =0x7f020004, combinedLabel = 
E/ActivityThread( 2723): Failed to find provider info for telephony
I/ActivityManager( 2723): Delay finish: com.google.android.gms/.gcm.nts.SchedulerReceiver
I/ActivityManager( 2723): Resuming delayed broadcast
D/ConnectivityService( 2723): handleInetConditionHoldEnd: net=9, condition=0, published condition=0
D/StatusBar.NetworkController( 2816): refreshViews -- mEthernetIconId =0x7f020004, combinedLabel = 
D/ConnectivityService( 2723): handleInetConditionHoldEnd: net=9, condition=0, published condition=0
D/StatusBar.NetworkController( 2816): refreshViews -- mEthernetIconId =0x7f020004, combinedLabel = 
D/ConnectivityService( 2723): handleInetConditionHoldEnd: net=9, condition=0, published condition=0
D/StatusBar.NetworkController( 2816): refreshViews -- mEthernetIconId =0x7f020004, combinedLabel = 
I/ActivityManager( 2723): START u0 {act=android.intent.action.MAIN cat=[android.intent.category.LAUNCHER] flg=0x10000000 pkg=org.eltex.android.app.iptvplayer cmp=org.eltex.android.app.iptvplayer/.ui.activities.MainActivity (has extras)} from pid 2952
D/ConnectivityService( 2723): handleInetConditionHoldEnd: net=9, condition=0, published condition=0
D/StatusBar.NetworkController( 2816): refreshViews -- mEthernetIconId =0x7f020004, combinedLabel = 
I/NotificationService( 2723): cancelToast pkg=org.eltex.android.app.iptvplayer callback=android.app.ITransientNotification$Stub$Proxy@41c46580
I/ActivityManager( 2723): START u0 {act=android.intent.action.MAIN cat=[android.intent.category.LAUNCHER] flg=0x10000000 pkg=org.eltex.android.app.iptvplayer cmp=org.eltex.android.app.iptvplayer/.ui.activities.MainActivity (has extras)} from pid 2952
W/SocketClient( 2285): write error (Broken pipe)
D/ConnectivityService( 2723): handleInetConditionHoldEnd: net=9, condition=0, published condition=0
D/StatusBar.NetworkController( 2816): refreshViews -- mEthernetIconId =0x7f020004, combinedLabel = 
D/ConnectivityService( 2723): handleInetConditionHoldEnd: net=9, condition=0, published condition=0
D/StatusBar.NetworkController( 2816): refreshViews -- mEthernetIconId =0x7f020004, combinedLabel = 
D/StatusBar.NetworkController( 2816): updateEthernetState -- action = android.net.ethernet.STATE_CHANGE
D/ConnectivityService( 2723): NetworkStateTrackerHandler->handleMessage(): ConnectivityChange for ETHERNET: DISCONNECTED/DISCONNECTED
W/ContextImpl( 2723): Calling a method in the system process without a qualified user: android.app.ContextImpl.sendBroadcast:1144 android.net.ethernet.EthernetDataTracker.ConnectNetwork:527 android.net.ethernet.EthernetDataTracker.teardown:618 android.net.ethernet.EthernetDataTracker.interfaceLinkStateChanged:304 android.net.ethernet.EthernetDataTracker.access$000:77 
D/ConnectivityService( 2723):  handleDisconnect : preNetType=9 isDefault=true
D/ConnectivityService( 2723): tryFailover: set mActiveDefaultNetwork=-1, prevNetType=9
D/ConnectivityService( 2723): ==debug== need to reconnect to wifi
D/ConnectivityService( 2723): Attempting to switch to wifi
D/ConnectivityService( 2723): ==debug== need to reconnect to BLUETOOTH_TETHER
D/ConnectivityService( 2723): Attempting to switch to BLUETOOTH_TETHER
D/ConnectivityService( 2723): ==debug== need to reconnect to PPPOE
D/ConnectivityService( 2723): Attempting to switch to PPPOE
D/ConnectivityService( 2723):  handleDisconnect : mActiveDefaultNetwork=-1
D/ConnectivityService( 2723): handleDisconnect: prevNetType=9 doReset=true
D/ConnectivityService( 2723): --------------- modifyRoute: enter, doAdd=false toDefaultTable=true
D/ConnectivityService( 2723): --------------- modifyRoute: enter, doAdd=false toDefaultTable=true
D/SignalClusterView( 2816): setEthernetIndicators -- visible = false
D/StatusBar.NetworkController( 2816): update ethernet icon -- N = 0, mEthernetIconId = 0x0, description = Wi-Fi выключен
D/ConnectivityService( 2723): resetConnections(eth0, 3)
D/Nat464Xlat( 2723): requiresClat: netType=9, hasIPv4Address=false
W/ContextImpl( 2723): Calling a method in the system process without a qualified user: android.app.ContextImpl.sendBroadcast:1144 android.net.ethernet.EthernetDataTracker.interfaceLinkStateChanged:294 android.net.ethernet.EthernetDataTracker.access$000:77 android.net.ethernet.EthernetDataTracker$InterfaceObserver.interfaceLinkStateChanged:121 com.android.server.NetworkManagementService.notifyInterfaceLinkStateChanged:263 
E/ActivityThread( 2723): Failed to find provider info for telephony
D/ConnectivityService( 2723): handleInetConditionChange: no active default network - ignore
D/StatusBar.NetworkController( 2816): updateEthernetState -- action = android.net.ethernet.STATE_CHANGE
D/ConnectivityService( 2723): NetworkStateTrackerHandler->handleMessage(): ConnectivityChange for ETHERNET: DISCONNECTED/DISCONNECTED
D/StatusBar.NetworkController( 2816): updateEthernetState -- action = android.net.ethernet.STATE_CHANGE
W/ContextImpl( 2723): Calling a method in the system process without a qualified user: android.app.ContextImpl.sendBroadcast:1144 android.net.ethernet.EthernetDataTracker.ConnectNetwork:527 android.net.ethernet.EthernetDataTracker.teardown:618 android.net.ethernet.EthernetDataTracker.interfaceLinkStateChanged:304 android.net.ethernet.EthernetDataTracker.access$000:77 
D/ConnectivityService( 2723):  handleDisconnect : preNetType=9 isDefault=true
D/ConnectivityService( 2723): ==debug== need to reconnect to wifi
D/ConnectivityService( 2723): Attempting to switch to wifi
D/ConnectivityService( 2723): ==debug== need to reconnect to BLUETOOTH_TETHER
D/ConnectivityService( 2723): Attempting to switch to BLUETOOTH_TETHER
D/ConnectivityService( 2723): ==debug== need to reconnect to PPPOE
D/ConnectivityService( 2723): Attempting to switch to PPPOE
D/ConnectivityService( 2723):  handleDisconnect : mActiveDefaultNetwork=-1
D/ConnectivityService( 2723): handleDisconnect: prevNetType=9 doReset=true
D/Nat464Xlat( 2723): requiresClat: netType=9, hasIPv4Address=false
E/ActivityThread( 2723): Failed to find provider info for telephony
D/StatusBar.NetworkController( 2816): updateEthernetState -- action = android.net.ethernet.STATE_CHANGE
W/ContextImpl( 2723): Calling a method in the system process without a qualified user: android.app.ContextImpl.sendBroadcast:1144 android.net.ethernet.EthernetDataTracker.interfaceLinkStateChanged:294 android.net.ethernet.EthernetDataTracker.access$000:77 android.net.ethernet.EthernetDataTracker$InterfaceObserver.interfaceLinkStateChanged:121 com.android.server.NetworkManagementService.notifyInterfaceLinkStateChanged:263 
D/StatusBar.NetworkController( 2816): updateEthernetState -- action = android.net.ethernet.STATE_CHANGE
D/Nat464Xlat( 2723): requiresClat: netType=9, hasIPv4Address=true
D/ConnectivityService( 2723): NetworkStateTrackerHandler->handleMessage(): ConnectivityChange for ETHERNET: DISCONNECTED/DISCONNECTED
D/ConnectivityService( 2723):  handleDisconnect : preNetType=9 isDefault=true
D/ConnectivityService( 2723): ==debug== need to reconnect to wifi
D/ConnectivityService( 2723): Attempting to switch to wifi
D/ConnectivityService( 2723): ==debug== need to reconnect to BLUETOOTH_TETHER
D/ConnectivityService( 2723): Attempting to switch to BLUETOOTH_TETHER
D/ConnectivityService( 2723): ==debug== need to reconnect to PPPOE
D/ConnectivityService( 2723): Attempting to switch to PPPOE
D/ConnectivityService( 2723):  handleDisconnect : mActiveDefaultNetwork=-1
D/ConnectivityService( 2723): handleDisconnect: prevNetType=9 doReset=true
D/Nat464Xlat( 2723): requiresClat: netType=9, hasIPv4Address=true
D/StatusBar.NetworkController( 2816): updateEthernetState -- action = android.net.ethernet.STATE_CHANGE
W/ProcessCpuTracker( 2723): Skipping unknown process pid 4757
D/ConnectivityService( 2723): NetworkStateTrackerHandler->handleMessage(): ConnectivityChange for ETHERNET: CONNECTED/CONNECTED
D/StatusBar.NetworkController( 2816): updateEthernetState -- action = android.net.ethernet.STATE_CHANGE
D/StatusBar.NetworkController( 2816): refreshViews -- mEthernetIconId =0x7f020004, combinedLabel = 
D/ConnectivityService( 2723): --------------- modifyRoute: enter, doAdd=false toDefaultTable=true
D/SignalClusterView( 2816): setEthernetIndicators -- visible = true
D/StatusBar.NetworkController( 2816): update ethernet icon -- N = 0, mEthernetIconId = 0x7f020004, description = Ethernet
D/ConnectivityService( 2723): --------------- modifyRoute: enter, doAdd=false toDefaultTable=true
E/ConnectivityService( 2723): Unexpected mtu value: android.net.ethernet.EthernetDataTracker@41c9d408
D/ConnectivityService( 2723): --------------- modifyRoute: enter, doAdd=true toDefaultTable=true
D/ConnectivityService( 2723): --------------- modifyRoute: enter, doAdd=true toDefaultTable=true
D/Nat464Xlat( 2723): requiresClat: netType=9, hasIPv4Address=true
W/SocketClient( 2285): write error (Broken pipe)
D/ConnectivityService( 2723): NetworkStateTrackerHandler->handleMessage(): ConnectivityChange for ETHERNET: CONNECTED/CONNECTED
D/StatusBar.NetworkController( 2816): updateEthernetState -- action = android.net.ethernet.STATE_CHANGE
D/StatusBar.NetworkController( 2816): refreshViews -- mEthernetIconId =0x7f020004, combinedLabel = 
E/ConnectivityService( 2723): Unexpected mtu value: android.net.ethernet.EthernetDataTracker@41c9d408
D/ConnectivityService( 2723): handleConnectivityChange: address are the same reset per doReset linkProperty[9]: resetMask=0
D/Nat464Xlat( 2723): requiresClat: netType=9, hasIPv4Address=true
D/StatusBar.NetworkController( 2816): refreshViews -- mEthernetIconId =0x7f020004, combinedLabel = 
E/ActivityThread( 2723): Failed to find provider info for telephony
D/StatusBar.NetworkController( 2816): refreshViews -- mEthernetIconId =0x7f020004, combinedLabel = 
E/ActivityThread( 2723): Failed to find provider info for telephony
D/StatusBar.NetworkController( 2816): refreshViews -- mEthernetIconId =0x7f020004, combinedLabel = 
E/ActivityThread( 2723): Failed to find provider info for telephony
D/ConnectivityService( 2723): handleInetConditionHoldEnd: net=9, condition=0, published condition=0
D/StatusBar.NetworkController( 2816): refreshViews -- mEthernetIconId =0x7f020004, combinedLabel = 
E/FrameworkListener( 2285): read() failed (Connection reset by peer)
D/ConnectivityService( 2723): handleInetConditionHoldEnd: net=9, condition=0, published condition=0
D/StatusBar.NetworkController( 2816): refreshViews -- mEthernetIconId =0x7f020004, combinedLabel = 
D/ConnectivityService( 2723): handleInetConditionHoldEnd: net=9, condition=0, published condition=0
D/StatusBar.NetworkController( 2816): refreshViews -- mEthernetIconId =0x7f020004, combinedLabel = 
D/ConnectivityService( 2723): handleInetConditionHoldEnd: net=9, condition=0, published condition=0
D/StatusBar.NetworkController( 2816): refreshViews -- mEthernetIconId =0x7f020004, combinedLabel = 
D/ConnectivityService( 2723): Sampling interval elapsed, updating statistics ..
D/ConnectivityService( 2723): Done.
D/ConnectivityService( 2723): Setting timer for 720seconds
D/ConnectivityService( 2723): handleInetConditionHoldEnd: net=9, condition=0, published condition=0
D/StatusBar.NetworkController( 2816): refreshViews -- mEthernetIconId =0x7f020004, combinedLabel = 
W/SocketClient( 2285): write error (Broken pipe)
D/ConnectivityService( 2723): handleInetConditionHoldEnd: net=9, condition=0, published condition=0
D/StatusBar.NetworkController( 2816): refreshViews -- mEthernetIconId =0x7f020004, combinedLabel = 
D/ConnectivityService( 2723): NetworkStateTrackerHandler->handleMessage(): ConnectivityChange for ETHERNET: DISCONNECTED/DISCONNECTED
D/ConnectivityService( 2723):  handleDisconnect : preNetType=9 isDefault=true
D/ConnectivityService( 2723): tryFailover: set mActiveDefaultNetwork=-1, prevNetType=9
D/ConnectivityService( 2723): ==debug== need to reconnect to wifi
D/ConnectivityService( 2723): Attempting to switch to wifi
D/ConnectivityService( 2723): ==debug== need to reconnect to BLUETOOTH_TETHER
D/ConnectivityService( 2723): Attempting to switch to BLUETOOTH_TETHER
D/ConnectivityService( 2723): ==debug== need to reconnect to PPPOE
D/ConnectivityService( 2723): Attempting to switch to PPPOE
D/ConnectivityService( 2723):  handleDisconnect : mActiveDefaultNetwork=-1
D/ConnectivityService( 2723): handleDisconnect: prevNetType=9 doReset=true
D/ConnectivityService( 2723): --------------- modifyRoute: enter, doAdd=false toDefaultTable=true
D/ConnectivityService( 2723): --------------- modifyRoute: enter, doAdd=false toDefaultTable=true
D/ConnectivityService( 2723): resetConnections(eth0, 3)
D/StatusBar.NetworkController( 2816): updateEthernetState -- action = android.net.ethernet.STATE_CHANGE
D/SignalClusterView( 2816): setEthernetIndicators -- visible = false
D/StatusBar.NetworkController( 2816): update ethernet icon -- N = 0, mEthernetIconId = 0x0, description = Wi-Fi выключен
W/ContextImpl( 2723): Calling a method in the system process without a qualified user: android.app.ContextImpl.sendBroadcast:1144 android.net.ethernet.EthernetDataTracker.ConnectNetwork:527 android.net.ethernet.EthernetDataTracker.teardown:618 android.net.ethernet.EthernetDataTracker.interfaceLinkStateChanged:304 android.net.ethernet.EthernetDataTracker.access$000:77 
D/Nat464Xlat( 2723): requiresClat: netType=9, hasIPv4Address=false
E/ActivityThread( 2723): Failed to find provider info for telephony
W/ContextImpl( 2723): Calling a method in the system process without a qualified user: android.app.ContextImpl.sendBroadcast:1144 android.net.ethernet.EthernetDataTracker.interfaceLinkStateChanged:294 android.net.ethernet.EthernetDataTracker.access$000:77 android.net.ethernet.EthernetDataTracker$InterfaceObserver.interfaceLinkStateChanged:121 com.android.server.NetworkManagementService.notifyInterfaceLinkStateChanged:263 
D/ConnectivityService( 2723): handleInetConditionChange: no active default network - ignore
D/StatusBar.NetworkController( 2816): updateEthernetState -- action = android.net.ethernet.STATE_CHANGE
W/SocketClient( 2285): write error (Broken pipe)
D/StatusBar.NetworkController( 2816): updateEthernetState -- action = android.net.ethernet.STATE_CHANGE
W/SocketClient( 2285): write error (Broken pipe)
D/StatusBar.NetworkController( 2816): updateEthernetState -- action = android.net.ethernet.STATE_CHANGE
D/StatusBar.NetworkController( 2816): updateEthernetState -- action = android.net.ethernet.STATE_CHANGE
D/StatusBar.NetworkController( 2816): updateEthernetState -- action = android.net.ethernet.STATE_CHANGE
D/StatusBar.NetworkController( 2816): updateEthernetState -- action = android.net.ethernet.STATE_CHANGE
D/StatusBar.NetworkController( 2816): updateEthernetState -- action = android.net.ethernet.STATE_CHANGE
D/StatusBar.NetworkController( 2816): updateEthernetState -- action = android.net.ethernet.STATE_CHANGE
D/ConnectivityService( 2723): Sampling interval elapsed, updating statistics ..
D/ConnectivityService( 2723): Done.
D/ConnectivityService( 2723): Setting timer for 720seconds
D/ConnectivityService( 2723): handleInetConditionChange: no active default network - ignore
D/StatusBar.NetworkController( 2816): updateEthernetState -- action = android.net.ethernet.STATE_CHANGE
D/StatusBar.NetworkController( 2816): updateEthernetState -- action = android.net.ethernet.STATE_CHANGE
W/SocketClient( 2285): write error (Broken pipe)
D/StatusBar.NetworkController( 2816): updateEthernetState -- action = android.net.ethernet.STATE_CHANGE
W/SocketClient( 2285): write error (Broken pipe)
I/ActivityManager( 2723): Killing 3466:com.progdvb.progtva_adv/u0a43 (adj 15): empty for 1817s
I/ActivityManager( 2723): Killing 2975:com.android.printspooler/u0a33 (adj 15): empty for 1818s
I/ProcessStatsService( 2723): Prepared write state in 5ms
I/ActivityManager( 2723): Killing 3895:com.android.onetimeinitializer/u0a24 (adj 15): empty for 1809s
D/StatusBar.NetworkController( 2816): updateEthernetState -- action = android.net.ethernet.STATE_CHANGE
W/SocketClient( 2285): write error (Broken pipe)
D/StatusBar.NetworkController( 2816): updateEthernetState -- action = android.net.ethernet.STATE_CHANGE
D/StatusBar.NetworkController( 2816): updateEthernetState -- action = android.net.ethernet.STATE_CHANGE
W/SocketClient( 2285): write error (Broken pipe)
D/StatusBar.NetworkController( 2816): updateEthernetState -- action = android.net.ethernet.STATE_CHANGE
D/ConnectivityService( 2723): NetworkStateTrackerHandler->handleMessage(): ConnectivityChange for ETHERNET: DISCONNECTED/DISCONNECTED
D/ConnectivityService( 2723):  handleDisconnect : preNetType=9 isDefault=true
D/ConnectivityService( 2723): ==debug== need to reconnect to wifi
D/ConnectivityService( 2723): Attempting to switch to wifi
D/ConnectivityService( 2723): ==debug== need to reconnect to BLUETOOTH_TETHER
D/ConnectivityService( 2723): Attempting to switch to BLUETOOTH_TETHER
D/ConnectivityService( 2723): ==debug== need to reconnect to PPPOE
D/ConnectivityService( 2723): Attempting to switch to PPPOE
D/ConnectivityService( 2723):  handleDisconnect : mActiveDefaultNetwork=-1
D/ConnectivityService( 2723): handleDisconnect: prevNetType=9 doReset=true
D/StatusBar.NetworkController( 2816): updateEthernetState -- action = android.net.ethernet.STATE_CHANGE
D/Nat464Xlat( 2723): requiresClat: netType=9, hasIPv4Address=false
W/SocketClient( 2285): write error (Broken pipe)
W/ContextImpl( 2723): Calling a method in the system process without a qualified user: android.app.ContextImpl.sendBroadcast:1144 android.net.ethernet.EthernetDataTracker.ConnectNetwork:527 android.net.ethernet.EthernetDataTracker.teardown:618 android.net.ethernet.EthernetDataTracker.interfaceLinkStateChanged:304 android.net.ethernet.EthernetDataTracker.access$000:77 
W/ContextImpl( 2723): Calling a method in the system process without a qualified user: android.app.ContextImpl.sendBroadcast:1144 android.net.ethernet.EthernetDataTracker.interfaceLinkStateChanged:294 android.net.ethernet.EthernetDataTracker.access$000:77 android.net.ethernet.EthernetDataTracker$InterfaceObserver.interfaceLinkStateChanged:121 com.android.server.NetworkManagementService.notifyInterfaceLinkStateChanged:263 
E/ActivityThread( 2723): Failed to find provider info for telephony
D/StatusBar.NetworkController( 2816): updateEthernetState -- action = android.net.ethernet.STATE_CHANGE
D/ConnectivityService( 2723): NetworkStateTrackerHandler->handleMessage(): ConnectivityChange for ETHERNET: DISCONNECTED/DISCONNECTED
D/StatusBar.NetworkController( 2816): updateEthernetState -- action = android.net.ethernet.STATE_CHANGE
D/ConnectivityService( 2723):  handleDisconnect : preNetType=9 isDefault=true
D/ConnectivityService( 2723): ==debug== need to reconnect to wifi
D/ConnectivityService( 2723): Attempting to switch to wifi
D/ConnectivityService( 2723): ==debug== need to reconnect to BLUETOOTH_TETHER
D/ConnectivityService( 2723): Attempting to switch to BLUETOOTH_TETHER
D/ConnectivityService( 2723): ==debug== need to reconnect to PPPOE
D/ConnectivityService( 2723): Attempting to switch to PPPOE
D/ConnectivityService( 2723):  handleDisconnect : mActiveDefaultNetwork=-1
W/ContextImpl( 2723): Calling a method in the system process without a qualified user: android.app.ContextImpl.sendBroadcast:1144 android.net.ethernet.EthernetDataTracker.ConnectNetwork:527 android.net.ethernet.EthernetDataTracker.teardown:618 android.net.ethernet.EthernetDataTracker.interfaceLinkStateChanged:304 android.net.ethernet.EthernetDataTracker.access$000:77 
D/ConnectivityService( 2723): handleDisconnect: prevNetType=9 doReset=true
D/Nat464Xlat( 2723): requiresClat: netType=9, hasIPv4Address=false
E/ActivityThread( 2723): Failed to find provider info for telephony
W/ContextImpl( 2723): Calling a method in the system process without a qualified user: android.app.ContextImpl.sendBroadcast:1144 android.net.ethernet.EthernetDataTracker.interfaceLinkStateChanged:294 android.net.ethernet.EthernetDataTracker.access$000:77 android.net.ethernet.EthernetDataTracker$InterfaceObserver.interfaceLinkStateChanged:121 com.android.server.NetworkManagementService.notifyInterfaceLinkStateChanged:263 
D/StatusBar.NetworkController( 2816): updateEthernetState -- action = android.net.ethernet.STATE_CHANGE
D/StatusBar.NetworkController( 2816): updateEthernetState -- action = android.net.ethernet.STATE_CHANGE
D/Nat464Xlat( 2723): requiresClat: netType=9, hasIPv4Address=true
D/ConnectivityService( 2723): NetworkStateTrackerHandler->handleMessage(): ConnectivityChange for ETHERNET: DISCONNECTED/DISCONNECTED
D/StatusBar.NetworkController( 2816): updateEthernetState -- action = android.net.ethernet.STATE_CHANGE
D/ConnectivityService( 2723):  handleDisconnect : preNetType=9 isDefault=true
D/ConnectivityService( 2723): ==debug== need to reconnect to wifi
D/ConnectivityService( 2723): Attempting to switch to wifi
D/ConnectivityService( 2723): ==debug== need to reconnect to BLUETOOTH_TETHER
D/ConnectivityService( 2723): Attempting to switch to BLUETOOTH_TETHER
D/ConnectivityService( 2723): ==debug== need to reconnect to PPPOE
D/ConnectivityService( 2723): Attempting to switch to PPPOE
D/ConnectivityService( 2723):  handleDisconnect : mActiveDefaultNetwork=-1
D/ConnectivityService( 2723): handleDisconnect: prevNetType=9 doReset=true
D/Nat464Xlat( 2723): requiresClat: netType=9, hasIPv4Address=true
D/ConnectivityService( 2723): NetworkStateTrackerHandler->handleMessage(): ConnectivityChange for ETHERNET: CONNECTED/CONNECTED
D/StatusBar.NetworkController( 2816): updateEthernetState -- action = android.net.ethernet.STATE_CHANGE
D/StatusBar.NetworkController( 2816): refreshViews -- mEthernetIconId =0x7f020004, combinedLabel = 
D/SignalClusterView( 2816): setEthernetIndicators -- visible = true
D/StatusBar.NetworkController( 2816): update ethernet icon -- N = 0, mEthernetIconId = 0x7f020004, description = Ethernet
D/ConnectivityService( 2723): --------------- modifyRoute: enter, doAdd=false toDefaultTable=true
