E/FFmpegExtractor( 2290): ##### PKT Q DEBUG #####
E/FFmpegExtractor( 2290): Q[video, 0, 0]: dur 0, pkts 0, sz 0, 1st pts -9223372036854775808, lst pts -9223372036854775808
E/FFmpegExtractor( 2290): Q[audio, 1, 1]: dur 0, pkts 0, sz 0, 1st pts -9223372036854775808, lst pts -9223372036854775808
E/FFmpegExtractor( 2290): Q[subtitle, 2, 2]: dur 0, pkts 0, sz 0, 1st pts -9223372036854775808, lst pts -9223372036854775808
E/FFmpegExtractor( 2290): ff: mem descr: total size 0
E/NuPlayerRenderer( 2290): RNDR: dVA -150311 (dVAavg -186951), V 6539798033, A 6539948344, Asink 6539959296
E/UDPSource( 2290): in buffer: a[24, 13824] 576.000 ms, v[30, 393122] 1160.000 ms
E/UDPSource( 2290): in datasource: 1775140556 bytes, extractor created ? 1
E/NuPlayerRenderer( 2290): RNDR: dVA -198311 (dVAavg -186311), V 6540278033, A 6540476344, Asink 6540428288
I/NuPlayerDriver( 2290): notifyDuration: 0
E/FFmpegExtractor( 2290): ##### PKT Q DEBUG #####
E/FFmpegExtractor( 2290): Q[video, 0, 0]: dur 0, pkts 0, sz 0, 1st pts -9223372036854775808, lst pts -9223372036854775808
E/FFmpegExtractor( 2290): Q[audio, 1, 1]: dur 0, pkts 0, sz 0, 1st pts -9223372036854775808, lst pts -9223372036854775808
E/FFmpegExtractor( 2290): Q[subtitle, 2, 2]: dur 0, pkts 0, sz 0, 1st pts -9223372036854775808, lst pts -9223372036854775808
E/FFmpegExtractor( 2290): ff: mem descr: total size 0
V/UDPDataSource( 2290): total bytes: 1775376120, (in buf 10528)
E/NuPlayerRenderer( 2290): RNDR: dVA -182311 (dVAavg -192071), V 6540798033, A 6540980344, Asink 6540961792
E/UDPSource( 2290): in buffer: a[23, 13248] 552.000 ms, v[31, 409186] 1320.000 ms
E/UDPSource( 2290): in datasource: 1775526144 bytes, extractor created ? 1
E/NuPlayerRenderer( 2290): RNDR: dVA -254311 (dVAavg -188551), V 6541278033, A 6541532344, Asink 6541473792
I/NuPlayerDriver( 2290): notifyDuration: 0
E/FFmpegExtractor( 2290): ##### PKT Q DEBUG #####
E/FFmpegExtractor( 2290): Q[video, 0, 0]: dur 0, pkts 0, sz 0, 1st pts -9223372036854775808, lst pts -9223372036854775808
E/FFmpegExtractor( 2290): Q[audio, 1, 1]: dur 0, pkts 0, sz 0, 1st pts -9223372036854775808, lst pts -9223372036854775808
E/FFmpegExtractor( 2290): Q[subtitle, 2, 2]: dur 0, pkts 0, sz 0, 1st pts -9223372036854775808, lst pts -9223372036854775808
E/FFmpegExtractor( 2290): ff: mem descr: total size 0
D/HDMI-Controller( 2723): HDMIController::isSinkConnected: 1
D/        ( 2723):  enter hdmi_check_rx_sense
D/HDMI-Controller( 2723): HDMIController::checkRxSense: 0
E/NuPlayerRenderer( 2290): RNDR: dVA -166311 (dVAavg -192711), V 6541798033, A 6541964344, Asink 6541964288
E/UDPSource( 2290): in buffer: a[19, 10944] 456.000 ms, v[29, 386768] 1320.000 ms
E/UDPSource( 2290): in datasource: 1775911732 bytes, extractor created ? 1
E/NuPlayerRenderer( 2290): RNDR: dVA -214311 (dVAavg -192071), V 6542278033, A 6542492344, Asink 6542433792
I/NuPlayerDriver( 2290): notifyDuration: 0
E/FFmpegExtractor( 2290): ##### PKT Q DEBUG #####
E/FFmpegExtractor( 2290): Q[video, 0, 0]: dur 0, pkts 1, sz 13197, 1st pts 3613084581, lst pts 3613084581
E/FFmpegExtractor( 2290): Q[audio, 1, 1]: dur 0, pkts 0, sz 0, 1st pts -9223372036854775808, lst pts -9223372036854775808
E/FFmpegExtractor( 2290): Q[subtitle, 2, 2]: dur 0, pkts 0, sz 0, 1st pts -9223372036854775808, lst pts -9223372036854775808
E/FFmpegExtractor( 2290): ff: mem descr: total size 0
E/NuPlayerRenderer( 2290): RNDR: dVA -198311 (dVAavg -187591), V 6542798033, A 6542996344, Asink 6542966784
E/UDPSource( 2290): in buffer: a[18, 10368] 432.000 ms, v[26, 378409] 840.000 ms
E/UDPSource( 2290): in datasource: 1776296004 bytes, extractor created ? 1
D/UpdateService( 3122): Trying to update. isFirstStartUpdate: false
E/NuPlayerRenderer( 2290): RNDR: dVA -222311 (dVAavg -183431), V 6543278033, A 6543500344, Asink 6543457792
I/NuPlayerDriver( 2290): notifyDuration: 0
E/FFmpegExtractor( 2290): ##### PKT Q DEBUG #####
E/FFmpegExtractor( 2290): Q[video, 0, 0]: dur 0, pkts 1, sz 3709, 1st pts 3613170981, lst pts 3613170981
E/FFmpegExtractor( 2290): Q[audio, 1, 1]: dur 0, pkts 0, sz 0, 1st pts -9223372036854775808, lst pts -9223372036854775808
E/FFmpegExtractor( 2290): Q[subtitle, 2, 2]: dur 0, pkts 0, sz 0, 1st pts -9223372036854775808, lst pts -9223372036854775808
E/FFmpegExtractor( 2290): ff: mem descr: total size 0
E/NuPlayerRenderer( 2290): RNDR: dVA -158311 (dVAavg -182151), V 6543798033, A 6543956344, Asink 6543948288
E/UDPSource( 2290): in buffer: a[20, 11520] 480.000 ms, v[29, 335101] 1080.000 ms
E/UDPSource( 2290): in datasource: 1776681592 bytes, extractor created ? 1
E/NuPlayerRenderer( 2290): RNDR: dVA -182311 (dVAavg -190791), V 6544278033, A 6544460344, Asink 6544439296
I/NuPlayerDriver( 2290): notifyDuration: 0
E/FFmpegExtractor( 2290): ##### PKT Q DEBUG #####
E/FFmpegExtractor( 2290): Q[video, 0, 0]: dur 0, pkts 0, sz 0, 1st pts -9223372036854775808, lst pts -9223372036854775808
E/FFmpegExtractor( 2290): Q[audio, 1, 1]: dur 0, pkts 0, sz 0, 1st pts -9223372036854775808, lst pts -9223372036854775808
E/FFmpegExtractor( 2290): Q[subtitle, 2, 2]: dur 0, pkts 0, sz 0, 1st pts -9223372036854775808, lst pts -9223372036854775808
E/FFmpegExtractor( 2290): ff: mem descr: total size 0
E/NuPlayerRenderer( 2290): RNDR: dVA -214311 (dVAavg -185671), V 6544798033, A 6545012344, Asink 6544951296
E/UDPSource( 2290): in buffer: a[19, 10944] 456.000 ms, v[28, 365183] 1120.000 ms
E/UDPSource( 2290): in datasource: 1777065864 bytes, extractor created ? 1
E/NuPlayerRenderer( 2290): RNDR: dVA -238311 (dVAavg -189191), V 6545278033, A 6545516344, Asink 6545463296
I/NuPlayerDriver( 2290): notifyDuration: 0
E/FFmpegExtractor( 2290): ##### PKT Q DEBUG #####
E/FFmpegExtractor( 2290): Q[video, 0, 0]: dur 0, pkts 0, sz 0, 1st pts -9223372036854775808, lst pts -9223372036854775808
E/FFmpegExtractor( 2290): Q[audio, 1, 1]: dur 0, pkts 0, sz 0, 1st pts -9223372036854775808, lst pts -9223372036854775808
E/FFmpegExtractor( 2290): Q[subtitle, 2, 2]: dur 0, pkts 0, sz 0, 1st pts -9223372036854775808, lst pts -9223372036854775808
E/FFmpegExtractor( 2290): ff: mem descr: total size 0
V/UDPDataSource( 2290): total bytes: 1777301428, (in buf 19740)
E/NuPlayerRenderer( 2290): RNDR: dVA -174311 (dVAavg -190471), V 6545798033, A 6545972344, Asink 6545953792
E/UDPSource( 2290): in buffer: a[21, 12096] 504.000 ms, v[30, 413013] 1240.000 ms
E/UDPSource( 2290): in datasource: 1777450136 bytes, extractor created ? 1
E/NuPlayerRenderer( 2290): RNDR: dVA -198311 (dVAavg -190151), V 6546278033, A 6546476344, Asink 6546444288
I/NuPlayerDriver( 2290): notifyDuration: 0
E/FFmpegExtractor( 2290): ##### PKT Q DEBUG #####
E/FFmpegExtractor( 2290): Q[video, 0, 0]: dur 0, pkts 0, sz 0, 1st pts -9223372036854775808, lst pts -9223372036854775808
E/FFmpegExtractor( 2290): Q[audio, 1, 1]: dur 0, pkts 0, sz 0, 1st pts -9223372036854775808, lst pts -9223372036854775808
E/FFmpegExtractor( 2290): Q[subtitle, 2, 2]: dur 0, pkts 0, sz 0, 1st pts -9223372036854775808, lst pts -9223372036854775808
E/FFmpegExtractor( 2290): ff: mem descr: total size 0
E/NuPlayerRenderer( 2290): RNDR: dVA -206311 (dVAavg -194311), V 6546798033, A 6547004344, Asink 6546956288
E/UDPSource( 2290): in buffer: a[19, 10944] 456.000 ms, v[27, 346202] 920.000 ms
E/UDPSource( 2290): in datasource: 1777835724 bytes, extractor created ? 1
E/NuPlayerRenderer( 2290): RNDR: dVA -230311 (dVAavg -190151), V 6547278033, A 6547508344, Asink 6547468288
I/NuPlayerDriver( 2290): notifyDuration: 0
E/FFmpegExtractor( 2290): ##### PKT Q DEBUG #####
E/FFmpegExtractor( 2290): Q[video, 0, 0]: dur 0, pkts 0, sz 0, 1st pts -9223372036854775808, lst pts -9223372036854775808
E/FFmpegExtractor( 2290): Q[audio, 1, 1]: dur 0, pkts 0, sz 0, 1st pts -9223372036854775808, lst pts -9223372036854775808
E/FFmpegExtractor( 2290): Q[subtitle, 2, 2]: dur 0, pkts 0, sz 0, 1st pts -9223372036854775808, lst pts -9223372036854775808
E/FFmpegExtractor( 2290): ff: mem descr: total size 0
E/NuPlayerRenderer( 2290): RNDR: dVA -142311 (dVAavg -181511), V 6547798033, A 6547940344, Asink 6547958784
E/UDPSource( 2290): in buffer: a[21, 12096] 504.000 ms, v[31, 418079] 1360.000 ms
E/UDPSource( 2290): in datasource: 1778219996 bytes, extractor created ? 1
E/NuPlayerRenderer( 2290): RNDR: dVA -190311 (dVAavg -185991), V 6548278033, A 6548468344, Asink 6548449792
I/NuPlayerDriver( 2290): notifyDuration: 0
E/FFmpegExtractor( 2290): ##### PKT Q DEBUG #####
E/FFmpegExtractor( 2290): Q[video, 0, 0]: dur 0, pkts 0, sz 0, 1st pts -9223372036854775808, lst pts -9223372036854775808
E/FFmpegExtractor( 2290): Q[audio, 1, 1]: dur 0, pkts 1, sz 576, 1st pts 3613564669, lst pts 3613564669
E/FFmpegExtractor( 2290): Q[subtitle, 2, 2]: dur 0, pkts 0, sz 0, 1st pts -9223372036854775808, lst pts -9223372036854775808
E/FFmpegExtractor( 2290): ff: mem descr: total size 0
E/NuPlayerRenderer( 2290): RNDR: dVA -198311 (dVAavg -191431), V 6548798033, A 6548996344, Asink 6548961792
E/UDPSource( 2290): in buffer: a[20, 11520] 480.000 ms, v[28, 369711] 1120.000 ms
E/UDPSource( 2290): in datasource: 1778605584 bytes, extractor created ? 1
E/NuPlayerRenderer( 2290): RNDR: dVA -246311 (dVAavg -188231), V 6549278033, A 6549524344, Asink 6549473792
I/NuPlayerDriver( 2290): notifyDuration: 0
E/FFmpegExtractor( 2290): ##### PKT Q DEBUG #####
E/FFmpegExtractor( 2290): Q[video, 0, 0]: dur 0, pkts 0, sz 0, 1st pts -9223372036854775808, lst pts -9223372036854775808
E/FFmpegExtractor( 2290): Q[audio, 1, 1]: dur 0, pkts 0, sz 0, 1st pts -9223372036854775808, lst pts -9223372036854775808
E/FFmpegExtractor( 2290): Q[subtitle, 2, 2]: dur 0, pkts 0, sz 0, 1st pts -9223372036854775808, lst pts -9223372036854775808
E/FFmpegExtractor( 2290): ff: mem descr: total size 0
E/NuPlayerRenderer( 2290): RNDR: dVA -158311 (dVAavg -187271), V 6549798033, A 6549956344, Asink 6549964288
E/UDPSource( 2290): in buffer: a[22, 12672] 528.000 ms, v[27, 390314] 1040.000 ms
E/UDPSource( 2290): in datasource: 1778989856 bytes, extractor created ? 1
E/NuPlayerRenderer( 2290): RNDR: dVA -206311 (dVAavg -189191), V 6550278033, A 6550484344, Asink 6550433792
I/NuPlayerDriver( 2290): notifyDuration: 0
E/FFmpegExtractor( 2290): ##### PKT Q DEBUG #####
E/FFmpegExtractor( 2290): Q[video, 0, 0]: dur 0, pkts 0, sz 0, 1st pts -9223372036854775808, lst pts -9223372036854775808
E/FFmpegExtractor( 2290): Q[audio, 1, 1]: dur 0, pkts 1, sz 576, 1st pts 3613746109, lst pts 3613746109
E/FFmpegExtractor( 2290): Q[subtitle, 2, 2]: dur 0, pkts 0, sz 0, 1st pts -9223372036854775808, lst pts -9223372036854775808
E/FFmpegExtractor( 2290): ff: mem descr: total size 0
V/UDPDataSource( 2290): total bytes: 1779226736, (in buf 31584)
E/NuPlayerRenderer( 2290): RNDR: dVA -214311 (dVAavg -193351), V 6550798033, A 6551012344, Asink 6550967296
E/UDPSource( 2290): in buffer: a[20, 11520] 480.000 ms, v[24, 340522] 960.000 ms
E/UDPSource( 2290): in datasource: 1779375444 bytes, extractor created ? 1
E/NuPlayerRenderer( 2290): RNDR: dVA -166311 (dVAavg -195271), V 6551278033, A 6551444344, Asink 6551436288
I/NuPlayerDriver( 2290): notifyDuration: 0
E/FFmpegExtractor( 2290): ##### PKT Q DEBUG #####
E/FFmpegExtractor( 2290): Q[video, 0, 0]: dur 0, pkts 0, sz 0, 1st pts -9223372036854775808, lst pts -9223372036854775808
E/FFmpegExtractor( 2290): Q[audio, 1, 1]: dur 0, pkts 1, sz 576, 1st pts 3613836829, lst pts 3613836829
E/FFmpegExtractor( 2290): Q[subtitle, 2, 2]: dur 0, pkts 0, sz 0, 1st pts -9223372036854775808, lst pts -9223372036854775808
E/FFmpegExtractor( 2290): ff: mem descr: total size 0
D/HDMI-Controller( 2723): HDMIController::isSinkConnected: 1
D/        ( 2723):  enter hdmi_check_rx_sense
D/HDMI-Controller( 2723): HDMIController::checkRxSense: 0
E/NuPlayerRenderer( 2290): RNDR: dVA -150311 (dVAavg -188231), V 6551798033, A 6551948344, Asink 6551969792
E/UDPSource( 2290): in buffer: a[23, 13248] 552.000 ms, v[29, 332837] 1080.000 ms
E/UDPSource( 2290): in datasource: 1779759716 bytes, extractor created ? 1
E/NuPlayerRenderer( 2290): RNDR: dVA -222311 (dVAavg -189831), V 6552278033, A 6552500344, Asink 6552438784
I/NuPlayerDriver( 2290): notifyDuration: 0
E/FFmpegExtractor( 2290): ##### PKT Q DEBUG #####
E/FFmpegExtractor( 2290): Q[video, 0, 0]: dur 0, pkts 0, sz 0, 1st pts -9223372036854775808, lst pts -9223372036854775808
E/FFmpegExtractor( 2290): Q[audio, 1, 1]: dur 0, pkts 1, sz 576, 1st pts 3613927549, lst pts 3613927549
E/FFmpegExtractor( 2290): Q[subtitle, 2, 2]: dur 0, pkts 0, sz 0, 1st pts -9223372036854775808, lst pts -9223372036854775808
E/FFmpegExtractor( 2290): ff: mem descr: total size 0
E/NuPlayerRenderer( 2290): RNDR: dVA -206311 (dVAavg -194311), V 6552798033, A 6553004344, Asink 6552950784
E/UDPSource( 2290): in buffer: a[21, 12096] 504.000 ms, v[30, 367189] 1400.000 ms
E/UDPSource( 2290): in datasource: 1780146620 bytes, extractor created ? 1
E/NuPlayerRenderer( 2290): RNDR: dVA -190311 (dVAavg -185991), V 6553318033, A 6553508344, Asink 6553484288
I/NuPlayerDriver( 2290): notifyDuration: 0
E/FFmpegExtractor( 2290): ##### PKT Q DEBUG #####
E/FFmpegExtractor( 2290): Q[video, 0, 0]: dur 0, pkts 0, sz 0, 1st pts -9223372036854775808, lst pts -9223372036854775808
E/FFmpegExtractor( 2290): Q[audio, 1, 1]: dur 0, pkts 0, sz 0, 1st pts -9223372036854775808, lst pts -9223372036854775808
E/FFmpegExtractor( 2290): Q[subtitle, 2, 2]: dur 0, pkts 0, sz 0, 1st pts -9223372036854775808, lst pts -9223372036854775808
E/FFmpegExtractor( 2290): ff: mem descr: total size 0
E/NuPlayerRenderer( 2290): RNDR: dVA -166311 (dVAavg -188871), V 6553798033, A 6553964344, Asink 6553953792
E/UDPSource( 2290): in buffer: a[23, 13248] 552.000 ms, v[31, 402015] 1200.000 ms
E/UDPSource( 2290): in datasource: 1780530892 bytes, extractor created ? 1
E/NuPlayerRenderer( 2290): RNDR: dVA -150311 (dVAavg -194631), V 6554318033, A 6554468344, Asink 6554486784
I/NuPlayerDriver( 2290): notifyDuration: 0
E/FFmpegExtractor( 2290): ##### PKT Q DEBUG #####
E/FFmpegExtractor( 2290): Q[video, 0, 0]: dur 0, pkts 0, sz 0, 1st pts -9223372036854775808, lst pts -9223372036854775808
E/FFmpegExtractor( 2290): Q[audio, 1, 1]: dur 0, pkts 0, sz 0, 1st pts -9223372036854775808, lst pts -9223372036854775808
E/FFmpegExtractor( 2290): Q[subtitle, 2, 2]: dur 0, pkts 0, sz 0, 1st pts -9223372036854775808, lst pts -9223372036854775808
E/FFmpegExtractor( 2290): ff: mem descr: total size 0
E/NuPlayerRenderer( 2290): RNDR: dVA -198311 (dVAavg -182471), V 6554798033, A 6554996344, Asink 6554956288
E/UDPSource( 2290): in buffer: a[21, 12096] 504.000 ms, v[31, 378659] 1080.000 ms
E/UDPSource( 2290): in datasource: 1780915164 bytes, extractor created ? 1
E/NuPlayerRenderer( 2290): RNDR: dVA -206311 (dVAavg -190471), V 6555318033, A 6555524344, Asink 6555489792
I/NuPlayerDriver( 2290): notifyDuration: 0
E/FFmpegExtractor( 2290): ##### PKT Q DEBUG #####
E/FFmpegExtractor( 2290): Q[video, 0, 0]: dur 0, pkts 0, sz 0, 1st pts -9223372036854775808, lst pts -9223372036854775808
E/FFmpegExtractor( 2290): Q[audio, 1, 1]: dur 0, pkts 0, sz 0, 1st pts -9223372036854775808, lst pts -9223372036854775808
E/FFmpegExtractor( 2290): Q[subtitle, 2, 2]: dur 0, pkts 0, sz 0, 1st pts -9223372036854775808, lst pts -9223372036854775808
E/FFmpegExtractor( 2290): ff: mem descr: total size 0
V/UDPDataSource( 2290): total bytes: 1781150728, (in buf 2632)
D/dalvikvm( 2898): GC_CONCURRENT freed 2033K, 29% free 5834K/8168K, paused 4ms+4ms, total 46ms
E/NuPlayerRenderer( 2290): RNDR: dVA -158311 (dVAavg -185991), V 6555798033, A 6555956344, Asink 6555959296
E/UDPSource( 2290): in buffer: a[18, 10368] 432.000 ms, v[29, 378809] 1080.000 ms
E/UDPSource( 2290): in datasource: 1781299436 bytes, extractor created ? 1
E/NuPlayerRenderer( 2290): RNDR: dVA -166311 (dVAavg -190151), V 6556318033, A 6556484344, Asink 6556471296
I/NuPlayerDriver( 2290): notifyDuration: 0
E/FFmpegExtractor( 2290): ##### PKT Q DEBUG #####
E/FFmpegExtractor( 2290): Q[video, 0, 0]: dur 0, pkts 0, sz 0, 1st pts -9223372036854775808, lst pts -9223372036854775808
E/FFmpegExtractor( 2290): Q[audio, 1, 1]: dur 0, pkts 0, sz 0, 1st pts -9223372036854775808, lst pts -9223372036854775808
E/FFmpegExtractor( 2290): Q[subtitle, 2, 2]: dur 0, pkts 0, sz 0, 1st pts -9223372036854775808, lst pts -9223372036854775808
E/FFmpegExtractor( 2290): ff: mem descr: total size 0
E/NuPlayerRenderer( 2290): RNDR: dVA -190311 (dVAavg -187271), V 6556798033, A 6556988344, Asink 6556961792
E/UDPSource( 2290): in buffer: a[17, 9792] 408.000 ms, v[24, 378062] 960.000 ms
E/UDPSource( 2290): in datasource: 1781685024 bytes, extractor created ? 1
E/NuPlayerRenderer( 2290): RNDR: dVA -174311 (dVAavg -184071), V 6557318033, A 6557492344, Asink 6557473792
I/NuPlayerDriver( 2290): notifyDuration: 0
E/FFmpegExtractor( 2290): ##### PKT Q DEBUG #####
E/FFmpegExtractor( 2290): Q[video, 0, 0]: dur 0, pkts 0, sz 0, 1st pts -9223372036854775808, lst pts -9223372036854775808
E/FFmpegExtractor( 2290): Q[audio, 1, 1]: dur 0, pkts 0, sz 0, 1st pts -9223372036854775808, lst pts -9223372036854775808
E/FFmpegExtractor( 2290): Q[subtitle, 2, 2]: dur 0, pkts 0, sz 0, 1st pts -9223372036854775808, lst pts -9223372036854775808
E/FFmpegExtractor( 2290): ff: mem descr: total size 0
E/NuPlayerRenderer( 2290): RNDR: dVA -150311 (dVAavg -183111), V 6557798033, A 6557948344, Asink 6557964288
E/UDPSource( 2290): in buffer: a[19, 10944] 456.000 ms, v[27, 320142] 1040.000 ms
E/UDPSource( 2290): in datasource: 1782070612 bytes, extractor created ? 1
E/NuPlayerRenderer( 2290): RNDR: dVA -158311 (dVAavg -185991), V 6558318033, A 6558476344, Asink 6558476288
I/NuPlayerDriver( 2290): notifyDuration: 0
E/FFmpegExtractor( 2290): ##### PKT Q DEBUG #####
E/FFmpegExtractor( 2290): Q[video, 0, 0]: dur 0, pkts 0, sz 0, 1st pts -9223372036854775808, lst pts -9223372036854775808
E/FFmpegExtractor( 2290): Q[audio, 1, 1]: dur 0, pkts 0, sz 0, 1st pts -9223372036854775808, lst pts -9223372036854775808
E/FFmpegExtractor( 2290): Q[subtitle, 2, 2]: dur 0, pkts 0, sz 0, 1st pts -9223372036854775808, lst pts -9223372036854775808
E/FFmpegExtractor( 2290): ff: mem descr: total size 0
E/NuPlayerRenderer( 2290): RNDR: dVA -206311 (dVAavg -191751), V 6558798033, A 6559004344, Asink 6558966784
E/UDPSource( 2290): in buffer: a[18, 10368] 432.000 ms, v[26, 313709] 840.000 ms
E/UDPSource( 2290): in datasource: 1782456200 bytes, extractor created ? 1
E/NuPlayerRenderer( 2290): RNDR: dVA -214311 (dVAavg -192071), V 6559318033, A 6559532344, Asink 6559478784
I/NuPlayerDriver( 2290): notifyDuration: 0
E/FFmpegExtractor( 2290): ##### PKT Q DEBUG #####
E/FFmpegExtractor( 2290): Q[video, 0, 0]: dur 0, pkts 0, sz 0, 1st pts -9223372036854775808, lst pts -9223372036854775808
E/FFmpegExtractor( 2290): Q[audio, 1, 1]: dur 0, pkts 0, sz 0, 1st pts -9223372036854775808, lst pts -9223372036854775808
E/FFmpegExtractor( 2290): Q[subtitle, 2, 2]: dur 0, pkts 0, sz 0, 1st pts -9223372036854775808, lst pts -9223372036854775808
E/FFmpegExtractor( 2290): ff: mem descr: total size 0
E/NuPlayerRenderer( 2290): RNDR: dVA -166311 (dVAavg -190151), V 6559798033, A 6559964344, Asink 6559969792
E/UDPSource( 2290): in buffer: a[19, 10944] 456.000 ms, v[25, 306504] 920.000 ms
E/UDPSource( 2290): in datasource: 1782840472 bytes, extractor created ? 1
E/NuPlayerRenderer( 2290): RNDR: dVA -174311 (dVAavg -196871), V 6560318033, A 6560492344, Asink 6560481792
I/NuPlayerDriver( 2290): notifyDuration: 0
E/FFmpegExtractor( 2290): ##### PKT Q DEBUG #####
E/FFmpegExtractor( 2290): Q[video, 0, 0]: dur 0, pkts 1, sz 31089, 1st pts 3614758581, lst pts 3614758581
E/FFmpegExtractor( 2290): Q[audio, 1, 1]: dur 0, pkts 0, sz 0, 1st pts -9223372036854775808, lst pts -9223372036854775808
E/FFmpegExtractor( 2290): Q[subtitle, 2, 2]: dur 0, pkts 0, sz 0, 1st pts -9223372036854775808, lst pts -9223372036854775808
E/FFmpegExtractor( 2290): ff: mem descr: total size 0
V/UDPDataSource( 2290): total bytes: 1783074720, (in buf 13160)
E/NuPlayerRenderer( 2290): RNDR: dVA -198311 (dVAavg -193991), V 6560798033, A 6560996344, Asink 6560951296
E/UDPSource( 2290): in buffer: a[17, 9792] 408.000 ms, v[28, 369107] 1120.000 ms
E/UDPSource( 2290): in datasource: 1783224744 bytes, extractor created ? 1
E/NuPlayerRenderer( 2290): RNDR: dVA -206311 (dVAavg -191751), V 6561318033, A 6561524344, Asink 6561484288
I/NuPlayerDriver( 2290): notifyDuration: 0
D/HDMI-Controller( 2723): HDMIController::isSinkConnected: 1
D/        ( 2723):  enter hdmi_check_rx_sense
D/HDMI-Controller( 2723): HDMIController::checkRxSense: 0
E/FFmpegExtractor( 2290): ##### PKT Q DEBUG #####
E/FFmpegExtractor( 2290): Q[video, 0, 0]: dur 0, pkts 0, sz 0, 1st pts -9223372036854775808, lst pts -9223372036854775808
E/FFmpegExtractor( 2290): Q[audio, 1, 1]: dur 0, pkts 0, sz 0, 1st pts -9223372036854775808, lst pts -9223372036854775808
E/FFmpegExtractor( 2290): Q[subtitle, 2, 2]: dur 0, pkts 0, sz 0, 1st pts -9223372036854775808, lst pts -9223372036854775808
E/FFmpegExtractor( 2290): ff: mem descr: total size 0
E/NuPlayerRenderer( 2290): RNDR: dVA -158311 (dVAavg -193671), V 6561798033, A 6561956344, Asink 6561953792
E/UDPSource( 2290): in buffer: a[19, 10944] 456.000 ms, v[29, 413380] 1320.000 ms
E/UDPSource( 2290): in datasource: 1783609016 bytes, extractor created ? 1
E/FFmpegExtractor( 2290): (clbk) fetching ttx page 100
E/FFmpegExtractor( 2290): put ttx pkt: pts 3614809336, size 8924 (total 8924 bytes, 1 pkts, 0 us)
V/FFmpegExtractor( 2290): drop obsolete subtitle(2:2) packet 40164548177 < 40165304233
E/NuPlayerRenderer( 2290): RNDR: dVA -166311 (dVAavg -188871), V 6562318033, A 6562484344, Asink 6562487296
I/NuPlayerDriver( 2290): notifyDuration: 0
E/FFmpegExtractor( 2290): ##### PKT Q DEBUG #####
E/FFmpegExtractor( 2290): Q[video, 0, 0]: dur 0, pkts 1, sz 4289, 1st pts 3614913381, lst pts 3614913381
E/FFmpegExtractor( 2290): Q[audio, 1, 1]: dur 0, pkts 0, sz 0, 1st pts -9223372036854775808, lst pts -9223372036854775808
E/FFmpegExtractor( 2290): Q[subtitle, 2, 2]: dur 0, pkts 0, sz 0, 1st pts -9223372036854775808, lst pts -9223372036854775808
E/FFmpegExtractor( 2290): ff: mem descr: total size 0
E/NuPlayerRenderer( 2290): RNDR: dVA -214311 (dVAavg -189511), V 6562798033, A 6563012344, Asink 6562956288
E/UDPSource( 2290): in buffer: a[18, 10368] 432.000 ms, v[26, 345997] 840.000 ms
E/UDPSource( 2290): in datasource: 1783994604 bytes, extractor created ? 1
D/UpdateService( 3122): Trying to update. isFirstStartUpdate: false
E/NuPlayerRenderer( 2290): RNDR: dVA -222311 (dVAavg -183431), V 6563318033, A 6563540344, Asink 6563489792
I/NuPlayerDriver( 2290): notifyDuration: 0
E/FFmpegExtractor( 2290): ##### PKT Q DEBUG #####
E/FFmpegExtractor( 2290): Q[video, 0, 0]: dur 0, pkts 1, sz 76197, 1st pts 3615017781, lst pts 3615017781
E/FFmpegExtractor( 2290): Q[audio, 1, 1]: dur 0, pkts 0, sz 0, 1st pts -9223372036854775808, lst pts -9223372036854775808
E/FFmpegExtractor( 2290): Q[subtitle, 2, 2]: dur 0, pkts 0, sz 0, 1st pts -9223372036854775808, lst pts -9223372036854775808
E/FFmpegExtractor( 2290): ff: mem descr: total size 0
E/NuPlayerRenderer( 2290): RNDR: dVA -174311 (dVAavg -193031), V 6563798033, A 6563972344, Asink 6563958784
E/UDPSource( 2290): in buffer: a[20, 11520] 480.000 ms, v[28, 364303] 1120.000 ms
E/UDPSource( 2290): in datasource: 1784378876 bytes, extractor created ? 1
E/NuPlayerRenderer( 2290): RNDR: dVA -182311 (dVAavg -188231), V 6564318033, A 6564500344, Asink 6564470784
I/NuPlayerDriver( 2290): notifyDuration: 0
E/FFmpegExtractor( 2290): ##### PKT Q DEBUG #####
E/FFmpegExtractor( 2290): Q[video, 0, 0]: dur 0, pkts 1, sz 46297, 1st pts 3615118581, lst pts 3615118581
E/FFmpegExtractor( 2290): Q[audio, 1, 1]: dur 0, pkts 0, sz 0, 1st pts -9223372036854775808, lst pts -9223372036854775808
E/FFmpegExtractor( 2290): Q[subtitle, 2, 2]: dur 0, pkts 0, sz 0, 1st pts -9223372036854775808, lst pts -9223372036854775808
E/FFmpegExtractor( 2290): ff: mem descr: total size 0
E/NuPlayerRenderer( 2290): RNDR: dVA -206311 (dVAavg -193031), V 6564798033, A 6565004344, Asink 6564961792
E/UDPSource( 2290): in buffer: a[18, 10368] 432.000 ms, v[28, 360519] 1120.000 ms
E/UDPSource( 2290): in datasource: 1784764464 bytes, extractor created ? 1
E/NuPlayerRenderer( 2290): RNDR: dVA -142311 (dVAavg -191751), V 6565318033, A 6565460344, Asink 6565473792
I/NuPlayerDriver( 2290): notifyDuration: 0
V/UDPDataSource( 2290): total bytes: 1784998712, (in buf 25004)
E/FFmpegExtractor( 2290): ##### PKT Q DEBUG #####
E/FFmpegExtractor( 2290): Q[video, 0, 0]: dur 0, pkts 1, sz 13177, 1st pts 3615201381, lst pts 3615201381
E/FFmpegExtractor( 2290): Q[audio, 1, 1]: dur 0, pkts 0, sz 0, 1st pts -9223372036854775808, lst pts -9223372036854775808
E/FFmpegExtractor( 2290): Q[subtitle, 2, 2]: dur 0, pkts 0, sz 0, 1st pts -9223372036854775808, lst pts -9223372036854775808
E/FFmpegExtractor( 2290): ff: mem descr: total size 0
E/NuPlayerRenderer( 2290): RNDR: dVA -166311 (dVAavg -193991), V 6565798033, A 6565964344, Asink 6565964288
E/UDPSource( 2290): in buffer: a[20, 11520] 480.000 ms, v[27, 355938] 1040.000 ms
E/UDPSource( 2290): in datasource: 1785150052 bytes, extractor created ? 1
E/NuPlayerRenderer( 2290): RNDR: dVA -198311 (dVAavg -190151), V 6566318033, A 6566516344, Asink 6566476288
I/NuPlayerDriver( 2290): notifyDuration: 0
E/FFmpegExtractor( 2290): ##### PKT Q DEBUG #####
E/FFmpegExtractor( 2290): Q[video, 0, 0]: dur 0, pkts 0, sz 0, 1st pts -9223372036854775808, lst pts -9223372036854775808
E/FFmpegExtractor( 2290): Q[audio, 1, 1]: dur 0, pkts 0, sz 0, 1st pts -9223372036854775808, lst pts -9223372036854775808
E/FFmpegExtractor( 2290): Q[subtitle, 2, 2]: dur 0, pkts 0, sz 0, 1st pts -9223372036854775808, lst pts -9223372036854775808
E/FFmpegExtractor( 2290): ff: mem descr: total size 0
E/NuPlayerRenderer( 2290): RNDR: dVA -246311 (dVAavg -186951), V 6566798033, A 6567044344, Asink 6566988288
E/UDPSource( 2290): in buffer: a[21, 12096] 504.000 ms, v[26, 336305] 840.000 ms
E/UDPSource( 2290): in datasource: 1785534324 bytes, extractor created ? 1
E/NuPlayerRenderer( 2290): RNDR: dVA -158311 (dVAavg -183431), V 6567318033, A 6567476344, Asink 6567479296
I/NuPlayerDriver( 2290): notifyDuration: 0
E/FFmpegExtractor( 2290): ##### PKT Q DEBUG #####
E/FFmpegExtractor( 2290): Q[video, 0, 0]: dur 0, pkts 0, sz 0, 1st pts -9223372036854775808, lst pts -9223372036854775808
E/FFmpegExtractor( 2290): Q[audio, 1, 1]: dur 0, pkts 0, sz 0, 1st pts -9223372036854775808, lst pts -9223372036854775808
E/FFmpegExtractor( 2290): Q[subtitle, 2, 2]: dur 0, pkts 0, sz 0, 1st pts -9223372036854775808, lst pts -9223372036854775808
E/FFmpegExtractor( 2290): ff: mem descr: total size 0
E/NuPlayerRenderer( 2290): RNDR: dVA -206311 (dVAavg -190471), V 6567798033, A 6568004344, Asink 6567969792
E/UDPSource( 2290): in buffer: a[20, 11520] 480.000 ms, v[29, 382565] 1080.000 ms
E/UDPSource( 2290): in datasource: 1785919912 bytes, extractor created ? 1
E/NuPlayerRenderer( 2290): RNDR: dVA -190311 (dVAavg -192391), V 6568318033, A 6568508344, Asink 6568481792
I/NuPlayerDriver( 2290): notifyDuration: 0
E/FFmpegExtractor( 2290): ##### PKT Q DEBUG #####
E/FFmpegExtractor( 2290): Q[video, 0, 0]: dur 0, pkts 0, sz 0, 1st pts -9223372036854775808, lst pts -9223372036854775808
E/FFmpegExtractor( 2290): Q[audio, 1, 1]: dur 0, pkts 0, sz 0, 1st pts -9223372036854775808, lst pts -9223372036854775808
E/FFmpegExtractor( 2290): Q[subtitle, 2, 2]: dur 0, pkts 0, sz 0, 1st pts -9223372036854775808, lst pts -9223372036854775808
E/FFmpegExtractor( 2290): ff: mem descr: total size 0
E/NuPlayerRenderer( 2290): RNDR: dVA -166311 (dVAavg -186311), V 6568798033, A 6568964344, Asink 6568950784
E/UDPSource( 2290): in buffer: a[22, 12672] 528.000 ms, v[28, 369647] 1120.000 ms
E/UDPSource( 2290): in datasource: 1786304184 bytes, extractor created ? 1
E/NuPlayerRenderer( 2290): RNDR: dVA -150311 (dVAavg -192071), V 6569318033, A 6569468344, Asink 6569484288
I/NuPlayerDriver( 2290): notifyDuration: 0
E/FFmpegExtractor( 2290): ##### PKT Q DEBUG #####
E/FFmpegExtractor( 2290): Q[video, 0, 0]: dur 0, pkts 1, sz 17441, 1st pts 3615572181, lst pts 3615572181
E/FFmpegExtractor( 2290): Q[audio, 1, 1]: dur 0, pkts 0, sz 0, 1st pts -9223372036854775808, lst pts -9223372036854775808
E/FFmpegExtractor( 2290): Q[subtitle, 2, 2]: dur 0, pkts 0, sz 0, 1st pts -9223372036854775808, lst pts -9223372036854775808
E/FFmpegExtractor( 2290): ff: mem descr: total size 0
E/NuPlayerRenderer( 2290): RNDR: dVA -198311 (dVAavg -188871), V 6569798033, A 6569996344, Asink 6569953792
E/UDPSource( 2290): in buffer: a[15, 8640] 360.000 ms, v[29, 382140] 1320.000 ms
E/UDPSource( 2290): in datasource: 1786689772 bytes, extractor created ? 1
E/NuPlayerRenderer( 2290): RNDR: dVA -206311 (dVAavg -190471), V 6570318033, A 6570524344, Asink 6570486784
I/NuPlayerDriver( 2290): notifyDuration: 0
V/UDPDataSource( 2290): total bytes: 1786924020, (in buf 34216)
E/FFmpegExtractor( 2290): ##### PKT Q DEBUG #####
E/FFmpegExtractor( 2290): Q[video, 0, 0]: dur 0, pkts 1, sz 4105, 1st pts 3615647781, lst pts 3615647781
E/FFmpegExtractor( 2290): Q[audio, 1, 1]: dur 0, pkts 0, sz 0, 1st pts -9223372036854775808, lst pts -9223372036854775808
E/FFmpegExtractor( 2290): Q[subtitle, 2, 2]: dur 0, pkts 0, sz 0, 1st pts -9223372036854775808, lst pts -9223372036854775808
E/FFmpegExtractor( 2290): ff: mem descr: total size 0
E/NuPlayerRenderer( 2290): RNDR: dVA -158311 (dVAavg -188551), V 6570798033, A 6570956344, Asink 6570956288
E/UDPSource( 2290): in buffer: a[17, 9792] 408.000 ms, v[28, 363723] 1120.000 ms
E/UDPSource( 2290): in datasource: 1787074044 bytes, extractor created ? 1
E/NuPlayerRenderer( 2290): RNDR: dVA -166311 (dVAavg -190151), V 6571318033, A 6571484344, Asink 6571489792
I/NuPlayerDriver( 2290): notifyDuration: 0
D/HDMI-Controller( 2723): HDMIController::isSinkConnected: 1
D/        ( 2723):  enter hdmi_check_rx_sense
D/HDMI-Controller( 2723): HDMIController::checkRxSense: 0
E/FFmpegExtractor( 2290): ##### PKT Q DEBUG #####
E/FFmpegExtractor( 2290): Q[video, 0, 0]: dur 0, pkts 0, sz 0, 1st pts -9223372036854775808, lst pts -9223372036854775808
E/FFmpegExtractor( 2290): Q[audio, 1, 1]: dur 0, pkts 0, sz 0, 1st pts -9223372036854775808, lst pts -9223372036854775808
E/FFmpegExtractor( 2290): Q[subtitle, 2, 2]: dur 0, pkts 0, sz 0, 1st pts -9223372036854775808, lst pts -9223372036854775808
E/FFmpegExtractor( 2290): ff: mem descr: total size 0
E/NuPlayerRenderer( 2290): RNDR: dVA -214311 (dVAavg -197191), V 6571798033, A 6572012344, Asink 6571959296
E/UDPSource( 2290): in buffer: a[15, 8640] 360.000 ms, v[25, 373392] 920.000 ms
E/UDPSource( 2290): in datasource: 1787459632 bytes, extractor created ? 1
E/NuPlayerRenderer( 2290): RNDR: dVA -198311 (dVAavg -193991), V 6572318033, A 6572516344, Asink 6572471296
I/NuPlayerDriver( 2290): notifyDuration: 0
E/NuPlayerRenderer( 2290): RNDR: dVA -174311 (dVAavg -194311), V 6572798033, A 6572972344, Asink 6572961792
E/FFmpegExtractor( 2290): ##### PKT Q DEBUG #####
E/FFmpegExtractor( 2290): Q[video, 0, 0]: dur 0, pkts 0, sz 0, 1st pts -9223372036854775808, lst pts -9223372036854775808
E/FFmpegExtractor( 2290): Q[audio, 1, 1]: dur 0, pkts 1, sz 576, 1st pts 3615754909, lst pts 3615754909
E/FFmpegExtractor( 2290): Q[subtitle, 2, 2]: dur 0, pkts 0, sz 0, 1st pts -9223372036854775808, lst pts -9223372036854775808
E/FFmpegExtractor( 2290): ff: mem descr: total size 0
E/UDPSource( 2290): in buffer: a[23, 13248] 552.000 ms, v[27, 330874] 1040.000 ms
E/UDPSource( 2290): in datasource: 1787845220 bytes, extractor created ? 1
E/NuPlayerRenderer( 2290): RNDR: dVA -182311 (dVAavg -194631), V 6573318033, A 6573500344, Asink 6573473792
I/NuPlayerDriver( 2290): notifyDuration: 0
E/NuPlayerRenderer( 2290): RNDR: dVA -206311 (dVAavg -191751), V 6573798033, A 6574004344, Asink 6573964288
E/FFmpegExtractor( 2290): ##### PKT Q DEBUG #####
E/FFmpegExtractor( 2290): Q[video, 0, 0]: dur 0, pkts 0, sz 0, 1st pts -9223372036854775808, lst pts -9223372036854775808
E/FFmpegExtractor( 2290): Q[audio, 1, 1]: dur 0, pkts 1, sz 576, 1st pts 3615845629, lst pts 3615845629
E/FFmpegExtractor( 2290): Q[subtitle, 2, 2]: dur 0, pkts 0, sz 0, 1st pts -9223372036854775808, lst pts -9223372036854775808
E/FFmpegExtractor( 2290): ff: mem descr: total size 0
E/UDPSource( 2290): in buffer: a[21, 12096] 504.000 ms, v[28, 348991] 1120.000 ms
E/UDPSource( 2290): in datasource: 1788229492 bytes, extractor created ? 1
E/NuPlayerRenderer( 2290): RNDR: dVA -142311 (dVAavg -189191), V 6574318033, A 6574460344, Asink 6574476288
I/NuPlayerDriver( 2290): notifyDuration: 0
E/NuPlayerRenderer( 2290): RNDR: dVA -166311 (dVAavg -197831), V 6574798033, A 6574964344, Asink 6574966784
E/FFmpegExtractor( 2290): ##### PKT Q DEBUG #####
E/FFmpegExtractor( 2290): Q[video, 0, 0]: dur 0, pkts 0, sz 0, 1st pts -9223372036854775808, lst pts -9223372036854775808
E/FFmpegExtractor( 2290): Q[audio, 1, 1]: dur 0, pkts 0, sz 0, 1st pts -9223372036854775808, lst pts -9223372036854775808
E/FFmpegExtractor( 2290): Q[subtitle, 2, 2]: dur 0, pkts 0, sz 0, 1st pts -9223372036854775808, lst pts -9223372036854775808
E/FFmpegExtractor( 2290): ff: mem descr: total size 0
E/UDPSource( 2290): in buffer: a[24, 13824] 576.000 ms, v[26, 368953] 1000.000 ms
E/UDPSource( 2290): in datasource: 1788613764 bytes, extractor created ? 1
E/NuPlayerRenderer( 2290): RNDR: dVA -198311 (dVAavg -192711), V 6575318033, A 6575516344, Asink 6575478784
I/NuPlayerDriver( 2290): notifyDuration: 0
V/UDPDataSource( 2290): total bytes: 1788848012, (in buf 7896)
E/NuPlayerRenderer( 2290): RNDR: dVA -222311 (dVAavg -189831), V 6575798033, A 6576020344, Asink 6575969792
E/FFmpegExtractor( 2290): ##### PKT Q DEBUG #####
E/FFmpegExtractor( 2290): Q[video, 0, 0]: dur 0, pkts 1, sz 6861, 1st pts 3616119381, lst pts 3616119381
E/FFmpegExtractor( 2290): Q[audio, 1, 1]: dur 0, pkts 0, sz 0, 1st pts -9223372036854775808, lst pts -9223372036854775808
E/FFmpegExtractor( 2290): Q[subtitle, 2, 2]: dur 0, pkts 0, sz 0, 1st pts -9223372036854775808, lst pts -9223372036854775808
E/FFmpegExtractor( 2290): ff: mem descr: total size 0
E/UDPSource( 2290): in buffer: a[18, 10368] 432.000 ms, v[28, 315755] 1120.000 ms
E/UDPSource( 2290): in datasource: 1788998036 bytes, extractor created ? 1
E/NuPlayerRenderer( 2290): RNDR: dVA -158311 (dVAavg -183431), V 6576318033, A 6576476344, Asink 6576481792
I/NuPlayerDriver( 2290): notifyDuration: 0
E/NuPlayerRenderer( 2290): RNDR: dVA -182311 (dVAavg -186951), V 6576798033, A 6576980344, Asink 6576951296
E/FFmpegExtractor( 2290): ##### PKT Q DEBUG #####
E/FFmpegExtractor( 2290): Q[video, 0, 0]: dur 0, pkts 0, sz 0, 1st pts -9223372036854775808, lst pts -9223372036854775808
E/FFmpegExtractor( 2290): Q[audio, 1, 1]: dur 0, pkts 0, sz 0, 1st pts -9223372036854775808, lst pts -9223372036854775808
E/FFmpegExtractor( 2290): Q[subtitle, 2, 2]: dur 0, pkts 0, sz 0, 1st pts -9223372036854775808, lst pts -9223372036854775808
E/FFmpegExtractor( 2290): ff: mem descr: total size 0
E/UDPSource( 2290): in buffer: a[17, 9792] 408.000 ms, v[27, 375982] 1040.000 ms
E/UDPSource( 2290): in datasource: 1789383624 bytes, extractor created ? 1
E/NuPlayerRenderer( 2290): RNDR: dVA -190311 (dVAavg -189831), V 6577318033, A 6577508344, Asink 6577484288
I/NuPlayerDriver( 2290): notifyDuration: 0
E/NuPlayerRenderer( 2290): RNDR: dVA -238311 (dVAavg -189191), V 6577798033, A 6578036344, Asink 6577975296
E/FFmpegExtractor( 2290): ##### PKT Q DEBUG #####
E/FFmpegExtractor( 2290): Q[video, 0, 0]: dur 0, pkts 0, sz 0, 1st pts -9223372036854775808, lst pts -9223372036854775808
E/FFmpegExtractor( 2290): Q[audio, 1, 1]: dur 0, pkts 0, sz 0, 1st pts -9223372036854775808, lst pts -9223372036854775808
E/FFmpegExtractor( 2290): Q[subtitle, 2, 2]: dur 0, pkts 0, sz 0, 1st pts -9223372036854775808, lst pts -9223372036854775808
E/FFmpegExtractor( 2290): ff: mem descr: total size 0
E/UDPSource( 2290): in buffer: a[16, 9216] 384.000 ms, v[28, 337639] 1120.000 ms
E/UDPSource( 2290): in datasource: 1789769212 bytes, extractor created ? 1
E/NuPlayerRenderer( 2290): RNDR: dVA -150311 (dVAavg -185671), V 6578318033, A 6578468344, Asink 6578487296
I/NuPlayerDriver( 2290): notifyDuration: 0
