E/FFmpegExtractor( 2290): Q[video, 0, 0]: dur 0, pkts 0, sz 0, 1st pts -9223372036854775808, lst pts -9223372036854775808
E/FFmpegExtractor( 2290): Q[audio, 1, 1]: dur 0, pkts 1, sz 576, 1st pts 3607810429, lst pts 3607810429
E/FFmpegExtractor( 2290): Q[subtitle, 2, 2]: dur 0, pkts 0, sz 0, 1st pts -9223372036854775808, lst pts -9223372036854775808
E/FFmpegExtractor( 2290): ff: mem descr: total size 0
E/NuPlayerRenderer( 2290): RNDR: dVA -206311 (dVAavg -191751), V 6484758033, A 6484964344, Asink 6484919296
E/UDPSource( 2290): in buffer: a[22, 12672] 528.000 ms, v[28, 381351] 1120.000 ms
E/UDPSource( 2290): in datasource: 1753968748 bytes, extractor created ? 1
E/NuPlayerRenderer( 2290): RNDR: dVA -214311 (dVAavg -192071), V 6485278033, A 6485492344, Asink 6485452288
I/NuPlayerDriver( 2290): notifyDuration: 0
E/FFmpegExtractor( 2290): ##### PKT Q DEBUG #####
E/FFmpegExtractor( 2290): Q[video, 0, 0]: dur 0, pkts 0, sz 0, 1st pts -9223372036854775808, lst pts -9223372036854775808
E/FFmpegExtractor( 2290): Q[audio, 1, 1]: dur 0, pkts 1, sz 576, 1st pts 3607901149, lst pts 3607901149
E/FFmpegExtractor( 2290): Q[subtitle, 2, 2]: dur 0, pkts 0, sz 0, 1st pts -9223372036854775808, lst pts -9223372036854775808
E/FFmpegExtractor( 2290): ff: mem descr: total size 0
V/UDPDataSource( 2290): total bytes: 1754205628, (in buf 3948)
E/NuPlayerRenderer( 2290): RNDR: dVA -166311 (dVAavg -191431), V 6485758033, A 6485924344, Asink 6485921792
E/UDPSource( 2290): in buffer: a[17, 9792] 408.000 ms, v[27, 352786] 1040.000 ms
E/UDPSource( 2290): in datasource: 1754354336 bytes, extractor created ? 1
E/NuPlayerRenderer( 2290): RNDR: dVA -174311 (dVAavg -182791), V 6486278033, A 6486452344, Asink 6486433792
I/NuPlayerDriver( 2290): notifyDuration: 0
E/FFmpegExtractor( 2290): ##### PKT Q DEBUG #####
E/FFmpegExtractor( 2290): Q[video, 0, 0]: dur 0, pkts 0, sz 0, 1st pts -9223372036854775808, lst pts -9223372036854775808
E/FFmpegExtractor( 2290): Q[audio, 1, 1]: dur 0, pkts 1, sz 576, 1st pts 3607991869, lst pts 3607991869
E/FFmpegExtractor( 2290): Q[subtitle, 2, 2]: dur 0, pkts 0, sz 0, 1st pts -9223372036854775808, lst pts -9223372036854775808
E/FFmpegExtractor( 2290): ff: mem descr: total size 0
E/NuPlayerRenderer( 2290): RNDR: dVA -222311 (dVAavg -191111), V 6486758033, A 6486980344, Asink 6486924288
E/UDPSource( 2290): in buffer: a[18, 10368] 432.000 ms, v[26, 372625] 840.000 ms
E/UDPSource( 2290): in datasource: 1754739924 bytes, extractor created ? 1
E/NuPlayerRenderer( 2290): RNDR: dVA -206311 (dVAavg -189191), V 6487278033, A 6487484344, Asink 6487436288
I/NuPlayerDriver( 2290): notifyDuration: 0
E/FFmpegExtractor( 2290): ##### PKT Q DEBUG #####
E/FFmpegExtractor( 2290): Q[video, 0, 0]: dur 0, pkts 1, sz 889, 1st pts 3608159781, lst pts 3608159781
E/FFmpegExtractor( 2290): Q[audio, 1, 1]: dur 0, pkts 0, sz 0, 1st pts -9223372036854775808, lst pts -9223372036854775808
E/FFmpegExtractor( 2290): Q[subtitle, 2, 2]: dur 0, pkts 0, sz 0, 1st pts -9223372036854775808, lst pts -9223372036854775808
E/FFmpegExtractor( 2290): ff: mem descr: total size 0
E/NuPlayerRenderer( 2290): RNDR: dVA -182311 (dVAavg -192071), V 6487758033, A 6487940344, Asink 6487926784
E/UDPSource( 2290): in buffer: a[20, 11520] 480.000 ms, v[25, 303512] 920.000 ms
E/UDPSource( 2290): in datasource: 1755124196 bytes, extractor created ? 1
E/NuPlayerRenderer( 2290): RNDR: dVA -190311 (dVAavg -185991), V 6488278033, A 6488468344, Asink 6488438784
I/NuPlayerDriver( 2290): notifyDuration: 0
E/FFmpegExtractor( 2290): ##### PKT Q DEBUG #####
E/FFmpegExtractor( 2290): Q[video, 0, 0]: dur 0, pkts 0, sz 0, 1st pts -9223372036854775808, lst pts -9223372036854775808
E/FFmpegExtractor( 2290): Q[audio, 1, 1]: dur 0, pkts 0, sz 0, 1st pts -9223372036854775808, lst pts -9223372036854775808
E/FFmpegExtractor( 2290): Q[subtitle, 2, 2]: dur 0, pkts 0, sz 0, 1st pts -9223372036854775808, lst pts -9223372036854775808
E/FFmpegExtractor( 2290): ff: mem descr: total size 0
E/NuPlayerRenderer( 2290): RNDR: dVA -214311 (dVAavg -190791), V 6488758033, A 6488972344, Asink 6488929792
E/UDPSource( 2290): in buffer: a[19, 10944] 456.000 ms, v[28, 371875] 1120.000 ms
E/UDPSource( 2290): in datasource: 1755508468 bytes, extractor created ? 1
E/NuPlayerRenderer( 2290): RNDR: dVA -222311 (dVAavg -185991), V 6489278033, A 6489500344, Asink 6489441792
I/NuPlayerDriver( 2290): notifyDuration: 0
E/FFmpegExtractor( 2290): ##### PKT Q DEBUG #####
E/FFmpegExtractor( 2290): Q[video, 0, 0]: dur 0, pkts 1, sz 31985, 1st pts 3608364981, lst pts 3608364981
E/FFmpegExtractor( 2290): Q[audio, 1, 1]: dur 0, pkts 0, sz 0, 1st pts -9223372036854775808, lst pts -9223372036854775808
E/FFmpegExtractor( 2290): Q[subtitle, 2, 2]: dur 0, pkts 0, sz 0, 1st pts -9223372036854775808, lst pts -9223372036854775808
E/FFmpegExtractor( 2290): ff: mem descr: total size 0
E/NuPlayerRenderer( 2290): RNDR: dVA -174311 (dVAavg -190471), V 6489758033, A 6489932344, Asink 6489911296
E/UDPSource( 2290): in buffer: a[21, 12096] 504.000 ms, v[27, 353770] 1040.000 ms
E/UDPSource( 2290): in datasource: 1755892740 bytes, extractor created ? 1
E/NuPlayerRenderer( 2290): RNDR: dVA -206311 (dVAavg -184071), V 6490278033, A 6490484344, Asink 6490444288
I/NuPlayerDriver( 2290): notifyDuration: 0
E/FFmpegExtractor( 2290): ##### PKT Q DEBUG #####
E/FFmpegExtractor( 2290): Q[video, 0, 0]: dur 0, pkts 1, sz 37333, 1st pts 3608451381, lst pts 3608451381
E/FFmpegExtractor( 2290): Q[audio, 1, 1]: dur 0, pkts 0, sz 0, 1st pts -9223372036854775808, lst pts -9223372036854775808
E/FFmpegExtractor( 2290): Q[subtitle, 2, 2]: dur 0, pkts 0, sz 0, 1st pts -9223372036854775808, lst pts -9223372036854775808
E/FFmpegExtractor( 2290): ff: mem descr: total size 0
V/UDPDataSource( 2290): total bytes: 1756130936, (in buf 17108)
E/NuPlayerRenderer( 2290): RNDR: dVA -230311 (dVAavg -186311), V 6490758033, A 6490988344, Asink 6490935296
E/UDPSource( 2290): in buffer: a[18, 10368] 432.000 ms, v[30, 379290] 1000.000 ms
E/UDPSource( 2290): in datasource: 1756279644 bytes, extractor created ? 1
E/NuPlayerRenderer( 2290): RNDR: dVA -166311 (dVAavg -183751), V 6491278033, A 6491444344, Asink 6491447296
I/NuPlayerDriver( 2290): notifyDuration: 0
D/HDMI-Controller( 2723): HDMIController::isSinkConnected: 1
D/        ( 2723):  enter hdmi_check_rx_sense
D/HDMI-Controller( 2723): HDMIController::checkRxSense: 0
E/FFmpegExtractor( 2290): ##### PKT Q DEBUG #####
E/FFmpegExtractor( 2290): Q[video, 0, 0]: dur 0, pkts 0, sz 0, 1st pts -9223372036854775808, lst pts -9223372036854775808
E/FFmpegExtractor( 2290): Q[audio, 1, 1]: dur 0, pkts 0, sz 0, 1st pts -9223372036854775808, lst pts -9223372036854775808
E/FFmpegExtractor( 2290): Q[subtitle, 2, 2]: dur 0, pkts 0, sz 0, 1st pts -9223372036854775808, lst pts -9223372036854775808
E/FFmpegExtractor( 2290): ff: mem descr: total size 0
E/NuPlayerRenderer( 2290): RNDR: dVA -174311 (dVAavg -189191), V 6491798033, A 6491972344, Asink 6491959296
E/UDPSource( 2290): in buffer: a[20, 11520] 480.000 ms, v[29, 362925] 1080.000 ms
E/UDPSource( 2290): in datasource: 1756663916 bytes, extractor created ? 1
E/NuPlayerRenderer( 2290): RNDR: dVA -198311 (dVAavg -195271), V 6492278033, A 6492476344, Asink 6492428288
I/NuPlayerDriver( 2290): notifyDuration: 0
E/FFmpegExtractor( 2290): ##### PKT Q DEBUG #####
E/FFmpegExtractor( 2290): Q[video, 0, 0]: dur 0, pkts 1, sz 2453, 1st pts 3608620581, lst pts 3608620581
E/FFmpegExtractor( 2290): Q[audio, 1, 1]: dur 0, pkts 0, sz 0, 1st pts -9223372036854775808, lst pts -9223372036854775808
E/FFmpegExtractor( 2290): Q[subtitle, 2, 2]: dur 0, pkts 0, sz 0, 1st pts -9223372036854775808, lst pts -9223372036854775808
E/FFmpegExtractor( 2290): ff: mem descr: total size 0
E/NuPlayerRenderer( 2290): RNDR: dVA -134311 (dVAavg -192711), V 6492798033, A 6492932344, Asink 6492961792
E/UDPSource( 2290): in buffer: a[19, 10944] 456.000 ms, v[28, 369011] 1120.000 ms
E/UDPSource( 2290): in datasource: 1757049504 bytes, extractor created ? 1
E/NuPlayerRenderer( 2290): RNDR: dVA -182311 (dVAavg -188231), V 6493278033, A 6493460344, Asink 6493430784
I/NuPlayerDriver( 2290): notifyDuration: 0
E/FFmpegExtractor( 2290): ##### PKT Q DEBUG #####
E/FFmpegExtractor( 2290): Q[video, 0, 0]: dur 0, pkts 1, sz 2462, 1st pts 3608714181, lst pts 3608714181
E/FFmpegExtractor( 2290): Q[audio, 1, 1]: dur 0, pkts 0, sz 0, 1st pts -9223372036854775808, lst pts -9223372036854775808
E/FFmpegExtractor( 2290): Q[subtitle, 2, 2]: dur 0, pkts 0, sz 0, 1st pts -9223372036854775808, lst pts -9223372036854775808
E/FFmpegExtractor( 2290): ff: mem descr: total size 0
E/NuPlayerRenderer( 2290): RNDR: dVA -166311 (dVAavg -192711), V 6493798033, A 6493964344, Asink 6493964288
E/UDPSource( 2290): in buffer: a[21, 12096] 504.000 ms, v[28, 338759] 1120.000 ms
E/UDPSource( 2290): in datasource: 1757433776 bytes, extractor created ? 1
E/NuPlayerRenderer( 2290): RNDR: dVA -238311 (dVAavg -186631), V 6494278033, A 6494516344, Asink 6494454784
I/NuPlayerDriver( 2290): notifyDuration: 0
E/FFmpegExtractor( 2290): ##### PKT Q DEBUG #####
E/FFmpegExtractor( 2290): Q[video, 0, 0]: dur 0, pkts 0, sz 0, 1st pts -9223372036854775808, lst pts -9223372036854775808
E/FFmpegExtractor( 2290): Q[audio, 1, 1]: dur 0, pkts 0, sz 0, 1st pts -9223372036854775808, lst pts -9223372036854775808
E/FFmpegExtractor( 2290): Q[subtitle, 2, 2]: dur 0, pkts 0, sz 0, 1st pts -9223372036854775808, lst pts -9223372036854775808
E/FFmpegExtractor( 2290): ff: mem descr: total size 0
E/NuPlayerRenderer( 2290): RNDR: dVA -126311 (dVAavg -191111), V 6494798033, A 6494924344, Asink 6494966784
E/UDPSource( 2290): in buffer: a[23, 13248] 552.000 ms, v[29, 385384] 1040.000 ms
E/UDPSource( 2290): in datasource: 1757819364 bytes, extractor created ? 1
E/NuPlayerRenderer( 2290): RNDR: dVA -198311 (dVAavg -187591), V 6495278033, A 6495476344, Asink 6495436288
I/NuPlayerDriver( 2290): notifyDuration: 0
V/UDPDataSource( 2290): total bytes: 1758054928, (in buf 27636)
E/FFmpegExtractor( 2290): ##### PKT Q DEBUG #####
E/FFmpegExtractor( 2290): Q[video, 0, 0]: dur 0, pkts 0, sz 0, 1st pts -9223372036854775808, lst pts -9223372036854775808
E/FFmpegExtractor( 2290): Q[audio, 1, 1]: dur 0, pkts 0, sz 0, 1st pts -9223372036854775808, lst pts -9223372036854775808
E/FFmpegExtractor( 2290): Q[subtitle, 2, 2]: dur 0, pkts 0, sz 0, 1st pts -9223372036854775808, lst pts -9223372036854775808
E/FFmpegExtractor( 2290): ff: mem descr: total size 0
E/NuPlayerRenderer( 2290): RNDR: dVA -182311 (dVAavg -192071), V 6495798033, A 6495980344, Asink 6495948288
E/UDPSource( 2290): in buffer: a[21, 12096] 504.000 ms, v[25, 369288] 920.000 ms
E/UDPSource( 2290): in datasource: 1758203636 bytes, extractor created ? 1
E/NuPlayerRenderer( 2290): RNDR: dVA -230311 (dVAavg -187591), V 6496278033, A 6496508344, Asink 6496460288
I/NuPlayerDriver( 2290): notifyDuration: 0
E/FFmpegExtractor( 2290): ##### PKT Q DEBUG #####
E/FFmpegExtractor( 2290): Q[video, 0, 0]: dur 0, pkts 1, sz 19533, 1st pts 3608984181, lst pts 3608984181
E/FFmpegExtractor( 2290): Q[audio, 1, 1]: dur 0, pkts 0, sz 0, 1st pts -9223372036854775808, lst pts -9223372036854775808
E/FFmpegExtractor( 2290): Q[subtitle, 2, 2]: dur 0, pkts 0, sz 0, 1st pts -9223372036854775808, lst pts -9223372036854775808
E/FFmpegExtractor( 2290): ff: mem descr: total size 0
E/NuPlayerRenderer( 2290): RNDR: dVA -142311 (dVAavg -190471), V 6496798033, A 6496940344, Asink 6496951296
E/UDPSource( 2290): in buffer: a[22, 12672] 528.000 ms, v[24, 342034] 960.000 ms
E/UDPSource( 2290): in datasource: 1758589224 bytes, extractor created ? 1
E/NuPlayerRenderer( 2290): RNDR: dVA -190311 (dVAavg -185991), V 6497278033, A 6497468344, Asink 6497441792
I/NuPlayerDriver( 2290): notifyDuration: 0
E/FFmpegExtractor( 2290): ##### PKT Q DEBUG #####
E/FFmpegExtractor( 2290): Q[video, 0, 0]: dur 0, pkts 0, sz 0, 1st pts -9223372036854775808, lst pts -9223372036854775808
E/FFmpegExtractor( 2290): Q[audio, 1, 1]: dur 0, pkts 0, sz 0, 1st pts -9223372036854775808, lst pts -9223372036854775808
E/FFmpegExtractor( 2290): Q[subtitle, 2, 2]: dur 0, pkts 0, sz 0, 1st pts -9223372036854775808, lst pts -9223372036854775808
E/FFmpegExtractor( 2290): ff: mem descr: total size 0
E/NuPlayerRenderer( 2290): RNDR: dVA -174311 (dVAavg -189191), V 6497798033, A 6497972344, Asink 6497953792
E/UDPSource( 2290): in buffer: a[22, 12672] 528.000 ms, v[27, 316938] 1040.000 ms
E/UDPSource( 2290): in datasource: 1758973496 bytes, extractor created ? 1
E/NuPlayerRenderer( 2290): RNDR: dVA -150311 (dVAavg -185671), V 6498278033, A 6498428344, Asink 6498444288
I/NuPlayerDriver( 2290): notifyDuration: 0
E/FFmpegExtractor( 2290): ##### PKT Q DEBUG #####
E/FFmpegExtractor( 2290): Q[video, 0, 0]: dur 0, pkts 0, sz 0, 1st pts -9223372036854775808, lst pts -9223372036854775808
E/FFmpegExtractor( 2290): Q[audio, 1, 1]: dur 0, pkts 0, sz 0, 1st pts -9223372036854775808, lst pts -9223372036854775808
E/FFmpegExtractor( 2290): Q[subtitle, 2, 2]: dur 0, pkts 0, sz 0, 1st pts -9223372036854775808, lst pts -9223372036854775808
E/FFmpegExtractor( 2290): ff: mem descr: total size 0
E/NuPlayerRenderer( 2290): RNDR: dVA -134311 (dVAavg -187591), V 6498798033, A 6498932344, Asink 6498956288
E/UDPSource( 2290): in buffer: a[24, 13824] 576.000 ms, v[30, 365522] 1000.000 ms
E/UDPSource( 2290): in datasource: 1759359084 bytes, extractor created ? 1
E/NuPlayerRenderer( 2290): RNDR: dVA -206311 (dVAavg -187911), V 6499278033, A 6499484344, Asink 6499446784
I/NuPlayerDriver( 2290): notifyDuration: 0
E/FFmpegExtractor( 2290): ##### PKT Q DEBUG #####
E/FFmpegExtractor( 2290): Q[video, 0, 0]: dur 0, pkts 0, sz 0, 1st pts -9223372036854775808, lst pts -9223372036854775808
E/FFmpegExtractor( 2290): Q[audio, 1, 1]: dur 0, pkts 0, sz 0, 1st pts -9223372036854775808, lst pts -9223372036854775808
E/FFmpegExtractor( 2290): Q[subtitle, 2, 2]: dur 0, pkts 0, sz 0, 1st pts -9223372036854775808, lst pts -9223372036854775808
E/FFmpegExtractor( 2290): ff: mem descr: total size 0
E/NuPlayerRenderer( 2290): RNDR: dVA -190311 (dVAavg -189831), V 6499798033, A 6499988344, Asink 6499958784
E/UDPSource( 2290): in buffer: a[15, 8640] 360.000 ms, v[28, 343587] 1120.000 ms
E/UDPSource( 2290): in datasource: 1759743356 bytes, extractor created ? 1
E/NuPlayerRenderer( 2290): RNDR: dVA -166311 (dVAavg -183751), V 6500278033, A 6500444344, Asink 6500428288
I/NuPlayerDriver( 2290): notifyDuration: 0
V/UDPDataSource( 2290): total bytes: 1759980236, (in buf 1316)
E/FFmpegExtractor( 2290): ##### PKT Q DEBUG #####
E/FFmpegExtractor( 2290): Q[video, 0, 0]: dur 0, pkts 0, sz 0, 1st pts -9223372036854775808, lst pts -9223372036854775808
E/FFmpegExtractor( 2290): Q[audio, 1, 1]: dur 0, pkts 0, sz 0, 1st pts -9223372036854775808, lst pts -9223372036854775808
E/FFmpegExtractor( 2290): Q[subtitle, 2, 2]: dur 0, pkts 0, sz 0, 1st pts -9223372036854775808, lst pts -9223372036854775808
E/FFmpegExtractor( 2290): ff: mem descr: total size 0
E/NuPlayerRenderer( 2290): RNDR: dVA -150311 (dVAavg -188231), V 6500798033, A 6500948344, Asink 6500961792
E/UDPSource( 2290): in buffer: a[17, 9792] 408.000 ms, v[28, 369519] 1120.000 ms
E/UDPSource( 2290): in datasource: 1760127628 bytes, extractor created ? 1
E/NuPlayerRenderer( 2290): RNDR: dVA -198311 (dVAavg -190151), V 6501278033, A 6501476344, Asink 6501431296
I/NuPlayerDriver( 2290): notifyDuration: 0
D/HDMI-Controller( 2723): HDMIController::isSinkConnected: 1
D/        ( 2723):  enter hdmi_check_rx_sense
D/HDMI-Controller( 2723): HDMIController::checkRxSense: 0
E/FFmpegExtractor( 2290): ##### PKT Q DEBUG #####
E/FFmpegExtractor( 2290): Q[video, 0, 0]: dur 0, pkts 1, sz 20121, 1st pts 3609459381, lst pts 3609459381
E/FFmpegExtractor( 2290): Q[audio, 1, 1]: dur 0, pkts 0, sz 0, 1st pts -9223372036854775808, lst pts -9223372036854775808
E/FFmpegExtractor( 2290): Q[subtitle, 2, 2]: dur 0, pkts 0, sz 0, 1st pts -9223372036854775808, lst pts -9223372036854775808
E/FFmpegExtractor( 2290): ff: mem descr: total size 0
E/NuPlayerRenderer( 2290): RNDR: dVA -206311 (dVAavg -189191), V 6501798033, A 6502004344, Asink 6501964288
E/UDPSource( 2290): in buffer: a[16, 9216] 384.000 ms, v[26, 381060] 1080.000 ms
E/UDPSource( 2290): in datasource: 1760511900 bytes, extractor created ? 1
E/NuPlayerRenderer( 2290): RNDR: dVA -158311 (dVAavg -189831), V 6502278033, A 6502436344, Asink 6502433792
I/NuPlayerDriver( 2290): notifyDuration: 0
E/NuPlayerRenderer( 2290): RNDR: dVA -166311 (dVAavg -190151), V 6502798033, A 6502964344, Asink 6502967296
E/FFmpegExtractor( 2290): ##### PKT Q DEBUG #####
E/FFmpegExtractor( 2290): Q[video, 0, 0]: dur 0, pkts 0, sz 0, 1st pts -9223372036854775808, lst pts -9223372036854775808
E/FFmpegExtractor( 2290): Q[audio, 1, 1]: dur 0, pkts 0, sz 0, 1st pts -9223372036854775808, lst pts -9223372036854775808
E/FFmpegExtractor( 2290): Q[subtitle, 2, 2]: dur 0, pkts 0, sz 0, 1st pts -9223372036854775808, lst pts -9223372036854775808
E/FFmpegExtractor( 2290): ff: mem descr: total size 0
E/UDPSource( 2290): in buffer: a[18, 10368] 432.000 ms, v[27, 359174] 920.000 ms
E/UDPSource( 2290): in datasource: 1760897488 bytes, extractor created ? 1
D/UpdateService( 3122): Trying to update. isFirstStartUpdate: false
E/NuPlayerRenderer( 2290): RNDR: dVA -214311 (dVAavg -194631), V 6503278033, A 6503492344, Asink 6503436288
I/NuPlayerDriver( 2290): notifyDuration: 0
E/NuPlayerRenderer( 2290): RNDR: dVA -198311 (dVAavg -191431), V 6503798033, A 6503996344, Asink 6503948288
E/FFmpegExtractor( 2290): ##### PKT Q DEBUG #####
E/FFmpegExtractor( 2290): Q[video, 0, 0]: dur 0, pkts 0, sz 0, 1st pts -9223372036854775808, lst pts -9223372036854775808
E/FFmpegExtractor( 2290): Q[audio, 1, 1]: dur 0, pkts 1, sz 576, 1st pts 3609547069, lst pts 3609547069
E/FFmpegExtractor( 2290): Q[subtitle, 2, 2]: dur 0, pkts 0, sz 0, 1st pts -9223372036854775808, lst pts -9223372036854775808
E/FFmpegExtractor( 2290): ff: mem descr: total size 0
E/UDPSource( 2290): in buffer: a[16, 9216] 384.000 ms, v[25, 336856] 920.000 ms
E/UDPSource( 2290): in datasource: 1761281760 bytes, extractor created ? 1
E/NuPlayerRenderer( 2290): RNDR: dVA -174311 (dVAavg -194311), V 6504278033, A 6504452344, Asink 6504438784
I/NuPlayerDriver( 2290): notifyDuration: 0
E/NuPlayerRenderer( 2290): RNDR: dVA -158311 (dVAavg -187271), V 6504798033, A 6504956344, Asink 6504950784
E/FFmpegExtractor( 2290): ##### PKT Q DEBUG #####
E/FFmpegExtractor( 2290): Q[video, 0, 0]: dur 0, pkts 0, sz 0, 1st pts -9223372036854775808, lst pts -9223372036854775808
E/FFmpegExtractor( 2290): Q[audio, 1, 1]: dur 0, pkts 0, sz 0, 1st pts -9223372036854775808, lst pts -9223372036854775808
E/FFmpegExtractor( 2290): Q[subtitle, 2, 2]: dur 0, pkts 0, sz 0, 1st pts -9223372036854775808, lst pts -9223372036854775808
E/FFmpegExtractor( 2290): ff: mem descr: total size 0
E/UDPSource( 2290): in buffer: a[19, 10944] 456.000 ms, v[24, 330054] 960.000 ms
E/UDPSource( 2290): in datasource: 1761667348 bytes, extractor created ? 1
E/NuPlayerRenderer( 2290): RNDR: dVA -206311 (dVAavg -189191), V 6505278033, A 6505484344, Asink 6505441792
I/NuPlayerDriver( 2290): notifyDuration: 0
V/UDPDataSource( 2290): total bytes: 1761902912, (in buf 11844)
E/NuPlayerRenderer( 2290): RNDR: dVA -214311 (dVAavg -192071), V 6505798033, A 6506012344, Asink 6505953792
E/FFmpegExtractor( 2290): ##### PKT Q DEBUG #####
E/FFmpegExtractor( 2290): Q[video, 0, 0]: dur 0, pkts 0, sz 0, 1st pts -9223372036854775808, lst pts -9223372036854775808
E/FFmpegExtractor( 2290): Q[audio, 1, 1]: dur 0, pkts 0, sz 0, 1st pts -9223372036854775808, lst pts -9223372036854775808
E/FFmpegExtractor( 2290): Q[subtitle, 2, 2]: dur 0, pkts 0, sz 0, 1st pts -9223372036854775808, lst pts -9223372036854775808
E/FFmpegExtractor( 2290): ff: mem descr: total size 0
E/UDPSource( 2290): in buffer: a[18, 10368] 432.000 ms, v[27, 332630] 1040.000 ms
E/UDPSource( 2290): in datasource: 1762054252 bytes, extractor created ? 1
E/NuPlayerRenderer( 2290): RNDR: dVA -166311 (dVAavg -191431), V 6506278033, A 6506444344, Asink 6506444288
I/NuPlayerDriver( 2290): notifyDuration: 0
E/NuPlayerRenderer( 2290): RNDR: dVA -174311 (dVAavg -191751), V 6506798033, A 6506972344, Asink 6506956288
E/FFmpegExtractor( 2290): ##### PKT Q DEBUG #####
E/FFmpegExtractor( 2290): Q[video, 0, 0]: dur 0, pkts 1, sz 21961, 1st pts 3609920181, lst pts 3609920181
E/FFmpegExtractor( 2290): Q[audio, 1, 1]: dur 0, pkts 0, sz 0, 1st pts -9223372036854775808, lst pts -9223372036854775808
E/FFmpegExtractor( 2290): Q[subtitle, 2, 2]: dur 0, pkts 0, sz 0, 1st pts -9223372036854775808, lst pts -9223372036854775808
E/FFmpegExtractor( 2290): ff: mem descr: total size 0
E/UDPSource( 2290): in buffer: a[20, 11520] 480.000 ms, v[26, 288949] 840.000 ms
E/UDPSource( 2290): in datasource: 1762437208 bytes, extractor created ? 1
E/NuPlayerRenderer( 2290): RNDR: dVA -198311 (dVAavg -187591), V 6507278033, A 6507476344, Asink 6507447296
I/NuPlayerDriver( 2290): notifyDuration: 0
E/NuPlayerRenderer( 2290): RNDR: dVA -206311 (dVAavg -193031), V 6507798033, A 6508004344, Asink 6507959296
E/FFmpegExtractor( 2290): ##### PKT Q DEBUG #####
E/FFmpegExtractor( 2290): Q[video, 0, 0]: dur 0, pkts 1, sz 13197, 1st pts 3609988581, lst pts 3609988581
E/FFmpegExtractor( 2290): Q[audio, 1, 1]: dur 0, pkts 0, sz 0, 1st pts -9223372036854775808, lst pts -9223372036854775808
E/FFmpegExtractor( 2290): Q[subtitle, 2, 2]: dur 0, pkts 0, sz 0, 1st pts -9223372036854775808, lst pts -9223372036854775808
E/FFmpegExtractor( 2290): ff: mem descr: total size 0
E/UDPSource( 2290): in buffer: a[18, 10368] 432.000 ms, v[26, 364437] 1000.000 ms
E/UDPSource( 2290): in datasource: 1762824112 bytes, extractor created ? 1
E/NuPlayerRenderer( 2290): RNDR: dVA -158311 (dVAavg -192391), V 6508278033, A 6508436344, Asink 6508428288
I/NuPlayerDriver( 2290): notifyDuration: 0
E/NuPlayerRenderer( 2290): RNDR: dVA -166311 (dVAavg -193991), V 6508798033, A 6508964344, Asink 6508961792
E/FFmpegExtractor( 2290): ##### PKT Q DEBUG #####
E/FFmpegExtractor( 2290): Q[video, 0, 0]: dur 0, pkts 1, sz 14157, 1st pts 3610071381, lst pts 3610071381
E/FFmpegExtractor( 2290): Q[audio, 1, 1]: dur 0, pkts 0, sz 0, 1st pts -9223372036854775808, lst pts -9223372036854775808
E/FFmpegExtractor( 2290): Q[subtitle, 2, 2]: dur 0, pkts 0, sz 0, 1st pts -9223372036854775808, lst pts -9223372036854775808
E/FFmpegExtractor( 2290): ff: mem descr: total size 0
E/UDPSource( 2290): in buffer: a[20, 11520] 480.000 ms, v[24, 360446] 960.000 ms
E/UDPSource( 2290): in datasource: 1763208384 bytes, extractor created ? 1
E/NuPlayerRenderer( 2290): RNDR: dVA -214311 (dVAavg -192071), V 6509278033, A 6509492344, Asink 6509430784
I/NuPlayerDriver( 2290): notifyDuration: 0
E/NuPlayerRenderer( 2290): RNDR: dVA -222311 (dVAavg -187271), V 6509798033, A 6510020344, Asink 6509964288
E/FFmpegExtractor( 2290): ##### PKT Q DEBUG #####
E/FFmpegExtractor( 2290): Q[video, 0, 0]: dur 0, pkts 1, sz 5118, 1st pts 3610154181, lst pts 3610154181
E/FFmpegExtractor( 2290): Q[audio, 1, 1]: dur 0, pkts 0, sz 0, 1st pts -9223372036854775808, lst pts -9223372036854775808
E/FFmpegExtractor( 2290): Q[subtitle, 2, 2]: dur 0, pkts 0, sz 0, 1st pts -9223372036854775808, lst pts -9223372036854775808
E/FFmpegExtractor( 2290): ff: mem descr: total size 0
E/UDPSource( 2290): in buffer: a[18, 10368] 432.000 ms, v[24, 315770] 960.000 ms
E/UDPSource( 2290): in datasource: 1763592656 bytes, extractor created ? 1
E/NuPlayerRenderer( 2290): RNDR: dVA -174311 (dVAavg -190471), V 6510278033, A 6510452344, Asink 6510433792
I/NuPlayerDriver( 2290): notifyDuration: 0
V/UDPDataSource( 2290): total bytes: 1763828220, (in buf 23688)
E/NuPlayerRenderer( 2290): RNDR: dVA -182311 (dVAavg -192071), V 6510798033, A 6510980344, Asink 6510966784
E/FFmpegExtractor( 2290): ##### PKT Q DEBUG #####
E/FFmpegExtractor( 2290): Q[video, 0, 0]: dur 0, pkts 1, sz 9149, 1st pts 3610272981, lst pts 3610272981
E/FFmpegExtractor( 2290): Q[audio, 1, 1]: dur 0, pkts 0, sz 0, 1st pts -9223372036854775808, lst pts -9223372036854775808
E/FFmpegExtractor( 2290): Q[subtitle, 2, 2]: dur 0, pkts 0, sz 0, 1st pts -9223372036854775808, lst pts -9223372036854775808
E/FFmpegExtractor( 2290): ff: mem descr: total size 0
E/UDPSource( 2290): in buffer: a[20, 11520] 480.000 ms, v[30, 318010] 1000.000 ms
E/UDPSource( 2290): in datasource: 1763976928 bytes, extractor created ? 1
E/NuPlayerRenderer( 2290): RNDR: dVA -206311 (dVAavg -190471), V 6511278033, A 6511484344, Asink 6511436288
I/NuPlayerDriver( 2290): notifyDuration: 0
D/HDMI-Controller( 2723): HDMIController::isSinkConnected: 1
D/        ( 2723):  enter hdmi_check_rx_sense
D/HDMI-Controller( 2723): HDMIController::checkRxSense: 0
E/NuPlayerRenderer( 2290): RNDR: dVA -190311 (dVAavg -187271), V 6511798033, A 6511988344, Asink 6511948288
E/FFmpegExtractor( 2290): ##### PKT Q DEBUG #####
E/FFmpegExtractor( 2290): Q[video, 0, 0]: dur 0, pkts 0, sz 0, 1st pts -9223372036854775808, lst pts -9223372036854775808
E/FFmpegExtractor( 2290): Q[audio, 1, 1]: dur 0, pkts 0, sz 0, 1st pts -9223372036854775808, lst pts -9223372036854775808
E/FFmpegExtractor( 2290): Q[subtitle, 2, 2]: dur 0, pkts 0, sz 0, 1st pts -9223372036854775808, lst pts -9223372036854775808
E/FFmpegExtractor( 2290): ff: mem descr: total size 0
E/UDPSource( 2290): in buffer: a[20, 11520] 480.000 ms, v[29, 390721] 1080.000 ms
E/UDPSource( 2290): in datasource: 1764362516 bytes, extractor created ? 1
E/NuPlayerRenderer( 2290): RNDR: dVA -166311 (dVAavg -183751), V 6512278033, A 6512444344, Asink 6512439296
I/NuPlayerDriver( 2290): notifyDuration: 0
E/NuPlayerRenderer( 2290): RNDR: dVA -150311 (dVAavg -190791), V 6512798033, A 6512948344, Asink 6512951296
E/FFmpegExtractor( 2290): ##### PKT Q DEBUG #####
E/FFmpegExtractor( 2290): Q[video, 0, 0]: dur 0, pkts 1, sz 3117, 1st pts 3610420581, lst pts 3610420581
E/FFmpegExtractor( 2290): Q[audio, 1, 1]: dur 0, pkts 0, sz 0, 1st pts -9223372036854775808, lst pts -9223372036854775808
E/FFmpegExtractor( 2290): Q[subtitle, 2, 2]: dur 0, pkts 0, sz 0, 1st pts -9223372036854775808, lst pts -9223372036854775808
E/FFmpegExtractor( 2290): ff: mem descr: total size 0
E/UDPSource( 2290): in buffer: a[22, 12672] 528.000 ms, v[24, 406906] 960.000 ms
E/UDPSource( 2290): in datasource: 1764746788 bytes, extractor created ? 1
E/NuPlayerRenderer( 2290): RNDR: dVA -222311 (dVAavg -189831), V 6513278033, A 6513500344, Asink 6513441792
I/NuPlayerDriver( 2290): notifyDuration: 0
E/NuPlayerRenderer( 2290): RNDR: dVA -206311 (dVAavg -191751), V 6513798033, A 6514004344, Asink 6513953792
E/FFmpegExtractor( 2290): ##### PKT Q DEBUG #####
E/FFmpegExtractor( 2290): Q[video, 0, 0]: dur 0, pkts 1, sz 5466, 1st pts 3610528581, lst pts 3610528581
E/FFmpegExtractor( 2290): Q[audio, 1, 1]: dur 0, pkts 0, sz 0, 1st pts -9223372036854775808, lst pts -9223372036854775808
E/FFmpegExtractor( 2290): Q[subtitle, 2, 2]: dur 0, pkts 0, sz 0, 1st pts -9223372036854775808, lst pts -9223372036854775808
E/FFmpegExtractor( 2290): ff: mem descr: total size 0
E/UDPSource( 2290): in buffer: a[14, 8064] 336.000 ms, v[24, 285222] 960.000 ms
E/UDPSource( 2290): in datasource: 1765132376 bytes, extractor created ? 1
E/NuPlayerRenderer( 2290): RNDR: dVA -158311 (dVAavg -182151), V 6514278033, A 6514436344, Asink 6514444288
I/NuPlayerDriver( 2290): notifyDuration: 0
E/FFmpegExtractor( 2290): (clbk) fetching ttx page 100
E/FFmpegExtractor( 2290): put ttx pkt: pts 3610503735, size 8924 (total 8924 bytes, 1 pkts, 0 us)
V/FFmpegExtractor( 2290): drop obsolete subtitle(2:2) packet 40116708166 < 40117544233
E/NuPlayerRenderer( 2290): RNDR: dVA -166311 (dVAavg -188871), V 6514798033, A 6514964344, Asink 6514956288
D/dalvikvm( 2723): GC_CONCURRENT freed 1933K, 25% free 7302K/9704K, paused 2ms+5ms, total 52ms
E/FFmpegExtractor( 2290): ##### PKT Q DEBUG #####
E/FFmpegExtractor( 2290): Q[video, 0, 0]: dur 0, pkts 0, sz 0, 1st pts -9223372036854775808, lst pts -9223372036854775808
E/FFmpegExtractor( 2290): Q[audio, 1, 1]: dur 0, pkts 0, sz 0, 1st pts -9223372036854775808, lst pts -9223372036854775808
E/FFmpegExtractor( 2290): Q[subtitle, 2, 2]: dur 0, pkts 0, sz 0, 1st pts -9223372036854775808, lst pts -9223372036854775808
E/FFmpegExtractor( 2290): ff: mem descr: total size 0
E/UDPSource( 2290): in buffer: a[16, 9216] 384.000 ms, v[26, 279021] 840.000 ms
E/UDPSource( 2290): in datasource: 1765516648 bytes, extractor created ? 1
E/NuPlayerRenderer( 2290): RNDR: dVA -214311 (dVAavg -189511), V 6515278033, A 6515492344, Asink 6515446784
I/NuPlayerDriver( 2290): notifyDuration: 0
V/UDPDataSource( 2290): total bytes: 1765753528, (in buf 34216)
E/NuPlayerRenderer( 2290): RNDR: dVA -198311 (dVAavg -188871), V 6515798033, A 6515996344, Asink 6515958784
E/FFmpegExtractor( 2290): ##### PKT Q DEBUG #####
E/FFmpegExtractor( 2290): Q[video, 0, 0]: dur 0, pkts 1, sz 50993, 1st pts 3610726581, lst pts 3610726581
E/FFmpegExtractor( 2290): Q[audio, 1, 1]: dur 0, pkts 0, sz 0, 1st pts -9223372036854775808, lst pts -9223372036854775808
E/FFmpegExtractor( 2290): Q[subtitle, 2, 2]: dur 0, pkts 0, sz 0, 1st pts -9223372036854775808, lst pts -9223372036854775808
E/FFmpegExtractor( 2290): ff: mem descr: total size 0
E/UDPSource( 2290): in buffer: a[15, 8640] 360.000 ms, v[25, 381332] 920.000 ms
E/UDPSource( 2290): in datasource: 1765900920 bytes, extractor created ? 1
E/NuPlayerRenderer( 2290): RNDR: dVA -150311 (dVAavg -188231), V 6516278033, A 6516428344, Asink 6516428288
I/NuPlayerDriver( 2290): notifyDuration: 0
E/NuPlayerRenderer( 2290): RNDR: dVA -182311 (dVAavg -189511), V 6516798033, A 6516980344, Asink 6516961792
E/FFmpegExtractor( 2290): ##### PKT Q DEBUG #####
E/FFmpegExtractor( 2290): Q[video, 0, 0]: dur 0, pkts 1, sz 1665, 1st pts 3610794981, lst pts 3610794981
E/FFmpegExtractor( 2290): Q[audio, 1, 1]: dur 0, pkts 0, sz 0, 1st pts -9223372036854775808, lst pts -9223372036854775808
E/FFmpegExtractor( 2290): Q[subtitle, 2, 2]: dur 0, pkts 0, sz 0, 1st pts -9223372036854775808, lst pts -9223372036854775808
E/FFmpegExtractor( 2290): ff: mem descr: total size 0
E/UDPSource( 2290): in buffer: a[23, 13248] 552.000 ms, v[24, 344170] 960.000 ms
E/UDPSource( 2290): in datasource: 1766286508 bytes, extractor created ? 1
E/NuPlayerRenderer( 2290): RNDR: dVA -206311 (dVAavg -194311), V 6517278033, A 6517484344, Asink 6517431296
I/NuPlayerDriver( 2290): notifyDuration: 0
E/NuPlayerRenderer( 2290): RNDR: dVA -190311 (dVAavg -185991), V 6517798033, A 6517988344, Asink 6517964288
E/FFmpegExtractor( 2290): ##### PKT Q DEBUG #####
E/FFmpegExtractor( 2290): Q[video, 0, 0]: dur 0, pkts 0, sz 0, 1st pts -9223372036854775808, lst pts -9223372036854775808
E/FFmpegExtractor( 2290): Q[audio, 1, 1]: dur 0, pkts 0, sz 0, 1st pts -9223372036854775808, lst pts -9223372036854775808
E/FFmpegExtractor( 2290): Q[subtitle, 2, 2]: dur 0, pkts 0, sz 0, 1st pts -9223372036854775808, lst pts -9223372036854775808
E/FFmpegExtractor( 2290): ff: mem descr: total size 0
E/UDPSource( 2290): in buffer: a[21, 12096] 504.000 ms, v[27, 285730] 1040.000 ms
E/UDPSource( 2290): in datasource: 1766672096 bytes, extractor created ? 1
E/NuPlayerRenderer( 2290): RNDR: dVA -166311 (dVAavg -188871), V 6518278033, A 6518444344, Asink 6518433792
I/NuPlayerDriver( 2290): notifyDuration: 0
E/NuPlayerRenderer( 2290): RNDR: dVA -150311 (dVAavg -189511), V 6518798033, A 6518948344, Asink 6518967296
E/FFmpegExtractor( 2290): ##### PKT Q DEBUG #####
E/FFmpegExtractor( 2290): Q[video, 0, 0]: dur 0, pkts 1, sz 1437, 1st pts 3610996581, lst pts 3610996581
E/FFmpegExtractor( 2290): Q[audio, 1, 1]: dur 0, pkts 0, sz 0, 1st pts -9223372036854775808, lst pts -9223372036854775808
E/FFmpegExtractor( 2290): Q[subtitle, 2, 2]: dur 0, pkts 0, sz 0, 1st pts -9223372036854775808, lst pts -9223372036854775808
E/FFmpegExtractor( 2290): ff: mem descr: total size 0
E/UDPSource( 2290): in buffer: a[24, 13824] 576.000 ms, v[30, 386930] 1000.000 ms
E/UDPSource( 2290): in datasource: 1767056368 bytes, extractor created ? 1
E/NuPlayerRenderer( 2290): RNDR: dVA -198311 (dVAavg -187591), V 6519278033, A 6519476344, Asink 6519436288
I/NuPlayerDriver( 2290): notifyDuration: 0
E/NuPlayerRenderer( 2290): RNDR: dVA -206311 (dVAavg -195591), V 6519798033, A 6520004344, Asink 6519948288
E/FFmpegExtractor( 2290): ##### PKT Q DEBUG #####
E/FFmpegExtractor( 2290): Q[video, 0, 0]: dur 0, pkts 0, sz 0, 1st pts -9223372036854775808, lst pts -9223372036854775808
E/FFmpegExtractor( 2290): Q[audio, 1, 1]: dur 0, pkts 0, sz 0, 1st pts -9223372036854775808, lst pts -9223372036854775808
E/FFmpegExtractor( 2290): Q[subtitle, 2, 2]: dur 0, pkts 0, sz 0, 1st pts -9223372036854775808, lst pts -9223372036854775808
E/FFmpegExtractor( 2290): ff: mem descr: total size 0
E/UDPSource( 2290): in buffer: a[22, 12672] 528.000 ms, v[29, 364621] 1080.000 ms
E/UDPSource( 2290): in datasource: 1767440640 bytes, extractor created ? 1
E/NuPlayerRenderer( 2290): RNDR: dVA -158311 (dVAavg -189831), V 6520278033, A 6520436344, Asink 6520438784
I/NuPlayerDriver( 2290): notifyDuration: 0
V/UDPDataSource( 2290): total bytes: 1767678836, (in buf 6580)
E/NuPlayerRenderer( 2290): RNDR: dVA -190311 (dVAavg -189831), V 6520798033, A 6520988344, Asink 6520950784
E/UDPSource( 2290): in buffer: a[18, 10368] 432.000 ms, v[28, 313267] 1120.000 ms
E/UDPSource( 2290): in datasource: 1767827544 bytes, extractor created ? 1
E/FFmpegExtractor( 2290): ##### PKT Q DEBUG #####
E/FFmpegExtractor( 2290): Q[video, 0, 0]: dur 0, pkts 0, sz 0, 1st pts -9223372036854775808, lst pts -9223372036854775808
E/FFmpegExtractor( 2290): Q[audio, 1, 1]: dur 0, pkts 0, sz 0, 1st pts -9223372036854775808, lst pts -9223372036854775808
E/FFmpegExtractor( 2290): Q[subtitle, 2, 2]: dur 0, pkts 0, sz 0, 1st pts -9223372036854775808, lst pts -9223372036854775808
E/FFmpegExtractor( 2290): ff: mem descr: total size 0
E/NuPlayerRenderer( 2290): RNDR: dVA -214311 (dVAavg -192071), V 6521278033, A 6521492344, Asink 6521441792
I/NuPlayerDriver( 2290): notifyDuration: 0
D/HDMI-Controller( 2723): HDMIController::isSinkConnected: 1
D/        ( 2723):  enter hdmi_check_rx_sense
D/HDMI-Controller( 2723): HDMIController::checkRxSense: 0
E/NuPlayerRenderer( 2290): RNDR: dVA -198311 (dVAavg -187591), V 6521798033, A 6521996344, Asink 6521953792
E/UDPSource( 2290): in buffer: a[16, 9216] 384.000 ms, v[27, 356402] 1040.000 ms
E/UDPSource( 2290): in datasource: 1768211816 bytes, extractor created ? 1
E/FFmpegExtractor( 2290): ##### PKT Q DEBUG #####
E/FFmpegExtractor( 2290): Q[video, 0, 0]: dur 0, pkts 0, sz 0, 1st pts -9223372036854775808, lst pts -9223372036854775808
E/FFmpegExtractor( 2290): Q[audio, 1, 1]: dur 0, pkts 0, sz 0, 1st pts -9223372036854775808, lst pts -9223372036854775808
E/FFmpegExtractor( 2290): Q[subtitle, 2, 2]: dur 0, pkts 0, sz 0, 1st pts -9223372036854775808, lst pts -9223372036854775808
E/FFmpegExtractor( 2290): ff: mem descr: total size 0
E/NuPlayerRenderer( 2290): RNDR: dVA -174311 (dVAavg -187911), V 6522278033, A 6522452344, Asink 6522444288
I/NuPlayerDriver( 2290): notifyDuration: 0
E/NuPlayerRenderer( 2290): RNDR: dVA -182311 (dVAavg -189511), V 6522798033, A 6522980344, Asink 6522956288
E/UDPSource( 2290): in buffer: a[18, 10368] 432.000 ms, v[29, 381340] 1040.000 ms
E/UDPSource( 2290): in datasource: 1768597404 bytes, extractor created ? 1
E/FFmpegExtractor( 2290): ##### PKT Q DEBUG #####
E/FFmpegExtractor( 2290): Q[video, 0, 0]: dur 0, pkts 0, sz 0, 1st pts -9223372036854775808, lst pts -9223372036854775808
E/FFmpegExtractor( 2290): Q[audio, 1, 1]: dur 0, pkts 0, sz 0, 1st pts -9223372036854775808, lst pts -9223372036854775808
E/FFmpegExtractor( 2290): Q[subtitle, 2, 2]: dur 0, pkts 0, sz 0, 1st pts -9223372036854775808, lst pts -9223372036854775808
E/FFmpegExtractor( 2290): ff: mem descr: total size 0
D/UpdateService( 3122): Trying to update. isFirstStartUpdate: false
E/NuPlayerRenderer( 2290): RNDR: dVA -230311 (dVAavg -190151), V 6523278033, A 6523508344, Asink 6523447296
I/NuPlayerDriver( 2290): notifyDuration: 0
E/NuPlayerRenderer( 2290): RNDR: dVA -118311 (dVAavg -185671), V 6523798033, A 6523916344, Asink 6523959296
E/UDPSource( 2290): in buffer: a[20, 11520] 480.000 ms, v[25, 396072] 920.000 ms
E/UDPSource( 2290): in datasource: 1768981676 bytes, extractor created ? 1
E/FFmpegExtractor( 2290): ##### PKT Q DEBUG #####
E/FFmpegExtractor( 2290): Q[video, 0, 0]: dur 0, pkts 0, sz 0, 1st pts -9223372036854775808, lst pts -9223372036854775808
E/FFmpegExtractor( 2290): Q[audio, 1, 1]: dur 0, pkts 0, sz 0, 1st pts -9223372036854775808, lst pts -9223372036854775808
E/FFmpegExtractor( 2290): Q[subtitle, 2, 2]: dur 0, pkts 0, sz 0, 1st pts -9223372036854775808, lst pts -9223372036854775808
E/FFmpegExtractor( 2290): ff: mem descr: total size 0
W/QmsJsonHttpSender( 3201): Send data is failed (Unable to resolve host "qms.local": No address associated with hostname)
E/NuPlayerRenderer( 2290): RNDR: dVA -190311 (dVAavg -185991), V 6524278033, A 6524468344, Asink 6524428288
I/NuPlayerDriver( 2290): notifyDuration: 0
E/NuPlayerRenderer( 2290): RNDR: dVA -198311 (dVAavg -183751), V 6524798033, A 6524996344, Asink 6524961792
E/UDPSource( 2290): in buffer: a[18, 10368] 432.000 ms, v[29, 316468] 1200.000 ms
E/UDPSource( 2290): in datasource: 1769367264 bytes, extractor created ? 1
E/FFmpegExtractor( 2290): ##### PKT Q DEBUG #####
E/FFmpegExtractor( 2290): Q[video, 0, 0]: dur 0, pkts 0, sz 0, 1st pts -9223372036854775808, lst pts -9223372036854775808
E/FFmpegExtractor( 2290): Q[audio, 1, 1]: dur 0, pkts 0, sz 0, 1st pts -9223372036854775808, lst pts -9223372036854775808
E/FFmpegExtractor( 2290): Q[subtitle, 2, 2]: dur 0, pkts 0, sz 0, 1st pts -9223372036854775808, lst pts -9223372036854775808
E/FFmpegExtractor( 2290): ff: mem descr: total size 0
E/NuPlayerRenderer( 2290): RNDR: dVA -222311 (dVAavg -185991), V 6525278033, A 6525500344, Asink 6525452288
I/NuPlayerDriver( 2290): notifyDuration: 0
V/UDPDataSource( 2290): total bytes: 1769602828, (in buf 15792)
E/NuPlayerRenderer( 2290): RNDR: dVA -158311 (dVAavg -182151), V 6525798033, A 6525956344, Asink 6525964288
E/UDPSource( 2290): in buffer: a[20, 11520] 480.000 ms, v[30, 391801] 1240.000 ms
E/UDPSource( 2290): in datasource: 1769751536 bytes, extractor created ? 1
E/FFmpegExtractor( 2290): ##### PKT Q DEBUG #####
E/FFmpegExtractor( 2290): Q[video, 0, 0]: dur 0, pkts 1, sz 6410, 1st pts 3611637381, lst pts 3611637381
E/FFmpegExtractor( 2290): Q[audio, 1, 1]: dur 0, pkts 0, sz 0, 1st pts -9223372036854775808, lst pts -9223372036854775808
E/FFmpegExtractor( 2290): Q[subtitle, 2, 2]: dur 0, pkts 0, sz 0, 1st pts -9223372036854775808, lst pts -9223372036854775808
E/FFmpegExtractor( 2290): ff: mem descr: total size 0
E/NuPlayerRenderer( 2290): RNDR: dVA -182311 (dVAavg -185671), V 6526278033, A 6526460344, Asink 6526433792
I/NuPlayerDriver( 2290): notifyDuration: 0
E/NuPlayerRenderer( 2290): RNDR: dVA -166311 (dVAavg -181191), V 6526798033, A 6526964344, Asink 6526966784
E/UDPSource( 2290): in buffer: a[20, 11520] 480.000 ms, v[30, 375702] 1000.000 ms
E/UDPSource( 2290): in datasource: 1770137124 bytes, extractor created ? 1
E/FFmpegExtractor( 2290): ##### PKT Q DEBUG #####
E/FFmpegExtractor( 2290): Q[video, 0, 0]: dur 0, pkts 0, sz 0, 1st pts -9223372036854775808, lst pts -9223372036854775808
E/FFmpegExtractor( 2290): Q[audio, 1, 1]: dur 0, pkts 0, sz 0, 1st pts -9223372036854775808, lst pts -9223372036854775808
E/FFmpegExtractor( 2290): Q[subtitle, 2, 2]: dur 0, pkts 0, sz 0, 1st pts -9223372036854775808, lst pts -9223372036854775808
E/FFmpegExtractor( 2290): ff: mem descr: total size 0
E/NuPlayerRenderer( 2290): RNDR: dVA -214311 (dVAavg -180551), V 6527278033, A 6527492344, Asink 6527436288
I/NuPlayerDriver( 2290): notifyDuration: 0
E/NuPlayerRenderer( 2290): RNDR: dVA -222311 (dVAavg -188551), V 6527798033, A 6528020344, Asink 6527969792
E/UDPSource( 2290): in buffer: a[18, 10368] 432.000 ms, v[29, 374013] 1080.000 ms
E/UDPSource( 2290): in datasource: 1770521396 bytes, extractor created ? 1
E/FFmpegExtractor( 2290): ##### PKT Q DEBUG #####
E/FFmpegExtractor( 2290): Q[video, 0, 0]: dur 0, pkts 0, sz 0, 1st pts -9223372036854775808, lst pts -9223372036854775808
E/FFmpegExtractor( 2290): Q[audio, 1, 1]: dur 0, pkts 0, sz 0, 1st pts -9223372036854775808, lst pts -9223372036854775808
E/FFmpegExtractor( 2290): Q[subtitle, 2, 2]: dur 0, pkts 0, sz 0, 1st pts -9223372036854775808, lst pts -9223372036854775808
E/FFmpegExtractor( 2290): ff: mem descr: total size 0
E/NuPlayerRenderer( 2290): RNDR: dVA -174311 (dVAavg -193031), V 6528278033, A 6528452344, Asink 6528439296
I/NuPlayerDriver( 2290): notifyDuration: 0
E/NuPlayerRenderer( 2290): RNDR: dVA -182311 (dVAavg -186951), V 6528798033, A 6528980344, Asink 6528951296
E/UDPSource( 2290): in buffer: a[20, 11520] 480.000 ms, v[29, 383036] 1200.000 ms
E/UDPSource( 2290): in datasource: 1770906984 bytes, extractor created ? 1
E/FFmpegExtractor( 2290): ##### PKT Q DEBUG #####
E/FFmpegExtractor( 2290): Q[video, 0, 0]: dur 0, pkts 1, sz 13150, 1st pts 3611910981, lst pts 3611910981
E/FFmpegExtractor( 2290): Q[audio, 1, 1]: dur 0, pkts 0, sz 0, 1st pts -9223372036854775808, lst pts -9223372036854775808
E/FFmpegExtractor( 2290): Q[subtitle, 2, 2]: dur 0, pkts 0, sz 0, 1st pts -9223372036854775808, lst pts -9223372036854775808
E/FFmpegExtractor( 2290): ff: mem descr: total size 0
E/NuPlayerRenderer( 2290): RNDR: dVA -230311 (dVAavg -186311), V 6529278033, A 6529508344, Asink 6529463296
I/NuPlayerDriver( 2290): notifyDuration: 0
E/NuPlayerRenderer( 2290): RNDR: dVA -142311 (dVAavg -186631), V 6529798033, A 6529940344, Asink 6529953792
E/UDPSource( 2290): in buffer: a[22, 12672] 528.000 ms, v[29, 383376] 1320.000 ms
E/UDPSource( 2290): in datasource: 1771292572 bytes, extractor created ? 1
E/FFmpegExtractor( 2290): ##### PKT Q DEBUG #####
E/FFmpegExtractor( 2290): Q[video, 0, 0]: dur 0, pkts 0, sz 0, 1st pts -9223372036854775808, lst pts -9223372036854775808
E/FFmpegExtractor( 2290): Q[audio, 1, 1]: dur 0, pkts 1, sz 576, 1st pts 3611918749, lst pts 3611918749
E/FFmpegExtractor( 2290): Q[subtitle, 2, 2]: dur 0, pkts 0, sz 0, 1st pts -9223372036854775808, lst pts -9223372036854775808
E/FFmpegExtractor( 2290): ff: mem descr: total size 0
E/NuPlayerRenderer( 2290): RNDR: dVA -190311 (dVAavg -185991), V 6530278033, A 6530468344, Asink 6530444288
I/NuPlayerDriver( 2290): notifyDuration: 0
V/UDPDataSource( 2290): total bytes: 1771526820, (in buf 26320)
E/NuPlayerRenderer( 2290): RNDR: dVA -198311 (dVAavg -188871), V 6530798033, A 6530996344, Asink 6530956288
E/UDPSource( 2290): in buffer: a[21, 12096] 504.000 ms, v[30, 395646] 1000.000 ms
E/UDPSource( 2290): in datasource: 1771675528 bytes, extractor created ? 1
E/FFmpegExtractor( 2290): ##### PKT Q DEBUG #####
E/FFmpegExtractor( 2290): Q[video, 0, 0]: dur 0, pkts 0, sz 0, 1st pts -9223372036854775808, lst pts -9223372036854775808
E/FFmpegExtractor( 2290): Q[audio, 1, 1]: dur 0, pkts 0, sz 0, 1st pts -9223372036854775808, lst pts -9223372036854775808
E/FFmpegExtractor( 2290): Q[subtitle, 2, 2]: dur 0, pkts 0, sz 0, 1st pts -9223372036854775808, lst pts -9223372036854775808
E/FFmpegExtractor( 2290): ff: mem descr: total size 0
E/NuPlayerRenderer( 2290): RNDR: dVA -222311 (dVAavg -182151), V 6531278033, A 6531500344, Asink 6531446784
I/NuPlayerDriver( 2290): notifyDuration: 0
D/HDMI-Controller( 2723): HDMIController::isSinkConnected: 1
D/        ( 2723):  enter hdmi_check_rx_sense
D/HDMI-Controller( 2723): HDMIController::checkRxSense: 0
E/NuPlayerRenderer( 2290): RNDR: dVA -158311 (dVAavg -179591), V 6531798033, A 6531956344, Asink 6531958784
E/UDPSource( 2290): in buffer: a[23, 13248] 552.000 ms, v[25, 329932] 920.000 ms
E/UDPSource( 2290): in datasource: 1772062432 bytes, extractor created ? 1
E/FFmpegExtractor( 2290): ##### PKT Q DEBUG #####
E/FFmpegExtractor( 2290): Q[video, 0, 0]: dur 0, pkts 0, sz 0, 1st pts -9223372036854775808, lst pts -9223372036854775808
E/FFmpegExtractor( 2290): Q[audio, 1, 1]: dur 0, pkts 0, sz 0, 1st pts -9223372036854775808, lst pts -9223372036854775808
E/FFmpegExtractor( 2290): Q[subtitle, 2, 2]: dur 0, pkts 0, sz 0, 1st pts -9223372036854775808, lst pts -9223372036854775808
E/FFmpegExtractor( 2290): ff: mem descr: total size 0
E/NuPlayerRenderer( 2290): RNDR: dVA -182311 (dVAavg -190791), V 6532278033, A 6532460344, Asink 6532428288
I/NuPlayerDriver( 2290): notifyDuration: 0
E/NuPlayerRenderer( 2290): RNDR: dVA -190311 (dVAavg -185991), V 6532798033, A 6532988344, Asink 6532961792
E/UDPSource( 2290): in buffer: a[21, 12096] 504.000 ms, v[28, 368571] 1120.000 ms
E/UDPSource( 2290): in datasource: 1772446704 bytes, extractor created ? 1
E/FFmpegExtractor( 2290): ##### PKT Q DEBUG #####
E/FFmpegExtractor( 2290): Q[video, 0, 0]: dur 0, pkts 1, sz 67437, 1st pts 3612281781, lst pts 3612281781
E/FFmpegExtractor( 2290): Q[audio, 1, 1]: dur 0, pkts 0, sz 0, 1st pts -9223372036854775808, lst pts -9223372036854775808
E/FFmpegExtractor( 2290): Q[subtitle, 2, 2]: dur 0, pkts 0, sz 0, 1st pts -9223372036854775808, lst pts -9223372036854775808
E/FFmpegExtractor( 2290): ff: mem descr: total size 0
E/NuPlayerRenderer( 2290): RNDR: dVA -238311 (dVAavg -187911), V 6533278033, A 6533516344, Asink 6533473792
I/NuPlayerDriver( 2290): notifyDuration: 0
E/NuPlayerRenderer( 2290): RNDR: dVA -150311 (dVAavg -190791), V 6533798033, A 6533948344, Asink 6533964288
E/UDPSource( 2290): in buffer: a[23, 13248] 552.000 ms, v[31, 409603] 1200.000 ms
E/UDPSource( 2290): in datasource: 1772830976 bytes, extractor created ? 1
E/FFmpegExtractor( 2290): ##### PKT Q DEBUG #####
E/FFmpegExtractor( 2290): Q[video, 0, 0]: dur 0, pkts 1, sz 7525, 1st pts 3612375381, lst pts 3612375381
E/FFmpegExtractor( 2290): Q[audio, 1, 1]: dur 0, pkts 0, sz 0, 1st pts -9223372036854775808, lst pts -9223372036854775808
E/FFmpegExtractor( 2290): Q[subtitle, 2, 2]: dur 0, pkts 0, sz 0, 1st pts -9223372036854775808, lst pts -9223372036854775808
E/FFmpegExtractor( 2290): ff: mem descr: total size 0
E/NuPlayerRenderer( 2290): RNDR: dVA -174311 (dVAavg -187911), V 6534278033, A 6534452344, Asink 6534433792
I/NuPlayerDriver( 2290): notifyDuration: 0
E/NuPlayerRenderer( 2290): RNDR: dVA -206311 (dVAavg -186631), V 6534798033, A 6535004344, Asink 6534967296
E/UDPSource( 2290): in buffer: a[16, 9216] 384.000 ms, v[29, 371144] 1040.000 ms
E/UDPSource( 2290): in datasource: 1773215248 bytes, extractor created ? 1
E/FFmpegExtractor( 2290): ##### PKT Q DEBUG #####
E/FFmpegExtractor( 2290): Q[video, 0, 0]: dur 0, pkts 0, sz 0, 1st pts -9223372036854775808, lst pts -9223372036854775808
E/FFmpegExtractor( 2290): Q[audio, 1, 1]: dur 0, pkts 0, sz 0, 1st pts -9223372036854775808, lst pts -9223372036854775808
E/FFmpegExtractor( 2290): Q[subtitle, 2, 2]: dur 0, pkts 0, sz 0, 1st pts -9223372036854775808, lst pts -9223372036854775808
E/FFmpegExtractor( 2290): ff: mem descr: total size 0
E/NuPlayerRenderer( 2290): RNDR: dVA -230311 (dVAavg -187591), V 6535278033, A 6535508344, Asink 6535457792
I/NuPlayerDriver( 2290): notifyDuration: 0
V/UDPDataSource( 2290): total bytes: 1773452128, (in buf 36848)
E/NuPlayerRenderer( 2290): RNDR: dVA -166311 (dVAavg -186311), V 6535798033, A 6535964344, Asink 6535948288
E/UDPSource( 2290): in buffer: a[18, 10368] 432.000 ms, v[29, 379025] 1080.000 ms
E/UDPSource( 2290): in datasource: 1773600836 bytes, extractor created ? 1
E/FFmpegExtractor( 2290): ##### PKT Q DEBUG #####
E/FFmpegExtractor( 2290): Q[video, 0, 0]: dur 0, pkts 0, sz 0, 1st pts -9223372036854775808, lst pts -9223372036854775808
E/FFmpegExtractor( 2290): Q[audio, 1, 1]: dur 0, pkts 0, sz 0, 1st pts -9223372036854775808, lst pts -9223372036854775808
E/FFmpegExtractor( 2290): Q[subtitle, 2, 2]: dur 0, pkts 0, sz 0, 1st pts -9223372036854775808, lst pts -9223372036854775808
E/FFmpegExtractor( 2290): ff: mem descr: total size 0
E/NuPlayerRenderer( 2290): RNDR: dVA -190311 (dVAavg -188551), V 6536278033, A 6536468344, Asink 6536438784
I/NuPlayerDriver( 2290): notifyDuration: 0
E/NuPlayerRenderer( 2290): RNDR: dVA -198311 (dVAavg -190151), V 6536798033, A 6536996344, Asink 6536950784
E/UDPSource( 2290): in buffer: a[16, 9216] 384.000 ms, v[28, 382051] 1120.000 ms
E/UDPSource( 2290): in datasource: 1773985108 bytes, extractor created ? 1
E/NuPlayerRenderer( 2290): RNDR: dVA -246311 (dVAavg -189511), V 6537278033, A 6537524344, Asink 6537462784
E/FFmpegExtractor( 2290): ##### PKT Q DEBUG #####
E/FFmpegExtractor( 2290): Q[video, 0, 0]: dur 0, pkts 1, sz 18537, 1st pts 3612656181, lst pts 3612656181
E/FFmpegExtractor( 2290): Q[audio, 1, 1]: dur 0, pkts 0, sz 0, 1st pts -9223372036854775808, lst pts -9223372036854775808
E/FFmpegExtractor( 2290): Q[subtitle, 2, 2]: dur 0, pkts 0, sz 0, 1st pts -9223372036854775808, lst pts -9223372036854775808
E/FFmpegExtractor( 2290): ff: mem descr: total size 0
I/NuPlayerDriver( 2290): notifyDuration: 0
E/NuPlayerRenderer( 2290): RNDR: dVA -158311 (dVAavg -191111), V 6537798033, A 6537956344, Asink 6537953792
E/UDPSource( 2290): in buffer: a[18, 10368] 432.000 ms, v[30, 363049] 1240.000 ms
E/UDPSource( 2290): in datasource: 1774370696 bytes, extractor created ? 1
E/NuPlayerRenderer( 2290): RNDR: dVA -206311 (dVAavg -190471), V 6538278033, A 6538484344, Asink 6538444288
E/FFmpegExtractor( 2290): ##### PKT Q DEBUG #####
E/FFmpegExtractor( 2290): Q[video, 0, 0]: dur 0, pkts 1, sz 55953, 1st pts 3612742581, lst pts 3612742581
E/FFmpegExtractor( 2290): Q[audio, 1, 1]: dur 0, pkts 0, sz 0, 1st pts -9223372036854775808, lst pts -9223372036854775808
E/FFmpegExtractor( 2290): Q[subtitle, 2, 2]: dur 0, pkts 0, sz 0, 1st pts -9223372036854775808, lst pts -9223372036854775808
E/FFmpegExtractor( 2290): ff: mem descr: total size 0
I/NuPlayerDriver( 2290): notifyDuration: 0
E/NuPlayerRenderer( 2290): RNDR: dVA -190311 (dVAavg -187271), V 6538798033, A 6538988344, Asink 6538956288
E/UDPSource( 2290): in buffer: a[16, 9216] 384.000 ms, v[30, 395218] 1000.000 ms
E/UDPSource( 2290): in datasource: 1774756284 bytes, extractor created ? 1
E/NuPlayerRenderer( 2290): RNDR: dVA -238311 (dVAavg -185351), V 6539278033, A 6539516344, Asink 6539468288
I/NuPlayerDriver( 2290): notifyDuration: 0
