--------- beginning of /dev/log/system
I/ActivityManager( 2723): START u0 {act=android.intent.action.MAIN cat=[android.intent.category.LAUNCHER] flg=0x10000000 pkg=org.eltex.android.app.iptvplayer cmp=org.eltex.android.app.iptvplayer/.ui.activities.MainActivity (has extras)} from pid 2963
--------- beginning of /dev/log/main
V/FFmpegExtractor( 2291): streaming type 1
I/FFmpegExtractor( 2291): url must be opened via android protocol
V/FFmpegExtractor( 2291): take first audio stream <1>
V/FFmpegExtractor( 2291): video index 0x0, audio index 0x1
V/FFmpegExtractor( 2291): mFilename: android-streaming-source:0xb7940da0|0xb791bc48
V/FFmpegExtractor( 2291): mInitialUrl: udp://@239.1.3.2:1234
V/FFmpegExtractor( 2291): file startTime: 33758788911
I/FFmpegExtractor( 2291): ===== stream_component_open: stream_index: 1 (of total 7), (to select 1)
I/FFmpegExtractor( 2291): support the codec(mp2)
V/FFmpegExtractor( 2291): Tag [3][0][0][0]/0x00000003 with codec(mp2) type(audio)
V/FFmpegExtractor( 2291): audio stream no extradata, but we can ignore it.
V/codec_utils( 2291): MP2
I/FFmpegExtractor( 2291): bit_rate: 192000, sample_rate: 48000, channels: 2, bits_per_coded_sample: 0, block_align:0
V/FFmpegExtractor( 2291): audio startTime: 33758884911 us (timebase 0.000011)
V/FFmpegExtractor( 2291): ===== stream_component_open: create a audio track =====
I/FFmpegExtractor( 2291): ===== stream_component_open: stream_index: 0 (of total 7), (to select 1)
I/FFmpegExtractor( 2291): support the codec(h264)
V/FFmpegExtractor( 2291): Tag [27][0][0][0]/0x0000001b with codec(h264) type(video)
I/FFMPEG  ( 2291): found NAL_SPS
I/FFMPEG  ( 2291): found NAL_PPS
V/FFmpegExtractor( 2291): video stream extradata (44):
V/codec_utils( 2291): H264
E/avc_utils( 2291): AVC: num_u_in_tick 1 (0x1), time_scale 50 (0x32), frate fixed ? 1
I/avc_utils( 2291): found AVC codec config (720 x 576, Main-profile level 3.0) SAR 16 : 11 
V/FFmpegExtractor( 2291): set video format 720 576
I/FFmpegExtractor( 2291): width: 720, height: 576 (1046x576), bit_rate: 0
E/FFmpegExtractor( 2291): scan type: interlaced
E/FFmpegExtractor( 2291): fr: num 50, den 1
V/FFmpegExtractor( 2291): video startTime: 33759688911 us (timebase 0.000011)
V/FFmpegExtractor( 2291): ===== stream_component_open: create a video track =====
I/FFmpegExtractor( 2291): ===== stream_component_open: stream_index: 2 (of total 7), (to select 0)
D/FFmpegExtractor( 2291): unsuppoted codec(dvb_teletext), but give it a chance
I/FFmpegExtractor( 2291): support the codec(dvb_teletext)
V/FFmpegExtractor( 2291): Tag [6][0][0][0]/0x00000006 with codec(dvb_teletext) type(subtitle)
V/FFmpegExtractor( 2291): subtitle startTime: 33758788911 us (timebase 0.000011)
V/FFmpegExtractor( 2291): ===== stream_component_open: create a subtitle track =====
I/FFmpegExtractor( 2291): ===== stream_component_open: stream_index: 3 (of total 7), (to select 0)
D/FFmpegExtractor( 2291): unsuppoted codec(none), but give it a chance
I/FFmpegExtractor( 2291): support the codec(none)
V/FFmpegExtractor( 2291): Tag [134][0][0][0]/0x00000086 with codec(none) type((null))
E/FFmpegExtractor( 2291): ===== stream_component_open: Unsupported media type ((null))
I/FFmpegExtractor( 2291): ===== stream_component_open: stream_index: 4 (of total 7), (to select 0)
D/FFmpegExtractor( 2291): unsuppoted codec(none), but give it a chance
I/FFmpegExtractor( 2291): support the codec(none)
V/FFmpegExtractor( 2291): Tag [5][0][0][0]/0x00000005 with codec(none) type((null))
E/FFmpegExtractor( 2291): ===== stream_component_open: Unsupported media type ((null))
I/FFmpegExtractor( 2291): ===== stream_component_open: stream_index: 5 (of total 7), (to select 0)
D/FFmpegExtractor( 2291): unsuppoted codec(none), but give it a chance
I/FFmpegExtractor( 2291): support the codec(none)
V/FFmpegExtractor( 2291): Tag [11][0][0][0]/0x0000000b with codec(none) type((null))
E/FFmpegExtractor( 2291): ===== stream_component_open: Unsupported media type ((null))
I/FFmpegExtractor( 2291): ===== stream_component_open: stream_index: 6 (of total 7), (to select 0)
D/FFmpegExtractor( 2291): unsuppoted codec(none), but give it a chance
I/FFmpegExtractor( 2291): support the codec(none)
V/FFmpegExtractor( 2291): Tag [12][0][0][0]/0x0000000c with codec(none) type((null))
E/FFmpegExtractor( 2291): ===== stream_component_open: Unsupported media type ((null))
V/FFmpegExtractor( 2291): Starting reader thread
D/FFmpegExtractor( 2291): Reader thread started
V/FFmpegExtractor( 2291): [TIMING] mProbePkts: 0, mEOF: 0, pb->error(if has): 0, all tracks created: 1
D/FFmpegExtractor( 2291): supported mime: video/mp2t
V/FFmpegExtractor( 2291): FFmpegSource::FFmpegSource video: codec h264, index 0 (av index 0)
E/FFmpegExtractor( 2291): !!! export: sar 16:11, dar 20:11
V/FFmpegExtractor( 2291): FFmpegSource::FFmpegSource audio: codec mp2, index 1 (av index 1)
I/UDPSource( 2291): [audio/mpeg-L2] sw audio decoding
D/NuPlayerDriver( 2291): --- notifyListener: event 5 ---
E/NuPlayerDriver( 2291): SET VIDEO SIZE: 1046 x 576
V/MediaPlayer( 3201): [player-0x6e49d418] message received msg=5, ext1=1046, ext2=576
V/MediaPlayer( 3201): [player-0x6e49d418] New video size 1046 x 576
V/MediaPlayer( 3201): [player-0x6e49d418] callback application
V/MediaPlayer( 3201): [player-0x6e49d418] back from callback
V/MediaPlayer( 3201): [player-0x6e49d418] getVideoWidth
V/MediaPlayer( 3201): [player-0x6e49d418] getVideoHeight
D/UDPSource( 2291): SET VIDEO SIZE: 1046 x 576
I/UDPSource( 2291): Notify prepare OK
V/FFmpegExtractor( 2291): FFmpegSource::FFmpegSource subtitle: codec dvb_teletext, index 2 (av index 2)
D/NuPlayerDriver( 2291): --- notifyListener: event 1 ---
I/NuPlayerDriver( 2291): notifyDuration: 0
V/MediaPlayer( 3201): [player-0x6e49d418] message received msg=1, ext1=0, ext2=0
V/MediaPlayer( 3201): [player-0x6e49d418] prepared
V/MediaPlayer( 3201): [player-0x6e49d418] callback application
V/MediaPlayer( 3201): [player-0x6e49d418] back from callback
V/FFmpegExtractor( 2291): FFmpegExtractor enter thread(readerEntry), streamingType 1
I/FFmpegExtractor( 2291): cut non-selected streams by videoQ (index 0)
E/FFmpegExtractor( 2291): (clbk) fetching ttx page 100
E/FFmpegExtractor( 2291): put ttx pkt: pts 3038348602, size 8924 (total 8924 bytes, 2 pkts, 0 us)
V/FFmpegExtractor( 2291): drop obsolete subtitle(0:2) packet 0 < 33759688911
V/FFmpegExtractor( 2291): drop obsolete subtitle(2:2) packet 33759428911 < 33759688911
E/FFmpegExtractor( 2291): (clbk) fetching ttx page 100
E/FFmpegExtractor( 2291): put ttx pkt: pts 3038363002, size 8924 (total 8924 bytes, 1 pkts, 0 us)
V/FFmpegExtractor( 2291): drop obsolete subtitle(2:2) packet 33759588911 < 33759688911
E/FFmpegExtractor( 2291): (clbk) fetching ttx page 100
E/FFmpegExtractor( 2291): put ttx pkt: pts 3038381002, size 8924 (total 8924 bytes, 1 pkts, 0 us)
E/FFmpegExtractor( 2291): (clbk) fetching ttx page 100
E/FFmpegExtractor( 2291): put ttx pkt: pts 3038395402, size 8924 (total 17848 bytes, 2 pkts, 160000 us)
V/MediaPlayer( 3201): [player-0x6e49d418] invoke 68
D/NuPlayerDriver( 2291): invoke: method 1
V/NuPlayer( 2291): kWhatGetTrackInfo
E/UDPSource( 2291): NuPlayer::UDPSource::getTrackInfo
E/UDPSource( 2291): total tracks: 3
V/UDPSource( 2291): got track 0: [video/avc]
V/UDPSource( 2291): got track 1: [audio/mpeg-L2]
V/UDPSource( 2291): got track 2: [text/dvb_teletext]
D/MediaPlayer( 3201): got MEDIA_TRACK_TYPE_VIDEO: {is-3d=0, language=avc, height=576, mime=video/avc, stream-id=1031, width=1046}
D/MediaPlayer( 3201): got MEDIA_TRACK_TYPE_AUDIO: {stream-id=1032, language=--- (mpeg-L2, 48000 Hz)}
D/MediaPlayer( 3201): got MEDIA_TRACK_TYPE_TIMEDTEXT: {stream-id=0, language=rus TELETEXT, mime=application/x-subrip}
D/MediaPlayer( 3201): [player-0x6e49d418] getMetadata
D/EltexVideoView( 3201): onPrepared
D/ContentInfoManager( 3201): Found info: ContentInfo{url='udp://@239.1.3.2:1234', audioTrackIndex=0, videoTrackIndex=-1, subtitleTrackIndex=-1, position=8601, duration=0, volume=0, width=1394, height=576, arMode=MEDIAPLAYER_AR_BOX, customScale=1.0, dualMode=stereo, isDefaultArMode=false, subtitleTrackName=, audioTrackkName=--- (mpeg-L2, 48000 Hz)}
D/EltexVideoView( 3201): callInvoke 102 stereo
V/MediaPlayer( 3201): [player-0x6e49d418] invoke 88
D/NuPlayerDriver( 2291): invoke: method 102
E/UDPSource( 2291): getFormatMeta: audio source 0xb79645d8, total tracks 3
E/NuPlayerDriver( 2291): invoke AUDIO_DUAL_MODE <stereo>, ret 0
D/EltexVideoView( 3201): Not found external subs
V/MediaPlayer( 3201): [player-0x6e49d418] getVideoWidth
V/MediaPlayer( 3201): [player-0x6e49d418] getVideoHeight
V/MediaPlayer( 3201): [player-0x6e49d418] invoke 68
D/NuPlayerDriver( 2291): invoke: method 1
V/NuPlayer( 2291): kWhatGetTrackInfo
E/UDPSource( 2291): NuPlayer::UDPSource::getTrackInfo
E/UDPSource( 2291): total tracks: 3
V/UDPSource( 2291): got track 0: [video/avc]
V/UDPSource( 2291): got track 1: [audio/mpeg-L2]
V/UDPSource( 2291): got track 2: [text/dvb_teletext]
D/MediaPlayer( 3201): got MEDIA_TRACK_TYPE_VIDEO: {is-3d=0, language=avc, height=576, mime=video/avc, stream-id=1031, width=1046}
D/MediaPlayer( 3201): got MEDIA_TRACK_TYPE_AUDIO: {stream-id=1032, language=--- (mpeg-L2, 48000 Hz)}
D/MediaPlayer( 3201): got MEDIA_TRACK_TYPE_TIMEDTEXT: {stream-id=0, language=rus TELETEXT, mime=application/x-subrip}
I/EltexVideoView( 3201): tracks: 3
I/EltexVideoView( 3201): setCurrentAudioTrackIndex 0, info ContentInfo{url='udp://@239.1.3.2:1234', audioTrackIndex=0, videoTrackIndex=-1, subtitleTrackIndex=-1, position=8601, duration=0, volume=0, width=1046, height=576, arMode=MEDIAPLAYER_AR_BOX, customScale=1.0, dualMode=stereo, isDefaultArMode=false, subtitleTrackName=, audioTrackkName=--- (mpeg-L2, 48000 Hz)}
I/EltexVideoView( 3201): getAudioTracks().get(index).getRealIndex() 1
V/MediaPlayer( 3201): [player-0x6e49d418] invoke 72
D/NuPlayerDriver( 2291): invoke: method 4
V/NuPlayer( 2291): kWhatSelectTrack
E/UDPSource( 2291): NuPlayer::UDPSource::selectTrack 1, 0
E/UDPSource( 2291): NuPlayer::UDPSource::selectTrack 1, 1
V/MediaPlayer( 3201): [player-0x6e49d418] getVideoWidth
V/MediaPlayer( 3201): [player-0x6e49d418] getVideoHeight
V/MediaPlayer( 3201): getPlayerCurrentState : 8
V/MediaPlayer( 3201): [player-0x6e49d418] start
V/NuPlayer( 2291): kWhatStart
V/NuPlayer( 2291): duration: 0 us
I/UDPSource( 2291): UDPSource::start
V/FFmpegExtractor( 2291): FFmpegSource::start video, index 0 (av index 0)
I/FFmpegExtractor( 2291): select_stream: index: 0 (of total 7)
V/FFmpegExtractor( 2291): FFmpegSource::start audio, index 1 (av index 1)
I/FFmpegExtractor( 2291): select_stream: index: 1 (of total 7)
E/UDPSource( 2291): getFormatMeta: video source 0xb79251d8, total tracks 3
V/FFmpegExtractor( 2291): read audio flush pkt
E/UDPSource( 2291): getFormatMeta: audio source 0xb79645d8, total tracks 3
V/NuPlayer( 2291): video decoder search for I-frame ? 0
V/NuPlayer( 2291): content mime <video/mp2t>
E/UDPSource( 2291): getFormatMeta: video source 0xb79251d8, total tracks 3
V/NuPlayer( 2291): Video rendering period 40000 us (detected)
D/NuPlayer( 2291): w/h/fps = 1046/576/25
E/NuPlayerRenderer( 2291): == Renderer::Renderer (flags 0x2): use fps info ? 1, fix fps ? 1, improve freeze ? 0 ==
V/NuPlayerRenderer( 2291): Renderer::syncQueues -200000 (+/- 100000)
V/NuPlayer( 2291): kWhatScanSources
V/NuPlayerRenderer( 2291): Renderer::onSyncQueues -200000 (+/- 100000)
V/NuPlayer( 2291): scanning sources haveAudio=0, haveVideo=0
E/UDPSource( 2291): NuPlayer::UDPSource::getTrackInfo
E/UDPSource( 2291): total tracks: 3
V/UDPSource( 2291): got track 0: [video/avc]
V/UDPSource( 2291): got track 1: [audio/mpeg-L2]
V/UDPSource( 2291): got track 2: [text/dvb_teletext]
E/NuPlayer( 2291): data source ready ? 1, audio 1, video 1
E/UDPSource( 2291): getFormatMeta: video source 0xb79251d8, total tracks 3
E/ACodec  ( 2291): Now uninitialized
E/NuPlayer( 2291): [1;37;44m[TIMING] start video decoder after 1429.40 ms[0m
E/UDPSource( 2291): getFormatMeta: audio source 0xb79645d8, total tracks 3
E/ACodec  ( 2291): Now uninitialized
E/NuPlayer( 2291): [1;37;44m[TIMING] start audio decoder after 1429.85 ms[0m
E/ACodec  ( 2291): onAllocateComponent: audio/mpeg-L2
V/FFmpegExtractor( 2291): 1st audio key-ts is updated to 3038299642
E/FFmpegExtractor( 2291): audio timestamp is: 96000 us (of -9223372036854775808)
E/FFmpegExtractor( 2291): got first audio pts 3038299642 (33758884911 us)
V/FFmpegExtractor( 2291): read video flush pkt
E/FFmpegExtractor( 2291): got first video pts 3038372002 (33759688911 us)
E/FFmpegExtractor( 2291): [1;37;41minitial dVA pts: 804000 us[0m
D/SoftFFmpegAudio( 2291): SoftFFmpegAudio component: OMX.ffmpeg.mp2.decoder mMode: 7
E/FFMPEG  ( 2291): initFFmpeg: s_ref_count 1
E/ACodec  ( 2291): [OMX.ffmpeg.mp2.decoder] Now Loaded
E/SoftFFmpegAudio( 2291): adjustAudioParams: dst has 2 channels
V/SoftFFmpegAudio( 2291): set OMX_IndexParamAudioMp2, nChannels:2, nSampleRate:48000
E/SoftFFmpegAudio( 2291): audio dual mode will be set to: 0 <stereo>
E/ACodec  ( 2291): [OMX.ffmpeg.mp2.decoder] Now Loaded->Idle
E/ACodec  ( 2291): [OMX.ffmpeg.mp2.decoder] Allocating 4 buffers of size 20480 on input port
E/ACodec  ( 2291): [OMX.ffmpeg.mp2.decoder] Allocating 4 buffers of size 9216 on output port
I/NuPlayerDriver( 2291): notifyDuration: 0
D/NuPlayer( 2291): allocated 4 Audio input buffers, 20480 bytes each
V/MediaPlayer( 3201): [player-0x6e49d418] invoke 72
E/ACodec  ( 2291): [OMX.ffmpeg.mp2.decoder] Now Idle->Executing
E/ACodec  ( 2291): [OMX.ffmpeg.mp2.decoder] Now Executing
E/ACodec  ( 2291): onAllocateComponent: video/avc
D/NuPlayerDriver( 2291): invoke: method 6
I/NuPlayerRenderer( 2291): setVideoScalingMode: 1
I/NuPlayer( 2291): delay applying scaling mode to 1
D/RTK_omx_core( 2291): 
D/RTK_omx_core( 2291): Component name OMX.realtek.video.decoder
W/RTK_OMX_VDecoder( 2291): [DBGT] rtkdec compiled without trace support (ENABLE_DBGT_TRACE switch not enabled)
V/MediaPlayer( 3201): [player-0x6e49d418] invoke 72
D/RTK_omx_core( 2291): Component init result 0
D/RTK_omx_core( 2291): 
I/SoftFFmpegAudio( 2291): extradata is ready, size: 0
D/SoftFFmpegAudio( 2291): begin to open ffmpeg audio decoder(mp2), mCtx sample_rate: 48000, channels: 2, , sample_fmt: (null)
D/SoftFFmpegAudio( 2291): open ffmpeg audio decoder(mp2) success, mCtx sample_rate: 48000, channels: 2, sample_fmt: s16p
I/SoftFFmpegAudio( 2291): Create sample rate converter for conversion of 48000 Hz s16p 2 channels(stereo) to 48000 Hz s16 2 channels(stereo)!
D/NuPlayerDriver( 2291): invoke: method 6
I/NuPlayerRenderer( 2291): setVideoScalingMode: 1
I/NuPlayer( 2291): delay applying scaling mode to 1
V/SoftFFmpegAudio( 2291): get pcm params, nChannels:2, nSamplingRate:48000
V/NuPlayer( 2291): [1;37;44m[TIMING] Audio output format changed to 48000 Hz, 2 channels after 1446.82 ms (it took 16.97 ms)[0m
E/AudioSink( 2291): sink: frame count 8192, buffer count 8, sample rate 48000
D/libRtkAoutUtil( 2291): [device/realtek/proprietary/libs/hardware/AudioUtil/AudioUtil.cpp:813]SetAudioDecVolume()...
D/libRtkAoutUtil( 2291): program id 2291 thread id 4329
D/libRtkAoutUtil( 2291): [+]audio_RPC_uninit
D/libRtkAoutUtil( 2291): [-]audio_RPC_uninit
D/libRtkAoutUtil( 2291): [device/realtek/proprietary/libs/hardware/AudioUtil/AudioUtil.cpp:1625]SetAudioHdmiMute()...
D/libRtkAoutUtil( 2291): program id 2291 thread id 4329
E/ACodec  ( 2291): [OMX.realtek.video.dec] Now Loaded
D/RTK_OMX_VDecoder( 2291): ********** StoreMetaDataInBuffers: true **********
D/libRtkAoutUtil( 2291): [+]audio_RPC_uninit
D/libRtkAoutUtil( 2291): [-]audio_RPC_uninit
V/NuPlayer( 2291): audio at 96000 us, before video
V/NuPlayer( 2291): audio at 120000 us, before video
V/NuPlayer( 2291): audio at 144000 us, before video
V/NuPlayer( 2291): audio at 168000 us, before video
E/ACodec  ( 2291): kFlagPushBlankBuffersToNativeWindowOnShutdown
I/RTK_OMX_VDecoder( 2291): decoder_get_parameter: OutputVideoPortFormat: fmt:48
I/RTK_OMX_VDecoder( 2291): decoder_set_parameter: OutputVideoPortFormat: fmt:48
D/RTK_OMX_VDecoder( 2291): In[decoder_get_parameter][1910]  param->nPortIndex:0
D/RTK_OMX_VDecoder( 2291): In[decoder_get_parameter][1910]  param->nPortIndex:1
I/RTK_OMX_VDecoder( 2291): decoder_get_parameter: OutputPortDefinition: 0x0 fmt:48
D/RTK_OMX_VDecoder( 2291): [0;31mGET dec->out.def.nBufferCountMin:4[m
D/RTK_OMX_VDecoder( 2291): [0;31mGET dec->out.def.nBufferCountActual:4[m
I/RTK_OMX_VDecoder( 2291): decoder_set_parameter: OutputPortDefinition: 1046x576 fmt:48
D/RTK_OMX_VDecoder( 2291): [0;33mSET dec->out.def.nBufferCountMin:4[m
D/RTK_OMX_VDecoder( 2291): [0;33mSET dec->out.def.nBufferCountActual:4[m
D/ACodec  ( 2291): [0;35m In configureCodec:1487 not detect video low delay mode [m
D/ACodec  ( 2291): enableSearchIFrame from message: 0
D/ACodec  ( 2291): [0;32m In configureCodec:1504 enableSearchIFrame:0 searchIFrame:0 value:1 [m
D/ACodec  ( 2291): [0;35m In configureCodec:1560 not detect video de-interlaced mode [m
E/Surface ( 2291): Surface::setScalingMode(1)
D/RTK_OMX_VDecoder( 2291): ********** enableAndroidNativeBuffers: true **********
E/ACodec  ( 2291): [OMX.realtek.video.dec] Now Loaded->Idle
D/RTK_OMX_VDecoder( 2291): In[decoder_get_parameter][1910]  param->nPortIndex:0
E/ACodec  ( 2291): [OMX.realtek.video.dec] Allocating 3 buffers of size 2621440 on input port
D/RTK_OMX_VDecoder( 2291): API: allocated buffer size:2621440 @physical addr:0x0cbc5000 @logical addr:0xafd4e000
D/RTK_OMX_VDecoder( 2291): API: allocated buffer size:2621440 @physical addr:0x0ce45000 @logical addr:0xaface000
D/RTK_OMX_VDecoder( 2291): API: allocated buffer size:2621440 @physical addr:0x0d0c5000 @logical addr:0xaf84e000
D/NuPlayer( 2291): allocated 3 Video input buffers, 2621440 bytes each
D/RTK_OMX_VDecoder( 2291): In[decoder_get_parameter][1910]  param->nPortIndex:1
I/RTK_OMX_VDecoder( 2291): decoder_get_parameter: OutputPortDefinition: 1046x576 fmt:48
D/RTK_OMX_VDecoder( 2291): [0;31mGET dec->out.def.nBufferCountMin:4[m
D/RTK_OMX_VDecoder( 2291): [0;31mGET dec->out.def.nBufferCountActual:4[m
E/Surface ( 2291): Surface::setBuffersDimensions 32 x 32
D/ACodec  ( 2291): [0;33m ### In configureOutputBuffersFromNativeWindow:617 WxH: 1046x576 fmt:48 size:1048576[m
I/ACodec  ( 2291): OMX-buffers: min=4 actual=4 undeq=3+1
I/RTK_OMX_VDecoder( 2291): decoder_set_parameter: OutputPortDefinition: 1046x576 fmt:48
D/RTK_OMX_VDecoder( 2291): [0;33mSET dec->out.def.nBufferCountMin:4[m
D/RTK_OMX_VDecoder( 2291): [0;33mSET dec->out.def.nBufferCountActual:10[m
I/ACodec  ( 2291): OMX-buffers: min=4 actual=10 undeq=6+1
I/[Gralloc]( 2288):  FORMAT = HAL_PIXEL_FORMAT_RTK_16_YCbCr_420_SP 
I/[Gralloc]( 2288):  Input => W:32 x H:32
I/[Gralloc]( 2288):  ALIGN => stride:32 H:32 size:1536
D/ACodec  ( 2291): In allocateOutputMetaDataBuffers:908 index:0 :Got handle_t [0xb78fcd00] PhysicalAddr [0x0d345000] size [4096] buf->handle:0xb78fcd00##
I/[Gralloc]( 2288):  FORMAT = HAL_PIXEL_FORMAT_RTK_16_YCbCr_420_SP 
I/[Gralloc]( 2288):  Input => W:32 x H:32
I/[Gralloc]( 2288):  ALIGN => stride:32 H:32 size:1536
D/ACodec  ( 2291): In allocateOutputMetaDataBuffers:908 index:1 :Got handle_t [0xb78fd060] PhysicalAddr [0x0d346000] size [4096] buf->handle:0xb78fd060##
I/[Gralloc]( 2288):  FORMAT = HAL_PIXEL_FORMAT_RTK_16_YCbCr_420_SP 
I/[Gralloc]( 2288):  Input => W:32 x H:32
I/[Gralloc]( 2288):  ALIGN => stride:32 H:32 size:1536
D/ACodec  ( 2291): In allocateOutputMetaDataBuffers:908 index:2 :Got handle_t [0xb7901ad0] PhysicalAddr [0x0d347000] size [4096] buf->handle:0xb7901ad0##
I/[Gralloc]( 2288):  FORMAT = HAL_PIXEL_FORMAT_RTK_16_YCbCr_420_SP 
I/[Gralloc]( 2288):  Input => W:32 x H:32
I/[Gralloc]( 2288):  ALIGN => stride:32 H:32 size:1536
D/ACodec  ( 2291): In allocateOutputMetaDataBuffers:908 index:3 :Got handle_t [0xb7917510] PhysicalAddr [0x0d348000] size [4096] buf->handle:0xb7917510##
I/[Gralloc]( 2288):  FORMAT = HAL_PIXEL_FORMAT_RTK_16_YCbCr_420_SP 
I/[Gralloc]( 2288):  Input => W:32 x H:32
I/[Gralloc]( 2288):  ALIGN => stride:32 H:32 size:1536
D/ACodec  ( 2291): In allocateOutputMetaDataBuffers:908 index:4 :Got handle_t [0xb78fcc00] PhysicalAddr [0x0d349000] size [4096] buf->handle:0xb78fcc00##
I/[Gralloc]( 2288):  FORMAT = HAL_PIXEL_FORMAT_RTK_16_YCbCr_420_SP 
I/[Gralloc]( 2288):  Input => W:32 x H:32
I/[Gralloc]( 2288):  ALIGN => stride:32 H:32 size:1536
D/ACodec  ( 2291): In allocateOutputMetaDataBuffers:908 index:5 :Got handle_t [0xb78fcb80] PhysicalAddr [0x0d34a000] size [4096] buf->handle:0xb78fcb80##
I/[Gralloc]( 2288):  FORMAT = HAL_PIXEL_FORMAT_RTK_16_YCbCr_420_SP 
I/[Gralloc]( 2288):  Input => W:32 x H:32
I/[Gralloc]( 2288):  ALIGN => stride:32 H:32 size:1536
D/ACodec  ( 2291): In allocateOutputMetaDataBuffers:908 index:6 :Got handle_t [0xb797e5c0] PhysicalAddr [0x0d34b000] size [4096] buf->handle:0xb797e5c0##
I/[Gralloc]( 2288):  FORMAT = HAL_PIXEL_FORMAT_RTK_16_YCbCr_420_SP 
I/[Gralloc]( 2288):  Input => W:32 x H:32
I/[Gralloc]( 2288):  ALIGN => stride:32 H:32 size:1536
D/ACodec  ( 2291): In allocateOutputMetaDataBuffers:908 index:7 :Got handle_t [0xb7917590] PhysicalAddr [0x0d34c000] size [4096] buf->handle:0xb7917590##
I/[Gralloc]( 2288):  FORMAT = HAL_PIXEL_FORMAT_RTK_16_YCbCr_420_SP 
I/[Gralloc]( 2288):  Input => W:32 x H:32
I/[Gralloc]( 2288):  ALIGN => stride:32 H:32 size:1536
D/ACodec  ( 2291): In allocateOutputMetaDataBuffers:908 index:8 :Got handle_t [0xb7964a70] PhysicalAddr [0x0d34d000] size [4096] buf->handle:0xb7964a70##
I/[Gralloc]( 2288):  FORMAT = HAL_PIXEL_FORMAT_RTK_16_YCbCr_420_SP 
I/[Gralloc]( 2288):  Input => W:32 x H:32
I/[Gralloc]( 2288):  ALIGN => stride:32 H:32 size:1536
D/ACodec  ( 2291): In allocateOutputMetaDataBuffers:908 index:9 :Got handle_t [0xb78ec9b8] PhysicalAddr [0x0d34e000] size [4096] buf->handle:0xb78ec9b8##
D/ACodec  ( 2291): --- In allocateOutputMetaDataBuffers:931 send back buffer count : 10 totalAllocBufferCount:10 ----
V/NuPlayer( 2291): audio at 192000 us, before video
D/RTK_OMX_VDecoder( 2291): [0;32m#### Received OMX_realtek_android_index_notifyBufferAllocDone do mapping physical address, Value :0x2379######[m
D/RTK_OMX_VDecoder( 2291): In convertHandleT2Physical:6346, UseStoreMetaDataInBuffer:1 UseGrallocBuffer:1 nBufferCountActual:10
D/RTK_OMX_VDecoder( 2291): API:======= got phyaddr:0xd345000 size=4096 handle:0xb78fcd00 ===== in convertHandleT2Physical:6400
D/RTK_OMX_VDecoder( 2291): API:======= got phyaddr:0xd346000 size=4096 handle:0xb78fd060 ===== in convertHandleT2Physical:6400
V/NuPlayer( 2291): audio at 216000 us, before video
D/RTK_OMX_VDecoder( 2291): API:======= got phyaddr:0xd347000 size=4096 handle:0xb7901ad0 ===== in convertHandleT2Physical:6400
D/RTK_OMX_VDecoder( 2291): API:======= got phyaddr:0xd348000 size=4096 handle:0xb7917510 ===== in convertHandleT2Physical:6400
D/RTK_OMX_VDecoder( 2291): API:======= got phyaddr:0xd349000 size=4096 handle:0xb78fcc00 ===== in convertHandleT2Physical:6400
V/NuPlayer( 2291): audio at 240000 us, before video
D/RTK_OMX_VDecoder( 2291): API:======= got phyaddr:0xd34a000 size=4096 handle:0xb78fcb80 ===== in convertHandleT2Physical:6400
D/RTK_OMX_VDecoder( 2291): API:======= got phyaddr:0xd34b000 size=4096 handle:0xb797e5c0 ===== in convertHandleT2Physical:6400
D/RTK_OMX_VDecoder( 2291): API:======= got phyaddr:0xd34c000 size=4096 handle:0xb7917590 ===== in convertHandleT2Physical:6400
D/RTK_OMX_VDecoder( 2291): API:======= got phyaddr:0xd34d000 size=4096 handle:0xb7964a70 ===== in convertHandleT2Physical:6400
D/RTK_OMX_VDecoder( 2291): API:======= got phyaddr:0xd34e000 size=4096 handle:0xb78ec9b8 ===== in convertHandleT2Physical:6400
D/ACodec  ( 2291): In allocateOutputMetaDataBuffers:941 notifyBufferAllocDone index :0x7fff0008 and send notify done 
V/NuPlayer( 2291): audio at 264000 us, before video
V/NuPlayer( 2291): audio at 288000 us, before video
E/RTK_OMX_OSAL( 2291): OSAL    ! OSAL_MutexLock (pMutex == NULL) hardware/realtek/realtek_omx/osal/OSAL.c:1206
I/RTK_OMX_DEC_VIDEO( 2291): eCompressionFormat:7, bUseOutputBeDecoded:1
I/RTK_OMX_DEC_VIDEO( 2291): In[RTKHwDecOmx_decoder_create_video][4887]  decoder_decode_video
I/RTK_OMX_DEC_VIDEO( 2291): In[RTKHwDecOmx_decoder_create_video][4891]  isRTKExtractor:0
I/VPUAPI  ( 2291): In[vdi_get_realchip_memory_size][574] vdi->realchip_memory_size:1054867456
I/VPUAPI  ( 2291): [VDI] instance pool physaddr=0xc784000, virtaddr=0xaf7fc000, base=0xf1e95000, size=262312
I/VPUAPI  ( 2291): [VDI] HW lock sem 980 aquired
V/NuPlayer( 2291): audio at 312000 us, before video
V/NuPlayer( 2291): audio at 336000 us, before video
V/NuPlayer( 2291): audio at 360000 us, before video
I/VPUAPI  ( 2291): [VDI] map vdb_register coreIdx=0, virtaddr=0xaf7f0000, size=49152
I/VPUAPI  ( 2291): [VDI]  vdi_set_clk_status, 1740... clock value:0x00001000, clk_en:TRUE
I/VPUAPI  ( 2291): [VDI] 2 allocate_common_memory, physaddr=0xc7c5000, virtaddr=0xaf5f0000
I/VPUAPI  ( 2291): [VDI] vdi_get_common_memory physaddr=0xc7c5000, size=2097152, virtaddr=0xaf5f0000
I/VPUAPI  ( 2291): [VDI] map vdb_register coreIdx=0, virtaddr=0xaf7f0000, size=49152
I/VPUAPI  ( 2291): before VE_CTRL_REG = 0x00000013
I/VPUAPI  ( 2291): after VE_CTRL_REG = 0x00000013
I/VPUAPI  ( 2291): [VDI] success to init driver 
I/VPUAPI  ( 2291): instance_num:0
I/VPUAPI  ( 2291): [VDI]  vdi_set_clk_status, 1740... clock value:0x00001000, clk_en:TRUE
I/VPUAPI  ( 2291): [0;31mpAttr->supportDecoders : 0x00000a9f, support_vtype : 0x00001a9f[m
I/RTK_OMX_DEC_VIDEO( 2291): VPU_Init success
I/RTK_OMX_DEC_VIDEO( 2291): vpu->instIdx : 0
I/RTK_OMX_DEC_VIDEO( 2291): allocate bitstream buffer size = 4194304
I/VPUAPI  ( 2291): [VDI] vdi_allocate_dma_memory, physaddr=0xd34f000, virtaddr=0xaf1f0000, size=4194304
V/NuPlayer( 2291): audio at 384000 us, before video
V/NuPlayer( 2291): audio at 408000 us, before video
I/VPUAPI  ( 2291): instance_num:0
I/VPUAPI  ( 2291): [VDI]  vdi_set_clk_status, 1740... clock value:0x00001000, clk_en:TRUE
I/VPUAPI  ( 2291): [0;31mpAttr->supportDecoders : 0x00000a9f, support_vtype : 0x00001a9f[m
V/NuPlayer( 2291): audio at 432000 us, before video
I/VPUAPI  ( 2291): [VDI] vdi_allocate_dma_memory, physaddr=0xd74f000, virtaddr=0xaf094000, size=1425408
E/RTK_OMX_OSAL( 2291): OSAL    ! OSAL_MutexUnlock pthread_mutex_unlock EPERM hardware/realtek/realtek_omx/osal/OSAL.c:1260
E/ACodec  ( 2291): [OMX.realtek.video.dec] Now Idle->Executing
V/NuPlayer( 2291): audio at 456000 us, before video
E/ACodec  ( 2291): [OMX.realtek.video.dec] Now Executing
E/NuPlayerDecoder( 2291): onFillThisBuffer:: send <video/avc> CSD buffer [0]
E/NuPlayerDecoder( 2291): onFillThisBuffer:: send <video/avc> CSD buffer [1]
V/NuPlayer( 2291): audio at 480000 us, before video
I/VPUAPI  ( 2291): [VDI]  vdi_get_pll_clock, 1724... clock value:0x08605300
V/NuPlayer( 2291): audio at 504000 us, before video
D/RTK_OMX_DEC_VIDEO( 2291): pVpu->initialInfo.interlace:1, s_dec_config.bRenderToV1:1, pVpu->bIsThumbnail:0
I/RTK_OMX_DEC_VIDEO( 2291): VPU_DecRegisterFrameBuffer() : fbCount=17, stride=720, height=576
I/RTK_OMX_DEC_VIDEO( 2291): * Dec InitialInfo =>
I/RTK_OMX_DEC_VIDEO( 2291):  instance #0, 
I/RTK_OMX_DEC_VIDEO( 2291):  minframeBuffercount: 7
I/RTK_OMX_DEC_VIDEO( 2291):  
I/RTK_OMX_DEC_VIDEO( 2291): picWidth: 720(720)
I/RTK_OMX_DEC_VIDEO( 2291):  picHeight: 576(576)
I/RTK_OMX_DEC_VIDEO( 2291):  
I/RTK_OMX_DEC_VIDEO( 2291): frRes: 50
I/RTK_OMX_DEC_VIDEO( 2291):  frDiv: 2
I/RTK_OMX_DEC_VIDEO( 2291): In[decoder_getinfo_video][4355]  width:720(720), height:576(576), framesize:622080
I/RTK_OMX_VDecoder( 2291): ASYNC: video props: width: 720 height: 576 buffersize: 622080 stride: 720 sliceheight: 576 color_format: 0x34
I/RTK_OMX_VDecoder( 2291): ASYNC: num_buffer: 17
I/RTK_OMX_VDecoder( 2291): ASYNC: Output port video resolution changed
D/RTK_OMX_DEC_VIDEO( 2291): [0;36mBUFFERCMD_RESET_BUF, pVpu->nRegCount : 0, phyAddress : 0x0d34e000, bDttachMemory : 0[m
D/RTK_OMX_DEC_VIDEO( 2291): [0;36mBUFFERCMD_RESET_BUF, pVpu->nRegCount : 0, phyAddress : 0x0d34d000, bDttachMemory : 0[m
D/RTK_OMX_DEC_VIDEO( 2291): [0;36mBUFFERCMD_RESET_BUF, pVpu->nRegCount : 0, phyAddress : 0x0d34c000, bDttachMemory : 0[m
D/RTK_OMX_DEC_VIDEO( 2291): [0;36mBUFFERCMD_RESET_BUF, pVpu->nRegCount : 0, phyAddress : 0x0d34b000, bDttachMemory : 0[m
D/RTK_OMX_DEC_VIDEO( 2291): [0;36mBUFFERCMD_RESET_BUF, pVpu->nRegCount : 0, phyAddress : 0x0d34a000, bDttachMemory : 0[m
D/RTK_OMX_DEC_VIDEO( 2291): [0;36mBUFFERCMD_RESET_BUF, pVpu->nRegCount : 0, phyAddress : 0x0d349000, bDttachMemory : 0[m
E/ACodec  ( 2291): [OMX.realtek.video.dec] Now handling output port settings change
I/RTK_OMX_VDecoder( 2291): ASYNC: has cmd!!! break the decoded while loop!!in 6023 datalen:2688 EOS:0 
D/RTK_OMX_DEC_VIDEO( 2291): [0;36mBUFFERCMD_RESET_BUF, pVpu->nRegCount : 0, phyAddress : 0x0d345000, bDttachMemory : 0[m
D/RTK_OMX_DEC_VIDEO( 2291): [0;36mBUFFERCMD_RESET_BUF, pVpu->nRegCount : 0, phyAddress : 0x0d346000, bDttachMemory : 0[m
D/RTK_OMX_DEC_VIDEO( 2291): [0;36mBUFFERCMD_RESET_BUF, pVpu->nRegCount : 0, phyAddress : 0x0d347000, bDttachMemory : 0[m
V/NuPlayer( 2291): audio at 528000 us, before video
D/RTK_OMX_DEC_VIDEO( 2291): [0;36mBUFFERCMD_RESET_BUF, pVpu->nRegCount : 0, phyAddress : 0x0d348000, bDttachMemory : 0[m
V/NuPlayer( 2291): audio at 552000 us, before video
V/NuPlayer( 2291): audio at 576000 us, before video
D/BufferQueue( 2288): reset rate estimation: idle time 1114787 us > 200000 us
V/FFmpegExtractor( 2291): drop obsolete subtitle(2:2) packet 33759788911 < 33760208911
V/FFmpegExtractor( 2291): drop obsolete subtitle(2:2) packet 33759948911 < 33760208911
V/NuPlayer( 2291): audio at 600000 us, before video
D/BufferQueue( 2288): reset rate estimation: idle time 1109453 us > 200000 us
V/NuPlayer( 2291): audio at 624000 us, before video
V/NuPlayer( 2291): audio at 648000 us, before video
V/NuPlayer( 2291): audio at 672000 us, before video
V/NuPlayer( 2291): audio at 696000 us, before video
V/NuPlayer( 2291): audio at 720000 us, before video
V/NuPlayer( 2291): audio at 744000 us, before video
V/NuPlayer( 2291): audio at 768000 us, before video
V/NuPlayer( 2291): audio at 792000 us, before video
V/NuPlayer( 2291): audio at 816000 us, before video
V/NuPlayer( 2291): audio at 840000 us, before video
V/NuPlayer( 2291): audio at 864000 us, before video
V/NuPlayer( 2291): audio at 888000 us, before video
V/NuPlayer( 2291): audio at 912000 us, before video
V/NuPlayer( 2291): audio at 936000 us, before video
V/NuPlayer( 2291): audio at 960000 us, before video
V/NuPlayer( 2291): audio at 984000 us, before video
V/NuPlayer( 2291): audio at 1008000 us, before video
V/NuPlayer( 2291): audio at 1032000 us, before video
V/NuPlayer( 2291): audio at 1056000 us, before video
V/NuPlayer( 2291): audio at 1080000 us, before video
V/NuPlayer( 2291): audio at 1104000 us, before video
V/NuPlayer( 2291): audio at 1128000 us, before video
V/NuPlayer( 2291): audio at 1152000 us, before video
V/NuPlayer( 2291): audio at 1176000 us, before video
V/NuPlayer( 2291): audio at 1200000 us, before video
V/NuPlayer( 2291): audio at 1224000 us, before video
D/RTK_OMX_VDecoder( 2291): In[decoder_get_parameter][1910]  param->nPortIndex:1
I/RTK_OMX_VDecoder( 2291): decoder_get_parameter: OutputPortDefinition: 720x576 fmt:52
D/RTK_OMX_VDecoder( 2291): [0;31mGET dec->out.def.nBufferCountMin:11[m
D/RTK_OMX_VDecoder( 2291): [0;31mGET dec->out.def.nBufferCountActual:17[m
E/Surface ( 2291): Surface::setBuffersDimensions 720 x 576
I/ACodec  ( 2291): OMX-buffers: min=11 actual=17 undeq=3+1
I/ACodec  ( 2291): OMX-buffers: min=11 actual=17 undeq=6+1
I/[Gralloc]( 2288):  FORMAT = HAL_PIXEL_FORMAT_RTK_W16_H32_YCbCr_420_SP 
I/[Gralloc]( 2288):  Input => W:720 x H:576
V/NuPlayer( 2291): audio at 1248000 us, before video
I/[Gralloc]( 2288):  ALIGN => stride:720 H:576 size:622080
V/FFmpegExtractor( 2291): 1st video key-ts is updated to 3038471002
E/FFmpegExtractor( 2291): video timestamp is: 2000000 us (of -9223372036854775808)
V/UDPSource( 2291): [1;37;41mgot first video key frame at pts 2000000 after 1547.31 ms[0m
D/ACodec  ( 2291): In allocateOutputMetaDataBuffers:908 index:0 :Got handle_t [0xb795f400] PhysicalAddr [0x0d9eb000] size [622592] buf->handle:0xb795f400##
I/[Gralloc]( 2288):  FORMAT = HAL_PIXEL_FORMAT_RTK_W16_H32_YCbCr_420_SP 
I/[Gralloc]( 2288):  Input => W:720 x H:576
I/[Gralloc]( 2288):  ALIGN => stride:720 H:576 size:622080
D/ACodec  ( 2291): In allocateOutputMetaDataBuffers:908 index:1 :Got handle_t [0xb78ec9b8] PhysicalAddr [0x0da83000] size [622592] buf->handle:0xb78ec9b8##
I/[Gralloc]( 2288):  FORMAT = HAL_PIXEL_FORMAT_RTK_W16_H32_YCbCr_420_SP 
I/[Gralloc]( 2288):  Input => W:720 x H:576
I/[Gralloc]( 2288):  ALIGN => stride:720 H:576 size:622080
E/NuPlayer( 2291): first valid video key-frame pts from source: 2000000 us
V/NuPlayer( 2291): audio pts less than first video pts (1272000 < 2000000 + 100000)
D/ACodec  ( 2291): In allocateOutputMetaDataBuffers:908 index:2 :Got handle_t [0xb7964a70] PhysicalAddr [0x0db1b000] size [622592] buf->handle:0xb7964a70##
V/NuPlayer( 2291): audio pts less than first video pts (1296000 < 2000000 + 100000)
I/[Gralloc]( 2288):  FORMAT = HAL_PIXEL_FORMAT_RTK_W16_H32_YCbCr_420_SP 
I/[Gralloc]( 2288):  Input => W:720 x H:576
I/[Gralloc]( 2288):  ALIGN => stride:720 H:576 size:622080
V/NuPlayer( 2291): audio pts less than first video pts (1320000 < 2000000 + 100000)
D/ACodec  ( 2291): In allocateOutputMetaDataBuffers:908 index:3 :Got handle_t [0xb797e5c0] PhysicalAddr [0x0dbb3000] size [622592] buf->handle:0xb797e5c0##
I/[Gralloc]( 2288):  FORMAT = HAL_PIXEL_FORMAT_RTK_W16_H32_YCbCr_420_SP 
I/[Gralloc]( 2288):  Input => W:720 x H:576
I/[Gralloc]( 2288):  ALIGN => stride:720 H:576 size:622080
D/ACodec  ( 2291): In allocateOutputMetaDataBuffers:908 index:4 :Got handle_t [0xb7901ad0] PhysicalAddr [0x0dc4b000] size [622592] buf->handle:0xb7901ad0##
I/[Gralloc]( 2288):  FORMAT = HAL_PIXEL_FORMAT_RTK_W16_H32_YCbCr_420_SP 
I/[Gralloc]( 2288):  Input => W:720 x H:576
I/[Gralloc]( 2288):  ALIGN => stride:720 H:576 size:622080
V/NuPlayer( 2291): audio pts less than first video pts (1344000 < 2000000 + 100000)
D/ACodec  ( 2291): In allocateOutputMetaDataBuffers:908 index:5 :Got handle_t [0xb78fd060] PhysicalAddr [0x0dce3000] size [622592] buf->handle:0xb78fd060##
I/[Gralloc]( 2288):  FORMAT = HAL_PIXEL_FORMAT_RTK_W16_H32_YCbCr_420_SP 
I/[Gralloc]( 2288):  Input => W:720 x H:576
I/[Gralloc]( 2288):  ALIGN => stride:720 H:576 size:622080
V/NuPlayer( 2291): audio pts less than first video pts (1368000 < 2000000 + 100000)
D/ACodec  ( 2291): In allocateOutputMetaDataBuffers:908 index:6 :Got handle_t [0xb7962c20] PhysicalAddr [0x0dd7b000] size [622592] buf->handle:0xb7962c20##
I/[Gralloc]( 2288):  FORMAT = HAL_PIXEL_FORMAT_RTK_W16_H32_YCbCr_420_SP 
I/[Gralloc]( 2288):  Input => W:720 x H:576
I/[Gralloc]( 2288):  ALIGN => stride:720 H:576 size:622080
D/ACodec  ( 2291): In allocateOutputMetaDataBuffers:908 index:7 :Got handle_t [0xb7958e00] PhysicalAddr [0x0de13000] size [622592] buf->handle:0xb7958e00##
I/[Gralloc]( 2288):  FORMAT = HAL_PIXEL_FORMAT_RTK_W16_H32_YCbCr_420_SP 
I/[Gralloc]( 2288):  Input => W:720 x H:576
I/[Gralloc]( 2288):  ALIGN => stride:720 H:576 size:622080
D/ACodec  ( 2291): In allocateOutputMetaDataBuffers:908 index:8 :Got handle_t [0xb7958150] PhysicalAddr [0x0deab000] size [622592] buf->handle:0xb7958150##
I/[Gralloc]( 2288):  FORMAT = HAL_PIXEL_FORMAT_RTK_W16_H32_YCbCr_420_SP 
I/[Gralloc]( 2288):  Input => W:720 x H:576
I/[Gralloc]( 2288):  ALIGN => stride:720 H:576 size:622080
D/ACodec  ( 2291): In allocateOutputMetaDataBuffers:908 index:9 :Got handle_t [0xb79608f0] PhysicalAddr [0x0df43000] size [622592] buf->handle:0xb79608f0##
I/[Gralloc]( 2288):  FORMAT = HAL_PIXEL_FORMAT_RTK_W16_H32_YCbCr_420_SP 
I/[Gralloc]( 2288):  Input => W:720 x H:576
I/[Gralloc]( 2288):  ALIGN => stride:720 H:576 size:622080
D/ACodec  ( 2291): In allocateOutputMetaDataBuffers:908 index:10 :Got handle_t [0xb7959000] PhysicalAddr [0x0dfdb000] size [622592] buf->handle:0xb7959000##
I/[Gralloc]( 2288):  FORMAT = HAL_PIXEL_FORMAT_RTK_W16_H32_YCbCr_420_SP 
I/[Gralloc]( 2288):  Input => W:720 x H:576
I/[Gralloc]( 2288):  ALIGN => stride:720 H:576 size:622080
D/ACodec  ( 2291): In allocateOutputMetaDataBuffers:908 index:11 :Got handle_t [0xb78fd220] PhysicalAddr [0x0e073000] size [622592] buf->handle:0xb78fd220##
I/[Gralloc]( 2288):  FORMAT = HAL_PIXEL_FORMAT_RTK_W16_H32_YCbCr_420_SP 
I/[Gralloc]( 2288):  Input => W:720 x H:576
I/[Gralloc]( 2288):  ALIGN => stride:720 H:576 size:622080
D/ACodec  ( 2291): In allocateOutputMetaDataBuffers:908 index:12 :Got handle_t [0xb7958f80] PhysicalAddr [0x0e10b000] size [622592] buf->handle:0xb7958f80##
I/[Gralloc]( 2288):  FORMAT = HAL_PIXEL_FORMAT_RTK_W16_H32_YCbCr_420_SP 
I/[Gralloc]( 2288):  Input => W:720 x H:576
I/[Gralloc]( 2288):  ALIGN => stride:720 H:576 size:622080
D/ACodec  ( 2291): In allocateOutputMetaDataBuffers:908 index:13 :Got handle_t [0xb7962d20] PhysicalAddr [0x0e1a3000] size [622592] buf->handle:0xb7962d20##
I/[Gralloc]( 2288):  FORMAT = HAL_PIXEL_FORMAT_RTK_W16_H32_YCbCr_420_SP 
I/[Gralloc]( 2288):  Input => W:720 x H:576
I/[Gralloc]( 2288):  ALIGN => stride:720 H:576 size:622080
D/ACodec  ( 2291): In allocateOutputMetaDataBuffers:908 index:14 :Got handle_t [0xb7962e20] PhysicalAddr [0x0e23b000] size [622592] buf->handle:0xb7962e20##
I/[Gralloc]( 2288):  FORMAT = HAL_PIXEL_FORMAT_RTK_W16_H32_YCbCr_420_SP 
I/[Gralloc]( 2288):  Input => W:720 x H:576
I/[Gralloc]( 2288):  ALIGN => stride:720 H:576 size:622080
D/ACodec  ( 2291): In allocateOutputMetaDataBuffers:908 index:15 :Got handle_t [0xb7962ca0] PhysicalAddr [0x0e2d3000] size [622592] buf->handle:0xb7962ca0##
I/[Gralloc]( 2288):  FORMAT = HAL_PIXEL_FORMAT_RTK_W16_H32_YCbCr_420_SP 
I/[Gralloc]( 2288):  Input => W:720 x H:576
I/[Gralloc]( 2288):  ALIGN => stride:720 H:576 size:622080
D/ACodec  ( 2291): In allocateOutputMetaDataBuffers:908 index:16 :Got handle_t [0xb7942ee0] PhysicalAddr [0x0e36b000] size [622592] buf->handle:0xb7942ee0##
D/ACodec  ( 2291): --- In allocateOutputMetaDataBuffers:931 send back buffer count : 17 totalAllocBufferCount:17 ----
D/RTK_OMX_VDecoder( 2291): [0;32m#### Received OMX_realtek_android_index_notifyBufferAllocDone do mapping physical address, Value :0x2379######[m
D/RTK_OMX_VDecoder( 2291): In convertHandleT2Physical:6346, UseStoreMetaDataInBuffer:1 UseGrallocBuffer:1 nBufferCountActual:17
D/RTK_OMX_VDecoder( 2291): API:======= got phyaddr:0xd9eb000 size=622592 handle:0xb795f400 ===== in convertHandleT2Physical:6400
D/RTK_OMX_DEC_VIDEO( 2291): [0;36mpVpu->nRegCount : 0, phyAddress : 0x0d9eb000[m
I/VPUAPI  ( 2291): [VDI] vdi_attach_dma_memory, physaddr=0xd9eb000, virtaddr=0xaedbc000, size=622592, index=4
D/RTK_OMX_VDecoder( 2291): API:======= got phyaddr:0xda83000 size=622592 handle:0xb78ec9b8 ===== in convertHandleT2Physical:6400
D/RTK_OMX_DEC_VIDEO( 2291): [0;36mpVpu->nRegCount : 1, phyAddress : 0x0da83000[m
I/VPUAPI  ( 2291): [VDI] vdi_attach_dma_memory, physaddr=0xda83000, virtaddr=0xaed24000, size=622592, index=5
D/RTK_OMX_VDecoder( 2291): API:======= got phyaddr:0xdb1b000 size=622592 handle:0xb7964a70 ===== in convertHandleT2Physical:6400
D/RTK_OMX_DEC_VIDEO( 2291): [0;36mpVpu->nRegCount : 2, phyAddress : 0x0db1b000[m
I/VPUAPI  ( 2291): [VDI] vdi_attach_dma_memory, physaddr=0xdb1b000, virtaddr=0xaec8c000, size=622592, index=6
D/RTK_OMX_VDecoder( 2291): API:======= got phyaddr:0xdbb3000 size=622592 handle:0xb797e5c0 ===== in convertHandleT2Physical:6400
D/RTK_OMX_DEC_VIDEO( 2291): [0;36mpVpu->nRegCount : 3, phyAddress : 0x0dbb3000[m
I/VPUAPI  ( 2291): [VDI] vdi_attach_dma_memory, physaddr=0xdbb3000, virtaddr=0xaebf4000, size=622592, index=7
D/RTK_OMX_VDecoder( 2291): API:======= got phyaddr:0xdc4b000 size=622592 handle:0xb7901ad0 ===== in convertHandleT2Physical:6400
D/RTK_OMX_DEC_VIDEO( 2291): [0;36mpVpu->nRegCount : 4, phyAddress : 0x0dc4b000[m
I/VPUAPI  ( 2291): [VDI] vdi_attach_dma_memory, physaddr=0xdc4b000, virtaddr=0xaeb5c000, size=622592, index=8
D/RTK_OMX_VDecoder( 2291): API:======= got phyaddr:0xdce3000 size=622592 handle:0xb78fd060 ===== in convertHandleT2Physical:6400
D/RTK_OMX_DEC_VIDEO( 2291): [0;36mpVpu->nRegCount : 5, phyAddress : 0x0dce3000[m
I/VPUAPI  ( 2291): [VDI] vdi_attach_dma_memory, physaddr=0xdce3000, virtaddr=0xaeac4000, size=622592, index=9
D/RTK_OMX_VDecoder( 2291): API:======= got phyaddr:0xdd7b000 size=622592 handle:0xb7962c20 ===== in convertHandleT2Physical:6400
D/RTK_OMX_DEC_VIDEO( 2291): [0;36mpVpu->nRegCount : 6, phyAddress : 0x0dd7b000[m
I/VPUAPI  ( 2291): [VDI] vdi_attach_dma_memory, physaddr=0xdd7b000, virtaddr=0xaea2c000, size=622592, index=10
D/RTK_OMX_VDecoder( 2291): API:======= got phyaddr:0xde13000 size=622592 handle:0xb7958e00 ===== in convertHandleT2Physical:6400
D/RTK_OMX_DEC_VIDEO( 2291): [0;36mpVpu->nRegCount : 7, phyAddress : 0x0de13000[m
I/VPUAPI  ( 2291): [VDI] vdi_attach_dma_memory, physaddr=0xde13000, virtaddr=0xae994000, size=622592, index=11
D/RTK_OMX_VDecoder( 2291): API:======= got phyaddr:0xdeab000 size=622592 handle:0xb7958150 ===== in convertHandleT2Physical:6400
D/RTK_OMX_DEC_VIDEO( 2291): [0;36mpVpu->nRegCount : 8, phyAddress : 0x0deab000[m
I/VPUAPI  ( 2291): [VDI] vdi_attach_dma_memory, physaddr=0xdeab000, virtaddr=0xae8fc000, size=622592, index=12
D/RTK_OMX_VDecoder( 2291): API:======= got phyaddr:0xdf43000 size=622592 handle:0xb79608f0 ===== in convertHandleT2Physical:6400
D/RTK_OMX_DEC_VIDEO( 2291): [0;36mpVpu->nRegCount : 9, phyAddress : 0x0df43000[m
I/VPUAPI  ( 2291): [VDI] vdi_attach_dma_memory, physaddr=0xdf43000, virtaddr=0xae864000, size=622592, index=13
D/RTK_OMX_VDecoder( 2291): API:======= got phyaddr:0xdfdb000 size=622592 handle:0xb7959000 ===== in convertHandleT2Physical:6400
D/RTK_OMX_DEC_VIDEO( 2291): [0;36mpVpu->nRegCount : 10, phyAddress : 0x0dfdb000[m
I/VPUAPI  ( 2291): [VDI] vdi_attach_dma_memory, physaddr=0xdfdb000, virtaddr=0xae7cc000, size=622592, index=14
D/RTK_OMX_VDecoder( 2291): API:======= got phyaddr:0xe073000 size=622592 handle:0xb78fd220 ===== in convertHandleT2Physical:6400
D/RTK_OMX_DEC_VIDEO( 2291): [0;36mpVpu->nRegCount : 11, phyAddress : 0x0e073000[m
I/VPUAPI  ( 2291): [VDI] vdi_attach_dma_memory, physaddr=0xe073000, virtaddr=0xae734000, size=622592, index=15
D/RTK_OMX_VDecoder( 2291): API:======= got phyaddr:0xe10b000 size=622592 handle:0xb7958f80 ===== in convertHandleT2Physical:6400
D/RTK_OMX_DEC_VIDEO( 2291): [0;36mpVpu->nRegCount : 12, phyAddress : 0x0e10b000[m
I/VPUAPI  ( 2291): [VDI] vdi_attach_dma_memory, physaddr=0xe10b000, virtaddr=0xae69c000, size=622592, index=16
D/RTK_OMX_VDecoder( 2291): API:======= got phyaddr:0xe1a3000 size=622592 handle:0xb7962d20 ===== in convertHandleT2Physical:6400
D/RTK_OMX_DEC_VIDEO( 2291): [0;36mpVpu->nRegCount : 13, phyAddress : 0x0e1a3000[m
I/VPUAPI  ( 2291): [VDI] vdi_attach_dma_memory, physaddr=0xe1a3000, virtaddr=0xae604000, size=622592, index=17
D/RTK_OMX_VDecoder( 2291): API:======= got phyaddr:0xe23b000 size=622592 handle:0xb7962e20 ===== in convertHandleT2Physical:6400
D/RTK_OMX_DEC_VIDEO( 2291): [0;36mpVpu->nRegCount : 14, phyAddress : 0x0e23b000[m
I/VPUAPI  ( 2291): [VDI] vdi_attach_dma_memory, physaddr=0xe23b000, virtaddr=0xae56c000, size=622592, index=18
D/RTK_OMX_VDecoder( 2291): API:======= got phyaddr:0xe2d3000 size=622592 handle:0xb7962ca0 ===== in convertHandleT2Physical:6400
D/RTK_OMX_DEC_VIDEO( 2291): [0;36mpVpu->nRegCount : 15, phyAddress : 0x0e2d3000[m
I/VPUAPI  ( 2291): [VDI] vdi_attach_dma_memory, physaddr=0xe2d3000, virtaddr=0xae4d4000, size=622592, index=19
D/RTK_OMX_VDecoder( 2291): API:======= got phyaddr:0xe36b000 size=622592 handle:0xb7942ee0 ===== in convertHandleT2Physical:6400
D/RTK_OMX_DEC_VIDEO( 2291): [0;36mpVpu->nRegCount : 16, phyAddress : 0x0e36b000[m
I/VPUAPI  ( 2291): [VDI] vdi_attach_dma_memory, physaddr=0xe36b000, virtaddr=0xae43c000, size=622592, index=20
D/RTK_OMX_DEC_VIDEO( 2291): [0;36mpVpu->nRegCount : 17, nStartRegCount : 0[m
I/VPUAPI  ( 2291): [VDI] vdi_allocate_dma_memory, physaddr=0xe403000, virtaddr=0xae22c000, size=2162128
I/VPUAPI  ( 2291): [VDI] vdi_allocate_dma_memory, physaddr=0xe613000, virtaddr=0xb2a12000, size=311040
D/ACodec  ( 2291): In allocateOutputMetaDataBuffers:941 notifyBufferAllocDone index :0x7fff0008 and send notify done 
E/ACodec  ( 2291): [OMX.realtek.video.dec] Now Executing
V/NuPlayer( 2291): audio pts less than first video pts (1392000 < 2000000 + 100000)
V/NuPlayer( 2291): audio pts less than first video pts (1416000 < 2000000 + 100000)
V/NuPlayer( 2291): audio pts less than first video pts (1440000 < 2000000 + 100000)
V/NuPlayer( 2291): audio pts less than first video pts (1464000 < 2000000 + 100000)
V/NuPlayer( 2291): audio pts less than first video pts (1488000 < 2000000 + 100000)
V/NuPlayer( 2291): audio pts less than first video pts (1512000 < 2000000 + 100000)
D/RTK_OMX_VDecoder( 2291): In[decoder_get_parameter][1910]  param->nPortIndex:1
I/RTK_OMX_VDecoder( 2291): decoder_get_parameter: OutputPortDefinition: 720x576 fmt:52
D/RTK_OMX_VDecoder( 2291): [0;31mGET dec->out.def.nBufferCountMin:11[m
D/RTK_OMX_VDecoder( 2291): [0;31mGET dec->out.def.nBufferCountActual:17[m
V/NuPlayer( 2291): [1;37;44m[TIMING] Video output format changed to 720 x 576 (crop: 720 x 576 @ (0, 0))[0m
V/NuPlayer( 2291): [1;37;44m[TIMING] after 1625.95 ms (it took 196.55 ms)[0m
E/UDPSource( 2291): getFormatMeta: video source 0xb79251d8, total tracks 3
V/NuPlayer( 2291): Sample aspect ratio 16 : 11
V/NuPlayer( 2291): display dimensions 1046 x 576
D/NuPlayerDriver( 2291): --- notifyListener: event 5 ---
E/NuPlayerDriver( 2291): SET VIDEO SIZE: 1046 x 576
E/NuPlayer( 2291): drop video earlier than 1st key frame (760000 < 2000000)
V/MediaPlayer( 3201): [player-0x6e49d418] message received msg=5, ext1=1046, ext2=576
E/Surface ( 2291): Surface::setCrop rect=[0 0 720 576]
V/MediaPlayer( 3201): [player-0x6e49d418] New video size 1046 x 576
V/MediaPlayer( 3201): [player-0x6e49d418] callback application
V/MediaPlayer( 3201): [player-0x6e49d418] back from callback
V/MediaPlayer( 3201): [player-0x6e49d418] getVideoWidth
V/MediaPlayer( 3201): [player-0x6e49d418] getVideoHeight
E/NuPlayer( 2291): drop video earlier than 1st key frame (800000 < 2000000)
V/MediaPlayer( 3201): [player-0x6e49d418] invoke 72
D/NuPlayerDriver( 2291): invoke: method 6
I/NuPlayerRenderer( 2291): setVideoScalingMode: 1
I/NuPlayer( 2291): delay applying scaling mode to 1
E/NuPlayer( 2291): drop video earlier than 1st key frame (840000 < 2000000)
V/MediaPlayer( 3201): [player-0x6e49d418] invoke 72
D/NuPlayerDriver( 2291): invoke: method 6
I/NuPlayerRenderer( 2291): setVideoScalingMode: 1
I/NuPlayer( 2291): delay applying scaling mode to 1
E/NuPlayer( 2291): drop video earlier than 1st key frame (900000 < 2000000)
E/NuPlayer( 2291): drop video earlier than 1st key frame (920000 < 2000000)
E/NuPlayer( 2291): drop video earlier than 1st key frame (960000 < 2000000)
E/NuPlayer( 2291): drop video earlier than 1st key frame (1000000 < 2000000)
E/NuPlayer( 2291): drop video earlier than 1st key frame (1040000 < 2000000)
E/NuPlayer( 2291): drop video earlier than 1st key frame (1080000 < 2000000)
E/NuPlayer( 2291): drop video earlier than 1st key frame (1120000 < 2000000)
E/NuPlayer( 2291): drop video earlier than 1st key frame (1160000 < 2000000)
E/NuPlayer( 2291): drop video earlier than 1st key frame (1200000 < 2000000)
E/NuPlayer( 2291): drop video earlier than 1st key frame (1240000 < 2000000)
E/NuPlayer( 2291): drop video earlier than 1st key frame (1280000 < 2000000)
E/NuPlayer( 2291): drop video earlier than 1st key frame (1320000 < 2000000)
V/NuPlayer( 2291): audio pts less than first video pts (1536000 < 2000000 + 100000)
E/NuPlayer( 2291): drop video earlier than 1st key frame (1360000 < 2000000)
V/NuPlayer( 2291): audio pts less than first video pts (1560000 < 2000000 + 100000)
V/NuPlayer( 2291): audio pts less than first video pts (1584000 < 2000000 + 100000)
V/NuPlayer( 2291): audio pts less than first video pts (1608000 < 2000000 + 100000)
V/NuPlayer( 2291): audio pts less than first video pts (1632000 < 2000000 + 100000)
V/NuPlayer( 2291): audio pts less than first video pts (1656000 < 2000000 + 100000)
E/NuPlayer( 2291): drop video earlier than 1st key frame (1400000 < 2000000)
E/NuPlayer( 2291): drop video earlier than 1st key frame (1440000 < 2000000)
E/NuPlayer( 2291): drop video earlier than 1st key frame (1480000 < 2000000)
E/NuPlayer( 2291): drop video earlier than 1st key frame (1520000 < 2000000)
E/NuPlayer( 2291): drop video earlier than 1st key frame (1560000 < 2000000)
E/NuPlayer( 2291): drop video earlier than 1st key frame (1600000 < 2000000)
E/NuPlayer( 2291): drop video earlier than 1st key frame (1640000 < 2000000)
E/NuPlayer( 2291): drop video earlier than 1st key frame (1680000 < 2000000)
E/NuPlayer( 2291): drop video earlier than 1st key frame (1720000 < 2000000)
E/NuPlayer( 2291): drop video earlier than 1st key frame (1760000 < 2000000)
E/NuPlayer( 2291): drop video earlier than 1st key frame (1800000 < 2000000)
E/NuPlayer( 2291): drop video earlier than 1st key frame (1840000 < 2000000)
E/NuPlayer( 2291): drop video earlier than 1st key frame (1880000 < 2000000)
E/NuPlayer( 2291): drop video earlier than 1st key frame (1920000 < 2000000)
E/NuPlayer( 2291): drop video earlier than 1st key frame (1960000 < 2000000)
E/NuPlayer( 2291): search i ? 0, 1st dec 2000000
V/NuPlayer( 2291): [TIMING] first decoded video pts 2000000
V/NuPlayerRenderer( 2291): [FPS] video-pts[0] 2000000
E/NuPlayerRenderer( 2291): audio q empty!
E/NuPlayerRenderer( 2291): RNDR: dVA 0 (dVAavg 0), V -1, A 0, Asink 0
E/FFmpegExtractor( 2291): (clbk) fetching ttx page 100
E/FFmpegExtractor( 2291): put ttx pkt: pts 3038442202, size 8924 (total 8924 bytes, 1 pkts, 0 us)
V/FFmpegExtractor( 2291): drop obsolete subtitle(2:2) packet 33760468911 < 33761208911
V/NuPlayerRenderer( 2291): [FPS] video-pts[1] 2040000
E/NuPlayerRenderer( 2291): audio q empty!
V/NuPlayerRenderer( 2291): [FPS] video-pts[2] 2080000
