W/RtkHDMIService( 2723): setItemValue to Settings itemName: realtek_setup_tv_standard itemValue: 0
W/RtkHDMIService( 2723): getItemValueFromSettings itemName: realtek_setup_tv_system_auto_mode itemValue: 2
W/RtkHDMIService( 2723): main: change TV System: 2 done!!
D/RtkHDMIService( 2723): PlaybackStatusFileObserver: Stop watching!
D/BufferQueue( 2288): reset rate estimation: idle time 15037636 us > 200000 us
D/HDMI-Controller( 2723): HDMIController::isSinkConnected: 0
D/HDMI-Controller( 2723): HDMIController::isSinkConnected: 0
D/HDMI-Controller( 2723): HDMIController::isSinkConnected: 0
D/HDMI-Controller( 2723): HDMIController::isSinkConnected: 0
D/HDMI-Controller( 2723): HDMIController::isSinkConnected: 0
E/FFmpegExtractor( 2291): (clbk) fetching ttx page 100
E/FFmpegExtractor( 2291): put ttx pkt: pts 3039914602, size 8924 (total 8924 bytes, 1 pkts, 0 us)
V/FFmpegExtractor( 2291): drop obsolete subtitle(2:2) packet 33776828911 < 33777588911
D/libRTKHDMIControl( 2723): [HDMI]: Turn off HDMI VIDEO OK
D/libRTKHDMIControl( 2723): [HDMI]: Turn off HDMI
D/HDMI-Controller( 2723): sendAVMute:  1
D/        ( 2723):  enter hdmi_send_avmute
D/HDMI-Controller( 2723): setTVSupportxvYCC:0
D/HDMI-Controller( 2723): setTVSupportDeepColorYCbCr444:0
D/HDMI-Controller( 2723): Update Audio data block to Audio firmware.
D/        ( 2723):  enter hdmi_send_audio_edid2
D/librealtek_runtime( 2723): HDMI / MHL cable is pulled out
D/librealtek_runtime( 2723): [HDMI] void android::realtek_server_RtkHDMIService_handleHotPlug(JNIEnv*, jobject, jint)(658) video is HDMI_AUTO=ON, do nothing here..!! 
W/librealtek_runtime( 2723): stopAllClientsOfMediaPlayerService: try to stop all clients of mediaserver...
W/AudioCache( 2291): MediaPlayerService::stopAllClients CALLED
W/AudioCache( 2291): stop the running client/player
D/NuPlayerDriver( 2291): --- notifyListener: event 7 ---
V/MediaPlayer( 3201): [player-0x6e49d418] message received msg=7, ext1=0, ext2=0
V/MediaPlayer( 3201): [player-0x6e49d418] unrecognized message: (7, 0, 0)
V/MediaPlayer( 3201): [player-0x6e49d418] callback application
V/MediaPlayer( 3201): [player-0x6e49d418] back from callback
V/NuPlayer( 2291): kWhatPause
V/UDPSource( 2291): UDPSource::pause
V/NuPlayerRenderer( 2291): now paused audio queue has 4 entries, video has 5 entries
D/librealtek_runtime( 2723): [device/realtek/frameworks/services/jni/com_realtek_server_RtkHDMIService.cpp:961:void android::reloadTVSystem()]
E/UDPSource( 2291): do not post fillBuffer: started 1, sync 0, paused 1
D/librealtek_runtime( 2723): [version: revA-eltex-1.0.28-b76]
D/librealtek_runtime( 2723): [device/realtek/frameworks/services/jni/com_realtek_server_RtkHDMIService.cpp:979:void android::reloadTVSystem()] read from NAND START................ 
D/libRTKHDMIControl( 2723): 
D/libRTKHDMIControl( 2723): 
D/libRTKHDMIControl( 2723): 
D/libRTKHDMIControl( 2723): [checkNandTvSystem] Enter..........UPDATE_NAND_TYPE=3 
D/libRTKHDMIControl( 2723): 
D/libRTKHDMIControl( 2723): [checkNandTvSystem] orgNandPath=/tmp/factory/video_rpc_org.bin 
D/libRTKHDMIControl( 2723): 
D/libRTKHDMIControl( 2723): [checkNandTvSystem] read from NAND org-data !
D/libRTKHDMIControl( 2723): 
D/libRTKHDMIControl( 2723): [checkNandTvSystem] read from Nand is done !! 
D/libRTKHDMIControl( 2723): 
D/librealtek_runtime( 2723): [device/realtek/frameworks/services/jni/com_realtek_server_RtkHDMIService.cpp:981:void android::reloadTVSystem()] read from NAND END................ 
D/librealtek_runtime( 2723): Call VoutUtil::instance().ApplyVideoStandardSetup.
D/VOUTUTIL( 2723): [VoutUtil::ApplyVideoStandardSetup] Get VideoSystem=1,  Video standard=0 (from Setup database)! 
D/VOUTUTIL( 2723): 
D/VOUTUTIL( 2723): 		[device/realtek/proprietary/libs/hardware/VoutUtil/VoutUtil.cpp:272,HRESULT VoutUtil::SetVideoStandard(VO_STANDARD, u_char, u_char, u_char, VO_PEDESTAL_TYPE, u_int, u_int, bool, int, VIDEO_RPC_VOUT_CONFIG_TV_SYSTEM*, VIDEO_RPC_VOUT_CONFIG_TV_SYSTEM*, bool)] A,  format3d = -1 
D/VOUTUTIL( 2723): 		[device/realtek/proprietary/libs/hardware/VoutUtil/VoutUtil.cpp:439,HRESULT VoutUtil::SetVideoStandard(VO_STANDARD, u_char, u_char, u_char, VO_PEDESTAL_TYPE, u_int, u_int, bool, int, VIDEO_RPC_VOUT_CONFIG_TV_SYSTEM*, VIDEO_RPC_VOUT_CONFIG_TV_SYSTEM*, bool)]  bUpdateHdmi = true 
D/VOUTUTIL( 2723): 		[device/realtek/proprietary/libs/hardware/VoutUtil/VoutUtil.cpp:440,HRESULT VoutUtil::SetVideoStandard(VO_STANDARD, u_char, u_char, u_char, VO_PEDESTAL_TYPE, u_int, u_int, bool, int, VIDEO_RPC_VOUT_CONFIG_TV_SYSTEM*, VIDEO_RPC_VOUT_CONFIG_TV_SYSTEM*, bool)]   hdmiSystem = 1 
D/VOUTUTIL( 2723): 		[device/realtek/proprietary/libs/hardware/VoutUtil/VoutUtil.cpp:451,HRESULT VoutUtil::SetVideoStandard(VO_STANDARD, u_char, u_char, u_char, VO_PEDESTAL_TYPE, u_int, u_int, bool, int, VIDEO_RPC_VOUT_CONFIG_TV_SYSTEM*, VIDEO_RPC_VOUT_CONFIG_TV_SYSTEM*, bool)] 1,  standard = 7 
D/VOUTUTIL( 2723): 		[device/realtek/proprietary/libs/hardware/VoutUtil/VoutUtil.cpp:452,HRESULT VoutUtil::SetVideoStandard(VO_STANDARD, u_char, u_char, u_char, VO_PEDESTAL_TYPE, u_int, u_int, bool, int, VIDEO_RPC_VOUT_CONFIG_TV_SYSTEM*, VIDEO_RPC_VOUT_CONFIG_TV_SYSTEM*, bool)] 2,    enProg = 0 
D/VOUTUTIL( 2723): 		[device/realtek/proprietary/libs/hardware/VoutUtil/VoutUtil.cpp:453,HRESULT VoutUtil::SetVideoStandard(VO_STANDARD, u_char, u_char, u_char, VO_PEDESTAL_TYPE, u_int, u_int, bool, int, VIDEO_RPC_VOUT_CONFIG_TV_SYSTEM*, VIDEO_RPC_VOUT_CONFIG_TV_SYSTEM*, bool)] 3,     enDIF = 1 
D/VOUTUTIL( 2723): 		[device/realtek/proprietary/libs/hardware/VoutUtil/VoutUtil.cpp:454,HRESULT VoutUtil::SetVideoStandard(VO_STANDARD, u_char, u_char, u_char, VO_PEDESTAL_TYPE, u_int, u_int, bool, int, VIDEO_RPC_VOUT_CONFIG_TV_SYSTEM*, VIDEO_RPC_VOUT_CONFIG_TV_SYSTEM*, bool)] 4, enCompRGB = 0 
D/VOUTUTIL( 2723): 		[device/realtek/proprietary/libs/hardware/VoutUtil/VoutUtil.cpp:455,HRESULT VoutUtil::SetVideoStandard(VO_STANDARD, u_char, u_char, u_char, VO_PEDESTAL_TYPE, u_int, u_int, bool, int, VIDEO_RPC_VOUT_CONFIG_TV_SYSTEM*, VIDEO_RPC_VOUT_CONFIG_TV_SYSTEM*, bool)] 5,   pedType = 1 
D/VOUTUTIL( 2723): 		[device/realtek/proprietary/libs/hardware/VoutUtil/VoutUtil.cpp:456,HRESULT VoutUtil::SetVideoStandard(VO_STANDARD, u_char, u_char, u_char, VO_PEDESTAL_TYPE, u_int, u_int, bool, int, VIDEO_RPC_VOUT_CONFIG_TV_SYSTEM*, VIDEO_RPC_VOUT_CONFIG_TV_SYSTEM*, bool)] 6,  dataInt0 = 4 
D/VOUTUTIL( 2723): 		[device/realtek/proprietary/libs/hardware/VoutUtil/VoutUtil.cpp:457,HRESULT VoutUtil::SetVideoStandard(VO_STANDARD, u_char, u_char, u_char, VO_PEDESTAL_TYPE, u_int, u_int, bool, int, VIDEO_RPC_VOUT_CONFIG_TV_SYSTEM*, VIDEO_RPC_VOUT_CONFIG_TV_SYSTEM*, bool)] 7,  dataInt1 = 0 
D/VOUTUTIL( 2723): [device/realtek/proprietary/libs/hardware/VoutUtil/VoutUtil.cpp:188,HRESULT VoutUtil::SetTvSystem(VIDEO_RPC_VOUT_CONFIG_VIDEO_STANDARD, bool, ENUM_VIDEO_SYSTEM, u_char, VIDEO_RPC_VOUT_CONFIG_TV_SYSTEM*, VIDEO_RPC_VOUT_CONFIG_TV_SYSTEM*, bool)] Turn On VIDEO
D/VOUTUTIL( 2723): [device/realtek/proprietary/libs/hardware/VoutUtil/VoutUtil.cpp:191,HRESULT VoutUtil::SetTvSystem(VIDEO_RPC_VOUT_CONFIG_VIDEO_STANDARD, bool, ENUM_VIDEO_SYSTEM, u_char, VIDEO_RPC_VOUT_CONFIG_TV_SYSTEM*, VIDEO_RPC_VOUT_CONFIG_TV_SYSTEM*, bool)] Turn On VIDEO, both HDMI and CVBS
D/libRTKHDMIControl( 2723): [HDMI]: device/realtek/proprietary/libs/HDMIControl/HDMIUtil.cpp:int HDMI_SetVideoFormatByTvSystem2(VIDEO_RPC_VOUT_CONFIG_VIDEO_STANDARD, ENUM_VIDEO_SYSTEM, ENUM_VIDEO_STANDARD, VIDEO_RPC_VOUT_CONFIG_TV_SYSTEM*, VIDEO_RPC_VOUT_CONFIG_TV_SYSTEM*, bool)(339) ST
D/HDMI-Controller( 2723): HDMIController::isSinkConnected: 0
D/libRTKHDMIControl( 2723): [HDMI] int HDMI_SetVideoFormatByTvSystem2(VIDEO_RPC_VOUT_CONFIG_VIDEO_STANDARD, ENUM_VIDEO_SYSTEM, ENUM_VIDEO_STANDARD, VIDEO_RPC_VOUT_CONFIG_TV_SYSTEM*, VIDEO_RPC_VOUT_CONFIG_TV_SYSTEM*, bool)(347) hdmi cable doesn't exist !!!
D/VOUTUTIL( 2723): [device/realtek/proprietary/libs/hardware/VoutUtil/VoutUtil.cpp:199,HRESULT VoutUtil::SetTvSystem(VIDEO_RPC_VOUT_CONFIG_VIDEO_STANDARD, bool, ENUM_VIDEO_SYSTEM, u_char, VIDEO_RPC_VOUT_CONFIG_TV_SYSTEM*, VIDEO_RPC_VOUT_CONFIG_TV_SYSTEM*, bool)] Turn On VIDEO, both HDMI and CVBS FAIL
D/VOUTUTIL( 2723): [device/realtek/proprietary/libs/hardware/VoutUtil/VoutUtil.cpp:202,HRESULT VoutUtil::SetTvSystem(VIDEO_RPC_VOUT_CONFIG_VIDEO_STANDARD, bool, ENUM_VIDEO_SYSTEM, u_char, VIDEO_RPC_VOUT_CONFIG_TV_SYSTEM*, VIDEO_RPC_VOUT_CONFIG_TV_SYSTEM*, bool)] Turn On VIDEO, CVBS only.
D/VOUTUTIL( 2723): [device/realtek/proprietary/libs/hardware/VoutUtil/VoutUtil.cpp:HRESULT VoutUtil::SetTvSystem(VIDEO_RPC_VOUT_CONFIG_VIDEO_STANDARD, bool, ENUM_VIDEO_SYSTEM, u_char, VIDEO_RPC_VOUT_CONFIG_TV_SYSTEM*, VIDEO_RPC_VOUT_CONFIG_TV_SYSTEM*, bool)(212)]: bUpdateVideo = 1 
D/VOUTUTIL( 2723): [device/realtek/proprietary/libs/hardware/VoutUtil/VoutUtil.cpp:HRESULT VoutUtil::SetTvSystem(VIDEO_RPC_VOUT_CONFIG_VIDEO_STANDARD, bool, ENUM_VIDEO_SYSTEM, u_char, VIDEO_RPC_VOUT_CONFIG_TV_SYSTEM*, VIDEO_RPC_VOUT_CONFIG_TV_SYSTEM*, bool)(222)]: video parameters the different, need to do video setting.
V/MediaPlayer( 3201): [player-0x6e49d418] getCurrentPosition
V/MediaPlayer( 3201): [player-0x6e49d418] isPlaying: 0
E/MediaPlayer( 3201): [player-0x6e49d418] internal/external state mismatch corrected
E/NuPlayerRenderer( 2291): RNDR: dVA -192000 (dVAavg -244000), V 17160000, A 17352000, Asink 17194668
D/librealtek_runtime( 2723): Call VoutUtil::instance().ApplyVoutDisplayWindowSetup.
D/VOUTUTIL( 2723): set rect to PAL
V/hwcomposer( 2288): hwc_vo_layer_scaler Query DisplayWin! V1 [720 x 576]
D/VOUTUTIL( 2723): set rtk.hwc.v1.reset to 1
D/VOUTUTIL( 2723): isZoom: 0
D/librealtek_runtime( 2723): [device/realtek/frameworks/services/jni/com_realtek_server_RtkHDMIService.cpp:996:void android::reloadTVSystem()] compare current TV system & Nand data , result = -1 
D/librealtek_runtime( 2723): [device/realtek/frameworks/services/jni/com_realtek_server_RtkHDMIService.cpp:999:void android::reloadTVSystem()] write to NAND START................ 
D/libRTKHDMIControl( 2723): 
D/libRTKHDMIControl( 2723): 
D/libRTKHDMIControl( 2723): 
D/libRTKHDMIControl( 2723): [checkNandTvSystem] Enter..........UPDATE_NAND_TYPE=2 
D/libRTKHDMIControl( 2723): 
D/libRTKHDMIControl( 2723): [checkNandTvSystem] orgNandPath=/tmp/factory/video_rpc_org.bin 
D/libRTKHDMIControl( 2723): 
D/libRTKHDMIControl( 2723): [checkNandTvSystem]: start to update to NAND.... 
D/libRTKHDMIControl( 2723): 
D/libRTKHDMIControl( 2723): [checkNandTvSystem] write org-data to file = /tmp/factory/video_rpc_org.bin 
D/libRTKHDMIControl( 2723): 
V/hwcomposer( 2288): hwc_vo_layer_scaler [1280 x 720] => [1280 x 720]
E/SettingsService( 2723): Exception: SettingsNotFound - realtek_setup_screen_zoom_on
D/libRTKHDMIControl( 2723): [device/realtek/proprietary/libs/HDMIControl/HDMIUtil.cpp:2948:bool checkNandTVSystem(VIDEO_RPC_VOUT_CONFIG_TV_SYSTEM*, UPDATE_NAND_TYPE)].cmd=factory save
D/libRTKHDMIControl( 2723): ctl.start - factory:save
E/UDPSource( 2291): in buffer: a[23, 13248] 552.000 ms, v[57, 397338] 1180.000 ms
E/UDPSource( 2291): in datasource: 6903360 bytes, extractor created ? 1
E/NuPlayerRenderer( 2291): RNDR: dVA -192000 (dVAavg -244000), V 17160000, A 17352000, Asink 17194668
I/NuPlayerDriver( 2291): notifyDuration: 0
E/NuPlayerRenderer( 2291): RNDR: dVA -192000 (dVAavg -244000), V 17160000, A 17352000, Asink 17194668
D/libRTKHDMIControl( 2723): [checkNandTvSystem]: after Update to NAND. isTheSame=0 --- END! 
D/librealtek_runtime( 2723): [device/realtek/frameworks/services/jni/com_realtek_server_RtkHDMIService.cpp:1001:void android::reloadTVSystem()] write to NAND END................ 
V/librealtek_runtime( 2723): RtkCECJNI: RtkCECService_HDMIHotPlug
I/[CEC] AP INFO,( 2723): [device/realtek/frameworks/services/jni/CEC/CECAPBridgeImpl.cpp,int CECAPBridgeImpl::CallBack_hdmi_event(bool),907] CallBack_hdmi_event.
I/[CEC] AP INFO,( 2723): 
I/[CEC] AP INFO,( 2723): 
I/[CEC] AP INFO,( 2723): 
I/[CEC] AP INFO,( 2723): Got HDMI Address : PLUG OUT PA=2000
W/RtkHDMIService( 2723): handleHotPlug hdcpEnabledByConfig =false
W/RtkHDMIService( 2723): handleHotPlug bHDCP =true
D/RtkHDMIService( 2723): PlaybackStatusFileObserver: Stop watching!
I/RtkCECService( 2723): Got HDMI plug event [false]
V/WiredAccessoryManager( 2723): device hdmi disconnected
I/[CEC] AP INFO,( 2723): *******************************************
I/[CEC] AP INFO,( 2723):  
I/[CEC] AP INFO,( 2723): Got HDMIThreadEvent, getHDMISourceAddress
I/[CEC] AP INFO,( 2723):  
I/[CEC] AP INFO,( 2723): CECAPBridgeImpl::doUpdatePhysicalAddress(2000, ffff)
I/[CEC] AP INFO,( 2723): *******************************************
I/[CEC] AP INFO,( 2723):  
E/UDPSource( 2291): in buffer: a[23, 13248] 552.000 ms, v[57, 397338] 1180.000 ms
E/UDPSource( 2291): in datasource: 6903360 bytes, extractor created ? 1
E/NuPlayerRenderer( 2291): RNDR: dVA -192000 (dVAavg -244000), V 17160000, A 17352000, Asink 17194668
I/dalvikvm( 2723): Jit: resizing JitTable from 4096 to 8192
D/dalvikvm( 2723): GC_CONCURRENT freed 1708K, 21% free 6998K/8796K, paused 2ms+5ms, total 48ms
I/NuPlayerDriver( 2291): notifyDuration: 0
E/FFmpegExtractor( 2291): === changed flags from data source: 0x40 ===
V/FFmpegExtractor( 2291): !!! player paused !!!
E/NuPlayerRenderer( 2291): RNDR: dVA -192000 (dVAavg -244000), V 17160000, A 17352000, Asink 17194668
W/AudioPolicyManagerBase( 2291): setDeviceConnectionState() device not connected: 400
E/UDPSource( 2291): in buffer: a[23, 13248] 552.000 ms, v[57, 397338] 1180.000 ms
E/UDPSource( 2291): in datasource: 6903360 bytes, extractor created ? 1
E/NuPlayerRenderer( 2291): RNDR: dVA -192000 (dVAavg -244000), V 17160000, A 17352000, Asink 17194668
I/NuPlayerDriver( 2291): notifyDuration: 0
D/audio_hw_primary( 2291): [0;33;33m do_out_standby line: 1216 card 0 [m
E/NuPlayerRenderer( 2291): RNDR: dVA -192000 (dVAavg -244000), V 17160000, A 17352000, Asink 17194668
E/UDPSource( 2291): in buffer: a[23, 13248] 552.000 ms, v[57, 397338] 1180.000 ms
E/UDPSource( 2291): in datasource: 6903360 bytes, extractor created ? 1
E/NuPlayerRenderer( 2291): RNDR: dVA -192000 (dVAavg -244000), V 17160000, A 17352000, Asink 17194668
D/HDMI-Controller( 2723): HDMIController::isSinkConnected: 0
W/librealtek_runtime( 2723): stopAllClientsOfMediaPlayerService: try to stop all clients of mediaserver...
W/AudioCache( 2291): MediaPlayerService::stopAllClients CALLED
D/RtkHDMIService( 2723): HDMI_STATUS_CHANGED: HDMI_READY = false
D/WindowManager( 2723): HDMIStateChangedReceviver: ready = false
D/WindowManager( 2723): Left second to nothing: 29 sec
I/NuPlayerDriver( 2291): notifyDuration: 0
E/NuPlayerRenderer( 2291): RNDR: dVA -192000 (dVAavg -244000), V 17160000, A 17352000, Asink 17194668
E/UDPSource( 2291): in buffer: a[23, 13248] 552.000 ms, v[57, 397338] 1180.000 ms
E/UDPSource( 2291): in datasource: 6903360 bytes, extractor created ? 1
E/NuPlayerRenderer( 2291): RNDR: dVA -192000 (dVAavg -244000), V 17160000, A 17352000, Asink 17194668
I/NuPlayerDriver( 2291): notifyDuration: 0
E/NuPlayerRenderer( 2291): RNDR: dVA -192000 (dVAavg -244000), V 17160000, A 17352000, Asink 17194668
E/UDPSource( 2291): in buffer: a[23, 13248] 552.000 ms, v[57, 397338] 1180.000 ms
E/UDPSource( 2291): in datasource: 6903360 bytes, extractor created ? 1
D/dalvikvm( 3185): GC_CONCURRENT freed 1577K, 35% free 3162K/4832K, paused 3ms+1ms, total 18ms
W/QmsJsonHttpSender( 3185): Send data is failed (Unable to resolve host "qms.local": No address associated with hostname)
E/NuPlayerRenderer( 2291): RNDR: dVA -192000 (dVAavg -244000), V 17160000, A 17352000, Asink 17194668
I/NuPlayerDriver( 2291): notifyDuration: 0
E/NuPlayerRenderer( 2291): RNDR: dVA -192000 (dVAavg -244000), V 17160000, A 17352000, Asink 17194668
E/UDPSource( 2291): in buffer: a[23, 13248] 552.000 ms, v[57, 397338] 1180.000 ms
E/UDPSource( 2291): in datasource: 6903360 bytes, extractor created ? 1
E/NuPlayerRenderer( 2291): RNDR: dVA -192000 (dVAavg -244000), V 17160000, A 17352000, Asink 17194668
I/NuPlayerDriver( 2291): notifyDuration: 0
E/NuPlayerRenderer( 2291): RNDR: dVA -192000 (dVAavg -244000), V 17160000, A 17352000, Asink 17194668
E/UDPSource( 2291): in buffer: a[23, 13248] 552.000 ms, v[57, 397338] 1180.000 ms
E/UDPSource( 2291): in datasource: 6903360 bytes, extractor created ? 1
E/NuPlayerRenderer( 2291): RNDR: dVA -192000 (dVAavg -244000), V 17160000, A 17352000, Asink 17194668
I/NuPlayerDriver( 2291): notifyDuration: 0
E/NuPlayerRenderer( 2291): RNDR: dVA -192000 (dVAavg -244000), V 17160000, A 17352000, Asink 17194668
E/UDPSource( 2291): in buffer: a[23, 13248] 552.000 ms, v[57, 397338] 1180.000 ms
E/UDPSource( 2291): in datasource: 6903360 bytes, extractor created ? 1
E/NuPlayerRenderer( 2291): RNDR: dVA -192000 (dVAavg -244000), V 17160000, A 17352000, Asink 17194668
D/WindowManager( 2723): Left second to nothing: 24 sec
I/NuPlayerDriver( 2291): notifyDuration: 0
E/NuPlayerRenderer( 2291): RNDR: dVA -192000 (dVAavg -244000), V 17160000, A 17352000, Asink 17194668
E/UDPSource( 2291): in buffer: a[23, 13248] 552.000 ms, v[57, 397338] 1180.000 ms
E/UDPSource( 2291): in datasource: 6903360 bytes, extractor created ? 1
E/NuPlayerRenderer( 2291): RNDR: dVA -192000 (dVAavg -244000), V 17160000, A 17352000, Asink 17194668
I/NuPlayerDriver( 2291): notifyDuration: 0
E/NuPlayerRenderer( 2291): RNDR: dVA -192000 (dVAavg -244000), V 17160000, A 17352000, Asink 17194668
E/UDPSource( 2291): in buffer: a[23, 13248] 552.000 ms, v[57, 397338] 1180.000 ms
E/UDPSource( 2291): in datasource: 6903360 bytes, extractor created ? 1
E/NuPlayerRenderer( 2291): RNDR: dVA -192000 (dVAavg -244000), V 17160000, A 17352000, Asink 17194668
I/NuPlayerDriver( 2291): notifyDuration: 0
E/NuPlayerRenderer( 2291): RNDR: dVA -192000 (dVAavg -244000), V 17160000, A 17352000, Asink 17194668
E/UDPSource( 2291): in buffer: a[23, 13248] 552.000 ms, v[57, 397338] 1180.000 ms
E/UDPSource( 2291): in datasource: 6903360 bytes, extractor created ? 1
E/NuPlayerRenderer( 2291): RNDR: dVA -192000 (dVAavg -244000), V 17160000, A 17352000, Asink 17194668
I/NuPlayerDriver( 2291): notifyDuration: 0
E/NuPlayerRenderer( 2291): RNDR: dVA -192000 (dVAavg -244000), V 17160000, A 17352000, Asink 17194668
E/UDPSource( 2291): in buffer: a[23, 13248] 552.000 ms, v[57, 397338] 1180.000 ms
E/UDPSource( 2291): in datasource: 6903360 bytes, extractor created ? 1
E/NuPlayerRenderer( 2291): RNDR: dVA -192000 (dVAavg -244000), V 17160000, A 17352000, Asink 17194668
I/NuPlayerDriver( 2291): notifyDuration: 0
E/NuPlayerRenderer( 2291): RNDR: dVA -192000 (dVAavg -244000), V 17160000, A 17352000, Asink 17194668
E/UDPSource( 2291): in buffer: a[23, 13248] 552.000 ms, v[57, 397338] 1180.000 ms
E/UDPSource( 2291): in datasource: 6903360 bytes, extractor created ? 1
E/NuPlayerRenderer( 2291): RNDR: dVA -192000 (dVAavg -244000), V 17160000, A 17352000, Asink 17194668
D/HDMI-Controller( 2723): HDMIController::isSinkConnected: 0
D/WindowManager( 2723): Left second to nothing: 19 sec
I/NuPlayerDriver( 2291): notifyDuration: 0
E/NuPlayerRenderer( 2291): RNDR: dVA -192000 (dVAavg -244000), V 17160000, A 17352000, Asink 17194668
E/UDPSource( 2291): in buffer: a[23, 13248] 552.000 ms, v[57, 397338] 1180.000 ms
E/UDPSource( 2291): in datasource: 6903360 bytes, extractor created ? 1
E/NuPlayerRenderer( 2291): RNDR: dVA -192000 (dVAavg -244000), V 17160000, A 17352000, Asink 17194668
I/NuPlayerDriver( 2291): notifyDuration: 0
E/NuPlayerRenderer( 2291): RNDR: dVA -192000 (dVAavg -244000), V 17160000, A 17352000, Asink 17194668
E/UDPSource( 2291): in buffer: a[23, 13248] 552.000 ms, v[57, 397338] 1180.000 ms
E/UDPSource( 2291): in datasource: 6903360 bytes, extractor created ? 1
E/NuPlayerRenderer( 2291): RNDR: dVA -192000 (dVAavg -244000), V 17160000, A 17352000, Asink 17194668
I/NuPlayerDriver( 2291): notifyDuration: 0
E/NuPlayerRenderer( 2291): RNDR: dVA -192000 (dVAavg -244000), V 17160000, A 17352000, Asink 17194668
E/UDPSource( 2291): in buffer: a[23, 13248] 552.000 ms, v[57, 397338] 1180.000 ms
E/UDPSource( 2291): in datasource: 6903360 bytes, extractor created ? 1
E/NuPlayerRenderer( 2291): RNDR: dVA -192000 (dVAavg -244000), V 17160000, A 17352000, Asink 17194668
I/NuPlayerDriver( 2291): notifyDuration: 0
E/NuPlayerRenderer( 2291): RNDR: dVA -192000 (dVAavg -244000), V 17160000, A 17352000, Asink 17194668
E/UDPSource( 2291): in buffer: a[23, 13248] 552.000 ms, v[57, 397338] 1180.000 ms
E/UDPSource( 2291): in datasource: 6903360 bytes, extractor created ? 1
E/NuPlayerRenderer( 2291): RNDR: dVA -192000 (dVAavg -244000), V 17160000, A 17352000, Asink 17194668
I/NuPlayerDriver( 2291): notifyDuration: 0
E/NuPlayerRenderer( 2291): RNDR: dVA -192000 (dVAavg -244000), V 17160000, A 17352000, Asink 17194668
E/UDPSource( 2291): in buffer: a[23, 13248] 552.000 ms, v[57, 397338] 1180.000 ms
E/UDPSource( 2291): in datasource: 6903360 bytes, extractor created ? 1
E/NuPlayerRenderer( 2291): RNDR: dVA -192000 (dVAavg -244000), V 17160000, A 17352000, Asink 17194668
D/WindowManager( 2723): Left second to nothing: 14 sec
I/NuPlayerDriver( 2291): notifyDuration: 0
E/NuPlayerRenderer( 2291): RNDR: dVA -192000 (dVAavg -244000), V 17160000, A 17352000, Asink 17194668
E/UDPSource( 2291): in buffer: a[23, 13248] 552.000 ms, v[57, 397338] 1180.000 ms
E/UDPSource( 2291): in datasource: 6903360 bytes, extractor created ? 1
E/NuPlayerRenderer( 2291): RNDR: dVA -192000 (dVAavg -244000), V 17160000, A 17352000, Asink 17194668
I/NuPlayerDriver( 2291): notifyDuration: 0
E/NuPlayerRenderer( 2291): RNDR: dVA -192000 (dVAavg -244000), V 17160000, A 17352000, Asink 17194668
E/UDPSource( 2291): in buffer: a[23, 13248] 552.000 ms, v[57, 397338] 1180.000 ms
E/UDPSource( 2291): in datasource: 6903360 bytes, extractor created ? 1
E/NuPlayerRenderer( 2291): RNDR: dVA -192000 (dVAavg -244000), V 17160000, A 17352000, Asink 17194668
I/NuPlayerDriver( 2291): notifyDuration: 0
E/NuPlayerRenderer( 2291): RNDR: dVA -192000 (dVAavg -244000), V 17160000, A 17352000, Asink 17194668
E/UDPSource( 2291): in buffer: a[23, 13248] 552.000 ms, v[57, 397338] 1180.000 ms
E/UDPSource( 2291): in datasource: 6903360 bytes, extractor created ? 1
E/NuPlayerRenderer( 2291): RNDR: dVA -192000 (dVAavg -244000), V 17160000, A 17352000, Asink 17194668
I/NuPlayerDriver( 2291): notifyDuration: 0
E/NuPlayerRenderer( 2291): RNDR: dVA -192000 (dVAavg -244000), V 17160000, A 17352000, Asink 17194668
E/UDPSource( 2291): in buffer: a[23, 13248] 552.000 ms, v[57, 397338] 1180.000 ms
E/UDPSource( 2291): in datasource: 6903360 bytes, extractor created ? 1
E/NuPlayerRenderer( 2291): RNDR: dVA -192000 (dVAavg -244000), V 17160000, A 17352000, Asink 17194668
I/NuPlayerDriver( 2291): notifyDuration: 0
E/NuPlayerRenderer( 2291): RNDR: dVA -192000 (dVAavg -244000), V 17160000, A 17352000, Asink 17194668
E/UDPSource( 2291): in buffer: a[23, 13248] 552.000 ms, v[57, 397338] 1180.000 ms
E/UDPSource( 2291): in datasource: 6903360 bytes, extractor created ? 1
E/NuPlayerRenderer( 2291): RNDR: dVA -192000 (dVAavg -244000), V 17160000, A 17352000, Asink 17194668
D/HDMI-Controller( 2723): HDMIController::isSinkConnected: 0
D/WindowManager( 2723): Left second to nothing: 9 sec
I/NuPlayerDriver( 2291): notifyDuration: 0
E/NuPlayerRenderer( 2291): RNDR: dVA -192000 (dVAavg -244000), V 17160000, A 17352000, Asink 17194668
E/UDPSource( 2291): in buffer: a[23, 13248] 552.000 ms, v[57, 397338] 1180.000 ms
E/UDPSource( 2291): in datasource: 6903360 bytes, extractor created ? 1
E/NuPlayerRenderer( 2291): RNDR: dVA -192000 (dVAavg -244000), V 17160000, A 17352000, Asink 17194668
I/NuPlayerDriver( 2291): notifyDuration: 0
E/NuPlayerRenderer( 2291): RNDR: dVA -192000 (dVAavg -244000), V 17160000, A 17352000, Asink 17194668
E/UDPSource( 2291): in buffer: a[23, 13248] 552.000 ms, v[57, 397338] 1180.000 ms
E/UDPSource( 2291): in datasource: 6903360 bytes, extractor created ? 1
E/NuPlayerRenderer( 2291): RNDR: dVA -192000 (dVAavg -244000), V 17160000, A 17352000, Asink 17194668
I/NuPlayerDriver( 2291): notifyDuration: 0
E/NuPlayerRenderer( 2291): RNDR: dVA -192000 (dVAavg -244000), V 17160000, A 17352000, Asink 17194668
E/UDPSource( 2291): in buffer: a[23, 13248] 552.000 ms, v[57, 397338] 1180.000 ms
E/UDPSource( 2291): in datasource: 6903360 bytes, extractor created ? 1
E/NuPlayerRenderer( 2291): RNDR: dVA -192000 (dVAavg -244000), V 17160000, A 17352000, Asink 17194668
I/NuPlayerDriver( 2291): notifyDuration: 0
E/NuPlayerRenderer( 2291): RNDR: dVA -192000 (dVAavg -244000), V 17160000, A 17352000, Asink 17194668
E/UDPSource( 2291): in buffer: a[23, 13248] 552.000 ms, v[57, 397338] 1180.000 ms
E/UDPSource( 2291): in datasource: 6903360 bytes, extractor created ? 1
E/NuPlayerRenderer( 2291): RNDR: dVA -192000 (dVAavg -244000), V 17160000, A 17352000, Asink 17194668
I/NuPlayerDriver( 2291): notifyDuration: 0
E/NuPlayerRenderer( 2291): RNDR: dVA -192000 (dVAavg -244000), V 17160000, A 17352000, Asink 17194668
E/UDPSource( 2291): in buffer: a[23, 13248] 552.000 ms, v[57, 397338] 1180.000 ms
E/UDPSource( 2291): in datasource: 6903360 bytes, extractor created ? 1
E/NuPlayerRenderer( 2291): RNDR: dVA -192000 (dVAavg -244000), V 17160000, A 17352000, Asink 17194668
I/NuPlayerDriver( 2291): notifyDuration: 0
E/NuPlayerRenderer( 2291): RNDR: dVA -192000 (dVAavg -244000), V 17160000, A 17352000, Asink 17194668
E/UDPSource( 2291): in buffer: a[23, 13248] 552.000 ms, v[57, 397338] 1180.000 ms
E/UDPSource( 2291): in datasource: 6903360 bytes, extractor created ? 1
E/NuPlayerRenderer( 2291): RNDR: dVA -192000 (dVAavg -244000), V 17160000, A 17352000, Asink 17194668
I/NuPlayerDriver( 2291): notifyDuration: 0
E/NuPlayerRenderer( 2291): RNDR: dVA -192000 (dVAavg -244000), V 17160000, A 17352000, Asink 17194668
E/UDPSource( 2291): in buffer: a[23, 13248] 552.000 ms, v[57, 397338] 1180.000 ms
E/UDPSource( 2291): in datasource: 6903360 bytes, extractor created ? 1
E/NuPlayerRenderer( 2291): RNDR: dVA -192000 (dVAavg -244000), V 17160000, A 17352000, Asink 17194668
I/NuPlayerDriver( 2291): notifyDuration: 0
E/NuPlayerRenderer( 2291): RNDR: dVA -192000 (dVAavg -244000), V 17160000, A 17352000, Asink 17194668
E/UDPSource( 2291): in buffer: a[23, 13248] 552.000 ms, v[57, 397338] 1180.000 ms
E/UDPSource( 2291): in datasource: 6903360 bytes, extractor created ? 1
E/NuPlayerRenderer( 2291): RNDR: dVA -192000 (dVAavg -244000), V 17160000, A 17352000, Asink 17194668
I/NuPlayerDriver( 2291): notifyDuration: 0
E/NuPlayerRenderer( 2291): RNDR: dVA -192000 (dVAavg -244000), V 17160000, A 17352000, Asink 17194668
E/UDPSource( 2291): in buffer: a[23, 13248] 552.000 ms, v[57, 397338] 1180.000 ms
E/UDPSource( 2291): in datasource: 6903360 bytes, extractor created ? 1
E/NuPlayerRenderer( 2291): RNDR: dVA -192000 (dVAavg -244000), V 17160000, A 17352000, Asink 17194668
I/NuPlayerDriver( 2291): notifyDuration: 0
E/NuPlayerRenderer( 2291): RNDR: dVA -192000 (dVAavg -244000), V 17160000, A 17352000, Asink 17194668
E/UDPSource( 2291): in buffer: a[23, 13248] 552.000 ms, v[57, 397338] 1180.000 ms
E/UDPSource( 2291): in datasource: 6903360 bytes, extractor created ? 1
E/NuPlayerRenderer( 2291): RNDR: dVA -192000 (dVAavg -244000), V 17160000, A 17352000, Asink 17194668
D/HDMI-Controller( 2723): HDMIController::isSinkConnected: 0
D/WindowManager( 2723): behaviorAfterTVOff = nothing
I/NuPlayerDriver( 2291): notifyDuration: 0
E/NuPlayerRenderer( 2291): RNDR: dVA -192000 (dVAavg -244000), V 17160000, A 17352000, Asink 17194668
E/UDPSource( 2291): in buffer: a[23, 13248] 552.000 ms, v[57, 397338] 1180.000 ms
E/UDPSource( 2291): in datasource: 6903360 bytes, extractor created ? 1
E/NuPlayerRenderer( 2291): RNDR: dVA -192000 (dVAavg -244000), V 17160000, A 17352000, Asink 17194668
I/NuPlayerDriver( 2291): notifyDuration: 0
E/NuPlayerRenderer( 2291): RNDR: dVA -192000 (dVAavg -244000), V 17160000, A 17352000, Asink 17194668
E/UDPSource( 2291): in buffer: a[23, 13248] 552.000 ms, v[57, 397338] 1180.000 ms
E/UDPSource( 2291): in datasource: 6903360 bytes, extractor created ? 1
E/NuPlayerRenderer( 2291): RNDR: dVA -192000 (dVAavg -244000), V 17160000, A 17352000, Asink 17194668
I/NuPlayerDriver( 2291): notifyDuration: 0
E/NuPlayerRenderer( 2291): RNDR: dVA -192000 (dVAavg -244000), V 17160000, A 17352000, Asink 17194668
E/UDPSource( 2291): in buffer: a[23, 13248] 552.000 ms, v[57, 397338] 1180.000 ms
E/UDPSource( 2291): in datasource: 6903360 bytes, extractor created ? 1
E/NuPlayerRenderer( 2291): RNDR: dVA -192000 (dVAavg -244000), V 17160000, A 17352000, Asink 17194668
I/NuPlayerDriver( 2291): notifyDuration: 0
E/NuPlayerRenderer( 2291): RNDR: dVA -192000 (dVAavg -244000), V 17160000, A 17352000, Asink 17194668
E/UDPSource( 2291): in buffer: a[23, 13248] 552.000 ms, v[57, 397338] 1180.000 ms
E/UDPSource( 2291): in datasource: 6903360 bytes, extractor created ? 1
E/NuPlayerRenderer( 2291): RNDR: dVA -192000 (dVAavg -244000), V 17160000, A 17352000, Asink 17194668
I/NuPlayerDriver( 2291): notifyDuration: 0
E/NuPlayerRenderer( 2291): RNDR: dVA -192000 (dVAavg -244000), V 17160000, A 17352000, Asink 17194668
E/UDPSource( 2291): in buffer: a[23, 13248] 552.000 ms, v[57, 397338] 1180.000 ms
E/UDPSource( 2291): in datasource: 6903360 bytes, extractor created ? 1
E/NuPlayerRenderer( 2291): RNDR: dVA -192000 (dVAavg -244000), V 17160000, A 17352000, Asink 17194668
I/NuPlayerDriver( 2291): notifyDuration: 0
E/NuPlayerRenderer( 2291): RNDR: dVA -192000 (dVAavg -244000), V 17160000, A 17352000, Asink 17194668
E/UDPSource( 2291): in buffer: a[23, 13248] 552.000 ms, v[57, 397338] 1180.000 ms
E/UDPSource( 2291): in datasource: 6903360 bytes, extractor created ? 1
E/NuPlayerRenderer( 2291): RNDR: dVA -192000 (dVAavg -244000), V 17160000, A 17352000, Asink 17194668
I/NuPlayerDriver( 2291): notifyDuration: 0
E/NuPlayerRenderer( 2291): RNDR: dVA -192000 (dVAavg -244000), V 17160000, A 17352000, Asink 17194668
E/UDPSource( 2291): in buffer: a[23, 13248] 552.000 ms, v[57, 397338] 1180.000 ms
E/UDPSource( 2291): in datasource: 6903360 bytes, extractor created ? 1
E/NuPlayerRenderer( 2291): RNDR: dVA -192000 (dVAavg -244000), V 17160000, A 17352000, Asink 17194668
I/NuPlayerDriver( 2291): notifyDuration: 0
E/NuPlayerRenderer( 2291): RNDR: dVA -192000 (dVAavg -244000), V 17160000, A 17352000, Asink 17194668
E/UDPSource( 2291): in buffer: a[23, 13248] 552.000 ms, v[57, 397338] 1180.000 ms
E/UDPSource( 2291): in datasource: 6903360 bytes, extractor created ? 1
E/NuPlayerRenderer( 2291): RNDR: dVA -192000 (dVAavg -244000), V 17160000, A 17352000, Asink 17194668
I/NuPlayerDriver( 2291): notifyDuration: 0
E/NuPlayerRenderer( 2291): RNDR: dVA -192000 (dVAavg -244000), V 17160000, A 17352000, Asink 17194668
E/UDPSource( 2291): in buffer: a[23, 13248] 552.000 ms, v[57, 397338] 1180.000 ms
E/UDPSource( 2291): in datasource: 6903360 bytes, extractor created ? 1
E/NuPlayerRenderer( 2291): RNDR: dVA -192000 (dVAavg -244000), V 17160000, A 17352000, Asink 17194668
I/NuPlayerDriver( 2291): notifyDuration: 0
E/NuPlayerRenderer( 2291): RNDR: dVA -192000 (dVAavg -244000), V 17160000, A 17352000, Asink 17194668
E/UDPSource( 2291): in buffer: a[23, 13248] 552.000 ms, v[57, 397338] 1180.000 ms
E/UDPSource( 2291): in datasource: 6903360 bytes, extractor created ? 1
E/NuPlayerRenderer( 2291): RNDR: dVA -192000 (dVAavg -244000), V 17160000, A 17352000, Asink 17194668
D/HDMI-Controller( 2723): HDMIController::isSinkConnected: 0
I/NuPlayerDriver( 2291): notifyDuration: 0
E/NuPlayerRenderer( 2291): RNDR: dVA -192000 (dVAavg -244000), V 17160000, A 17352000, Asink 17194668
E/UDPSource( 2291): in buffer: a[23, 13248] 552.000 ms, v[57, 397338] 1180.000 ms
E/UDPSource( 2291): in datasource: 6903360 bytes, extractor created ? 1
E/NuPlayerRenderer( 2291): RNDR: dVA -192000 (dVAavg -244000), V 17160000, A 17352000, Asink 17194668
I/NuPlayerDriver( 2291): notifyDuration: 0
E/NuPlayerRenderer( 2291): RNDR: dVA -192000 (dVAavg -244000), V 17160000, A 17352000, Asink 17194668
E/UDPSource( 2291): in buffer: a[23, 13248] 552.000 ms, v[57, 397338] 1180.000 ms
E/UDPSource( 2291): in datasource: 6903360 bytes, extractor created ? 1
E/NuPlayerRenderer( 2291): RNDR: dVA -192000 (dVAavg -244000), V 17160000, A 17352000, Asink 17194668
I/NuPlayerDriver( 2291): notifyDuration: 0
E/NuPlayerRenderer( 2291): RNDR: dVA -192000 (dVAavg -244000), V 17160000, A 17352000, Asink 17194668
E/UDPSource( 2291): in buffer: a[23, 13248] 552.000 ms, v[57, 397338] 1180.000 ms
E/UDPSource( 2291): in datasource: 6903360 bytes, extractor created ? 1
E/NuPlayerRenderer( 2291): RNDR: dVA -192000 (dVAavg -244000), V 17160000, A 17352000, Asink 17194668
I/NuPlayerDriver( 2291): notifyDuration: 0
E/NuPlayerRenderer( 2291): RNDR: dVA -192000 (dVAavg -244000), V 17160000, A 17352000, Asink 17194668
E/UDPSource( 2291): in buffer: a[23, 13248] 552.000 ms, v[57, 397338] 1180.000 ms
E/UDPSource( 2291): in datasource: 6903360 bytes, extractor created ? 1
E/NuPlayerRenderer( 2291): RNDR: dVA -192000 (dVAavg -244000), V 17160000, A 17352000, Asink 17194668
I/NuPlayerDriver( 2291): notifyDuration: 0
W/SocketClient( 2286): write error (Broken pipe)
E/NuPlayerRenderer( 2291): RNDR: dVA -192000 (dVAavg -244000), V 17160000, A 17352000, Asink 17194668
E/UDPSource( 2291): in buffer: a[23, 13248] 552.000 ms, v[57, 397338] 1180.000 ms
E/UDPSource( 2291): in datasource: 6903360 bytes, extractor created ? 1
E/NuPlayerRenderer( 2291): RNDR: dVA -192000 (dVAavg -244000), V 17160000, A 17352000, Asink 17194668
I/NuPlayerDriver( 2291): notifyDuration: 0
E/NuPlayerRenderer( 2291): RNDR: dVA -192000 (dVAavg -244000), V 17160000, A 17352000, Asink 17194668
E/UDPSource( 2291): in buffer: a[23, 13248] 552.000 ms, v[57, 397338] 1180.000 ms
E/UDPSource( 2291): in datasource: 6903360 bytes, extractor created ? 1
E/NuPlayerRenderer( 2291): RNDR: dVA -192000 (dVAavg -244000), V 17160000, A 17352000, Asink 17194668
I/NuPlayerDriver( 2291): notifyDuration: 0
E/NuPlayerRenderer( 2291): RNDR: dVA -192000 (dVAavg -244000), V 17160000, A 17352000, Asink 17194668
E/UDPSource( 2291): in buffer: a[23, 13248] 552.000 ms, v[57, 397338] 1180.000 ms
E/UDPSource( 2291): in datasource: 6903360 bytes, extractor created ? 1
E/NuPlayerRenderer( 2291): RNDR: dVA -192000 (dVAavg -244000), V 17160000, A 17352000, Asink 17194668
I/NuPlayerDriver( 2291): notifyDuration: 0
E/NuPlayerRenderer( 2291): RNDR: dVA -192000 (dVAavg -244000), V 17160000, A 17352000, Asink 17194668
E/UDPSource( 2291): in buffer: a[23, 13248] 552.000 ms, v[57, 397338] 1180.000 ms
E/UDPSource( 2291): in datasource: 6903360 bytes, extractor created ? 1
E/NuPlayerRenderer( 2291): RNDR: dVA -192000 (dVAavg -244000), V 17160000, A 17352000, Asink 17194668
I/NuPlayerDriver( 2291): notifyDuration: 0
E/NuPlayerRenderer( 2291): RNDR: dVA -192000 (dVAavg -244000), V 17160000, A 17352000, Asink 17194668
E/UDPSource( 2291): in buffer: a[23, 13248] 552.000 ms, v[57, 397338] 1180.000 ms
E/UDPSource( 2291): in datasource: 6903360 bytes, extractor created ? 1
E/NuPlayerRenderer( 2291): RNDR: dVA -192000 (dVAavg -244000), V 17160000, A 17352000, Asink 17194668
I/NuPlayerDriver( 2291): notifyDuration: 0
E/NuPlayerRenderer( 2291): RNDR: dVA -192000 (dVAavg -244000), V 17160000, A 17352000, Asink 17194668
E/UDPSource( 2291): in buffer: a[23, 13248] 552.000 ms, v[57, 397338] 1180.000 ms
E/UDPSource( 2291): in datasource: 6903360 bytes, extractor created ? 1
E/NuPlayerRenderer( 2291): RNDR: dVA -192000 (dVAavg -244000), V 17160000, A 17352000, Asink 17194668
D/HDMI-Controller( 2723): HDMIController::isSinkConnected: 0
I/NuPlayerDriver( 2291): notifyDuration: 0
E/NuPlayerRenderer( 2291): RNDR: dVA -192000 (dVAavg -244000), V 17160000, A 17352000, Asink 17194668
E/UDPSource( 2291): in buffer: a[23, 13248] 552.000 ms, v[57, 397338] 1180.000 ms
E/UDPSource( 2291): in datasource: 6903360 bytes, extractor created ? 1
E/NuPlayerRenderer( 2291): RNDR: dVA -192000 (dVAavg -244000), V 17160000, A 17352000, Asink 17194668
I/NuPlayerDriver( 2291): notifyDuration: 0
E/NuPlayerRenderer( 2291): RNDR: dVA -192000 (dVAavg -244000), V 17160000, A 17352000, Asink 17194668
E/UDPSource( 2291): in buffer: a[23, 13248] 552.000 ms, v[57, 397338] 1180.000 ms
E/UDPSource( 2291): in datasource: 6903360 bytes, extractor created ? 1
E/NuPlayerRenderer( 2291): RNDR: dVA -192000 (dVAavg -244000), V 17160000, A 17352000, Asink 17194668
I/NuPlayerDriver( 2291): notifyDuration: 0
E/NuPlayerRenderer( 2291): RNDR: dVA -192000 (dVAavg -244000), V 17160000, A 17352000, Asink 17194668
E/UDPSource( 2291): in buffer: a[23, 13248] 552.000 ms, v[57, 397338] 1180.000 ms
E/UDPSource( 2291): in datasource: 6903360 bytes, extractor created ? 1
E/NuPlayerRenderer( 2291): RNDR: dVA -192000 (dVAavg -244000), V 17160000, A 17352000, Asink 17194668
I/NuPlayerDriver( 2291): notifyDuration: 0
E/NuPlayerRenderer( 2291): RNDR: dVA -192000 (dVAavg -244000), V 17160000, A 17352000, Asink 17194668
E/UDPSource( 2291): in buffer: a[23, 13248] 552.000 ms, v[57, 397338] 1180.000 ms
E/UDPSource( 2291): in datasource: 6903360 bytes, extractor created ? 1
E/NuPlayerRenderer( 2291): RNDR: dVA -192000 (dVAavg -244000), V 17160000, A 17352000, Asink 17194668
I/NuPlayerDriver( 2291): notifyDuration: 0
E/NuPlayerRenderer( 2291): RNDR: dVA -192000 (dVAavg -244000), V 17160000, A 17352000, Asink 17194668
E/UDPSource( 2291): in buffer: a[23, 13248] 552.000 ms, v[57, 397338] 1180.000 ms
E/UDPSource( 2291): in datasource: 6903360 bytes, extractor created ? 1
E/NuPlayerRenderer( 2291): RNDR: dVA -192000 (dVAavg -244000), V 17160000, A 17352000, Asink 17194668
I/NuPlayerDriver( 2291): notifyDuration: 0
E/NuPlayerRenderer( 2291): RNDR: dVA -192000 (dVAavg -244000), V 17160000, A 17352000, Asink 17194668
E/UDPSource( 2291): in buffer: a[23, 13248] 552.000 ms, v[57, 397338] 1180.000 ms
E/UDPSource( 2291): in datasource: 6903360 bytes, extractor created ? 1
E/NuPlayerRenderer( 2291): RNDR: dVA -192000 (dVAavg -244000), V 17160000, A 17352000, Asink 17194668
I/NuPlayerDriver( 2291): notifyDuration: 0
E/NuPlayerRenderer( 2291): RNDR: dVA -192000 (dVAavg -244000), V 17160000, A 17352000, Asink 17194668
E/UDPSource( 2291): in buffer: a[23, 13248] 552.000 ms, v[57, 397338] 1180.000 ms
E/UDPSource( 2291): in datasource: 6903360 bytes, extractor created ? 1
E/NuPlayerRenderer( 2291): RNDR: dVA -192000 (dVAavg -244000), V 17160000, A 17352000, Asink 17194668
I/NuPlayerDriver( 2291): notifyDuration: 0
E/NuPlayerRenderer( 2291): RNDR: dVA -192000 (dVAavg -244000), V 17160000, A 17352000, Asink 17194668
E/UDPSource( 2291): in buffer: a[23, 13248] 552.000 ms, v[57, 397338] 1180.000 ms
E/UDPSource( 2291): in datasource: 6903360 bytes, extractor created ? 1
E/NuPlayerRenderer( 2291): RNDR: dVA -192000 (dVAavg -244000), V 17160000, A 17352000, Asink 17194668
I/NuPlayerDriver( 2291): notifyDuration: 0
E/NuPlayerRenderer( 2291): RNDR: dVA -192000 (dVAavg -244000), V 17160000, A 17352000, Asink 17194668
E/UDPSource( 2291): in buffer: a[23, 13248] 552.000 ms, v[57, 397338] 1180.000 ms
E/UDPSource( 2291): in datasource: 6903360 bytes, extractor created ? 1
E/NuPlayerRenderer( 2291): RNDR: dVA -192000 (dVAavg -244000), V 17160000, A 17352000, Asink 17194668
I/NuPlayerDriver( 2291): notifyDuration: 0
E/NuPlayerRenderer( 2291): RNDR: dVA -192000 (dVAavg -244000), V 17160000, A 17352000, Asink 17194668
E/UDPSource( 2291): in buffer: a[23, 13248] 552.000 ms, v[57, 397338] 1180.000 ms
E/UDPSource( 2291): in datasource: 6903360 bytes, extractor created ? 1
E/NuPlayerRenderer( 2291): RNDR: dVA -192000 (dVAavg -244000), V 17160000, A 17352000, Asink 17194668
D/HDMI-Controller( 2723): HDMIController::isSinkConnected: 0
I/NuPlayerDriver( 2291): notifyDuration: 0
E/NuPlayerRenderer( 2291): RNDR: dVA -192000 (dVAavg -244000), V 17160000, A 17352000, Asink 17194668
E/UDPSource( 2291): in buffer: a[23, 13248] 552.000 ms, v[57, 397338] 1180.000 ms
E/UDPSource( 2291): in datasource: 6903360 bytes, extractor created ? 1
E/NuPlayerRenderer( 2291): RNDR: dVA -192000 (dVAavg -244000), V 17160000, A 17352000, Asink 17194668
I/NuPlayerDriver( 2291): notifyDuration: 0
E/NuPlayerRenderer( 2291): RNDR: dVA -192000 (dVAavg -244000), V 17160000, A 17352000, Asink 17194668
E/UDPSource( 2291): in buffer: a[23, 13248] 552.000 ms, v[57, 397338] 1180.000 ms
E/UDPSource( 2291): in datasource: 6903360 bytes, extractor created ? 1
E/NuPlayerRenderer( 2291): RNDR: dVA -192000 (dVAavg -244000), V 17160000, A 17352000, Asink 17194668
I/NuPlayerDriver( 2291): notifyDuration: 0
E/NuPlayerRenderer( 2291): RNDR: dVA -192000 (dVAavg -244000), V 17160000, A 17352000, Asink 17194668
E/UDPSource( 2291): in buffer: a[23, 13248] 552.000 ms, v[57, 397338] 1180.000 ms
E/UDPSource( 2291): in datasource: 6903360 bytes, extractor created ? 1
E/NuPlayerRenderer( 2291): RNDR: dVA -192000 (dVAavg -244000), V 17160000, A 17352000, Asink 17194668
I/NuPlayerDriver( 2291): notifyDuration: 0
E/NuPlayerRenderer( 2291): RNDR: dVA -192000 (dVAavg -244000), V 17160000, A 17352000, Asink 17194668
E/UDPSource( 2291): in buffer: a[23, 13248] 552.000 ms, v[57, 397338] 1180.000 ms
E/UDPSource( 2291): in datasource: 6903360 bytes, extractor created ? 1
E/NuPlayerRenderer( 2291): RNDR: dVA -192000 (dVAavg -244000), V 17160000, A 17352000, Asink 17194668
I/NuPlayerDriver( 2291): notifyDuration: 0
E/NuPlayerRenderer( 2291): RNDR: dVA -192000 (dVAavg -244000), V 17160000, A 17352000, Asink 17194668
E/UDPSource( 2291): in buffer: a[23, 13248] 552.000 ms, v[57, 397338] 1180.000 ms
E/UDPSource( 2291): in datasource: 6903360 bytes, extractor created ? 1
E/NuPlayerRenderer( 2291): RNDR: dVA -192000 (dVAavg -244000), V 17160000, A 17352000, Asink 17194668
I/NuPlayerDriver( 2291): notifyDuration: 0
E/NuPlayerRenderer( 2291): RNDR: dVA -192000 (dVAavg -244000), V 17160000, A 17352000, Asink 17194668
E/UDPSource( 2291): in buffer: a[23, 13248] 552.000 ms, v[57, 397338] 1180.000 ms
E/UDPSource( 2291): in datasource: 6903360 bytes, extractor created ? 1
E/NuPlayerRenderer( 2291): RNDR: dVA -192000 (dVAavg -244000), V 17160000, A 17352000, Asink 17194668
I/NuPlayerDriver( 2291): notifyDuration: 0
E/NuPlayerRenderer( 2291): RNDR: dVA -192000 (dVAavg -244000), V 17160000, A 17352000, Asink 17194668
E/UDPSource( 2291): in buffer: a[23, 13248] 552.000 ms, v[57, 397338] 1180.000 ms
E/UDPSource( 2291): in datasource: 6903360 bytes, extractor created ? 1
E/NuPlayerRenderer( 2291): RNDR: dVA -192000 (dVAavg -244000), V 17160000, A 17352000, Asink 17194668
I/NuPlayerDriver( 2291): notifyDuration: 0
E/NuPlayerRenderer( 2291): RNDR: dVA -192000 (dVAavg -244000), V 17160000, A 17352000, Asink 17194668
E/UDPSource( 2291): in buffer: a[23, 13248] 552.000 ms, v[57, 397338] 1180.000 ms
E/UDPSource( 2291): in datasource: 6903360 bytes, extractor created ? 1
E/NuPlayerRenderer( 2291): RNDR: dVA -192000 (dVAavg -244000), V 17160000, A 17352000, Asink 17194668
I/NuPlayerDriver( 2291): notifyDuration: 0
E/NuPlayerRenderer( 2291): RNDR: dVA -192000 (dVAavg -244000), V 17160000, A 17352000, Asink 17194668
E/UDPSource( 2291): in buffer: a[23, 13248] 552.000 ms, v[57, 397338] 1180.000 ms
E/UDPSource( 2291): in datasource: 6903360 bytes, extractor created ? 1
E/NuPlayerRenderer( 2291): RNDR: dVA -192000 (dVAavg -244000), V 17160000, A 17352000, Asink 17194668
I/NuPlayerDriver( 2291): notifyDuration: 0
E/NuPlayerRenderer( 2291): RNDR: dVA -192000 (dVAavg -244000), V 17160000, A 17352000, Asink 17194668
E/UDPSource( 2291): in buffer: a[23, 13248] 552.000 ms, v[57, 397338] 1180.000 ms
E/UDPSource( 2291): in datasource: 6903360 bytes, extractor created ? 1
E/NuPlayerRenderer( 2291): RNDR: dVA -192000 (dVAavg -244000), V 17160000, A 17352000, Asink 17194668
D/HDMI-Controller( 2723): HDMIController::isSinkConnected: 0
I/NuPlayerDriver( 2291): notifyDuration: 0
E/NuPlayerRenderer( 2291): RNDR: dVA -192000 (dVAavg -244000), V 17160000, A 17352000, Asink 17194668
E/UDPSource( 2291): in buffer: a[23, 13248] 552.000 ms, v[57, 397338] 1180.000 ms
E/UDPSource( 2291): in datasource: 6903360 bytes, extractor created ? 1
E/NuPlayerRenderer( 2291): RNDR: dVA -192000 (dVAavg -244000), V 17160000, A 17352000, Asink 17194668
I/NuPlayerDriver( 2291): notifyDuration: 0
E/NuPlayerRenderer( 2291): RNDR: dVA -192000 (dVAavg -244000), V 17160000, A 17352000, Asink 17194668
E/UDPSource( 2291): in buffer: a[23, 13248] 552.000 ms, v[57, 397338] 1180.000 ms
E/UDPSource( 2291): in datasource: 6903360 bytes, extractor created ? 1
E/NuPlayerRenderer( 2291): RNDR: dVA -192000 (dVAavg -244000), V 17160000, A 17352000, Asink 17194668
I/NuPlayerDriver( 2291): notifyDuration: 0
E/NuPlayerRenderer( 2291): RNDR: dVA -192000 (dVAavg -244000), V 17160000, A 17352000, Asink 17194668
E/UDPSource( 2291): in buffer: a[23, 13248] 552.000 ms, v[57, 397338] 1180.000 ms
E/UDPSource( 2291): in datasource: 6903360 bytes, extractor created ? 1
E/NuPlayerRenderer( 2291): RNDR: dVA -192000 (dVAavg -244000), V 17160000, A 17352000, Asink 17194668
I/NuPlayerDriver( 2291): notifyDuration: 0
E/NuPlayerRenderer( 2291): RNDR: dVA -192000 (dVAavg -244000), V 17160000, A 17352000, Asink 17194668
E/UDPSource( 2291): in buffer: a[23, 13248] 552.000 ms, v[57, 397338] 1180.000 ms
E/UDPSource( 2291): in datasource: 6903360 bytes, extractor created ? 1
E/NuPlayerRenderer( 2291): RNDR: dVA -192000 (dVAavg -244000), V 17160000, A 17352000, Asink 17194668
I/NuPlayerDriver( 2291): notifyDuration: 0
D/dalvikvm( 2905): GC_CONCURRENT freed 2123K, 30% free 5819K/8240K, paused 3ms+3ms, total 34ms
E/NuPlayerRenderer( 2291): RNDR: dVA -192000 (dVAavg -244000), V 17160000, A 17352000, Asink 17194668
E/UDPSource( 2291): in buffer: a[23, 13248] 552.000 ms, v[57, 397338] 1180.000 ms
E/UDPSource( 2291): in datasource: 6903360 bytes, extractor created ? 1
E/NuPlayerRenderer( 2291): RNDR: dVA -192000 (dVAavg -244000), V 17160000, A 17352000, Asink 17194668
I/NuPlayerDriver( 2291): notifyDuration: 0
E/NuPlayerRenderer( 2291): RNDR: dVA -192000 (dVAavg -244000), V 17160000, A 17352000, Asink 17194668
E/UDPSource( 2291): in buffer: a[23, 13248] 552.000 ms, v[57, 397338] 1180.000 ms
E/UDPSource( 2291): in datasource: 6903360 bytes, extractor created ? 1
E/NuPlayerRenderer( 2291): RNDR: dVA -192000 (dVAavg -244000), V 17160000, A 17352000, Asink 17194668
I/NuPlayerDriver( 2291): notifyDuration: 0
E/NuPlayerRenderer( 2291): RNDR: dVA -192000 (dVAavg -244000), V 17160000, A 17352000, Asink 17194668
E/UDPSource( 2291): in buffer: a[23, 13248] 552.000 ms, v[57, 397338] 1180.000 ms
E/UDPSource( 2291): in datasource: 6903360 bytes, extractor created ? 1
E/NuPlayerRenderer( 2291): RNDR: dVA -192000 (dVAavg -244000), V 17160000, A 17352000, Asink 17194668
I/NuPlayerDriver( 2291): notifyDuration: 0
E/NuPlayerRenderer( 2291): RNDR: dVA -192000 (dVAavg -244000), V 17160000, A 17352000, Asink 17194668
E/UDPSource( 2291): in buffer: a[23, 13248] 552.000 ms, v[57, 397338] 1180.000 ms
E/UDPSource( 2291): in datasource: 6903360 bytes, extractor created ? 1
E/NuPlayerRenderer( 2291): RNDR: dVA -192000 (dVAavg -244000), V 17160000, A 17352000, Asink 17194668
I/NuPlayerDriver( 2291): notifyDuration: 0
E/NuPlayerRenderer( 2291): RNDR: dVA -192000 (dVAavg -244000), V 17160000, A 17352000, Asink 17194668
E/UDPSource( 2291): in buffer: a[23, 13248] 552.000 ms, v[57, 397338] 1180.000 ms
E/UDPSource( 2291): in datasource: 6903360 bytes, extractor created ? 1
E/NuPlayerRenderer( 2291): RNDR: dVA -192000 (dVAavg -244000), V 17160000, A 17352000, Asink 17194668
I/NuPlayerDriver( 2291): notifyDuration: 0
E/NuPlayerRenderer( 2291): RNDR: dVA -192000 (dVAavg -244000), V 17160000, A 17352000, Asink 17194668
E/UDPSource( 2291): in buffer: a[23, 13248] 552.000 ms, v[57, 397338] 1180.000 ms
E/UDPSource( 2291): in datasource: 6903360 bytes, extractor created ? 1
E/NuPlayerRenderer( 2291): RNDR: dVA -192000 (dVAavg -244000), V 17160000, A 17352000, Asink 17194668
D/HDMI-Controller( 2723): HDMIController::isSinkConnected: 0
I/NuPlayerDriver( 2291): notifyDuration: 0
E/NuPlayerRenderer( 2291): RNDR: dVA -192000 (dVAavg -244000), V 17160000, A 17352000, Asink 17194668
E/UDPSource( 2291): in buffer: a[23, 13248] 552.000 ms, v[57, 397338] 1180.000 ms
E/UDPSource( 2291): in datasource: 6903360 bytes, extractor created ? 1
E/NuPlayerRenderer( 2291): RNDR: dVA -192000 (dVAavg -244000), V 17160000, A 17352000, Asink 17194668
I/NuPlayerDriver( 2291): notifyDuration: 0
E/NuPlayerRenderer( 2291): RNDR: dVA -192000 (dVAavg -244000), V 17160000, A 17352000, Asink 17194668
E/UDPSource( 2291): in buffer: a[23, 13248] 552.000 ms, v[57, 397338] 1180.000 ms
E/UDPSource( 2291): in datasource: 6903360 bytes, extractor created ? 1
E/NuPlayerRenderer( 2291): RNDR: dVA -192000 (dVAavg -244000), V 17160000, A 17352000, Asink 17194668
I/NuPlayerDriver( 2291): notifyDuration: 0
E/NuPlayerRenderer( 2291): RNDR: dVA -192000 (dVAavg -244000), V 17160000, A 17352000, Asink 17194668
E/UDPSource( 2291): in buffer: a[23, 13248] 552.000 ms, v[57, 397338] 1180.000 ms
E/UDPSource( 2291): in datasource: 6903360 bytes, extractor created ? 1
E/NuPlayerRenderer( 2291): RNDR: dVA -192000 (dVAavg -244000), V 17160000, A 17352000, Asink 17194668
I/NuPlayerDriver( 2291): notifyDuration: 0
E/NuPlayerRenderer( 2291): RNDR: dVA -192000 (dVAavg -244000), V 17160000, A 17352000, Asink 17194668
E/UDPSource( 2291): in buffer: a[23, 13248] 552.000 ms, v[57, 397338] 1180.000 ms
E/UDPSource( 2291): in datasource: 6903360 bytes, extractor created ? 1
E/NuPlayerRenderer( 2291): RNDR: dVA -192000 (dVAavg -244000), V 17160000, A 17352000, Asink 17194668
I/NuPlayerDriver( 2291): notifyDuration: 0
E/NuPlayerRenderer( 2291): RNDR: dVA -192000 (dVAavg -244000), V 17160000, A 17352000, Asink 17194668
E/UDPSource( 2291): in buffer: a[23, 13248] 552.000 ms, v[57, 397338] 1180.000 ms
E/UDPSource( 2291): in datasource: 6903360 bytes, extractor created ? 1
E/NuPlayerRenderer( 2291): RNDR: dVA -192000 (dVAavg -244000), V 17160000, A 17352000, Asink 17194668
I/NuPlayerDriver( 2291): notifyDuration: 0
E/NuPlayerRenderer( 2291): RNDR: dVA -192000 (dVAavg -244000), V 17160000, A 17352000, Asink 17194668
E/UDPSource( 2291): in buffer: a[23, 13248] 552.000 ms, v[57, 397338] 1180.000 ms
