E/NuPlayerRenderer( 2291): RNDR: dVA -192000 (dVAavg -244000), V 17160000, A 17352000, Asink 17194668
E/UDPSource( 2291): in buffer: a[23, 13248] 552.000 ms, v[57, 397338] 1180.000 ms
E/UDPSource( 2291): in datasource: 6903360 bytes, extractor created ? 1
E/NuPlayerRenderer( 2291): RNDR: dVA -192000 (dVAavg -244000), V 17160000, A 17352000, Asink 17194668
D/WindowManager( 2723): Left second to nothing: 14 sec
I/NuPlayerDriver( 2291): notifyDuration: 0
E/NuPlayerRenderer( 2291): RNDR: dVA -192000 (dVAavg -244000), V 17160000, A 17352000, Asink 17194668
E/UDPSource( 2291): in buffer: a[23, 13248] 552.000 ms, v[57, 397338] 1180.000 ms
E/UDPSource( 2291): in datasource: 6903360 bytes, extractor created ? 1
E/NuPlayerRenderer( 2291): RNDR: dVA -192000 (dVAavg -244000), V 17160000, A 17352000, Asink 17194668
I/NuPlayerDriver( 2291): notifyDuration: 0
E/NuPlayerRenderer( 2291): RNDR: dVA -192000 (dVAavg -244000), V 17160000, A 17352000, Asink 17194668
E/UDPSource( 2291): in buffer: a[23, 13248] 552.000 ms, v[57, 397338] 1180.000 ms
E/UDPSource( 2291): in datasource: 6903360 bytes, extractor created ? 1
E/NuPlayerRenderer( 2291): RNDR: dVA -192000 (dVAavg -244000), V 17160000, A 17352000, Asink 17194668
I/NuPlayerDriver( 2291): notifyDuration: 0
E/NuPlayerRenderer( 2291): RNDR: dVA -192000 (dVAavg -244000), V 17160000, A 17352000, Asink 17194668
E/UDPSource( 2291): in buffer: a[23, 13248] 552.000 ms, v[57, 397338] 1180.000 ms
E/UDPSource( 2291): in datasource: 6903360 bytes, extractor created ? 1
E/NuPlayerRenderer( 2291): RNDR: dVA -192000 (dVAavg -244000), V 17160000, A 17352000, Asink 17194668
I/NuPlayerDriver( 2291): notifyDuration: 0
E/NuPlayerRenderer( 2291): RNDR: dVA -192000 (dVAavg -244000), V 17160000, A 17352000, Asink 17194668
E/UDPSource( 2291): in buffer: a[23, 13248] 552.000 ms, v[57, 397338] 1180.000 ms
E/UDPSource( 2291): in datasource: 6903360 bytes, extractor created ? 1
E/NuPlayerRenderer( 2291): RNDR: dVA -192000 (dVAavg -244000), V 17160000, A 17352000, Asink 17194668
I/NuPlayerDriver( 2291): notifyDuration: 0
E/NuPlayerRenderer( 2291): RNDR: dVA -192000 (dVAavg -244000), V 17160000, A 17352000, Asink 17194668
E/UDPSource( 2291): in buffer: a[23, 13248] 552.000 ms, v[57, 397338] 1180.000 ms
E/UDPSource( 2291): in datasource: 6903360 bytes, extractor created ? 1
E/NuPlayerRenderer( 2291): RNDR: dVA -192000 (dVAavg -244000), V 17160000, A 17352000, Asink 17194668
D/HDMI-Controller( 2723): HDMIController::isSinkConnected: 1
D/        ( 2723):  enter hdmi_check_rx_sense
D/HDMI-Controller( 2723): HDMIController::checkRxSense: 0
D/WindowManager( 2723): Left second to nothing: 9 sec
I/NuPlayerDriver( 2291): notifyDuration: 0
E/NuPlayerRenderer( 2291): RNDR: dVA -192000 (dVAavg -244000), V 17160000, A 17352000, Asink 17194668
E/UDPSource( 2291): in buffer: a[23, 13248] 552.000 ms, v[57, 397338] 1180.000 ms
E/UDPSource( 2291): in datasource: 6903360 bytes, extractor created ? 1
E/NuPlayerRenderer( 2291): RNDR: dVA -192000 (dVAavg -244000), V 17160000, A 17352000, Asink 17194668
I/NuPlayerDriver( 2291): notifyDuration: 0
E/NuPlayerRenderer( 2291): RNDR: dVA -192000 (dVAavg -244000), V 17160000, A 17352000, Asink 17194668
E/UDPSource( 2291): in buffer: a[23, 13248] 552.000 ms, v[57, 397338] 1180.000 ms
E/UDPSource( 2291): in datasource: 6903360 bytes, extractor created ? 1
E/NuPlayerRenderer( 2291): RNDR: dVA -192000 (dVAavg -244000), V 17160000, A 17352000, Asink 17194668
I/NuPlayerDriver( 2291): notifyDuration: 0
E/NuPlayerRenderer( 2291): RNDR: dVA -192000 (dVAavg -244000), V 17160000, A 17352000, Asink 17194668
E/UDPSource( 2291): in buffer: a[23, 13248] 552.000 ms, v[57, 397338] 1180.000 ms
E/UDPSource( 2291): in datasource: 6903360 bytes, extractor created ? 1
E/NuPlayerRenderer( 2291): RNDR: dVA -192000 (dVAavg -244000), V 17160000, A 17352000, Asink 17194668
I/NuPlayerDriver( 2291): notifyDuration: 0
E/NuPlayerRenderer( 2291): RNDR: dVA -192000 (dVAavg -244000), V 17160000, A 17352000, Asink 17194668
E/UDPSource( 2291): in buffer: a[23, 13248] 552.000 ms, v[57, 397338] 1180.000 ms
E/UDPSource( 2291): in datasource: 6903360 bytes, extractor created ? 1
E/NuPlayerRenderer( 2291): RNDR: dVA -192000 (dVAavg -244000), V 17160000, A 17352000, Asink 17194668
I/NuPlayerDriver( 2291): notifyDuration: 0
E/NuPlayerRenderer( 2291): RNDR: dVA -192000 (dVAavg -244000), V 17160000, A 17352000, Asink 17194668
E/UDPSource( 2291): in buffer: a[23, 13248] 552.000 ms, v[57, 397338] 1180.000 ms
E/UDPSource( 2291): in datasource: 6903360 bytes, extractor created ? 1
E/NuPlayerRenderer( 2291): RNDR: dVA -192000 (dVAavg -244000), V 17160000, A 17352000, Asink 17194668
I/NuPlayerDriver( 2291): notifyDuration: 0
E/NuPlayerRenderer( 2291): RNDR: dVA -192000 (dVAavg -244000), V 17160000, A 17352000, Asink 17194668
E/UDPSource( 2291): in buffer: a[23, 13248] 552.000 ms, v[57, 397338] 1180.000 ms
E/UDPSource( 2291): in datasource: 6903360 bytes, extractor created ? 1
E/NuPlayerRenderer( 2291): RNDR: dVA -192000 (dVAavg -244000), V 17160000, A 17352000, Asink 17194668
I/NuPlayerDriver( 2291): notifyDuration: 0
E/NuPlayerRenderer( 2291): RNDR: dVA -192000 (dVAavg -244000), V 17160000, A 17352000, Asink 17194668
E/UDPSource( 2291): in buffer: a[23, 13248] 552.000 ms, v[57, 397338] 1180.000 ms
E/UDPSource( 2291): in datasource: 6903360 bytes, extractor created ? 1
E/NuPlayerRenderer( 2291): RNDR: dVA -192000 (dVAavg -244000), V 17160000, A 17352000, Asink 17194668
I/NuPlayerDriver( 2291): notifyDuration: 0
E/NuPlayerRenderer( 2291): RNDR: dVA -192000 (dVAavg -244000), V 17160000, A 17352000, Asink 17194668
E/UDPSource( 2291): in buffer: a[23, 13248] 552.000 ms, v[57, 397338] 1180.000 ms
E/UDPSource( 2291): in datasource: 6903360 bytes, extractor created ? 1
E/NuPlayerRenderer( 2291): RNDR: dVA -192000 (dVAavg -244000), V 17160000, A 17352000, Asink 17194668
I/NuPlayerDriver( 2291): notifyDuration: 0
E/NuPlayerRenderer( 2291): RNDR: dVA -192000 (dVAavg -244000), V 17160000, A 17352000, Asink 17194668
E/UDPSource( 2291): in buffer: a[23, 13248] 552.000 ms, v[57, 397338] 1180.000 ms
E/UDPSource( 2291): in datasource: 6903360 bytes, extractor created ? 1
E/NuPlayerRenderer( 2291): RNDR: dVA -192000 (dVAavg -244000), V 17160000, A 17352000, Asink 17194668
I/NuPlayerDriver( 2291): notifyDuration: 0
E/NuPlayerRenderer( 2291): RNDR: dVA -192000 (dVAavg -244000), V 17160000, A 17352000, Asink 17194668
E/UDPSource( 2291): in buffer: a[23, 13248] 552.000 ms, v[57, 397338] 1180.000 ms
E/UDPSource( 2291): in datasource: 6903360 bytes, extractor created ? 1
E/NuPlayerRenderer( 2291): RNDR: dVA -192000 (dVAavg -244000), V 17160000, A 17352000, Asink 17194668
D/HDMI-Controller( 2723): HDMIController::isSinkConnected: 1
D/        ( 2723):  enter hdmi_check_rx_sense
D/HDMI-Controller( 2723): HDMIController::checkRxSense: 0
D/WindowManager( 2723): behaviorAfterTVOff = nothing
I/NuPlayerDriver( 2291): notifyDuration: 0
E/NuPlayerRenderer( 2291): RNDR: dVA -192000 (dVAavg -244000), V 17160000, A 17352000, Asink 17194668
E/UDPSource( 2291): in buffer: a[23, 13248] 552.000 ms, v[57, 397338] 1180.000 ms
E/UDPSource( 2291): in datasource: 6903360 bytes, extractor created ? 1
E/NuPlayerRenderer( 2291): RNDR: dVA -192000 (dVAavg -244000), V 17160000, A 17352000, Asink 17194668
I/NuPlayerDriver( 2291): notifyDuration: 0
E/NuPlayerRenderer( 2291): RNDR: dVA -192000 (dVAavg -244000), V 17160000, A 17352000, Asink 17194668
E/UDPSource( 2291): in buffer: a[23, 13248] 552.000 ms, v[57, 397338] 1180.000 ms
E/UDPSource( 2291): in datasource: 6903360 bytes, extractor created ? 1
E/NuPlayerRenderer( 2291): RNDR: dVA -192000 (dVAavg -244000), V 17160000, A 17352000, Asink 17194668
I/NuPlayerDriver( 2291): notifyDuration: 0
E/NuPlayerRenderer( 2291): RNDR: dVA -192000 (dVAavg -244000), V 17160000, A 17352000, Asink 17194668
E/UDPSource( 2291): in buffer: a[23, 13248] 552.000 ms, v[57, 397338] 1180.000 ms
E/UDPSource( 2291): in datasource: 6903360 bytes, extractor created ? 1
E/NuPlayerRenderer( 2291): RNDR: dVA -192000 (dVAavg -244000), V 17160000, A 17352000, Asink 17194668
I/NuPlayerDriver( 2291): notifyDuration: 0
E/NuPlayerRenderer( 2291): RNDR: dVA -192000 (dVAavg -244000), V 17160000, A 17352000, Asink 17194668
E/UDPSource( 2291): in buffer: a[23, 13248] 552.000 ms, v[57, 397338] 1180.000 ms
E/UDPSource( 2291): in datasource: 6903360 bytes, extractor created ? 1
E/NuPlayerRenderer( 2291): RNDR: dVA -192000 (dVAavg -244000), V 17160000, A 17352000, Asink 17194668
I/NuPlayerDriver( 2291): notifyDuration: 0
E/NuPlayerRenderer( 2291): RNDR: dVA -192000 (dVAavg -244000), V 17160000, A 17352000, Asink 17194668
E/UDPSource( 2291): in buffer: a[23, 13248] 552.000 ms, v[57, 397338] 1180.000 ms
E/UDPSource( 2291): in datasource: 6903360 bytes, extractor created ? 1
E/NuPlayerRenderer( 2291): RNDR: dVA -192000 (dVAavg -244000), V 17160000, A 17352000, Asink 17194668
I/NuPlayerDriver( 2291): notifyDuration: 0
E/NuPlayerRenderer( 2291): RNDR: dVA -192000 (dVAavg -244000), V 17160000, A 17352000, Asink 17194668
E/UDPSource( 2291): in buffer: a[23, 13248] 552.000 ms, v[57, 397338] 1180.000 ms
E/UDPSource( 2291): in datasource: 6903360 bytes, extractor created ? 1
E/NuPlayerRenderer( 2291): RNDR: dVA -192000 (dVAavg -244000), V 17160000, A 17352000, Asink 17194668
I/NuPlayerDriver( 2291): notifyDuration: 0
E/NuPlayerRenderer( 2291): RNDR: dVA -192000 (dVAavg -244000), V 17160000, A 17352000, Asink 17194668
E/UDPSource( 2291): in buffer: a[23, 13248] 552.000 ms, v[57, 397338] 1180.000 ms
E/UDPSource( 2291): in datasource: 6903360 bytes, extractor created ? 1
E/NuPlayerRenderer( 2291): RNDR: dVA -192000 (dVAavg -244000), V 17160000, A 17352000, Asink 17194668
I/NuPlayerDriver( 2291): notifyDuration: 0
E/NuPlayerRenderer( 2291): RNDR: dVA -192000 (dVAavg -244000), V 17160000, A 17352000, Asink 17194668
E/UDPSource( 2291): in buffer: a[23, 13248] 552.000 ms, v[57, 397338] 1180.000 ms
E/UDPSource( 2291): in datasource: 6903360 bytes, extractor created ? 1
E/NuPlayerRenderer( 2291): RNDR: dVA -192000 (dVAavg -244000), V 17160000, A 17352000, Asink 17194668
I/NuPlayerDriver( 2291): notifyDuration: 0
E/NuPlayerRenderer( 2291): RNDR: dVA -192000 (dVAavg -244000), V 17160000, A 17352000, Asink 17194668
E/UDPSource( 2291): in buffer: a[23, 13248] 552.000 ms, v[57, 397338] 1180.000 ms
E/UDPSource( 2291): in datasource: 6903360 bytes, extractor created ? 1
E/NuPlayerRenderer( 2291): RNDR: dVA -192000 (dVAavg -244000), V 17160000, A 17352000, Asink 17194668
I/NuPlayerDriver( 2291): notifyDuration: 0
E/NuPlayerRenderer( 2291): RNDR: dVA -192000 (dVAavg -244000), V 17160000, A 17352000, Asink 17194668
E/UDPSource( 2291): in buffer: a[23, 13248] 552.000 ms, v[57, 397338] 1180.000 ms
E/UDPSource( 2291): in datasource: 6903360 bytes, extractor created ? 1
E/NuPlayerRenderer( 2291): RNDR: dVA -192000 (dVAavg -244000), V 17160000, A 17352000, Asink 17194668
D/HDMI-Controller( 2723): HDMIController::isSinkConnected: 1
D/        ( 2723):  enter hdmi_check_rx_sense
D/HDMI-Controller( 2723): HDMIController::checkRxSense: 0
I/NuPlayerDriver( 2291): notifyDuration: 0
E/NuPlayerRenderer( 2291): RNDR: dVA -192000 (dVAavg -244000), V 17160000, A 17352000, Asink 17194668
E/UDPSource( 2291): in buffer: a[23, 13248] 552.000 ms, v[57, 397338] 1180.000 ms
E/UDPSource( 2291): in datasource: 6903360 bytes, extractor created ? 1
E/NuPlayerRenderer( 2291): RNDR: dVA -192000 (dVAavg -244000), V 17160000, A 17352000, Asink 17194668
I/NuPlayerDriver( 2291): notifyDuration: 0
E/NuPlayerRenderer( 2291): RNDR: dVA -192000 (dVAavg -244000), V 17160000, A 17352000, Asink 17194668
E/UDPSource( 2291): in buffer: a[23, 13248] 552.000 ms, v[57, 397338] 1180.000 ms
E/UDPSource( 2291): in datasource: 6903360 bytes, extractor created ? 1
D/ConnectivityService( 2723): handleInetConditionHoldEnd: net=9, condition=0, published condition=0
D/StatusBar.NetworkController( 2818): refreshViews -- mEthernetIconId =0x7f020004, combinedLabel = 
E/NuPlayerRenderer( 2291): RNDR: dVA -192000 (dVAavg -244000), V 17160000, A 17352000, Asink 17194668
I/NuPlayerDriver( 2291): notifyDuration: 0
E/NuPlayerRenderer( 2291): RNDR: dVA -192000 (dVAavg -244000), V 17160000, A 17352000, Asink 17194668
E/UDPSource( 2291): in buffer: a[23, 13248] 552.000 ms, v[57, 397338] 1180.000 ms
E/UDPSource( 2291): in datasource: 6903360 bytes, extractor created ? 1
E/NuPlayerRenderer( 2291): RNDR: dVA -192000 (dVAavg -244000), V 17160000, A 17352000, Asink 17194668
I/NuPlayerDriver( 2291): notifyDuration: 0
E/NuPlayerRenderer( 2291): RNDR: dVA -192000 (dVAavg -244000), V 17160000, A 17352000, Asink 17194668
E/UDPSource( 2291): in buffer: a[23, 13248] 552.000 ms, v[57, 397338] 1180.000 ms
E/UDPSource( 2291): in datasource: 6903360 bytes, extractor created ? 1
E/NuPlayerRenderer( 2291): RNDR: dVA -192000 (dVAavg -244000), V 17160000, A 17352000, Asink 17194668
I/NuPlayerDriver( 2291): notifyDuration: 0
E/NuPlayerRenderer( 2291): RNDR: dVA -192000 (dVAavg -244000), V 17160000, A 17352000, Asink 17194668
E/UDPSource( 2291): in buffer: a[23, 13248] 552.000 ms, v[57, 397338] 1180.000 ms
E/UDPSource( 2291): in datasource: 6903360 bytes, extractor created ? 1
E/NuPlayerRenderer( 2291): RNDR: dVA -192000 (dVAavg -244000), V 17160000, A 17352000, Asink 17194668
I/NuPlayerDriver( 2291): notifyDuration: 0
E/NuPlayerRenderer( 2291): RNDR: dVA -192000 (dVAavg -244000), V 17160000, A 17352000, Asink 17194668
E/UDPSource( 2291): in buffer: a[23, 13248] 552.000 ms, v[57, 397338] 1180.000 ms
E/UDPSource( 2291): in datasource: 6903360 bytes, extractor created ? 1
E/NuPlayerRenderer( 2291): RNDR: dVA -192000 (dVAavg -244000), V 17160000, A 17352000, Asink 17194668
I/NuPlayerDriver( 2291): notifyDuration: 0
E/NuPlayerRenderer( 2291): RNDR: dVA -192000 (dVAavg -244000), V 17160000, A 17352000, Asink 17194668
E/UDPSource( 2291): in buffer: a[23, 13248] 552.000 ms, v[57, 397338] 1180.000 ms
E/UDPSource( 2291): in datasource: 6903360 bytes, extractor created ? 1
E/NuPlayerRenderer( 2291): RNDR: dVA -192000 (dVAavg -244000), V 17160000, A 17352000, Asink 17194668
I/NuPlayerDriver( 2291): notifyDuration: 0
E/NuPlayerRenderer( 2291): RNDR: dVA -192000 (dVAavg -244000), V 17160000, A 17352000, Asink 17194668
E/UDPSource( 2291): in buffer: a[23, 13248] 552.000 ms, v[57, 397338] 1180.000 ms
E/UDPSource( 2291): in datasource: 6903360 bytes, extractor created ? 1
E/NuPlayerRenderer( 2291): RNDR: dVA -192000 (dVAavg -244000), V 17160000, A 17352000, Asink 17194668
I/NuPlayerDriver( 2291): notifyDuration: 0
E/NuPlayerRenderer( 2291): RNDR: dVA -192000 (dVAavg -244000), V 17160000, A 17352000, Asink 17194668
E/UDPSource( 2291): in buffer: a[23, 13248] 552.000 ms, v[57, 397338] 1180.000 ms
E/UDPSource( 2291): in datasource: 6903360 bytes, extractor created ? 1
E/NuPlayerRenderer( 2291): RNDR: dVA -192000 (dVAavg -244000), V 17160000, A 17352000, Asink 17194668
I/NuPlayerDriver( 2291): notifyDuration: 0
E/NuPlayerRenderer( 2291): RNDR: dVA -192000 (dVAavg -244000), V 17160000, A 17352000, Asink 17194668
E/UDPSource( 2291): in buffer: a[23, 13248] 552.000 ms, v[57, 397338] 1180.000 ms
E/UDPSource( 2291): in datasource: 6903360 bytes, extractor created ? 1
E/NuPlayerRenderer( 2291): RNDR: dVA -192000 (dVAavg -244000), V 17160000, A 17352000, Asink 17194668
D/HDMI-Controller( 2723): HDMIController::isSinkConnected: 1
D/        ( 2723):  enter hdmi_check_rx_sense
D/HDMI-Controller( 2723): HDMIController::checkRxSense: 0
I/NuPlayerDriver( 2291): notifyDuration: 0
E/NuPlayerRenderer( 2291): RNDR: dVA -192000 (dVAavg -244000), V 17160000, A 17352000, Asink 17194668
E/UDPSource( 2291): in buffer: a[23, 13248] 552.000 ms, v[57, 397338] 1180.000 ms
E/UDPSource( 2291): in datasource: 6903360 bytes, extractor created ? 1
E/NuPlayerRenderer( 2291): RNDR: dVA -192000 (dVAavg -244000), V 17160000, A 17352000, Asink 17194668
I/NuPlayerDriver( 2291): notifyDuration: 0
E/NuPlayerRenderer( 2291): RNDR: dVA -192000 (dVAavg -244000), V 17160000, A 17352000, Asink 17194668
E/UDPSource( 2291): in buffer: a[23, 13248] 552.000 ms, v[57, 397338] 1180.000 ms
E/UDPSource( 2291): in datasource: 6903360 bytes, extractor created ? 1
E/NuPlayerRenderer( 2291): RNDR: dVA -192000 (dVAavg -244000), V 17160000, A 17352000, Asink 17194668
I/NuPlayerDriver( 2291): notifyDuration: 0
E/NuPlayerRenderer( 2291): RNDR: dVA -192000 (dVAavg -244000), V 17160000, A 17352000, Asink 17194668
E/UDPSource( 2291): in buffer: a[23, 13248] 552.000 ms, v[57, 397338] 1180.000 ms
E/UDPSource( 2291): in datasource: 6903360 bytes, extractor created ? 1
E/NuPlayerRenderer( 2291): RNDR: dVA -192000 (dVAavg -244000), V 17160000, A 17352000, Asink 17194668
I/NuPlayerDriver( 2291): notifyDuration: 0
E/NuPlayerRenderer( 2291): RNDR: dVA -192000 (dVAavg -244000), V 17160000, A 17352000, Asink 17194668
E/UDPSource( 2291): in buffer: a[23, 13248] 552.000 ms, v[57, 397338] 1180.000 ms
E/UDPSource( 2291): in datasource: 6903360 bytes, extractor created ? 1
E/NuPlayerRenderer( 2291): RNDR: dVA -192000 (dVAavg -244000), V 17160000, A 17352000, Asink 17194668
I/NuPlayerDriver( 2291): notifyDuration: 0
E/NuPlayerRenderer( 2291): RNDR: dVA -192000 (dVAavg -244000), V 17160000, A 17352000, Asink 17194668
E/UDPSource( 2291): in buffer: a[23, 13248] 552.000 ms, v[57, 397338] 1180.000 ms
E/UDPSource( 2291): in datasource: 6903360 bytes, extractor created ? 1
E/NuPlayerRenderer( 2291): RNDR: dVA -192000 (dVAavg -244000), V 17160000, A 17352000, Asink 17194668
I/NuPlayerDriver( 2291): notifyDuration: 0
E/NuPlayerRenderer( 2291): RNDR: dVA -192000 (dVAavg -244000), V 17160000, A 17352000, Asink 17194668
E/UDPSource( 2291): in buffer: a[23, 13248] 552.000 ms, v[57, 397338] 1180.000 ms
E/UDPSource( 2291): in datasource: 6903360 bytes, extractor created ? 1
E/NuPlayerRenderer( 2291): RNDR: dVA -192000 (dVAavg -244000), V 17160000, A 17352000, Asink 17194668
I/NuPlayerDriver( 2291): notifyDuration: 0
E/NuPlayerRenderer( 2291): RNDR: dVA -192000 (dVAavg -244000), V 17160000, A 17352000, Asink 17194668
E/UDPSource( 2291): in buffer: a[23, 13248] 552.000 ms, v[57, 397338] 1180.000 ms
E/UDPSource( 2291): in datasource: 6903360 bytes, extractor created ? 1
E/NuPlayerRenderer( 2291): RNDR: dVA -192000 (dVAavg -244000), V 17160000, A 17352000, Asink 17194668
I/NuPlayerDriver( 2291): notifyDuration: 0
E/NuPlayerRenderer( 2291): RNDR: dVA -192000 (dVAavg -244000), V 17160000, A 17352000, Asink 17194668
E/UDPSource( 2291): in buffer: a[23, 13248] 552.000 ms, v[57, 397338] 1180.000 ms
E/UDPSource( 2291): in datasource: 6903360 bytes, extractor created ? 1
E/NuPlayerRenderer( 2291): RNDR: dVA -192000 (dVAavg -244000), V 17160000, A 17352000, Asink 17194668
I/NuPlayerDriver( 2291): notifyDuration: 0
E/NuPlayerRenderer( 2291): RNDR: dVA -192000 (dVAavg -244000), V 17160000, A 17352000, Asink 17194668
E/UDPSource( 2291): in buffer: a[23, 13248] 552.000 ms, v[57, 397338] 1180.000 ms
E/UDPSource( 2291): in datasource: 6903360 bytes, extractor created ? 1
E/NuPlayerRenderer( 2291): RNDR: dVA -192000 (dVAavg -244000), V 17160000, A 17352000, Asink 17194668
I/NuPlayerDriver( 2291): notifyDuration: 0
E/NuPlayerRenderer( 2291): RNDR: dVA -192000 (dVAavg -244000), V 17160000, A 17352000, Asink 17194668
E/UDPSource( 2291): in buffer: a[23, 13248] 552.000 ms, v[57, 397338] 1180.000 ms
E/UDPSource( 2291): in datasource: 6903360 bytes, extractor created ? 1
E/NuPlayerRenderer( 2291): RNDR: dVA -192000 (dVAavg -244000), V 17160000, A 17352000, Asink 17194668
D/HDMI-Controller( 2723): HDMIController::isSinkConnected: 1
D/        ( 2723):  enter hdmi_check_rx_sense
D/HDMI-Controller( 2723): HDMIController::checkRxSense: 0
I/NuPlayerDriver( 2291): notifyDuration: 0
E/NuPlayerRenderer( 2291): RNDR: dVA -192000 (dVAavg -244000), V 17160000, A 17352000, Asink 17194668
E/UDPSource( 2291): in buffer: a[23, 13248] 552.000 ms, v[57, 397338] 1180.000 ms
E/UDPSource( 2291): in datasource: 6903360 bytes, extractor created ? 1
E/NuPlayerRenderer( 2291): RNDR: dVA -192000 (dVAavg -244000), V 17160000, A 17352000, Asink 17194668
I/NuPlayerDriver( 2291): notifyDuration: 0
E/NuPlayerRenderer( 2291): RNDR: dVA -192000 (dVAavg -244000), V 17160000, A 17352000, Asink 17194668
E/UDPSource( 2291): in buffer: a[23, 13248] 552.000 ms, v[57, 397338] 1180.000 ms
E/UDPSource( 2291): in datasource: 6903360 bytes, extractor created ? 1
E/NuPlayerRenderer( 2291): RNDR: dVA -192000 (dVAavg -244000), V 17160000, A 17352000, Asink 17194668
I/NuPlayerDriver( 2291): notifyDuration: 0
E/NuPlayerRenderer( 2291): RNDR: dVA -192000 (dVAavg -244000), V 17160000, A 17352000, Asink 17194668
E/UDPSource( 2291): in buffer: a[23, 13248] 552.000 ms, v[57, 397338] 1180.000 ms
E/UDPSource( 2291): in datasource: 6903360 bytes, extractor created ? 1
E/NuPlayerRenderer( 2291): RNDR: dVA -192000 (dVAavg -244000), V 17160000, A 17352000, Asink 17194668
I/NuPlayerDriver( 2291): notifyDuration: 0
E/NuPlayerRenderer( 2291): RNDR: dVA -192000 (dVAavg -244000), V 17160000, A 17352000, Asink 17194668
E/UDPSource( 2291): in buffer: a[23, 13248] 552.000 ms, v[57, 397338] 1180.000 ms
E/UDPSource( 2291): in datasource: 6903360 bytes, extractor created ? 1
E/NuPlayerRenderer( 2291): RNDR: dVA -192000 (dVAavg -244000), V 17160000, A 17352000, Asink 17194668
I/NuPlayerDriver( 2291): notifyDuration: 0
E/NuPlayerRenderer( 2291): RNDR: dVA -192000 (dVAavg -244000), V 17160000, A 17352000, Asink 17194668
E/UDPSource( 2291): in buffer: a[23, 13248] 552.000 ms, v[57, 397338] 1180.000 ms
E/UDPSource( 2291): in datasource: 6903360 bytes, extractor created ? 1
E/NuPlayerRenderer( 2291): RNDR: dVA -192000 (dVAavg -244000), V 17160000, A 17352000, Asink 17194668
I/NuPlayerDriver( 2291): notifyDuration: 0
E/NuPlayerRenderer( 2291): RNDR: dVA -192000 (dVAavg -244000), V 17160000, A 17352000, Asink 17194668
E/UDPSource( 2291): in buffer: a[23, 13248] 552.000 ms, v[57, 397338] 1180.000 ms
E/UDPSource( 2291): in datasource: 6903360 bytes, extractor created ? 1
E/NuPlayerRenderer( 2291): RNDR: dVA -192000 (dVAavg -244000), V 17160000, A 17352000, Asink 17194668
I/NuPlayerDriver( 2291): notifyDuration: 0
E/NuPlayerRenderer( 2291): RNDR: dVA -192000 (dVAavg -244000), V 17160000, A 17352000, Asink 17194668
E/UDPSource( 2291): in buffer: a[23, 13248] 552.000 ms, v[57, 397338] 1180.000 ms
E/UDPSource( 2291): in datasource: 6903360 bytes, extractor created ? 1
E/NuPlayerRenderer( 2291): RNDR: dVA -192000 (dVAavg -244000), V 17160000, A 17352000, Asink 17194668
I/NuPlayerDriver( 2291): notifyDuration: 0
E/NuPlayerRenderer( 2291): RNDR: dVA -192000 (dVAavg -244000), V 17160000, A 17352000, Asink 17194668
E/UDPSource( 2291): in buffer: a[23, 13248] 552.000 ms, v[57, 397338] 1180.000 ms
E/UDPSource( 2291): in datasource: 6903360 bytes, extractor created ? 1
E/NuPlayerRenderer( 2291): RNDR: dVA -192000 (dVAavg -244000), V 17160000, A 17352000, Asink 17194668
I/NuPlayerDriver( 2291): notifyDuration: 0
E/NuPlayerRenderer( 2291): RNDR: dVA -192000 (dVAavg -244000), V 17160000, A 17352000, Asink 17194668
E/UDPSource( 2291): in buffer: a[23, 13248] 552.000 ms, v[57, 397338] 1180.000 ms
E/UDPSource( 2291): in datasource: 6903360 bytes, extractor created ? 1
E/NuPlayerRenderer( 2291): RNDR: dVA -192000 (dVAavg -244000), V 17160000, A 17352000, Asink 17194668
I/NuPlayerDriver( 2291): notifyDuration: 0
E/NuPlayerRenderer( 2291): RNDR: dVA -192000 (dVAavg -244000), V 17160000, A 17352000, Asink 17194668
E/UDPSource( 2291): in buffer: a[23, 13248] 552.000 ms, v[57, 397338] 1180.000 ms
E/UDPSource( 2291): in datasource: 6903360 bytes, extractor created ? 1
E/NuPlayerRenderer( 2291): RNDR: dVA -192000 (dVAavg -244000), V 17160000, A 17352000, Asink 17194668
D/HDMI-Controller( 2723): HDMIController::isSinkConnected: 1
D/        ( 2723):  enter hdmi_check_rx_sense
D/HDMI-Controller( 2723): HDMIController::checkRxSense: 0
I/NuPlayerDriver( 2291): notifyDuration: 0
E/NuPlayerRenderer( 2291): RNDR: dVA -192000 (dVAavg -244000), V 17160000, A 17352000, Asink 17194668
E/UDPSource( 2291): in buffer: a[23, 13248] 552.000 ms, v[57, 397338] 1180.000 ms
E/UDPSource( 2291): in datasource: 6903360 bytes, extractor created ? 1
E/NuPlayerRenderer( 2291): RNDR: dVA -192000 (dVAavg -244000), V 17160000, A 17352000, Asink 17194668
I/NuPlayerDriver( 2291): notifyDuration: 0
E/NuPlayerRenderer( 2291): RNDR: dVA -192000 (dVAavg -244000), V 17160000, A 17352000, Asink 17194668
E/UDPSource( 2291): in buffer: a[23, 13248] 552.000 ms, v[57, 397338] 1180.000 ms
E/UDPSource( 2291): in datasource: 6903360 bytes, extractor created ? 1
E/NuPlayerRenderer( 2291): RNDR: dVA -192000 (dVAavg -244000), V 17160000, A 17352000, Asink 17194668
I/NuPlayerDriver( 2291): notifyDuration: 0
E/NuPlayerRenderer( 2291): RNDR: dVA -192000 (dVAavg -244000), V 17160000, A 17352000, Asink 17194668
E/UDPSource( 2291): in buffer: a[23, 13248] 552.000 ms, v[57, 397338] 1180.000 ms
E/UDPSource( 2291): in datasource: 6903360 bytes, extractor created ? 1
E/NuPlayerRenderer( 2291): RNDR: dVA -192000 (dVAavg -244000), V 17160000, A 17352000, Asink 17194668
I/NuPlayerDriver( 2291): notifyDuration: 0
E/NuPlayerRenderer( 2291): RNDR: dVA -192000 (dVAavg -244000), V 17160000, A 17352000, Asink 17194668
E/UDPSource( 2291): in buffer: a[23, 13248] 552.000 ms, v[57, 397338] 1180.000 ms
E/UDPSource( 2291): in datasource: 6903360 bytes, extractor created ? 1
E/NuPlayerRenderer( 2291): RNDR: dVA -192000 (dVAavg -244000), V 17160000, A 17352000, Asink 17194668
I/NuPlayerDriver( 2291): notifyDuration: 0
E/NuPlayerRenderer( 2291): RNDR: dVA -192000 (dVAavg -244000), V 17160000, A 17352000, Asink 17194668
E/UDPSource( 2291): in buffer: a[23, 13248] 552.000 ms, v[57, 397338] 1180.000 ms
E/UDPSource( 2291): in datasource: 6903360 bytes, extractor created ? 1
E/NuPlayerRenderer( 2291): RNDR: dVA -192000 (dVAavg -244000), V 17160000, A 17352000, Asink 17194668
I/NuPlayerDriver( 2291): notifyDuration: 0
E/NuPlayerRenderer( 2291): RNDR: dVA -192000 (dVAavg -244000), V 17160000, A 17352000, Asink 17194668
E/UDPSource( 2291): in buffer: a[23, 13248] 552.000 ms, v[57, 397338] 1180.000 ms
E/UDPSource( 2291): in datasource: 6903360 bytes, extractor created ? 1
E/NuPlayerRenderer( 2291): RNDR: dVA -192000 (dVAavg -244000), V 17160000, A 17352000, Asink 17194668
I/NuPlayerDriver( 2291): notifyDuration: 0
E/NuPlayerRenderer( 2291): RNDR: dVA -192000 (dVAavg -244000), V 17160000, A 17352000, Asink 17194668
E/UDPSource( 2291): in buffer: a[23, 13248] 552.000 ms, v[57, 397338] 1180.000 ms
E/UDPSource( 2291): in datasource: 6903360 bytes, extractor created ? 1
E/NuPlayerRenderer( 2291): RNDR: dVA -192000 (dVAavg -244000), V 17160000, A 17352000, Asink 17194668
I/NuPlayerDriver( 2291): notifyDuration: 0
E/NuPlayerRenderer( 2291): RNDR: dVA -192000 (dVAavg -244000), V 17160000, A 17352000, Asink 17194668
E/UDPSource( 2291): in buffer: a[23, 13248] 552.000 ms, v[57, 397338] 1180.000 ms
E/UDPSource( 2291): in datasource: 6903360 bytes, extractor created ? 1
E/NuPlayerRenderer( 2291): RNDR: dVA -192000 (dVAavg -244000), V 17160000, A 17352000, Asink 17194668
I/NuPlayerDriver( 2291): notifyDuration: 0
E/NuPlayerRenderer( 2291): RNDR: dVA -192000 (dVAavg -244000), V 17160000, A 17352000, Asink 17194668
E/UDPSource( 2291): in buffer: a[23, 13248] 552.000 ms, v[57, 397338] 1180.000 ms
E/UDPSource( 2291): in datasource: 6903360 bytes, extractor created ? 1
E/NuPlayerRenderer( 2291): RNDR: dVA -192000 (dVAavg -244000), V 17160000, A 17352000, Asink 17194668
I/NuPlayerDriver( 2291): notifyDuration: 0
E/NuPlayerRenderer( 2291): RNDR: dVA -192000 (dVAavg -244000), V 17160000, A 17352000, Asink 17194668
E/UDPSource( 2291): in buffer: a[23, 13248] 552.000 ms, v[57, 397338] 1180.000 ms
E/UDPSource( 2291): in datasource: 6903360 bytes, extractor created ? 1
E/NuPlayerRenderer( 2291): RNDR: dVA -192000 (dVAavg -244000), V 17160000, A 17352000, Asink 17194668
D/HDMI-Controller( 2723): HDMIController::isSinkConnected: 1
D/        ( 2723):  enter hdmi_check_rx_sense
D/HDMI-Controller( 2723): HDMIController::checkRxSense: 0
I/NuPlayerDriver( 2291): notifyDuration: 0
E/NuPlayerRenderer( 2291): RNDR: dVA -192000 (dVAavg -244000), V 17160000, A 17352000, Asink 17194668
E/UDPSource( 2291): in buffer: a[23, 13248] 552.000 ms, v[57, 397338] 1180.000 ms
E/UDPSource( 2291): in datasource: 6903360 bytes, extractor created ? 1
E/NuPlayerRenderer( 2291): RNDR: dVA -192000 (dVAavg -244000), V 17160000, A 17352000, Asink 17194668
I/NuPlayerDriver( 2291): notifyDuration: 0
E/NuPlayerRenderer( 2291): RNDR: dVA -192000 (dVAavg -244000), V 17160000, A 17352000, Asink 17194668
E/UDPSource( 2291): in buffer: a[23, 13248] 552.000 ms, v[57, 397338] 1180.000 ms
E/UDPSource( 2291): in datasource: 6903360 bytes, extractor created ? 1
E/NuPlayerRenderer( 2291): RNDR: dVA -192000 (dVAavg -244000), V 17160000, A 17352000, Asink 17194668
I/NuPlayerDriver( 2291): notifyDuration: 0
E/NuPlayerRenderer( 2291): RNDR: dVA -192000 (dVAavg -244000), V 17160000, A 17352000, Asink 17194668
E/UDPSource( 2291): in buffer: a[23, 13248] 552.000 ms, v[57, 397338] 1180.000 ms
E/UDPSource( 2291): in datasource: 6903360 bytes, extractor created ? 1
E/NuPlayerRenderer( 2291): RNDR: dVA -192000 (dVAavg -244000), V 17160000, A 17352000, Asink 17194668
I/NuPlayerDriver( 2291): notifyDuration: 0
E/NuPlayerRenderer( 2291): RNDR: dVA -192000 (dVAavg -244000), V 17160000, A 17352000, Asink 17194668
E/UDPSource( 2291): in buffer: a[23, 13248] 552.000 ms, v[57, 397338] 1180.000 ms
E/UDPSource( 2291): in datasource: 6903360 bytes, extractor created ? 1
E/NuPlayerRenderer( 2291): RNDR: dVA -192000 (dVAavg -244000), V 17160000, A 17352000, Asink 17194668
I/NuPlayerDriver( 2291): notifyDuration: 0
E/NuPlayerRenderer( 2291): RNDR: dVA -192000 (dVAavg -244000), V 17160000, A 17352000, Asink 17194668
E/UDPSource( 2291): in buffer: a[23, 13248] 552.000 ms, v[57, 397338] 1180.000 ms
E/UDPSource( 2291): in datasource: 6903360 bytes, extractor created ? 1
E/NuPlayerRenderer( 2291): RNDR: dVA -192000 (dVAavg -244000), V 17160000, A 17352000, Asink 17194668
I/NuPlayerDriver( 2291): notifyDuration: 0
E/NuPlayerRenderer( 2291): RNDR: dVA -192000 (dVAavg -244000), V 17160000, A 17352000, Asink 17194668
E/UDPSource( 2291): in buffer: a[23, 13248] 552.000 ms, v[57, 397338] 1180.000 ms
E/UDPSource( 2291): in datasource: 6903360 bytes, extractor created ? 1
E/NuPlayerRenderer( 2291): RNDR: dVA -192000 (dVAavg -244000), V 17160000, A 17352000, Asink 17194668
I/NuPlayerDriver( 2291): notifyDuration: 0
E/NuPlayerRenderer( 2291): RNDR: dVA -192000 (dVAavg -244000), V 17160000, A 17352000, Asink 17194668
E/UDPSource( 2291): in buffer: a[23, 13248] 552.000 ms, v[57, 397338] 1180.000 ms
E/UDPSource( 2291): in datasource: 6903360 bytes, extractor created ? 1
E/NuPlayerRenderer( 2291): RNDR: dVA -192000 (dVAavg -244000), V 17160000, A 17352000, Asink 17194668
I/NuPlayerDriver( 2291): notifyDuration: 0
E/NuPlayerRenderer( 2291): RNDR: dVA -192000 (dVAavg -244000), V 17160000, A 17352000, Asink 17194668
E/UDPSource( 2291): in buffer: a[23, 13248] 552.000 ms, v[57, 397338] 1180.000 ms
E/UDPSource( 2291): in datasource: 6903360 bytes, extractor created ? 1
E/NuPlayerRenderer( 2291): RNDR: dVA -192000 (dVAavg -244000), V 17160000, A 17352000, Asink 17194668
I/NuPlayerDriver( 2291): notifyDuration: 0
E/NuPlayerRenderer( 2291): RNDR: dVA -192000 (dVAavg -244000), V 17160000, A 17352000, Asink 17194668
E/UDPSource( 2291): in buffer: a[23, 13248] 552.000 ms, v[57, 397338] 1180.000 ms
E/UDPSource( 2291): in datasource: 6903360 bytes, extractor created ? 1
E/NuPlayerRenderer( 2291): RNDR: dVA -192000 (dVAavg -244000), V 17160000, A 17352000, Asink 17194668
I/NuPlayerDriver( 2291): notifyDuration: 0
E/NuPlayerRenderer( 2291): RNDR: dVA -192000 (dVAavg -244000), V 17160000, A 17352000, Asink 17194668
E/UDPSource( 2291): in buffer: a[23, 13248] 552.000 ms, v[57, 397338] 1180.000 ms
E/UDPSource( 2291): in datasource: 6903360 bytes, extractor created ? 1
E/NuPlayerRenderer( 2291): RNDR: dVA -192000 (dVAavg -244000), V 17160000, A 17352000, Asink 17194668
D/HDMI-Controller( 2723): HDMIController::isSinkConnected: 1
D/        ( 2723):  enter hdmi_check_rx_sense
D/HDMI-Controller( 2723): HDMIController::checkRxSense: 0
I/NuPlayerDriver( 2291): notifyDuration: 0
E/NuPlayerRenderer( 2291): RNDR: dVA -192000 (dVAavg -244000), V 17160000, A 17352000, Asink 17194668
E/UDPSource( 2291): in buffer: a[23, 13248] 552.000 ms, v[57, 397338] 1180.000 ms
E/UDPSource( 2291): in datasource: 6903360 bytes, extractor created ? 1
E/NuPlayerRenderer( 2291): RNDR: dVA -192000 (dVAavg -244000), V 17160000, A 17352000, Asink 17194668
I/NuPlayerDriver( 2291): notifyDuration: 0
E/NuPlayerRenderer( 2291): RNDR: dVA -192000 (dVAavg -244000), V 17160000, A 17352000, Asink 17194668
E/UDPSource( 2291): in buffer: a[23, 13248] 552.000 ms, v[57, 397338] 1180.000 ms
E/UDPSource( 2291): in datasource: 6903360 bytes, extractor created ? 1
E/NuPlayerRenderer( 2291): RNDR: dVA -192000 (dVAavg -244000), V 17160000, A 17352000, Asink 17194668
I/NuPlayerDriver( 2291): notifyDuration: 0
E/NuPlayerRenderer( 2291): RNDR: dVA -192000 (dVAavg -244000), V 17160000, A 17352000, Asink 17194668
E/UDPSource( 2291): in buffer: a[23, 13248] 552.000 ms, v[57, 397338] 1180.000 ms
E/UDPSource( 2291): in datasource: 6903360 bytes, extractor created ? 1
E/NuPlayerRenderer( 2291): RNDR: dVA -192000 (dVAavg -244000), V 17160000, A 17352000, Asink 17194668
I/NuPlayerDriver( 2291): notifyDuration: 0
E/NuPlayerRenderer( 2291): RNDR: dVA -192000 (dVAavg -244000), V 17160000, A 17352000, Asink 17194668
E/UDPSource( 2291): in buffer: a[23, 13248] 552.000 ms, v[57, 397338] 1180.000 ms
E/UDPSource( 2291): in datasource: 6903360 bytes, extractor created ? 1
E/NuPlayerRenderer( 2291): RNDR: dVA -192000 (dVAavg -244000), V 17160000, A 17352000, Asink 17194668
I/NuPlayerDriver( 2291): notifyDuration: 0
E/NuPlayerRenderer( 2291): RNDR: dVA -192000 (dVAavg -244000), V 17160000, A 17352000, Asink 17194668
E/UDPSource( 2291): in buffer: a[23, 13248] 552.000 ms, v[57, 397338] 1180.000 ms
E/UDPSource( 2291): in datasource: 6903360 bytes, extractor created ? 1
E/NuPlayerRenderer( 2291): RNDR: dVA -192000 (dVAavg -244000), V 17160000, A 17352000, Asink 17194668
I/NuPlayerDriver( 2291): notifyDuration: 0
E/NuPlayerRenderer( 2291): RNDR: dVA -192000 (dVAavg -244000), V 17160000, A 17352000, Asink 17194668
E/UDPSource( 2291): in buffer: a[23, 13248] 552.000 ms, v[57, 397338] 1180.000 ms
E/UDPSource( 2291): in datasource: 6903360 bytes, extractor created ? 1
E/NuPlayerRenderer( 2291): RNDR: dVA -192000 (dVAavg -244000), V 17160000, A 17352000, Asink 17194668
I/NuPlayerDriver( 2291): notifyDuration: 0
E/NuPlayerRenderer( 2291): RNDR: dVA -192000 (dVAavg -244000), V 17160000, A 17352000, Asink 17194668
E/UDPSource( 2291): in buffer: a[23, 13248] 552.000 ms, v[57, 397338] 1180.000 ms
E/UDPSource( 2291): in datasource: 6903360 bytes, extractor created ? 1
E/NuPlayerRenderer( 2291): RNDR: dVA -192000 (dVAavg -244000), V 17160000, A 17352000, Asink 17194668
I/NuPlayerDriver( 2291): notifyDuration: 0
E/NuPlayerRenderer( 2291): RNDR: dVA -192000 (dVAavg -244000), V 17160000, A 17352000, Asink 17194668
E/UDPSource( 2291): in buffer: a[23, 13248] 552.000 ms, v[57, 397338] 1180.000 ms
E/UDPSource( 2291): in datasource: 6903360 bytes, extractor created ? 1
E/NuPlayerRenderer( 2291): RNDR: dVA -192000 (dVAavg -244000), V 17160000, A 17352000, Asink 17194668
I/NuPlayerDriver( 2291): notifyDuration: 0
E/NuPlayerRenderer( 2291): RNDR: dVA -192000 (dVAavg -244000), V 17160000, A 17352000, Asink 17194668
E/UDPSource( 2291): in buffer: a[23, 13248] 552.000 ms, v[57, 397338] 1180.000 ms
E/UDPSource( 2291): in datasource: 6903360 bytes, extractor created ? 1
E/NuPlayerRenderer( 2291): RNDR: dVA -192000 (dVAavg -244000), V 17160000, A 17352000, Asink 17194668
I/NuPlayerDriver( 2291): notifyDuration: 0
E/NuPlayerRenderer( 2291): RNDR: dVA -192000 (dVAavg -244000), V 17160000, A 17352000, Asink 17194668
E/UDPSource( 2291): in buffer: a[23, 13248] 552.000 ms, v[57, 397338] 1180.000 ms
E/UDPSource( 2291): in datasource: 6903360 bytes, extractor created ? 1
E/NuPlayerRenderer( 2291): RNDR: dVA -192000 (dVAavg -244000), V 17160000, A 17352000, Asink 17194668
D/HDMI-Controller( 2723): HDMIController::isSinkConnected: 1
D/        ( 2723):  enter hdmi_check_rx_sense
D/HDMI-Controller( 2723): HDMIController::checkRxSense: 0
I/NuPlayerDriver( 2291): notifyDuration: 0
E/NuPlayerRenderer( 2291): RNDR: dVA -192000 (dVAavg -244000), V 17160000, A 17352000, Asink 17194668
E/UDPSource( 2291): in buffer: a[23, 13248] 552.000 ms, v[57, 397338] 1180.000 ms
E/UDPSource( 2291): in datasource: 6903360 bytes, extractor created ? 1
E/NuPlayerRenderer( 2291): RNDR: dVA -192000 (dVAavg -244000), V 17160000, A 17352000, Asink 17194668
I/NuPlayerDriver( 2291): notifyDuration: 0
E/NuPlayerRenderer( 2291): RNDR: dVA -192000 (dVAavg -244000), V 17160000, A 17352000, Asink 17194668
E/UDPSource( 2291): in buffer: a[23, 13248] 552.000 ms, v[57, 397338] 1180.000 ms
E/UDPSource( 2291): in datasource: 6903360 bytes, extractor created ? 1
E/NuPlayerRenderer( 2291): RNDR: dVA -192000 (dVAavg -244000), V 17160000, A 17352000, Asink 17194668
I/NuPlayerDriver( 2291): notifyDuration: 0
E/NuPlayerRenderer( 2291): RNDR: dVA -192000 (dVAavg -244000), V 17160000, A 17352000, Asink 17194668
E/UDPSource( 2291): in buffer: a[23, 13248] 552.000 ms, v[57, 397338] 1180.000 ms
E/UDPSource( 2291): in datasource: 6903360 bytes, extractor created ? 1
E/NuPlayerRenderer( 2291): RNDR: dVA -192000 (dVAavg -244000), V 17160000, A 17352000, Asink 17194668
I/NuPlayerDriver( 2291): notifyDuration: 0
E/NuPlayerRenderer( 2291): RNDR: dVA -192000 (dVAavg -244000), V 17160000, A 17352000, Asink 17194668
E/UDPSource( 2291): in buffer: a[23, 13248] 552.000 ms, v[57, 397338] 1180.000 ms
E/UDPSource( 2291): in datasource: 6903360 bytes, extractor created ? 1
E/NuPlayerRenderer( 2291): RNDR: dVA -192000 (dVAavg -244000), V 17160000, A 17352000, Asink 17194668
I/NuPlayerDriver( 2291): notifyDuration: 0
E/NuPlayerRenderer( 2291): RNDR: dVA -192000 (dVAavg -244000), V 17160000, A 17352000, Asink 17194668
E/UDPSource( 2291): in buffer: a[23, 13248] 552.000 ms, v[57, 397338] 1180.000 ms
E/UDPSource( 2291): in datasource: 6903360 bytes, extractor created ? 1
E/NuPlayerRenderer( 2291): RNDR: dVA -192000 (dVAavg -244000), V 17160000, A 17352000, Asink 17194668
I/NuPlayerDriver( 2291): notifyDuration: 0
E/NuPlayerRenderer( 2291): RNDR: dVA -192000 (dVAavg -244000), V 17160000, A 17352000, Asink 17194668
E/UDPSource( 2291): in buffer: a[23, 13248] 552.000 ms, v[57, 397338] 1180.000 ms
E/UDPSource( 2291): in datasource: 6903360 bytes, extractor created ? 1
E/NuPlayerRenderer( 2291): RNDR: dVA -192000 (dVAavg -244000), V 17160000, A 17352000, Asink 17194668
I/NuPlayerDriver( 2291): notifyDuration: 0
E/NuPlayerRenderer( 2291): RNDR: dVA -192000 (dVAavg -244000), V 17160000, A 17352000, Asink 17194668
E/UDPSource( 2291): in buffer: a[23, 13248] 552.000 ms, v[57, 397338] 1180.000 ms
E/UDPSource( 2291): in datasource: 6903360 bytes, extractor created ? 1
E/NuPlayerRenderer( 2291): RNDR: dVA -192000 (dVAavg -244000), V 17160000, A 17352000, Asink 17194668
I/NuPlayerDriver( 2291): notifyDuration: 0
E/NuPlayerRenderer( 2291): RNDR: dVA -192000 (dVAavg -244000), V 17160000, A 17352000, Asink 17194668
E/UDPSource( 2291): in buffer: a[23, 13248] 552.000 ms, v[57, 397338] 1180.000 ms
E/UDPSource( 2291): in datasource: 6903360 bytes, extractor created ? 1
E/NuPlayerRenderer( 2291): RNDR: dVA -192000 (dVAavg -244000), V 17160000, A 17352000, Asink 17194668
I/NuPlayerDriver( 2291): notifyDuration: 0
E/NuPlayerRenderer( 2291): RNDR: dVA -192000 (dVAavg -244000), V 17160000, A 17352000, Asink 17194668
E/UDPSource( 2291): in buffer: a[23, 13248] 552.000 ms, v[57, 397338] 1180.000 ms
E/UDPSource( 2291): in datasource: 6903360 bytes, extractor created ? 1
E/NuPlayerRenderer( 2291): RNDR: dVA -192000 (dVAavg -244000), V 17160000, A 17352000, Asink 17194668
I/NuPlayerDriver( 2291): notifyDuration: 0
E/NuPlayerRenderer( 2291): RNDR: dVA -192000 (dVAavg -244000), V 17160000, A 17352000, Asink 17194668
E/UDPSource( 2291): in buffer: a[23, 13248] 552.000 ms, v[57, 397338] 1180.000 ms
E/UDPSource( 2291): in datasource: 6903360 bytes, extractor created ? 1
E/NuPlayerRenderer( 2291): RNDR: dVA -192000 (dVAavg -244000), V 17160000, A 17352000, Asink 17194668
D/HDMI-Controller( 2723): HDMIController::isSinkConnected: 1
D/        ( 2723):  enter hdmi_check_rx_sense
D/HDMI-Controller( 2723): HDMIController::checkRxSense: 0
I/NuPlayerDriver( 2291): notifyDuration: 0
E/NuPlayerRenderer( 2291): RNDR: dVA -192000 (dVAavg -244000), V 17160000, A 17352000, Asink 17194668
E/UDPSource( 2291): in buffer: a[23, 13248] 552.000 ms, v[57, 397338] 1180.000 ms
E/UDPSource( 2291): in datasource: 6903360 bytes, extractor created ? 1
E/NuPlayerRenderer( 2291): RNDR: dVA -192000 (dVAavg -244000), V 17160000, A 17352000, Asink 17194668
I/NuPlayerDriver( 2291): notifyDuration: 0
E/NuPlayerRenderer( 2291): RNDR: dVA -192000 (dVAavg -244000), V 17160000, A 17352000, Asink 17194668
E/UDPSource( 2291): in buffer: a[23, 13248] 552.000 ms, v[57, 397338] 1180.000 ms
E/UDPSource( 2291): in datasource: 6903360 bytes, extractor created ? 1
E/NuPlayerRenderer( 2291): RNDR: dVA -192000 (dVAavg -244000), V 17160000, A 17352000, Asink 17194668
I/NuPlayerDriver( 2291): notifyDuration: 0
E/NuPlayerRenderer( 2291): RNDR: dVA -192000 (dVAavg -244000), V 17160000, A 17352000, Asink 17194668
E/UDPSource( 2291): in buffer: a[23, 13248] 552.000 ms, v[57, 397338] 1180.000 ms
E/UDPSource( 2291): in datasource: 6903360 bytes, extractor created ? 1
E/NuPlayerRenderer( 2291): RNDR: dVA -192000 (dVAavg -244000), V 17160000, A 17352000, Asink 17194668
I/NuPlayerDriver( 2291): notifyDuration: 0
E/NuPlayerRenderer( 2291): RNDR: dVA -192000 (dVAavg -244000), V 17160000, A 17352000, Asink 17194668
E/UDPSource( 2291): in buffer: a[23, 13248] 552.000 ms, v[57, 397338] 1180.000 ms
E/UDPSource( 2291): in datasource: 6903360 bytes, extractor created ? 1
E/NuPlayerRenderer( 2291): RNDR: dVA -192000 (dVAavg -244000), V 17160000, A 17352000, Asink 17194668
I/NuPlayerDriver( 2291): notifyDuration: 0
E/NuPlayerRenderer( 2291): RNDR: dVA -192000 (dVAavg -244000), V 17160000, A 17352000, Asink 17194668
E/UDPSource( 2291): in buffer: a[23, 13248] 552.000 ms, v[57, 397338] 1180.000 ms
E/UDPSource( 2291): in datasource: 6903360 bytes, extractor created ? 1
E/NuPlayerRenderer( 2291): RNDR: dVA -192000 (dVAavg -244000), V 17160000, A 17352000, Asink 17194668
I/NuPlayerDriver( 2291): notifyDuration: 0
E/NuPlayerRenderer( 2291): RNDR: dVA -192000 (dVAavg -244000), V 17160000, A 17352000, Asink 17194668
E/UDPSource( 2291): in buffer: a[23, 13248] 552.000 ms, v[57, 397338] 1180.000 ms
E/UDPSource( 2291): in datasource: 6903360 bytes, extractor created ? 1
E/NuPlayerRenderer( 2291): RNDR: dVA -192000 (dVAavg -244000), V 17160000, A 17352000, Asink 17194668
I/NuPlayerDriver( 2291): notifyDuration: 0
E/NuPlayerRenderer( 2291): RNDR: dVA -192000 (dVAavg -244000), V 17160000, A 17352000, Asink 17194668
E/UDPSource( 2291): in buffer: a[23, 13248] 552.000 ms, v[57, 397338] 1180.000 ms
E/UDPSource( 2291): in datasource: 6903360 bytes, extractor created ? 1
E/NuPlayerRenderer( 2291): RNDR: dVA -192000 (dVAavg -244000), V 17160000, A 17352000, Asink 17194668
I/NuPlayerDriver( 2291): notifyDuration: 0
E/NuPlayerRenderer( 2291): RNDR: dVA -192000 (dVAavg -244000), V 17160000, A 17352000, Asink 17194668
E/UDPSource( 2291): in buffer: a[23, 13248] 552.000 ms, v[57, 397338] 1180.000 ms
E/UDPSource( 2291): in datasource: 6903360 bytes, extractor created ? 1
E/NuPlayerRenderer( 2291): RNDR: dVA -192000 (dVAavg -244000), V 17160000, A 17352000, Asink 17194668
I/NuPlayerDriver( 2291): notifyDuration: 0
E/NuPlayerRenderer( 2291): RNDR: dVA -192000 (dVAavg -244000), V 17160000, A 17352000, Asink 17194668
E/UDPSource( 2291): in buffer: a[23, 13248] 552.000 ms, v[57, 397338] 1180.000 ms
E/UDPSource( 2291): in datasource: 6903360 bytes, extractor created ? 1
E/NuPlayerRenderer( 2291): RNDR: dVA -192000 (dVAavg -244000), V 17160000, A 17352000, Asink 17194668
I/NuPlayerDriver( 2291): notifyDuration: 0
E/NuPlayerRenderer( 2291): RNDR: dVA -192000 (dVAavg -244000), V 17160000, A 17352000, Asink 17194668
E/UDPSource( 2291): in buffer: a[23, 13248] 552.000 ms, v[57, 397338] 1180.000 ms
E/UDPSource( 2291): in datasource: 6903360 bytes, extractor created ? 1
E/NuPlayerRenderer( 2291): RNDR: dVA -192000 (dVAavg -244000), V 17160000, A 17352000, Asink 17194668
D/HDMI-Controller( 2723): HDMIController::isSinkConnected: 1
D/        ( 2723):  enter hdmi_check_rx_sense
D/HDMI-Controller( 2723): HDMIController::checkRxSense: 0
I/NuPlayerDriver( 2291): notifyDuration: 0
E/NuPlayerRenderer( 2291): RNDR: dVA -192000 (dVAavg -244000), V 17160000, A 17352000, Asink 17194668
E/UDPSource( 2291): in buffer: a[23, 13248] 552.000 ms, v[57, 397338] 1180.000 ms
E/UDPSource( 2291): in datasource: 6903360 bytes, extractor created ? 1
E/NuPlayerRenderer( 2291): RNDR: dVA -192000 (dVAavg -244000), V 17160000, A 17352000, Asink 17194668
I/NuPlayerDriver( 2291): notifyDuration: 0
E/NuPlayerRenderer( 2291): RNDR: dVA -192000 (dVAavg -244000), V 17160000, A 17352000, Asink 17194668
E/UDPSource( 2291): in buffer: a[23, 13248] 552.000 ms, v[57, 397338] 1180.000 ms
E/UDPSource( 2291): in datasource: 6903360 bytes, extractor created ? 1
E/NuPlayerRenderer( 2291): RNDR: dVA -192000 (dVAavg -244000), V 17160000, A 17352000, Asink 17194668
I/NuPlayerDriver( 2291): notifyDuration: 0
E/NuPlayerRenderer( 2291): RNDR: dVA -192000 (dVAavg -244000), V 17160000, A 17352000, Asink 17194668
E/UDPSource( 2291): in buffer: a[23, 13248] 552.000 ms, v[57, 397338] 1180.000 ms
E/UDPSource( 2291): in datasource: 6903360 bytes, extractor created ? 1
E/NuPlayerRenderer( 2291): RNDR: dVA -192000 (dVAavg -244000), V 17160000, A 17352000, Asink 17194668
I/NuPlayerDriver( 2291): notifyDuration: 0
E/NuPlayerRenderer( 2291): RNDR: dVA -192000 (dVAavg -244000), V 17160000, A 17352000, Asink 17194668
E/UDPSource( 2291): in buffer: a[23, 13248] 552.000 ms, v[57, 397338] 1180.000 ms
E/UDPSource( 2291): in datasource: 6903360 bytes, extractor created ? 1
E/NuPlayerRenderer( 2291): RNDR: dVA -192000 (dVAavg -244000), V 17160000, A 17352000, Asink 17194668
I/NuPlayerDriver( 2291): notifyDuration: 0
E/NuPlayerRenderer( 2291): RNDR: dVA -192000 (dVAavg -244000), V 17160000, A 17352000, Asink 17194668
E/UDPSource( 2291): in buffer: a[23, 13248] 552.000 ms, v[57, 397338] 1180.000 ms
E/UDPSource( 2291): in datasource: 6903360 bytes, extractor created ? 1
E/NuPlayerRenderer( 2291): RNDR: dVA -192000 (dVAavg -244000), V 17160000, A 17352000, Asink 17194668
