E/NuPlayerRenderer( 2291): audio q empty!
V/NuPlayerRenderer( 2291): [FPS] video-pts[3] 2120000
E/NuPlayerRenderer( 2291): audio q empty!
V/NuPlayerRenderer( 2291): [FPS] video-pts[4] 2160000
E/NuPlayerRenderer( 2291): audio q empty!
E/FFmpegExtractor( 2291): (clbk) fetching ttx page 100
E/FFmpegExtractor( 2291): put ttx pkt: pts 3038456602, size 8924 (total 8924 bytes, 1 pkts, 0 us)
V/FFmpegExtractor( 2291): drop obsolete subtitle(2:2) packet 33760628911 < 33761368911
V/NuPlayer( 2291): audio pts less than first video pts (1680000 < 2000000 + 100000)
V/NuPlayer( 2291): audio pts less than first video pts (1704000 < 2000000 + 100000)
V/NuPlayer( 2291): audio pts less than first video pts (1728000 < 2000000 + 100000)
V/NuPlayer( 2291): audio pts less than first video pts (1752000 < 2000000 + 100000)
V/NuPlayer( 2291): audio pts less than first video pts (1776000 < 2000000 + 100000)
V/NuPlayer( 2291): audio pts less than first video pts (1800000 < 2000000 + 100000)
V/NuPlayer( 2291): audio pts less than first video pts (1824000 < 2000000 + 100000)
V/NuPlayer( 2291): audio pts less than first video pts (1848000 < 2000000 + 100000)
V/NuPlayer( 2291): audio pts less than first video pts (1872000 < 2000000 + 100000)
V/NuPlayer( 2291): audio pts less than first video pts (1896000 < 2000000 + 100000)
V/NuPlayer( 2291): audio pts less than first video pts (1920000 < 2000000 + 100000)
V/NuPlayer( 2291): audio pts less than first video pts (1944000 < 2000000 + 100000)
E/FFmpegExtractor( 2291): (clbk) fetching ttx page 100
E/FFmpegExtractor( 2291): put ttx pkt: pts 3038474602, size 8924 (total 8924 bytes, 1 pkts, 0 us)
V/FFmpegExtractor( 2291): drop obsolete subtitle(2:2) packet 33760828911 < 33761748911
V/NuPlayer( 2291): audio pts less than first video pts (1968000 < 2000000 + 100000)
V/NuPlayer( 2291): audio pts less than first video pts (1992000 < 2000000 + 100000)
V/NuPlayer( 2291): audio pts less than first video pts (2016000 < 2000000 + 100000)
V/NuPlayer( 2291): audio pts less than first video pts (2040000 < 2000000 + 100000)
V/NuPlayer( 2291): audio pts less than first video pts (2064000 < 2000000 + 100000)
V/NuPlayer( 2291): audio pts less than first video pts (2088000 < 2000000 + 100000)
E/NuPlayerRenderer( 2291): RNDR: dVA 0 (dVAavg 0), V -1, A 0, Asink 0
E/FFmpegExtractor( 2291): (clbk) fetching ttx page 100
E/FFmpegExtractor( 2291): put ttx pkt: pts 3038489002, size 8924 (total 8924 bytes, 1 pkts, 0 us)
V/UDPSource( 2291): [TIMING] -------- buffering -------
V/UDPSource( 2291): buffering (a[0, 0] 0.00 secs (latest 2160000 us), v[26, 135697] 0.56 secs (latest 2940000 us))
V/UDPSource( 2291): buffering (a[1, 576] 0.02 secs (latest 2184000 us), v[26, 135697] 0.56 secs (latest 2940000 us))
E/UDPSource( 2291): detected audio-packet duration: 24000 us
E/UDPSource( 2291): do not post fillBuffer: started 1, sync 1, paused 0
V/UDPSource( 2291): buffering (a[3, 1728] 0.07 secs (latest 2232000 us), v[26, 135697] 0.56 secs (latest 2940000 us))
E/FFmpegExtractor( 2291): ##### PKT Q DEBUG #####
E/FFmpegExtractor( 2291): Q[video, 0, 0]: dur 0, pkts 0, sz 0, 1st pts -9223372036854775808, lst pts -9223372036854775808
E/FFmpegExtractor( 2291): Q[audio, 1, 1]: dur 0, pkts 0, sz 0, 1st pts -9223372036854775808, lst pts -9223372036854775808
E/FFmpegExtractor( 2291): Q[subtitle, 2, 2]: dur 0, pkts 1, sz 8924, 1st pts 3038489002, lst pts 3038489002
E/FFmpegExtractor( 2291): ff: mem descr: total size 0
V/UDPSource( 2291): [1;37;41mgot second video key frame at pts 3120000 (dist 1120000) after 2424.37 ms[0m
V/UDPSource( 2291): buffering (a[3, 1728] 0.07 secs (latest 2232000 us), v[27, 195726] 0.74 secs (latest 3120000 us))
V/UDPSource( 2291): buffering (a[3, 1728] 0.07 secs (latest 2232000 us), v[28, 206392] 0.76 secs (latest 3140000 us))
V/FFmpegExtractor( 2291): drop obsolete subtitle(2:2) packet 33760988911 < 33761928911
V/UDPSource( 2291): buffering (a[3, 1728] 0.07 secs (latest 2232000 us), v[29, 210981] 0.66 secs (latest 3040000 us))
V/UDPSource( 2291): buffering (a[3, 1728] 0.07 secs (latest 2232000 us), v[30, 214622] 0.68 secs (latest 3060000 us))
V/UDPSource( 2291): buffering (a[3, 1728] 0.07 secs (latest 2232000 us), v[31, 217429] 0.62 secs (latest 3000000 us))
E/UDPSource( 2291): in buffer: a[4, 2304] 96.000 ms, v[31, 217429] 620.000 ms
E/UDPSource( 2291): in datasource: 909920 bytes, extractor created ? 1
E/UDPSource( 2291): data appeared!!!
V/UDPSource( 2291): buffering (a[4, 2304] 0.10 secs (latest 2256000 us), v[32, 219467] 0.64 secs (latest 3020000 us))
V/UDPSource( 2291): buffering (a[5, 2880] 0.12 secs (latest 2280000 us), v[33, 222866] 0.70 secs (latest 3080000 us))
V/UDPSource( 2291): buffering (a[6, 3456] 0.14 secs (latest 2304000 us), v[33, 222866] 0.70 secs (latest 3080000 us))
V/UDPSource( 2291): buffering (a[7, 4032] 0.17 secs (latest 2328000 us), v[33, 222866] 0.70 secs (latest 3080000 us))
V/UDPSource( 2291): buffering (a[8, 4608] 0.19 secs (latest 2352000 us), v[33, 222866] 0.70 secs (latest 3080000 us))
V/UDPSource( 2291): buffering (a[9, 5184] 0.22 secs (latest 2376000 us), v[33, 222866] 0.70 secs (latest 3080000 us))
I/AudioFlinger( 2291): BUFFER TIMEOUT 1: remove(4097) from active list on thread 0xb3a2b008
V/UDPSource( 2291): buffering (a[9, 5184] 0.22 secs (latest 2376000 us), v[34, 224740] 0.72 secs (latest 3100000 us))
V/UDPSource( 2291): buffering (a[9, 5184] 0.22 secs (latest 2376000 us), v[35, 239767] 0.90 secs (latest 3280000 us))
V/UDPSource( 2291): buffering (a[9, 5184] 0.22 secs (latest 2376000 us), v[36, 249540] 0.92 secs (latest 3300000 us))
V/UDPSource( 2291): buffering (a[9, 5184] 0.22 secs (latest 2376000 us), v[37, 254183] 0.82 secs (latest 3200000 us))
V/UDPSource( 2291): buffering (a[9, 5184] 0.22 secs (latest 2376000 us), v[38, 257999] 0.84 secs (latest 3220000 us))
V/UDPSource( 2291): buffering (a[9, 5184] 0.22 secs (latest 2376000 us), v[39, 261559] 0.78 secs (latest 3160000 us))
D/audio_hw_primary( 2291): [0;33;33m do_out_standby line: 1216 card 0 [m
V/UDPSource( 2291): buffering (a[10, 5760] 0.24 secs (latest 2400000 us), v[39, 261559] 0.78 secs (latest 3160000 us))
V/UDPSource( 2291): buffering (a[11, 6336] 0.26 secs (latest 2424000 us), v[40, 264170] 0.80 secs (latest 3180000 us))
V/UDPSource( 2291): buffering (a[12, 6912] 0.29 secs (latest 2448000 us), v[40, 264170] 0.80 secs (latest 3180000 us))
E/FFmpegExtractor( 2291): (clbk) fetching ttx page 100
V/UDPSource( 2291): buffering (a[13, 7488] 0.31 secs (latest 2472000 us), v[41, 267597] 0.86 secs (latest 3240000 us))
V/UDPSource( 2291): buffering (a[14, 8064] 0.34 secs (latest 2496000 us), v[41, 267597] 0.86 secs (latest 3240000 us))
E/FFmpegExtractor( 2291): put ttx pkt: pts 3038517802, size 8924 (total 8924 bytes, 1 pkts, 0 us)
V/FFmpegExtractor( 2291): drop obsolete subtitle(2:2) packet 33761308911 < 33762028911
V/UDPSource( 2291): buffering (a[15, 8640] 0.36 secs (latest 2520000 us), v[41, 267597] 0.86 secs (latest 3240000 us))
V/UDPSource( 2291): buffering (a[15, 8640] 0.36 secs (latest 2520000 us), v[42, 270077] 0.88 secs (latest 3260000 us))
V/UDPSource( 2291): buffering (a[15, 8640] 0.36 secs (latest 2520000 us), v[43, 295147] 1.06 secs (latest 3440000 us))
V/UDPSource( 2291): buffering (a[15, 8640] 0.36 secs (latest 2520000 us), v[44, 303381] 1.08 secs (latest 3460000 us))
V/UDPSource( 2291): buffering (a[15, 8640] 0.36 secs (latest 2520000 us), v[45, 307690] 0.98 secs (latest 3360000 us))
V/UDPSource( 2291): buffering (a[15, 8640] 0.36 secs (latest 2520000 us), v[46, 310982] 1.00 secs (latest 3380000 us))
V/UDPSource( 2291): buffering (a[16, 9216] 0.38 secs (latest 2544000 us), v[47, 313685] 0.94 secs (latest 3320000 us))
V/UDPSource( 2291): buffering (a[17, 9792] 0.41 secs (latest 2568000 us), v[47, 313685] 0.94 secs (latest 3320000 us))
V/UDPSource( 2291): buffering (a[18, 10368] 0.43 secs (latest 2592000 us), v[47, 313685] 0.94 secs (latest 3320000 us))
V/UDPSource( 2291): buffering (a[19, 10944] 0.46 secs (latest 2616000 us), v[48, 315377] 0.96 secs (latest 3340000 us))
V/UDPSource( 2291): buffering (a[20, 11520] 0.48 secs (latest 2640000 us), v[49, 317975] 1.02 secs (latest 3400000 us))
V/UDPSource( 2291): buffering (a[21, 12096] 0.50 secs (latest 2664000 us), v[49, 317975] 1.02 secs (latest 3400000 us))
E/NuPlayerRenderer( 2291): RNDR: dVA 0 (dVAavg 0), V -1, A 0, Asink 0
V/UDPSource( 2291): buffering (a[21, 12096] 0.50 secs (latest 2664000 us), v[50, 319739] 1.04 secs (latest 3420000 us))
V/UDPSource( 2291): buffering (a[21, 12096] 0.50 secs (latest 2664000 us), v[51, 342667] 1.22 secs (latest 3600000 us))
V/UDPSource( 2291): buffering (a[21, 12096] 0.50 secs (latest 2664000 us), v[52, 350289] 1.24 secs (latest 3620000 us))
V/UDPSource( 2291): buffering (a[21, 12096] 0.50 secs (latest 2664000 us), v[53, 354521] 1.14 secs (latest 3520000 us))
V/UDPSource( 2291): buffering (a[22, 12672] 0.53 secs (latest 2688000 us), v[54, 356706] 1.16 secs (latest 3540000 us))
V/UDPSource( 2291): buffering (a[23, 13248] 0.55 secs (latest 2712000 us), v[55, 359155] 1.10 secs (latest 3480000 us))
V/UDPSource( 2291): buffering (a[24, 13824] 0.58 secs (latest 2736000 us), v[56, 360662] 1.12 secs (latest 3500000 us))
V/UDPSource( 2291): buffering (a[25, 14400] 0.60 secs (latest 2760000 us), v[57, 363116] 1.18 secs (latest 3560000 us))
V/UDPSource( 2291): buffering (a[26, 14976] 0.62 secs (latest 2784000 us), v[57, 363116] 1.18 secs (latest 3560000 us))
V/UDPSource( 2291): buffering (a[27, 15552] 0.65 secs (latest 2808000 us), v[57, 363116] 1.18 secs (latest 3560000 us))
V/UDPSource( 2291): buffering (a[27, 15552] 0.65 secs (latest 2808000 us), v[58, 364510] 1.20 secs (latest 3580000 us))
V/UDPSource( 2291): buffering (a[27, 15552] 0.65 secs (latest 2808000 us), v[59, 384777] 1.38 secs (latest 3760000 us))
V/UDPSource( 2291): buffering (a[27, 15552] 0.65 secs (latest 2808000 us), v[60, 391777] 1.40 secs (latest 3780000 us))
V/UDPSource( 2291): buffering (a[27, 15552] 0.65 secs (latest 2808000 us), v[61, 395305] 1.30 secs (latest 3680000 us))
V/UDPSource( 2291): buffering (a[27, 15552] 0.65 secs (latest 2808000 us), v[62, 397199] 1.32 secs (latest 3700000 us))
V/UDPSource( 2291): buffering (a[27, 15552] 0.65 secs (latest 2808000 us), v[63, 399318] 1.26 secs (latest 3640000 us))
V/UDPSource( 2291): buffering (a[27, 15552] 0.65 secs (latest 2808000 us), v[64, 400393] 1.28 secs (latest 3660000 us))
V/UDPSource( 2291): buffering (a[27, 15552] 0.65 secs (latest 2808000 us), v[65, 402669] 1.34 secs (latest 3720000 us))
E/FFmpegExtractor( 2291): (clbk) fetching ttx page 100
E/FFmpegExtractor( 2291): put ttx pkt: pts 3038550202, size 8924 (total 8924 bytes, 1 pkts, 0 us)
V/FFmpegExtractor( 2291): drop obsolete subtitle(2:2) packet 33761668911 < 33762508911
V/UDPSource( 2291): buffering (a[28, 16128] 0.67 secs (latest 2832000 us), v[65, 402669] 1.34 secs (latest 3720000 us))
V/UDPSource( 2291): buffering (a[29, 16704] 0.70 secs (latest 2856000 us), v[65, 402669] 1.34 secs (latest 3720000 us))
V/UDPSource( 2291): buffering (a[30, 17280] 0.72 secs (latest 2880000 us), v[65, 402669] 1.34 secs (latest 3720000 us))
V/UDPSource( 2291): [TIMING] -------- buffering done [1;37;41mafter 721.75 ms[0m -------
V/NuPlayerRenderer( 2291): queueDiff (V-A) = -0.11 secs (v 2000000 [5], a 2112000 [1])
E/NuPlayerRenderer( 2291): syncQueuesDone called, sync queues ? 1
V/NuPlayerRenderer( 2291): sink initial: wr 0, pl 0, pend 0
E/NuPlayerRenderer( 2291): (now 1620144) delayUs: 0, diff 0, delta 1620145 (v 2000000, a 2112000 [abuf -1], ltnc 164000)
E/NuPlayerRenderer( 2291): first audio-pts is set to 2112000 us
W/AudioTrack( 2291): releaseBuffer() track 0xb7907d58 name=s:2291;n:1;f:-1 disabled due to previous underrun, restarting
D/libRtkAoutUtil( 2291): [device/realtek/proprietary/libs/hardware/AudioUtil/AudioUtil.cpp:813]SetAudioDecVolume()...
D/libRtkAoutUtil( 2291): program id 2291 thread id 4330
D/libRtkAoutUtil( 2291): [+]audio_RPC_uninit
D/libRtkAoutUtil( 2291): [-]audio_RPC_uninit
D/libRtkAoutUtil( 2291): [device/realtek/proprietary/libs/hardware/AudioUtil/AudioUtil.cpp:1625]SetAudioHdmiMute()...
D/libRtkAoutUtil( 2291): program id 2291 thread id 4330
D/libRtkAoutUtil( 2291): [+]audio_RPC_uninit
D/libRtkAoutUtil( 2291): [-]audio_RPC_uninit
E/NuPlayerRenderer( 2291): RENDER FIRST FRAME
E/ACodec  ( 2291): scaling mode: curr 1, new 1
E/ACodec  ( 2291): want re-setup scaling mode to 1, first buffer id 0xB797E19C
D/BufferQueue( 2288): reset rate estimation: idle time 4129062 us > 200000 us
D/audio_hw_primary( 2291): card 0 is active
E/ACodec  ( 2291): re-setup scaling mode to 1 after dequeueBuffer
E/Surface ( 2291): Surface::setScalingMode(1)
E/SurfaceFlinger( 2288): crop changed [0, 0, 0x0] --> [0, 0, 720x576]
D/audio_hw_primary( 2291): [0;33;33mfunc start_output_stream out->device 0x2 card_max 0 [m
E/SurfaceFlinger( 2288): visible reg: 0xb81b2f30, 1310 x 734
E/BufferQueue( 2288): [SurfaceView 0xb81c2058] setDefaultBufferSize: w=1310, h=734
E/SurfaceFlinger( 2288): set default size: 1310 x 734
D/hwcomposer( 2288): [connect] BufferCnt is 17
E/NuPlayerRenderer( 2291): (now 1628285) delayUs: 34581, diff 0, delta 5419 (v 2040000, a 2112000 [abuf 2112000], ltnc 164000)
D/hwcomposer( 2288): [createInstance] free hr!
D/hwcomposer( 2288): [VIDEO_RPC_ToAgent_Create_0]success, VO instance id = 8bd9cf80
D/hwcomposer( 2288): [RingBufferHandle] InstanceID 0x8bd9cf80 RINGBUFF_HEADER 0x0d347000
D/hwcomposer( 2288): [VIDEO_RPC_ToAgent_InitRingBuffer_0]RPC S_OK!
D/hwcomposer( 2288): RingBufferHandle ready
I/NuPlayerDriver( 2291): notifyDuration: 0
V/NuPlayer( 2291): Source::kWhatBufferingEnd
D/NuPlayerDriver( 2291): --- notifyListener: event 200 ---
V/MediaPlayer( 3201): [player-0x6e49d418] message received msg=200, ext1=702, ext2=0
W/MediaPlayer( 3201): [player-0x6e49d418] info/warning (702, 0)
V/MediaPlayer( 3201): [player-0x6e49d418] callback application
V/MediaPlayer( 3201): [player-0x6e49d418] back from callback
V/NuPlayer( 2291): kWhatMediaRenderingStart
D/NuPlayerDriver( 2291): --- notifyListener: event 6 ---
V/MediaPlayer( 3201): [player-0x6e49d418] message received msg=6, ext1=0, ext2=0
V/MediaPlayer( 3201): [player-0x6e49d418] unrecognized message: (6, 0, 0)
V/MediaPlayer( 3201): [player-0x6e49d418] callback application
V/MediaPlayer( 3201): [player-0x6e49d418] back from callback
V/MediaPlayer( 3201): [player-0x6e49d418] getCurrentPosition
V/MediaPlayer( 3201): [player-0x6e49d418] isPlaying: 1
V/NuPlayer( 2291): kWhatVideoRenderingStart
D/NuPlayerDriver( 2291): --- notifyListener: event 200 ---
V/MediaPlayer( 3201): [player-0x6e49d418] message received msg=200, ext1=3, ext2=0
D/NuPlayer( 2291): [1;37;41m[TIMING] TimeFromFirstDataToFirstPts: 3035 msec[0m
W/MediaPlayer( 3201): [player-0x6e49d418] info/warning (3, 0)
V/MediaPlayer( 3201): [player-0x6e49d418] callback application
V/MediaPlayer( 3201): [player-0x6e49d418] back from callback
I/EltexVideoView( 3201): player MEDIA_INFO_VIDEO_RENDERING_START
D/Iptv    ( 3201): timeOutHideUI at start	15000
D/Iptv    ( 3201): timeOutHideUI now is 15000
V/NuPlayerRenderer( 2291): [FPS] video-pts[5] 2200000
D/hwcomposer( 2288): [int HWLayer::toAgentDisplay(VO_VIDEO_PLANE)] return OK!
V/MediaPlayer( 3201): [player-0x6e49d418] invoke 72
D/NuPlayerDriver( 2291): invoke: method 6
I/NuPlayerRenderer( 2291): setVideoScalingMode: 1
E/Surface ( 2291): Surface::setScalingMode(1)
D/hwcomposer( 2288): [int HWLayer::setRefClock()] return OK!
V/MediaPlayer( 3201): [player-0x6e49d418] invoke 72
D/NuPlayerDriver( 2291): invoke: method 6
D/hwcomposer( 2288): [int HWLayer::toAgentState(HWLayer::AgentType)] return OK!
I/NuPlayerRenderer( 2291): setVideoScalingMode: 1
E/Surface ( 2291): Surface::setScalingMode(1)
V/hwcomposer( 2288): Open HW Layer : 0
D/hwcomposer( 2288): [VIDEO_RPC_ToAgent_ConfigLowDelay_0]RPC S_OK! mLowDelayMode = 6
D/hwcomposer( 2288): [VIDEO_RPC_VOUT_ToAgent_Set_Q_Parameter_0]RPC S_OK! mLowDelayDepth = 3 mInitFrame = 2
D/hwcomposer( 2288): [int HWLayer::setDeintFlag(int)] VIDEO_RPC_VOUT_ToAgent_Set_DeintFlag_0 return OK!
V/hwcomposer( 2288): hwc_vo_layer_scaler Query DisplayWin! V1 [1920 x 1080]
V/hwcomposer( 2288): hwc_vo_layer_scaler [1280 x 720] => [1280 x 720]
D/BufferQueue( 2288): reset rate estimation: idle time 1569991 us > 200000 us
D/BufferQueue( 2288): reset rate estimation: idle time 1580888 us > 200000 us
V/NuPlayerRenderer( 2291): [FPS] video-pts[6] 2240000
V/hwcomposer( 2288): hwc_vo_layer_scaler Query DisplayWin! V1 [1920 x 1080]
V/hwcomposer( 2288): hwc_vo_layer_scaler [1280 x 720] => [1280 x 720]
V/NuPlayerRenderer( 2291): [FPS] video-pts[7] 2280000
E/FFmpegExtractor( 2291): (clbk) fetching ttx page 100
E/FFmpegExtractor( 2291): put ttx pkt: pts 3038568202, size 8924 (total 8924 bytes, 1 pkts, 0 us)
V/FFmpegExtractor( 2291): drop obsolete subtitle(2:2) packet 33761868911 < 33762728911
V/NuPlayerRenderer( 2291): [FPS] video-pts[8] 2320000
V/NuPlayerRenderer( 2291): [FPS] video-pts[9] 2360000
V/NuPlayerRenderer( 2291): [FPS] video-pts[10] 2400000
V/NuPlayerRenderer( 2291): [FPS] video-pts[11] 2440000
E/NuPlayerRenderer( 2291): RNDR: dVA -232000 (dVAavg -233090), V 2240000, A 2472000, Asink 2368000
V/NuPlayerRenderer( 2291): [FPS] video-pts[12] 2480000
E/FFmpegExtractor( 2291): (clbk) fetching ttx page 100
E/FFmpegExtractor( 2291): put ttx pkt: pts 3038582602, size 8924 (total 8924 bytes, 1 pkts, 0 us)
V/NuPlayerRenderer( 2291): [FPS] video-pts[13] 2520000
V/NuPlayerRenderer( 2291): [FPS] video-pts[14] 2560000
E/UDPSource( 2291): in buffer: a[17, 9792] 408.000 ms, v[61, 381270] 1060.000 ms
E/UDPSource( 2291): in datasource: 1289680 bytes, extractor created ? 1
E/FFmpegExtractor( 2291): ##### PKT Q DEBUG #####
E/FFmpegExtractor( 2291): Q[video, 0, 0]: dur 0, pkts 0, sz 0, 1st pts -9223372036854775808, lst pts -9223372036854775808
E/FFmpegExtractor( 2291): Q[audio, 1, 1]: dur 0, pkts 0, sz 0, 1st pts -9223372036854775808, lst pts -9223372036854775808
E/FFmpegExtractor( 2291): Q[subtitle, 2, 2]: dur 0, pkts 1, sz 8924, 1st pts 3038582602, lst pts 3038582602
E/FFmpegExtractor( 2291): ff: mem descr: total size 0
V/NuPlayerRenderer( 2291): [FPS] video-pts[15] 2600000
V/NuPlayerRenderer( 2291): [FPS] video-pts[16] 2640000
V/NuPlayerRenderer( 2291): [FPS] video-pts[17] 2680000
V/FFmpegExtractor( 2291): drop obsolete subtitle(2:2) packet 33762028911 < 33763048911
V/NuPlayerRenderer( 2291): [FPS] video-pts[18] 2720000
V/NuPlayerRenderer( 2291): [FPS] video-pts[19] 2760000
V/NuPlayerRenderer( 2291): [FPS] w[0] for 40000: 19
V/NuPlayerRenderer( 2291): [FPS] w[1] for 40000: 19
V/NuPlayerRenderer( 2291): [FPS] w[2] for 40000: 19
V/NuPlayerRenderer( 2291): [FPS] w[3] for 40000: 19
V/NuPlayerRenderer( 2291): [FPS] w[4] for 40000: 19
V/NuPlayerRenderer( 2291): [FPS] w[5] for 40000: 19
V/NuPlayerRenderer( 2291): [FPS] w[6] for 40000: 19
V/NuPlayerRenderer( 2291): [FPS] w[7] for 40000: 19
V/NuPlayerRenderer( 2291): [FPS] w[8] for 40000: 19
V/NuPlayerRenderer( 2291): [FPS] w[9] for 40000: 19
V/NuPlayerRenderer( 2291): [FPS] w[10] for 40000: 19
V/NuPlayerRenderer( 2291): [FPS] w[11] for 40000: 19
V/NuPlayerRenderer( 2291): [FPS] w[12] for 40000: 19
V/NuPlayerRenderer( 2291): [FPS] w[13] for 40000: 19
V/NuPlayerRenderer( 2291): [FPS] w[14] for 40000: 19
V/NuPlayerRenderer( 2291): [FPS] w[15] for 40000: 19
V/NuPlayerRenderer( 2291): [FPS] w[16] for 40000: 19
V/NuPlayerRenderer( 2291): [FPS] w[17] for 40000: 19
V/NuPlayerRenderer( 2291): [FPS] w[18] for 40000: 19
V/NuPlayerRenderer( 2291): [FPS] weighted period: 40000 (+/- 0)
V/NuPlayerRenderer( 2291): mean value is close to expected: prefer codec fps, period 40000 us
V/NuPlayerRenderer( 2291): [FPS] w[0] for 40000: 19
V/NuPlayerRenderer( 2291): [FPS] w[1] for 40000: 19
V/NuPlayerRenderer( 2291): [FPS] w[2] for 40000: 19
V/NuPlayerRenderer( 2291): [FPS] w[3] for 40000: 19
V/NuPlayerRenderer( 2291): [FPS] w[4] for 40000: 19
V/NuPlayerRenderer( 2291): [FPS] w[5] for 40000: 19
V/NuPlayerRenderer( 2291): [FPS] w[6] for 40000: 19
V/NuPlayerRenderer( 2291): [FPS] w[7] for 40000: 19
V/NuPlayerRenderer( 2291): [FPS] w[8] for 40000: 19
V/NuPlayerRenderer( 2291): [FPS] w[9] for 40000: 19
V/NuPlayerRenderer( 2291): [FPS] w[10] for 40000: 19
V/NuPlayerRenderer( 2291): [FPS] w[11] for 40000: 19
V/NuPlayerRenderer( 2291): [FPS] w[12] for 40000: 19
V/NuPlayerRenderer( 2291): [FPS] w[13] for 40000: 19
V/NuPlayerRenderer( 2291): [FPS] w[14] for 40000: 19
V/NuPlayerRenderer( 2291): [FPS] w[15] for 40000: 19
V/NuPlayerRenderer( 2291): [FPS] w[16] for 40000: 19
V/NuPlayerRenderer( 2291): [FPS] w[17] for 40000: 19
V/NuPlayerRenderer( 2291): [FPS] w[18] for 40000: 19
V/NuPlayerRenderer( 2291): [FPS] weighted period: 40000 (+/- 0)
V/NuPlayerRenderer( 2291): [FPS] use video rendering period from codec: 40000 us
E/FFmpegExtractor( 2291): (clbk) fetching ttx page 100
E/FFmpegExtractor( 2291): put ttx pkt: pts 3038615002, size 8924 (total 8924 bytes, 1 pkts, 0 us)
V/FFmpegExtractor( 2291): drop obsolete subtitle(2:2) packet 33762388911 < 33763008911
E/NuPlayerRenderer( 2291): RNDR: dVA -280000 (dVAavg -259040), V 2720000, A 3000000, Asink 2837333
E/FFmpegExtractor( 2291): (clbk) fetching ttx page 100
E/FFmpegExtractor( 2291): put ttx pkt: pts 3038629402, size 8924 (total 8924 bytes, 1 pkts, 0 us)
V/FFmpegExtractor( 2291): drop obsolete subtitle(2:2) packet 33762548911 < 33763368911
I/NuPlayerDriver( 2291): notifyDuration: 0
E/FFmpegExtractor( 2291): (clbk) fetching ttx page 100
E/FFmpegExtractor( 2291): put ttx pkt: pts 3038647402, size 8924 (total 8924 bytes, 1 pkts, 0 us)
V/FFmpegExtractor( 2291): drop obsolete subtitle(2:2) packet 33762748911 < 33763488911
E/FFmpegExtractor( 2291): (clbk) fetching ttx page 100
E/FFmpegExtractor( 2291): put ttx pkt: pts 3038661802, size 8924 (total 8924 bytes, 1 pkts, 0 us)
V/FFmpegExtractor( 2291): drop obsolete subtitle(2:2) packet 33762908911 < 33763828911
E/NuPlayerRenderer( 2291): RNDR: dVA -288000 (dVAavg -264480), V 3240000, A 3528000, Asink 3370666
E/FFmpegExtractor( 2291): (clbk) fetching ttx page 100
E/FFmpegExtractor( 2291): put ttx pkt: pts 3038676202, size 8924 (total 8924 bytes, 1 pkts, 0 us)
V/FFmpegExtractor( 2291): drop obsolete subtitle(2:2) packet 33763068911 < 33764008911
E/UDPSource( 2291): in buffer: a[19, 10944] 456.000 ms, v[67, 407318] 1300.000 ms
E/UDPSource( 2291): in datasource: 1667936 bytes, extractor created ? 1
E/FFmpegExtractor( 2291): ##### PKT Q DEBUG #####
E/FFmpegExtractor( 2291): Q[video, 0, 0]: dur 0, pkts 0, sz 0, 1st pts -9223372036854775808, lst pts -9223372036854775808
E/FFmpegExtractor( 2291): Q[audio, 1, 1]: dur 0, pkts 0, sz 0, 1st pts -9223372036854775808, lst pts -9223372036854775808
E/FFmpegExtractor( 2291): Q[subtitle, 2, 2]: dur 0, pkts 0, sz 0, 1st pts -9223372036854775808, lst pts -9223372036854775808
E/FFmpegExtractor( 2291): ff: mem descr: total size 0
E/FFmpegExtractor( 2291): (clbk) fetching ttx page 100
E/FFmpegExtractor( 2291): put ttx pkt: pts 3038708602, size 8924 (total 8924 bytes, 1 pkts, 0 us)
V/FFmpegExtractor( 2291): drop obsolete subtitle(2:2) packet 33763428911 < 33764328911
E/NuPlayerRenderer( 2291): RNDR: dVA -240000 (dVAavg -268960), V 3720000, A 3960000, Asink 3840000
E/FFmpegExtractor( 2291): (clbk) fetching ttx page 100
E/FFmpegExtractor( 2291): put ttx pkt: pts 3038726602, size 8924 (total 8924 bytes, 1 pkts, 0 us)
V/FFmpegExtractor( 2291): drop obsolete subtitle(2:2) packet 33763628911 < 33764468911
V/UDPDataSource( 2291): total bytes: 1886768, (in buf 3572)
I/NuPlayerDriver( 2291): notifyDuration: 0
E/FFmpegExtractor( 2291): (clbk) fetching ttx page 100
E/FFmpegExtractor( 2291): put ttx pkt: pts 3038741002, size 8924 (total 8924 bytes, 1 pkts, 0 us)
V/FFmpegExtractor( 2291): drop obsolete subtitle(2:2) packet 33763788911 < 33764648911
E/FFmpegExtractor( 2291): (clbk) fetching ttx page 100
E/FFmpegExtractor( 2291): put ttx pkt: pts 3038759002, size 8924 (total 8924 bytes, 1 pkts, 0 us)
V/FFmpegExtractor( 2291): drop obsolete subtitle(2:2) packet 33763988911 < 33764768911
E/NuPlayerRenderer( 2291): RNDR: dVA -248000 (dVAavg -259040), V 4240000, A 4488000, Asink 4373333
E/UDPSource( 2291): in buffer: a[18, 10368] 432.000 ms, v[65, 417716] 1340.000 ms
E/UDPSource( 2291): in datasource: 2046944 bytes, extractor created ? 1
E/FFmpegExtractor( 2291): ##### PKT Q DEBUG #####
E/FFmpegExtractor( 2291): Q[video, 0, 0]: dur 0, pkts 0, sz 0, 1st pts -9223372036854775808, lst pts -9223372036854775808
E/FFmpegExtractor( 2291): Q[audio, 1, 1]: dur 0, pkts 0, sz 0, 1st pts -9223372036854775808, lst pts -9223372036854775808
E/FFmpegExtractor( 2291): Q[subtitle, 2, 2]: dur 0, pkts 0, sz 0, 1st pts -9223372036854775808, lst pts -9223372036854775808
E/FFmpegExtractor( 2291): ff: mem descr: total size 0
E/FFmpegExtractor( 2291): (clbk) fetching ttx page 100
E/FFmpegExtractor( 2291): put ttx pkt: pts 3038787802, size 8924 (total 8924 bytes, 1 pkts, 0 us)
V/FFmpegExtractor( 2291): drop obsolete subtitle(2:2) packet 33764308911 < 33765068911
E/NuPlayerRenderer( 2291): RNDR: dVA -272000 (dVAavg -263840), V 4720000, A 4992000, Asink 4842667
E/FFmpegExtractor( 2291): (clbk) fetching ttx page 100
E/FFmpegExtractor( 2291): put ttx pkt: pts 3038820202, size 8924 (total 8924 bytes, 1 pkts, 0 us)
V/FFmpegExtractor( 2291): drop obsolete subtitle(2:2) packet 33764668911 < 33765408911
I/NuPlayerDriver( 2291): notifyDuration: 0
E/FFmpegExtractor( 2291): (clbk) fetching ttx page 100
E/FFmpegExtractor( 2291): put ttx pkt: pts 3038834602, size 8924 (total 8924 bytes, 1 pkts, 0 us)
V/FFmpegExtractor( 2291): drop obsolete subtitle(2:2) packet 33764828911 < 33765528911
E/NuPlayerRenderer( 2291): RNDR: dVA -304000 (dVAavg -257440), V 5240000, A 5544000, Asink 5376000
E/FFmpegExtractor( 2291): (clbk) fetching ttx page 100
E/FFmpegExtractor( 2291): put ttx pkt: pts 3038852602, size 8924 (total 8924 bytes, 1 pkts, 0 us)
V/FFmpegExtractor( 2291): drop obsolete subtitle(2:2) packet 33765028911 < 33765728911
E/UDPSource( 2291): in buffer: a[20, 11520] 480.000 ms, v[62, 414040] 1200.000 ms
E/UDPSource( 2291): in datasource: 2425952 bytes, extractor created ? 1
E/FFmpegExtractor( 2291): ##### PKT Q DEBUG #####
E/FFmpegExtractor( 2291): Q[video, 0, 0]: dur 0, pkts 1, sz 13985, 1st pts 3038948002, lst pts 3038948002
E/FFmpegExtractor( 2291): Q[audio, 1, 1]: dur 0, pkts 0, sz 0, 1st pts -9223372036854775808, lst pts -9223372036854775808
E/FFmpegExtractor( 2291): Q[subtitle, 2, 2]: dur 0, pkts 0, sz 0, 1st pts -9223372036854775808, lst pts -9223372036854775808
E/FFmpegExtractor( 2291): ff: mem descr: total size 0
E/FFmpegExtractor( 2291): (clbk) fetching ttx page 100
E/FFmpegExtractor( 2291): put ttx pkt: pts 3038881402, size 8924 (total 8924 bytes, 1 pkts, 0 us)
V/FFmpegExtractor( 2291): drop obsolete subtitle(2:2) packet 33765348911 < 33766228911
E/NuPlayerRenderer( 2291): RNDR: dVA -232000 (dVAavg -260960), V 5720000, A 5952000, Asink 5845333
E/FFmpegExtractor( 2291): (clbk) fetching ttx page 100
E/FFmpegExtractor( 2291): put ttx pkt: pts 3038899402, size 8924 (total 8924 bytes, 1 pkts, 0 us)
V/FFmpegExtractor( 2291): drop obsolete subtitle(2:2) packet 33765548911 < 33766388911
I/NuPlayerDriver( 2291): notifyDuration: 0
E/FFmpegExtractor( 2291): (clbk) fetching ttx page 100
E/FFmpegExtractor( 2291): put ttx pkt: pts 3038928202, size 8924 (total 8924 bytes, 1 pkts, 0 us)
V/FFmpegExtractor( 2291): drop obsolete subtitle(2:2) packet 33765868911 < 33766528911
E/NuPlayerRenderer( 2291): RNDR: dVA -264000 (dVAavg -262240), V 6240000, A 6504000, Asink 6357333
E/UDPSource( 2291): in buffer: a[22, 12672] 528.000 ms, v[58, 388639] 1040.000 ms
E/UDPSource( 2291): in datasource: 2804960 bytes, extractor created ? 1
E/FFmpegExtractor( 2291): (clbk) fetching ttx page 100
E/FFmpegExtractor( 2291): put ttx pkt: pts 3038946202, size 8924 (total 8924 bytes, 1 pkts, 0 us)
V/FFmpegExtractor( 2291): drop obsolete subtitle(2:2) packet 33766068911 < 33766748911
E/FFmpegExtractor( 2291): ##### PKT Q DEBUG #####
E/FFmpegExtractor( 2291): Q[video, 0, 0]: dur 0, pkts 0, sz 0, 1st pts -9223372036854775808, lst pts -9223372036854775808
E/FFmpegExtractor( 2291): Q[audio, 1, 1]: dur 0, pkts 0, sz 0, 1st pts -9223372036854775808, lst pts -9223372036854775808
E/FFmpegExtractor( 2291): Q[subtitle, 2, 2]: dur 0, pkts 0, sz 0, 1st pts -9223372036854775808, lst pts -9223372036854775808
E/FFmpegExtractor( 2291): ff: mem descr: total size 0
E/FFmpegExtractor( 2291): (clbk) fetching ttx page 100
E/FFmpegExtractor( 2291): put ttx pkt: pts 3038975002, size 8924 (total 8924 bytes, 1 pkts, 0 us)
V/FFmpegExtractor( 2291): drop obsolete subtitle(2:2) packet 33766388911 < 33767008911
E/NuPlayerRenderer( 2291): RNDR: dVA -288000 (dVAavg -261920), V 6720000, A 7008000, Asink 6848000
E/FFmpegExtractor( 2291): (clbk) fetching ttx page 100
E/FFmpegExtractor( 2291): put ttx pkt: pts 3038993002, size 8924 (total 8924 bytes, 1 pkts, 0 us)
I/NuPlayerDriver( 2291): notifyDuration: 0
E/FFmpegExtractor( 2291): (clbk) fetching ttx page 100
E/FFmpegExtractor( 2291): put ttx pkt: pts 3039007402, size 8924 (total 17848 bytes, 2 pkts, 160000 us)
V/FFmpegExtractor( 2291): drop obsolete subtitle(2:2) packet 33766588911 < 33767328911
V/FFmpegExtractor( 2291): drop obsolete subtitle(2:2) packet 33766748911 < 33767328911
D/HDMI-Controller( 2723): HDMIController::isSinkConnected: 1
D/        ( 2723):  enter hdmi_check_rx_sense
D/HDMI-Controller( 2723): HDMIController::checkRxSense: 0
E/FFmpegExtractor( 2291): (clbk) fetching ttx page 100
E/FFmpegExtractor( 2291): put ttx pkt: pts 3039025402, size 8924 (total 8924 bytes, 1 pkts, 0 us)
V/FFmpegExtractor( 2291): drop obsolete subtitle(2:2) packet 33766948911 < 33767688911
E/NuPlayerRenderer( 2291): RNDR: dVA -296000 (dVAavg -262240), V 7240000, A 7536000, Asink 7381333
E/UDPSource( 2291): in buffer: a[20, 11520] 480.000 ms, v[52, 347135] 1000.000 ms
E/UDPSource( 2291): in datasource: 3183968 bytes, extractor created ? 1
E/FFmpegExtractor( 2291): ##### PKT Q DEBUG #####
E/FFmpegExtractor( 2291): Q[video, 0, 0]: dur 0, pkts 0, sz 0, 1st pts -9223372036854775808, lst pts -9223372036854775808
E/FFmpegExtractor( 2291): Q[audio, 1, 1]: dur 0, pkts 0, sz 0, 1st pts -9223372036854775808, lst pts -9223372036854775808
E/FFmpegExtractor( 2291): Q[subtitle, 2, 2]: dur 0, pkts 0, sz 0, 1st pts -9223372036854775808, lst pts -9223372036854775808
E/FFmpegExtractor( 2291): ff: mem descr: total size 0
E/FFmpegExtractor( 2291): (clbk) fetching ttx page 100
E/FFmpegExtractor( 2291): put ttx pkt: pts 3039068602, size 8924 (total 8924 bytes, 1 pkts, 0 us)
V/FFmpegExtractor( 2291): drop obsolete subtitle(2:2) packet 33767428911 < 33768088911
E/FFmpegExtractor( 2291): (clbk) fetching ttx page 100
E/FFmpegExtractor( 2291): put ttx pkt: pts 3039072202, size 8924 (total 8924 bytes, 1 pkts, 0 us)
V/FFmpegExtractor( 2291): drop obsolete subtitle(2:2) packet 33767468911 < 33768028911
E/NuPlayerRenderer( 2291): RNDR: dVA -272000 (dVAavg -262560), V 7720000, A 7992000, Asink 7850667
E/FFmpegExtractor( 2291): (clbk) fetching ttx page 100
E/FFmpegExtractor( 2291): put ttx pkt: pts 3039090202, size 8924 (total 8924 bytes, 1 pkts, 0 us)
V/FFmpegExtractor( 2291): drop obsolete subtitle(2:2) packet 33767668911 < 33768288911
I/NuPlayerDriver( 2291): notifyDuration: 0
E/FFmpegExtractor( 2291): (clbk) fetching ttx page 100
E/FFmpegExtractor( 2291): put ttx pkt: pts 3039104602, size 8924 (total 8924 bytes, 1 pkts, 0 us)
V/FFmpegExtractor( 2291): drop obsolete subtitle(2:2) packet 33767828911 < 33768448911
E/NuPlayerRenderer( 2291): RNDR: dVA -256000 (dVAavg -259360), V 8240000, A 8496000, Asink 8362667
E/FFmpegExtractor( 2291): (clbk) fetching ttx page 100
E/FFmpegExtractor( 2291): put ttx pkt: pts 3039122602, size 8924 (total 8924 bytes, 1 pkts, 0 us)
V/FFmpegExtractor( 2291): drop obsolete subtitle(2:2) packet 33768028911 < 33768688911
E/UDPSource( 2291): in buffer: a[22, 12672] 528.000 ms, v[57, 351805] 1180.000 ms
E/UDPSource( 2291): in datasource: 3562224 bytes, extractor created ? 1
E/FFmpegExtractor( 2291): ##### PKT Q DEBUG #####
E/FFmpegExtractor( 2291): Q[video, 0, 0]: dur 0, pkts 1, sz 1641, 1st pts 3039196402, lst pts 3039196402
E/FFmpegExtractor( 2291): Q[audio, 1, 1]: dur 0, pkts 0, sz 0, 1st pts -9223372036854775808, lst pts -9223372036854775808
E/FFmpegExtractor( 2291): Q[subtitle, 2, 2]: dur 0, pkts 0, sz 0, 1st pts -9223372036854775808, lst pts -9223372036854775808
E/FFmpegExtractor( 2291): ff: mem descr: total size 0
E/FFmpegExtractor( 2291): (clbk) fetching ttx page 100
E/FFmpegExtractor( 2291): put ttx pkt: pts 3039151402, size 8924 (total 8924 bytes, 1 pkts, 0 us)
V/FFmpegExtractor( 2291): drop obsolete subtitle(2:2) packet 33768348911 < 33769108911
E/NuPlayerRenderer( 2291): RNDR: dVA -304000 (dVAavg -262560), V 8720000, A 9024000, Asink 8874667
E/FFmpegExtractor( 2291): (clbk) fetching ttx page 100
E/FFmpegExtractor( 2291): put ttx pkt: pts 3039169402, size 8924 (total 8924 bytes, 1 pkts, 0 us)
V/FFmpegExtractor( 2291): drop obsolete subtitle(2:2) packet 33768548911 < 33769268911
V/UDPDataSource( 2291): total bytes: 3782560, (in buf 37224)
E/FFmpegExtractor( 2291): (clbk) fetching ttx page 100
E/FFmpegExtractor( 2291): put ttx pkt: pts 3039183802, size 8924 (total 8924 bytes, 1 pkts, 0 us)
V/FFmpegExtractor( 2291): drop obsolete subtitle(2:2) packet 33768708911 < 33769248911
I/NuPlayerDriver( 2291): notifyDuration: 0
E/NuPlayerRenderer( 2291): RNDR: dVA -216000 (dVAavg -261600), V 9240000, A 9456000, Asink 9365334
E/FFmpegExtractor( 2291): (clbk) fetching ttx page 100
E/FFmpegExtractor( 2291): put ttx pkt: pts 3039216202, size 8924 (total 8924 bytes, 1 pkts, 0 us)
E/UDPSource( 2291): in buffer: a[21, 12096] 504.000 ms, v[47, 334452] 940.000 ms
E/UDPSource( 2291): in datasource: 3941984 bytes, extractor created ? 1
E/FFmpegExtractor( 2291): ##### PKT Q DEBUG #####
E/FFmpegExtractor( 2291): Q[video, 0, 0]: dur 0, pkts 0, sz 0, 1st pts -9223372036854775808, lst pts -9223372036854775808
E/FFmpegExtractor( 2291): Q[audio, 1, 1]: dur 0, pkts 0, sz 0, 1st pts -9223372036854775808, lst pts -9223372036854775808
E/FFmpegExtractor( 2291): Q[subtitle, 2, 2]: dur 0, pkts 1, sz 8924, 1st pts 3039216202, lst pts 3039216202
E/FFmpegExtractor( 2291): ff: mem descr: total size 0
V/FFmpegExtractor( 2291): drop obsolete subtitle(2:2) packet 33769068911 < 33769688911
E/FFmpegExtractor( 2291): (clbk) fetching ttx page 100
E/FFmpegExtractor( 2291): put ttx pkt: pts 3039245002, size 8924 (total 8924 bytes, 1 pkts, 0 us)
V/FFmpegExtractor( 2291): drop obsolete subtitle(2:2) packet 33769388911 < 33769928911
E/NuPlayerRenderer( 2291): RNDR: dVA -240000 (dVAavg -254880), V 9720000, A 9960000, Asink 9856000
E/FFmpegExtractor( 2291): (clbk) fetching ttx page 100
E/FFmpegExtractor( 2291): put ttx pkt: pts 3039255802, size 8924 (total 8924 bytes, 1 pkts, 0 us)
V/FFmpegExtractor( 2291): drop obsolete subtitle(2:2) packet 33769508911 < 33770068911
I/NuPlayerDriver( 2291): notifyDuration: 0
E/FFmpegExtractor( 2291): (clbk) fetching ttx page 100
E/FFmpegExtractor( 2291): put ttx pkt: pts 3039284602, size 8924 (total 8924 bytes, 1 pkts, 0 us)
V/FFmpegExtractor( 2291): drop obsolete subtitle(2:2) packet 33769828911 < 33770388911
E/NuPlayerRenderer( 2291): RNDR: dVA -248000 (dVAavg -251360), V 10240000, A 10488000, Asink 10368000
E/FFmpegExtractor( 2291): (clbk) fetching ttx page 100
E/FFmpegExtractor( 2291): put ttx pkt: pts 3039302602, size 8924 (total 8924 bytes, 1 pkts, 0 us)
V/FFmpegExtractor( 2291): drop obsolete subtitle(2:2) packet 33770028911 < 33770508911
E/UDPSource( 2291): in buffer: a[20, 11520] 480.000 ms, v[48, 264262] 960.000 ms
E/UDPSource( 2291): in datasource: 4320240 bytes, extractor created ? 1
E/FFmpegExtractor( 2291): ##### PKT Q DEBUG #####
E/FFmpegExtractor( 2291): Q[video, 0, 0]: dur 0, pkts 0, sz 0, 1st pts -9223372036854775808, lst pts -9223372036854775808
E/FFmpegExtractor( 2291): Q[audio, 1, 1]: dur 0, pkts 0, sz 0, 1st pts -9223372036854775808, lst pts -9223372036854775808
E/FFmpegExtractor( 2291): Q[subtitle, 2, 2]: dur 0, pkts 0, sz 0, 1st pts -9223372036854775808, lst pts -9223372036854775808
E/FFmpegExtractor( 2291): ff: mem descr: total size 0
E/FFmpegExtractor( 2291): (clbk) fetching ttx page 100
E/FFmpegExtractor( 2291): put ttx pkt: pts 3039335002, size 8924 (total 8924 bytes, 1 pkts, 0 us)
V/FFmpegExtractor( 2291): drop obsolete subtitle(2:2) packet 33770388911 < 33770828911
E/NuPlayerRenderer( 2291): RNDR: dVA -272000 (dVAavg -252320), V 10720000, A 10992000, Asink 10837334
E/FFmpegExtractor( 2291): (clbk) fetching ttx page 100
E/FFmpegExtractor( 2291): put ttx pkt: pts 3039349402, size 8924 (total 8924 bytes, 1 pkts, 0 us)
V/FFmpegExtractor( 2291): drop obsolete subtitle(2:2) packet 33770548911 < 33770948911
I/NuPlayerDriver( 2291): notifyDuration: 0
E/FFmpegExtractor( 2291): (clbk) fetching ttx page 100
E/FFmpegExtractor( 2291): put ttx pkt: pts 3039367402, size 8924 (total 8924 bytes, 1 pkts, 0 us)
V/FFmpegExtractor( 2291): drop obsolete subtitle(2:2) packet 33770748911 < 33771168911
E/FFmpegExtractor( 2291): (clbk) fetching ttx page 100
E/FFmpegExtractor( 2291): put ttx pkt: pts 3039381802, size 8924 (total 8924 bytes, 1 pkts, 0 us)
V/FFmpegExtractor( 2291): drop obsolete subtitle(2:2) packet 33770908911 < 33771508911
E/NuPlayerRenderer( 2291): RNDR: dVA -280000 (dVAavg -264160), V 11240000, A 11520000, Asink 11370667
E/UDPSource( 2291): in buffer: a[22, 12672] 528.000 ms, v[50, 332499] 920.000 ms
E/UDPSource( 2291): in datasource: 4700000 bytes, extractor created ? 1
E/FFmpegExtractor( 2291): ##### PKT Q DEBUG #####
E/FFmpegExtractor( 2291): Q[video, 0, 0]: dur 0, pkts 0, sz 0, 1st pts -9223372036854775808, lst pts -9223372036854775808
E/FFmpegExtractor( 2291): Q[audio, 1, 1]: dur 0, pkts 0, sz 0, 1st pts -9223372036854775808, lst pts -9223372036854775808
E/FFmpegExtractor( 2291): Q[subtitle, 2, 2]: dur 0, pkts 0, sz 0, 1st pts -9223372036854775808, lst pts -9223372036854775808
E/FFmpegExtractor( 2291): ff: mem descr: total size 0
E/FFmpegExtractor( 2291): (clbk) fetching ttx page 100
E/FFmpegExtractor( 2291): put ttx pkt: pts 3039428602, size 8924 (total 8924 bytes, 1 pkts, 0 us)
V/FFmpegExtractor( 2291): drop obsolete subtitle(2:2) packet 33771428911 < 33772008911
E/NuPlayerRenderer( 2291): RNDR: dVA -192000 (dVAavg -263200), V 11760000, A 11952000, Asink 11882667
E/FFmpegExtractor( 2291): (clbk) fetching ttx page 100
E/FFmpegExtractor( 2291): put ttx pkt: pts 3039443002, size 8924 (total 8924 bytes, 1 pkts, 0 us)
V/FFmpegExtractor( 2291): drop obsolete subtitle(2:2) packet 33771588911 < 33771968911
I/NuPlayerDriver( 2291): notifyDuration: 0
E/FFmpegExtractor( 2291): (clbk) fetching ttx page 100
E/FFmpegExtractor( 2291): put ttx pkt: pts 3039461002, size 8924 (total 8924 bytes, 1 pkts, 0 us)
V/FFmpegExtractor( 2291): drop obsolete subtitle(2:2) packet 33771788911 < 33772128911
E/FFmpegExtractor( 2291): (clbk) fetching ttx page 100
E/FFmpegExtractor( 2291): put ttx pkt: pts 3039475402, size 8924 (total 8924 bytes, 1 pkts, 0 us)
V/FFmpegExtractor( 2291): drop obsolete subtitle(2:2) packet 33771948911 < 33772288911
E/NuPlayerRenderer( 2291): RNDR: dVA -240000 (dVAavg -267680), V 12240000, A 12480000, Asink 12373334
E/UDPSource( 2291): in buffer: a[23, 13248] 552.000 ms, v[49, 333664] 1020.000 ms
E/UDPSource( 2291): in datasource: 5079760 bytes, extractor created ? 1
E/FFmpegExtractor( 2291): (clbk) fetching ttx page 100
E/FFmpegExtractor( 2291): put ttx pkt: pts 3039504202, size 8924 (total 8924 bytes, 1 pkts, 0 us)
V/FFmpegExtractor( 2291): drop obsolete subtitle(2:2) packet 33772268911 < 33772768911
E/FFmpegExtractor( 2291): ##### PKT Q DEBUG #####
E/FFmpegExtractor( 2291): Q[video, 0, 0]: dur 0, pkts 0, sz 0, 1st pts -9223372036854775808, lst pts -9223372036854775808
E/FFmpegExtractor( 2291): Q[audio, 1, 1]: dur 0, pkts 0, sz 0, 1st pts -9223372036854775808, lst pts -9223372036854775808
E/FFmpegExtractor( 2291): Q[subtitle, 2, 2]: dur 0, pkts 0, sz 0, 1st pts -9223372036854775808, lst pts -9223372036854775808
E/FFmpegExtractor( 2291): ff: mem descr: total size 0
E/NuPlayerRenderer( 2291): RNDR: dVA -288000 (dVAavg -261920), V 12720000, A 13008000, Asink 12842667
E/FFmpegExtractor( 2291): (clbk) fetching ttx page 100
E/FFmpegExtractor( 2291): put ttx pkt: pts 3039536602, size 8924 (total 8924 bytes, 1 pkts, 0 us)
V/FFmpegExtractor( 2291): drop obsolete subtitle(2:2) packet 33772628911 < 33773168911
I/NuPlayerDriver( 2291): notifyDuration: 0
E/FFmpegExtractor( 2291): (clbk) fetching ttx page 100
E/FFmpegExtractor( 2291): put ttx pkt: pts 3039554602, size 8924 (total 8924 bytes, 1 pkts, 0 us)
V/FFmpegExtractor( 2291): drop obsolete subtitle(2:2) packet 33772828911 < 33773448911
E/NuPlayerRenderer( 2291): RNDR: dVA -296000 (dVAavg -258400), V 13240000, A 13536000, Asink 13376000
E/FFmpegExtractor( 2291): (clbk) fetching ttx page 100
E/FFmpegExtractor( 2291): put ttx pkt: pts 3039569002, size 8924 (total 8924 bytes, 1 pkts, 0 us)
V/FFmpegExtractor( 2291): drop obsolete subtitle(2:2) packet 33772988911 < 33773568911
E/UDPSource( 2291): in buffer: a[22, 12672] 528.000 ms, v[55, 315851] 1100.000 ms
E/UDPSource( 2291): in datasource: 5458016 bytes, extractor created ? 1
E/FFmpegExtractor( 2291): (clbk) fetching ttx page 100
E/FFmpegExtractor( 2291): put ttx pkt: pts 3039601402, size 8924 (total 8924 bytes, 1 pkts, 0 us)
E/FFmpegExtractor( 2291): ##### PKT Q DEBUG #####
E/FFmpegExtractor( 2291): Q[video, 0, 0]: dur 0, pkts 0, sz 0, 1st pts -9223372036854775808, lst pts -9223372036854775808
E/FFmpegExtractor( 2291): Q[audio, 1, 1]: dur 0, pkts 0, sz 0, 1st pts -9223372036854775808, lst pts -9223372036854775808
E/FFmpegExtractor( 2291): Q[subtitle, 2, 2]: dur 0, pkts 1, sz 8924, 1st pts 3039601402, lst pts 3039601402
E/FFmpegExtractor( 2291): ff: mem descr: total size 0
E/NuPlayerRenderer( 2291): RNDR: dVA -208000 (dVAavg -262560), V 13760000, A 13968000, Asink 13888000
V/FFmpegExtractor( 2291): drop obsolete subtitle(2:2) packet 33773348911 < 33774068911
V/UDPDataSource( 2291): total bytes: 5677600, (in buf 31960)
E/FFmpegExtractor( 2291): (clbk) fetching ttx page 100
E/FFmpegExtractor( 2291): put ttx pkt: pts 3039630202, size 8924 (total 8924 bytes, 1 pkts, 0 us)
I/NuPlayerDriver( 2291): notifyDuration: 0
V/FFmpegExtractor( 2291): drop obsolete subtitle(2:2) packet 33773668911 < 33774048911
E/FFMPEG_source( 2291): [SNIFF] reduce copied size by 64 bytes (1316 - 1252)
E/FFmpegExtractor( 2291): (clbk) fetching ttx page 100
E/FFmpegExtractor( 2291): put ttx pkt: pts 3039648202, size 8924 (total 8924 bytes, 1 pkts, 0 us)
V/FFmpegExtractor( 2291): drop obsolete subtitle(2:2) packet 33773868911 < 33774228911
E/NuPlayerRenderer( 2291): RNDR: dVA -256000 (dVAavg -265760), V 14240000, A 14496000, Asink 14357334
E/FFmpegExtractor( 2291): (clbk) fetching ttx page 100
E/FFmpegExtractor( 2291): put ttx pkt: pts 3039662602, size 8924 (total 8924 bytes, 1 pkts, 0 us)
V/FFmpegExtractor( 2291): drop obsolete subtitle(2:2) packet 33774028911 < 33774208911
E/UDPSource( 2291): in buffer: a[18, 10368] 432.000 ms, v[30, 295222] 440.000 ms
E/UDPSource( 2291): in datasource: 5837776 bytes, extractor created ? 1
E/FFmpegExtractor( 2291): ##### PKT Q DEBUG #####
E/FFmpegExtractor( 2291): Q[video, 0, 0]: dur 0, pkts 0, sz 0, 1st pts -9223372036854775808, lst pts -9223372036854775808
E/FFmpegExtractor( 2291): Q[audio, 1, 1]: dur 0, pkts 1, sz 576, 1st pts 3039686362, lst pts 3039686362
E/FFmpegExtractor( 2291): Q[subtitle, 2, 2]: dur 0, pkts 0, sz 0, 1st pts -9223372036854775808, lst pts -9223372036854775808
E/FFmpegExtractor( 2291): ff: mem descr: total size 0
E/FFmpegExtractor( 2291): (clbk) fetching ttx page 100
E/FFmpegExtractor( 2291): put ttx pkt: pts 3039695002, size 8924 (total 8924 bytes, 1 pkts, 0 us)
E/NuPlayerRenderer( 2291): RNDR: dVA -240000 (dVAavg -266400), V 14760000, A 15000000, Asink 14890667
E/FFmpegExtractor( 2291): (clbk) fetching ttx page 100
E/FFmpegExtractor( 2291): put ttx pkt: pts 3039709402, size 8924 (total 17848 bytes, 2 pkts, 160000 us)
V/FFmpegExtractor( 2291): drop obsolete subtitle(2:2) packet 33774388911 < 33775168911
V/FFmpegExtractor( 2291): drop obsolete subtitle(2:2) packet 33774548911 < 33775168911
E/FFmpegExtractor( 2291): (clbk) fetching ttx page 100
E/FFmpegExtractor( 2291): put ttx pkt: pts 3039727402, size 8924 (total 8924 bytes, 1 pkts, 0 us)
V/FFmpegExtractor( 2291): drop obsolete subtitle(2:2) packet 33774748911 < 33775368911
I/NuPlayerDriver( 2291): notifyDuration: 0
E/FFmpegExtractor( 2291): (clbk) fetching ttx page 100
E/FFmpegExtractor( 2291): put ttx pkt: pts 3039741802, size 8924 (total 8924 bytes, 1 pkts, 0 us)
V/FFmpegExtractor( 2291): drop obsolete subtitle(2:2) packet 33774908911 < 33775648911
E/NuPlayerRenderer( 2291): RNDR: dVA -288000 (dVAavg -258080), V 15240000, A 15528000, Asink 15381334
E/UDPSource( 2291): in buffer: a[23, 13248] 552.000 ms, v[52, 228550] 1000.000 ms
E/UDPSource( 2291): in datasource: 6216032 bytes, extractor created ? 1
E/FFmpegExtractor( 2291): ##### PKT Q DEBUG #####
E/FFmpegExtractor( 2291): Q[video, 0, 0]: dur 0, pkts 0, sz 0, 1st pts -9223372036854775808, lst pts -9223372036854775808
E/FFmpegExtractor( 2291): Q[audio, 1, 1]: dur 0, pkts 0, sz 0, 1st pts -9223372036854775808, lst pts -9223372036854775808
E/FFmpegExtractor( 2291): Q[subtitle, 2, 2]: dur 0, pkts 0, sz 0, 1st pts -9223372036854775808, lst pts -9223372036854775808
E/FFmpegExtractor( 2291): ff: mem descr: total size 0
E/FFmpegExtractor( 2291): (clbk) fetching ttx page 100
E/FFmpegExtractor( 2291): put ttx pkt: pts 3039788602, size 8924 (total 8924 bytes, 1 pkts, 0 us)
V/FFmpegExtractor( 2291): drop obsolete subtitle(2:2) packet 33775428911 < 33776248911
E/NuPlayerRenderer( 2291): RNDR: dVA -200000 (dVAavg -257120), V 15760000, A 15960000, Asink 15893334
E/FFmpegExtractor( 2291): (clbk) fetching ttx page 100
E/FFmpegExtractor( 2291): put ttx pkt: pts 3039803002, size 8924 (total 8924 bytes, 1 pkts, 0 us)
V/FFmpegExtractor( 2291): drop obsolete subtitle(2:2) packet 33775588911 < 33776288911
I/NuPlayerDriver( 2291): notifyDuration: 0
E/FFmpegExtractor( 2291): (clbk) fetching ttx page 100
E/FFmpegExtractor( 2291): put ttx pkt: pts 3039821002, size 8924 (total 8924 bytes, 1 pkts, 0 us)
V/FFmpegExtractor( 2291): drop obsolete subtitle(2:2) packet 33775788911 < 33776448911
E/FFmpegExtractor( 2291): (clbk) fetching ttx page 100
E/FFmpegExtractor( 2291): put ttx pkt: pts 3039835402, size 8924 (total 8924 bytes, 1 pkts, 0 us)
V/FFmpegExtractor( 2291): drop obsolete subtitle(2:2) packet 33775948911 < 33776788911
E/NuPlayerRenderer( 2291): RNDR: dVA -248000 (dVAavg -261600), V 16240000, A 16488000, Asink 16362667
E/UDPSource( 2291): in buffer: a[25, 14400] 600.000 ms, v[59, 401753] 1380.000 ms
E/UDPSource( 2291): in datasource: 6595040 bytes, extractor created ? 1
E/FFmpegExtractor( 2291): ##### PKT Q DEBUG #####
E/FFmpegExtractor( 2291): Q[video, 0, 0]: dur 0, pkts 1, sz 13736, 1st pts 3039956002, lst pts 3039956002
E/FFmpegExtractor( 2291): Q[audio, 1, 1]: dur 0, pkts 0, sz 0, 1st pts -9223372036854775808, lst pts -9223372036854775808
E/FFmpegExtractor( 2291): Q[subtitle, 2, 2]: dur 0, pkts 0, sz 0, 1st pts -9223372036854775808, lst pts -9223372036854775808
E/FFmpegExtractor( 2291): ff: mem descr: total size 0
E/FFmpegExtractor( 2291): (clbk) fetching ttx page 100
E/FFmpegExtractor( 2291): put ttx pkt: pts 3039882202, size 8924 (total 8924 bytes, 1 pkts, 0 us)
V/FFmpegExtractor( 2291): drop obsolete subtitle(2:2) packet 33776468911 < 33777188911
E/NuPlayerRenderer( 2291): RNDR: dVA -256000 (dVAavg -256800), V 16760000, A 17016000, Asink 16896000
E/FFmpegExtractor( 2291): (clbk) fetching ttx page 100
E/FFmpegExtractor( 2291): put ttx pkt: pts 3039896602, size 8924 (total 8924 bytes, 1 pkts, 0 us)
V/FFmpegExtractor( 2291): drop obsolete subtitle(2:2) packet 33776628911 < 33777448911
I/RtkVoutUtilManager( 2723): com.realtek.server.RtkVoutUtilService@41a7aa18
D/HDMI-Controller( 2723): HDMIController::isSinkConnected: 0
W/WindowManager( 2723): setHdmiPlugged: plugged = false
V/WiredAccessoryManager( 2723): Headset UEVENT: {SUBSYSTEM=switch, SWITCH_STATE=0, DEVPATH=/devices/virtual/switch/hdmi, SEQNUM=2283, ACTION=change, SWITCH_NAME=hdmi}
W/RtkHDMIService( 2723): handleHotPlug: hdmiPlugged = false
V/WiredAccessoryManager( 2723): flag_usb_change = false
V/WiredAccessoryManager( 2723): newName=hdmi newState=0 headsetState=0 prev headsetState=16
W/RtkHDMIService( 2723): getItemValueFromSettings itemName: realtek_setup_cvbs_system_user itemValue: 2
D/librealtek_runtime( 2723): RPC call done 65536
D/HDMI-Controller( 2723): HDMIController::isSinkConnected: 0
W/RtkHDMIService( 2723): main: change TV System: 2!!
W/RtkHDMIService( 2723): getItemValueFromSettings itemName: realtek_setup_tv_system itemValue: 5
W/RtkHDMIService( 2723): getItemValueFromSettings itemName: realtek_setup_tv_standard itemValue: 1
W/RtkHDMIService( 2723): setItemValue to Settings itemName: realtek_setup_tv_system itemValue: 1
I/NuPlayerDriver( 2291): notifyDuration: 0
W/RtkHDMIService( 2723): setItemValue to Settings itemName: realtek_setup_tv_standard itemValue: 0
W/RtkHDMIService( 2723): setItemValue to Settings itemName: realtek_setup_tv_system_manual itemValue: 1
W/RtkHDMIService( 2723): setItemValue to Settings itemName: realtek_setup_tv_standard_manual itemValue: 0
D/librealtek_runtime( 2723): enter realtek_server_RtkHDMIService_updateHDMISetting: videoSystem: 1, videoStandard: 0, autoMode: 2
D/libRTKHDMIControl( 2723): [updateHDMISetting]: videoSystem:1, videoStandard:0; autoMode: 0
D/librealtek_runtime( 2723): handleHotPlug: 0
D/libRTKHDMIControl( 2723): [HDMI] Hotplug Change !!! 1 -> 0
D/libRTKHDMIControl( 2723): 
D/libRTKHDMIControl( 2723): [HDMI]: Hotplug Change !!! 1 -> 0 HDMI Cable pulled out.
D/libRTKHDMIControl( 2723): [HDMI]: Turn off HDMI VIDEO
D/libRTKHDMIControl( 2723): [HDMI]: Turn off HDMI VIDEO
D/HDMI-Controller( 2723): Enter HDMIController::configTVSystem()
D/        ( 2723):  enter hdmi_config_tv_system
W/RtkHDMIService( 2723): setItemValue to Settings itemName: realtek_setup_tv_system itemValue: 1
