E/UDPSource( 2291): in datasource: 6903360 bytes, extractor created ? 1
E/NuPlayerRenderer( 2291): RNDR: dVA -192000 (dVAavg -244000), V 17160000, A 17352000, Asink 17194668
I/NuPlayerDriver( 2291): notifyDuration: 0
E/NuPlayerRenderer( 2291): RNDR: dVA -192000 (dVAavg -244000), V 17160000, A 17352000, Asink 17194668
E/UDPSource( 2291): in buffer: a[23, 13248] 552.000 ms, v[57, 397338] 1180.000 ms
E/UDPSource( 2291): in datasource: 6903360 bytes, extractor created ? 1
E/NuPlayerRenderer( 2291): RNDR: dVA -192000 (dVAavg -244000), V 17160000, A 17352000, Asink 17194668
I/NuPlayerDriver( 2291): notifyDuration: 0
E/NuPlayerRenderer( 2291): RNDR: dVA -192000 (dVAavg -244000), V 17160000, A 17352000, Asink 17194668
E/UDPSource( 2291): in buffer: a[23, 13248] 552.000 ms, v[57, 397338] 1180.000 ms
E/UDPSource( 2291): in datasource: 6903360 bytes, extractor created ? 1
E/NuPlayerRenderer( 2291): RNDR: dVA -192000 (dVAavg -244000), V 17160000, A 17352000, Asink 17194668
I/NuPlayerDriver( 2291): notifyDuration: 0
E/NuPlayerRenderer( 2291): RNDR: dVA -192000 (dVAavg -244000), V 17160000, A 17352000, Asink 17194668
E/UDPSource( 2291): in buffer: a[23, 13248] 552.000 ms, v[57, 397338] 1180.000 ms
E/UDPSource( 2291): in datasource: 6903360 bytes, extractor created ? 1
E/NuPlayerRenderer( 2291): RNDR: dVA -192000 (dVAavg -244000), V 17160000, A 17352000, Asink 17194668
I/NuPlayerDriver( 2291): notifyDuration: 0
E/NuPlayerRenderer( 2291): RNDR: dVA -192000 (dVAavg -244000), V 17160000, A 17352000, Asink 17194668
E/UDPSource( 2291): in buffer: a[23, 13248] 552.000 ms, v[57, 397338] 1180.000 ms
E/UDPSource( 2291): in datasource: 6903360 bytes, extractor created ? 1
E/NuPlayerRenderer( 2291): RNDR: dVA -192000 (dVAavg -244000), V 17160000, A 17352000, Asink 17194668
D/HDMI-Controller( 2723): HDMIController::isSinkConnected: 0
I/NuPlayerDriver( 2291): notifyDuration: 0
E/NuPlayerRenderer( 2291): RNDR: dVA -192000 (dVAavg -244000), V 17160000, A 17352000, Asink 17194668
E/UDPSource( 2291): in buffer: a[23, 13248] 552.000 ms, v[57, 397338] 1180.000 ms
E/UDPSource( 2291): in datasource: 6903360 bytes, extractor created ? 1
E/NuPlayerRenderer( 2291): RNDR: dVA -192000 (dVAavg -244000), V 17160000, A 17352000, Asink 17194668
I/NuPlayerDriver( 2291): notifyDuration: 0
E/NuPlayerRenderer( 2291): RNDR: dVA -192000 (dVAavg -244000), V 17160000, A 17352000, Asink 17194668
E/UDPSource( 2291): in buffer: a[23, 13248] 552.000 ms, v[57, 397338] 1180.000 ms
E/UDPSource( 2291): in datasource: 6903360 bytes, extractor created ? 1
E/NuPlayerRenderer( 2291): RNDR: dVA -192000 (dVAavg -244000), V 17160000, A 17352000, Asink 17194668
I/NuPlayerDriver( 2291): notifyDuration: 0
E/NuPlayerRenderer( 2291): RNDR: dVA -192000 (dVAavg -244000), V 17160000, A 17352000, Asink 17194668
E/UDPSource( 2291): in buffer: a[23, 13248] 552.000 ms, v[57, 397338] 1180.000 ms
E/UDPSource( 2291): in datasource: 6903360 bytes, extractor created ? 1
E/NuPlayerRenderer( 2291): RNDR: dVA -192000 (dVAavg -244000), V 17160000, A 17352000, Asink 17194668
I/NuPlayerDriver( 2291): notifyDuration: 0
E/NuPlayerRenderer( 2291): RNDR: dVA -192000 (dVAavg -244000), V 17160000, A 17352000, Asink 17194668
E/UDPSource( 2291): in buffer: a[23, 13248] 552.000 ms, v[57, 397338] 1180.000 ms
E/UDPSource( 2291): in datasource: 6903360 bytes, extractor created ? 1
E/NuPlayerRenderer( 2291): RNDR: dVA -192000 (dVAavg -244000), V 17160000, A 17352000, Asink 17194668
I/NuPlayerDriver( 2291): notifyDuration: 0
E/NuPlayerRenderer( 2291): RNDR: dVA -192000 (dVAavg -244000), V 17160000, A 17352000, Asink 17194668
E/UDPSource( 2291): in buffer: a[23, 13248] 552.000 ms, v[57, 397338] 1180.000 ms
E/UDPSource( 2291): in datasource: 6903360 bytes, extractor created ? 1
E/NuPlayerRenderer( 2291): RNDR: dVA -192000 (dVAavg -244000), V 17160000, A 17352000, Asink 17194668
I/NuPlayerDriver( 2291): notifyDuration: 0
E/NuPlayerRenderer( 2291): RNDR: dVA -192000 (dVAavg -244000), V 17160000, A 17352000, Asink 17194668
E/UDPSource( 2291): in buffer: a[23, 13248] 552.000 ms, v[57, 397338] 1180.000 ms
E/UDPSource( 2291): in datasource: 6903360 bytes, extractor created ? 1
E/NuPlayerRenderer( 2291): RNDR: dVA -192000 (dVAavg -244000), V 17160000, A 17352000, Asink 17194668
I/NuPlayerDriver( 2291): notifyDuration: 0
E/NuPlayerRenderer( 2291): RNDR: dVA -192000 (dVAavg -244000), V 17160000, A 17352000, Asink 17194668
E/UDPSource( 2291): in buffer: a[23, 13248] 552.000 ms, v[57, 397338] 1180.000 ms
E/UDPSource( 2291): in datasource: 6903360 bytes, extractor created ? 1
E/NuPlayerRenderer( 2291): RNDR: dVA -192000 (dVAavg -244000), V 17160000, A 17352000, Asink 17194668
I/NuPlayerDriver( 2291): notifyDuration: 0
E/NuPlayerRenderer( 2291): RNDR: dVA -192000 (dVAavg -244000), V 17160000, A 17352000, Asink 17194668
E/UDPSource( 2291): in buffer: a[23, 13248] 552.000 ms, v[57, 397338] 1180.000 ms
E/UDPSource( 2291): in datasource: 6903360 bytes, extractor created ? 1
E/NuPlayerRenderer( 2291): RNDR: dVA -192000 (dVAavg -244000), V 17160000, A 17352000, Asink 17194668
I/NuPlayerDriver( 2291): notifyDuration: 0
E/NuPlayerRenderer( 2291): RNDR: dVA -192000 (dVAavg -244000), V 17160000, A 17352000, Asink 17194668
E/UDPSource( 2291): in buffer: a[23, 13248] 552.000 ms, v[57, 397338] 1180.000 ms
E/UDPSource( 2291): in datasource: 6903360 bytes, extractor created ? 1
E/NuPlayerRenderer( 2291): RNDR: dVA -192000 (dVAavg -244000), V 17160000, A 17352000, Asink 17194668
I/NuPlayerDriver( 2291): notifyDuration: 0
E/NuPlayerRenderer( 2291): RNDR: dVA -192000 (dVAavg -244000), V 17160000, A 17352000, Asink 17194668
E/UDPSource( 2291): in buffer: a[23, 13248] 552.000 ms, v[57, 397338] 1180.000 ms
E/UDPSource( 2291): in datasource: 6903360 bytes, extractor created ? 1
E/NuPlayerRenderer( 2291): RNDR: dVA -192000 (dVAavg -244000), V 17160000, A 17352000, Asink 17194668
D/HDMI-Controller( 2723): HDMIController::isSinkConnected: 0
I/NuPlayerDriver( 2291): notifyDuration: 0
E/NuPlayerRenderer( 2291): RNDR: dVA -192000 (dVAavg -244000), V 17160000, A 17352000, Asink 17194668
E/UDPSource( 2291): in buffer: a[23, 13248] 552.000 ms, v[57, 397338] 1180.000 ms
E/UDPSource( 2291): in datasource: 6903360 bytes, extractor created ? 1
E/NuPlayerRenderer( 2291): RNDR: dVA -192000 (dVAavg -244000), V 17160000, A 17352000, Asink 17194668
I/NuPlayerDriver( 2291): notifyDuration: 0
E/NuPlayerRenderer( 2291): RNDR: dVA -192000 (dVAavg -244000), V 17160000, A 17352000, Asink 17194668
E/UDPSource( 2291): in buffer: a[23, 13248] 552.000 ms, v[57, 397338] 1180.000 ms
E/UDPSource( 2291): in datasource: 6903360 bytes, extractor created ? 1
E/NuPlayerRenderer( 2291): RNDR: dVA -192000 (dVAavg -244000), V 17160000, A 17352000, Asink 17194668
I/NuPlayerDriver( 2291): notifyDuration: 0
E/NuPlayerRenderer( 2291): RNDR: dVA -192000 (dVAavg -244000), V 17160000, A 17352000, Asink 17194668
E/UDPSource( 2291): in buffer: a[23, 13248] 552.000 ms, v[57, 397338] 1180.000 ms
E/UDPSource( 2291): in datasource: 6903360 bytes, extractor created ? 1
E/NuPlayerRenderer( 2291): RNDR: dVA -192000 (dVAavg -244000), V 17160000, A 17352000, Asink 17194668
I/NuPlayerDriver( 2291): notifyDuration: 0
E/NuPlayerRenderer( 2291): RNDR: dVA -192000 (dVAavg -244000), V 17160000, A 17352000, Asink 17194668
E/UDPSource( 2291): in buffer: a[23, 13248] 552.000 ms, v[57, 397338] 1180.000 ms
E/UDPSource( 2291): in datasource: 6903360 bytes, extractor created ? 1
E/NuPlayerRenderer( 2291): RNDR: dVA -192000 (dVAavg -244000), V 17160000, A 17352000, Asink 17194668
I/NuPlayerDriver( 2291): notifyDuration: 0
D/dalvikvm( 2723): GC_CONCURRENT freed 1956K, 23% free 6988K/9060K, paused 2ms+8ms, total 61ms
E/NuPlayerRenderer( 2291): RNDR: dVA -192000 (dVAavg -244000), V 17160000, A 17352000, Asink 17194668
I/GCM-GMS ( 3071): Registering GMS 745476177629
E/GCM     ( 2905): Missing checkin config file
W/GCM     ( 2905): GCM FAILED TO INITIALIZE - missing checkin
W/GCM-GMS ( 3071): Failed to get registration: java.io.IOException: AUTHENTICATION_FAILED
E/UDPSource( 2291): in buffer: a[23, 13248] 552.000 ms, v[57, 397338] 1180.000 ms
E/UDPSource( 2291): in datasource: 6903360 bytes, extractor created ? 1
E/NuPlayerRenderer( 2291): RNDR: dVA -192000 (dVAavg -244000), V 17160000, A 17352000, Asink 17194668
I/NuPlayerDriver( 2291): notifyDuration: 0
E/NuPlayerRenderer( 2291): RNDR: dVA -192000 (dVAavg -244000), V 17160000, A 17352000, Asink 17194668
E/UDPSource( 2291): in buffer: a[23, 13248] 552.000 ms, v[57, 397338] 1180.000 ms
E/UDPSource( 2291): in datasource: 6903360 bytes, extractor created ? 1
E/NuPlayerRenderer( 2291): RNDR: dVA -192000 (dVAavg -244000), V 17160000, A 17352000, Asink 17194668
I/NuPlayerDriver( 2291): notifyDuration: 0
E/NuPlayerRenderer( 2291): RNDR: dVA -192000 (dVAavg -244000), V 17160000, A 17352000, Asink 17194668
E/UDPSource( 2291): in buffer: a[23, 13248] 552.000 ms, v[57, 397338] 1180.000 ms
E/UDPSource( 2291): in datasource: 6903360 bytes, extractor created ? 1
E/NuPlayerRenderer( 2291): RNDR: dVA -192000 (dVAavg -244000), V 17160000, A 17352000, Asink 17194668
I/NuPlayerDriver( 2291): notifyDuration: 0
E/NuPlayerRenderer( 2291): RNDR: dVA -192000 (dVAavg -244000), V 17160000, A 17352000, Asink 17194668
E/UDPSource( 2291): in buffer: a[23, 13248] 552.000 ms, v[57, 397338] 1180.000 ms
E/UDPSource( 2291): in datasource: 6903360 bytes, extractor created ? 1
E/NuPlayerRenderer( 2291): RNDR: dVA -192000 (dVAavg -244000), V 17160000, A 17352000, Asink 17194668
I/NuPlayerDriver( 2291): notifyDuration: 0
E/NuPlayerRenderer( 2291): RNDR: dVA -192000 (dVAavg -244000), V 17160000, A 17352000, Asink 17194668
E/UDPSource( 2291): in buffer: a[23, 13248] 552.000 ms, v[57, 397338] 1180.000 ms
E/UDPSource( 2291): in datasource: 6903360 bytes, extractor created ? 1
E/NuPlayerRenderer( 2291): RNDR: dVA -192000 (dVAavg -244000), V 17160000, A 17352000, Asink 17194668
I/NuPlayerDriver( 2291): notifyDuration: 0
I/PlayCommon( 3301): [77] com.google.android.play.b.h.e(262): Preparing logs for uploading
W/PlayCommon( 3301): [77] com.google.android.play.b.h.a(672): No account for auth token provided
I/PlayCommon( 3301): [77] com.google.android.play.b.h.a(519): Connecting to server: https://play.googleapis.com/play/log?format=raw&proto_v2=true
E/PlayCommon( 3301): [77] com.google.android.play.b.h.a(549): Failed to connect to server: java.net.UnknownHostException: Unable to resolve host "play.googleapis.com": No address associated with hostname
W/SocketClient( 2286): write error (Broken pipe)
E/NuPlayerRenderer( 2291): RNDR: dVA -192000 (dVAavg -244000), V 17160000, A 17352000, Asink 17194668
E/UDPSource( 2291): in buffer: a[23, 13248] 552.000 ms, v[57, 397338] 1180.000 ms
E/UDPSource( 2291): in datasource: 6903360 bytes, extractor created ? 1
E/NuPlayerRenderer( 2291): RNDR: dVA -192000 (dVAavg -244000), V 17160000, A 17352000, Asink 17194668
D/HDMI-Controller( 2723): HDMIController::isSinkConnected: 1
D/        ( 2723):  enter hdmi_check_rx_sense
D/HDMI-Controller( 2723): HDMIController::checkRxSense: 0
I/NuPlayerDriver( 2291): notifyDuration: 0
E/NuPlayerRenderer( 2291): RNDR: dVA -192000 (dVAavg -244000), V 17160000, A 17352000, Asink 17194668
E/UDPSource( 2291): in buffer: a[23, 13248] 552.000 ms, v[57, 397338] 1180.000 ms
E/UDPSource( 2291): in datasource: 6903360 bytes, extractor created ? 1
E/NuPlayerRenderer( 2291): RNDR: dVA -192000 (dVAavg -244000), V 17160000, A 17352000, Asink 17194668
I/NuPlayerDriver( 2291): notifyDuration: 0
I/RtkVoutUtilManager( 2723): com.realtek.server.RtkVoutUtilService@41a7aa18
W/WindowManager( 2723): setHdmiPlugged: plugged = true
V/WiredAccessoryManager( 2723): Headset UEVENT: {SUBSYSTEM=switch, SWITCH_STATE=1, DEVPATH=/devices/virtual/switch/hdmi, SEQNUM=2284, ACTION=change, SWITCH_NAME=hdmi}
V/WiredAccessoryManager( 2723): flag_usb_change = false
V/WiredAccessoryManager( 2723): newName=hdmi newState=16 headsetState=16 prev headsetState=0
W/RtkHDMIService( 2723): handleHotPlug: hdmiPlugged = true
W/RtkHDMIService( 2723): getItemValueFromSettings itemName: realtek_setup_tv_system_user itemValue: 0
D/librealtek_runtime( 2723): RPC call done 121184
D/HDMI-Controller( 2723): HDMIController::isSinkConnected: 1
D/librealtek_runtime( 2723): enter realtek_server_RtkHDMIService_getVideoFormat
D/HDMI-Controller( 2723): HDMIController::isSinkConnected: 1
D/HDMI-Controller( 2723): EDID is ready
W/RtkHDMIService( 2723): main: change TV System: 0!!
W/RtkHDMIService( 2723): getItemValueFromSettings itemName: realtek_setup_tv_system itemValue: 1
W/RtkHDMIService( 2723): getItemValueFromSettings itemName: realtek_setup_tv_standard itemValue: 0
W/RtkHDMIService( 2723): setItemValue to Settings itemName: realtek_setup_tv_system_auto_mode itemValue: 2
W/RtkHDMIService( 2723): tv_sys: 5; tv_std: 1
W/RtkHDMIService( 2723): setItemValue to Settings itemName: realtek_setup_tv_system itemValue: 5
W/RtkHDMIService( 2723): setItemValue to Settings itemName: realtek_setup_tv_standard itemValue: 1
W/RtkHDMIService( 2723): setItemValue to Settings itemName: realtek_setup_tv_system itemValue: 5
W/RtkHDMIService( 2723): setItemValue to Settings itemName: realtek_setup_tv_standard itemValue: 1
D/librealtek_runtime( 2723): enter realtek_server_RtkHDMIService_updateHDMISetting: videoSystem: 5, videoStandard: 1, autoMode: 2
D/libRTKHDMIControl( 2723): [updateHDMISetting]: videoSystem:5, videoStandard:1; autoMode: 1
D/librealtek_runtime( 2723): handleHotPlug: 1
D/HDMI-Controller( 2723): HDMIController::isSinkConnected: 1
D/libRTKHDMIControl( 2723): [HDMI] Hotplug Change !!! 0 -> 1
D/libRTKHDMIControl( 2723): 
D/libRTKHDMIControl( 2723): [HDMI]: Hotplug Change !!!HDMI Cable plugged in.
D/librealtek_runtime( 2723): hdmi is plugged in
D/HDMI-Controller( 2723): HDMIController::isSinkConnected: 1
D/        ( 2723):  enter hdmi_get_capbility
D/librealtek_runtime( 2723): enter realtek_server_RtkHDMIService_checkIfHDMIEDIDReady
D/HDMI-Controller( 2723): EDID is ready
D/librealtek_runtime( 2723): enter realtek_server_RtkHDMIService_getVideoFormat
D/HDMI-Controller( 2723): HDMIController::isSinkConnected: 1
D/HDMI-Controller( 2723): EDID is ready
D/HDMI-Controller( 2723): intHDMIStatus: 1
D/HDMI-Controller( 2723): intTVSupportYCbCr: 7
D/HDMI-Controller( 2723): intTVSupportDeepColor: 3
D/HDMI-Controller( 2723): intTVSupportxvYCC: 0
D/HDMI-Controller( 2723): intTVSupportDeepColorYCbCr444: 1
D/HDMI-Controller( 2723): b3DPresent: 0
D/HDMI-Controller( 2723): iArr3dStructure[0]: 0
D/HDMI-Controller( 2723): iArr3dStructure[1]: 0
D/HDMI-Controller( 2723): ucArr3DVic[0]: 0
D/HDMI-Controller( 2723): ucArr3DVic[1]: 0
D/HDMI-Controller( 2723): ucArr3DVic[2]: 0
D/HDMI-Controller( 2723): ucArr3DVic[3]: 0
D/HDMI-Controller( 2723): ucArr3DVic[4]: 0
D/HDMI-Controller( 2723): ucArr3DVic[5]: 0
D/HDMI-Controller( 2723): ucArr3DVic[6]: 0
D/HDMI-Controller( 2723): ucArr3DVic[7]: 0
D/HDMI-Controller( 2723): ucArr3DVic[8]: 0
D/HDMI-Controller( 2723): ucArr3DVic[9]: 0
D/HDMI-Controller( 2723): ucArr3DVic[10]: 0
D/HDMI-Controller( 2723): ucArr3DVic[11]: 0
D/HDMI-Controller( 2723): ucArr3DVic[12]: 0
D/HDMI-Controller( 2723): ucArr3DVic[13]: 0
D/HDMI-Controller( 2723): ucArr3DVic[14]: 0
D/HDMI-Controller( 2723): ucArr3DVic[15]: 0
D/HDMI-Controller( 2723): sHDMIDevice->sink_cap.cec_phy_addr[0]: 20
D/HDMI-Controller( 2723): sHDMIDevice->sink_cap.cec_phy_addr[1]: 0
D/HDMI-Controller( 2723): hdmiSourceAddress: 2000
D/HDMI-Controller( 2723): sHDMIDevice->sink_cap.vic: 1076854879
D/HDMI-Controller( 2723): sHDMIDevice->sink_cap.extended_vic: 0
D/HDMI-Controller( 2723): Vid: 31 is found
D/HDMI-Controller( 2723): Vid: 22 is found
D/HDMI-Controller( 2723): Vid: 20 is found
D/HDMI-Controller( 2723): Vid: 19 is found
D/HDMI-Controller( 2723): Vid: 18 is found
D/HDMI-Controller( 2723): Vid: 17 is found
D/HDMI-Controller( 2723): Vid: 16 is found
D/HDMI-Controller( 2723): Vid: 7 is found
D/HDMI-Controller( 2723): Vid: 5 is found
D/HDMI-Controller( 2723): Vid: 4 is found
D/HDMI-Controller( 2723): Vid: 3 is found
D/HDMI-Controller( 2723): Vid: 2 is found
D/HDMI-Controller( 2723): Vid: 1 is found
D/HDMI-Controller( 2723): TVVid length: 13
D/HDMI-Controller( 2723): sHDMIDevice->sink_cap.audio_data.ADB_length/3: 2
D/HDMI-Controller( 2723): sHDMIDevice->sink_cap.audio_data.ADB[0].coding_type: 0x1
D/HDMI-Controller( 2723): sHDMIDevice->sink_cap.audio_data.ADB[0].channel_count: 0x2
D/HDMI-Controller( 2723): sHDMIDevice->sink_cap.audio_data.ADB[0].sample_freq_all: 0x17
D/HDMI-Controller( 2723): sHDMIDevice->sink_cap.audio_data.ADB[0].sample_size_all: 0x7
D/HDMI-Controller( 2723): sHDMIDevice->sink_cap.audio_data.ADB[0].max_bit_rate_divided_by_8KHz: 0x0
D/HDMI-Controller( 2723): sHDMIDevice->sink_cap.audio_data.ADB[1].coding_type: 0x2
D/HDMI-Controller( 2723): sHDMIDevice->sink_cap.audio_data.ADB[1].channel_count: 0x2
D/HDMI-Controller( 2723): sHDMIDevice->sink_cap.audio_data.ADB[1].sample_freq_all: 0x17
D/HDMI-Controller( 2723): sHDMIDevice->sink_cap.audio_data.ADB[1].sample_size_all: 0x0
D/HDMI-Controller( 2723): sHDMIDevice->sink_cap.audio_data.ADB[1].max_bit_rate_divided_by_8KHz: 0x50
D/HDMI-Controller( 2723): [HDMI]: adbRawData[0]: 0x7
D/HDMI-Controller( 2723): [HDMI]: adbRawData[1]: 0x9
D/HDMI-Controller( 2723): [HDMI]: adbRawData[2]: 0x17
D/HDMI-Controller( 2723): [HDMI]: adbRawData[3]: 0x7
D/HDMI-Controller( 2723): [HDMI]: adbRawData[4]: 0x11
D/HDMI-Controller( 2723): [HDMI]: adbRawData[5]: 0x17
D/HDMI-Controller( 2723): [HDMI]: adbRawData[6]: 0x50
D/HDMI-Controller( 2723): static void* HDMIController::RTKIon_alloc(OSAL_U32, OSAL_U8**, OSAL_U32*, ion_user_handle_t*): size:80 round up to 1000
D/HDMI-Controller( 2723): HDMIController::isSinkConnected: 1
D/HDMI-Controller( 2723): HDMIController::isSinkConnected: 1
D/librealtek_runtime( 2723): enter realtek_server_RtkHDMIService_checkIfHDMIEDIDReady
D/HDMI-Controller( 2723): EDID is ready
D/librealtek_runtime( 2723): enter realtek_server_RtkHDMIService_getVideoFormat
D/HDMI-Controller( 2723): HDMIController::isSinkConnected: 1
D/HDMI-Controller( 2723): EDID is ready
W/RtkHDMIService( 2723): getItemValueFromSettings itemName: realtek_setup_tv_system_auto_mode itemValue: 2
W/RtkHDMIService( 2723): main: change TV System: 0 done!!
D/RtkHDMIService( 2723): PlaybackStatusFileObserver: Stop watching!
W/RtkHDMIService( 2723): setupID: 9 == {4, 1}
W/RtkHDMIService( 2723): setupID: 2 == {1, 0}
W/RtkHDMIService( 2723): setupID: 7 == {4, 0}
W/RtkHDMIService( 2723): setupID: 5 == {2, 1}
W/RtkHDMIService( 2723): setupID: 4 == {1, 1}
W/RtkHDMIService( 2723): setupID: 4 == {1, 1}
W/RtkHDMIService( 2723): setupID: 10 == {5, 1}
W/RtkHDMIService( 2723): setupID: 1 == {0, 0}
W/RtkHDMIService( 2723): setupID: 8 == {5, 0}
W/RtkHDMIService( 2723): setupID: 6 == {3, 1}
W/RtkHDMIService( 2723): setupID: 3 == {0, 1}
W/RtkHDMIService( 2723): setupID: 3 == {0, 1}
W/RtkHDMIService( 2723): setupID: -1 == {-1, -1}
W/RtkHDMIService( 2723): setupID: 9 == {4, 1}
W/RtkHDMIService( 2723): setupID: 2 == {1, 0}
W/RtkHDMIService( 2723): setupID: 7 == {4, 0}
W/RtkHDMIService( 2723): setupID: 5 == {2, 1}
W/RtkHDMIService( 2723): setupID: 4 == {1, 1}
W/RtkHDMIService( 2723): setupID: 4 == {1, 1}
W/RtkHDMIService( 2723): setupID: 10 == {5, 1}
W/RtkHDMIService( 2723): setupID: 1 == {0, 0}
W/RtkHDMIService( 2723): setupID: 8 == {5, 0}
W/RtkHDMIService( 2723): setupID: 6 == {3, 1}
W/RtkHDMIService( 2723): setupID: 3 == {0, 1}
W/RtkHDMIService( 2723): setupID: 3 == {0, 1}
D/HDMI-Controller( 2723): HDMIController::isSinkConnected: 1
D/HDMI-Controller( 2723): HDMIController::isSinkConnected: 1
D/librealtek_runtime( 2723): enter realtek_server_RtkHDMIService_checkIfHDMIEDIDReady
D/HDMI-Controller( 2723): EDID is ready
D/librealtek_runtime( 2723): enter realtek_server_RtkHDMIService_getVideoFormat
D/HDMI-Controller( 2723): HDMIController::isSinkConnected: 1
D/HDMI-Controller( 2723): EDID is ready
D/HDMI-Controller( 2723): static void* HDMIController::RTKIon_alloc(OSAL_U32, OSAL_U8**, OSAL_U32*, ion_user_handle_t*): size:128 alloc_size:4096 ionhdl:0x1 phys_addr:d348000 noncacheable:0x6cbd8000
D/HDMI-Controller( 2723): Update Audio data block to Audio firmware.
D/        ( 2723):  enter hdmi_send_audio_edid2
D/HDMI-Controller( 2723): Release the memory
D/HDMI-Controller( 2723): getSinkCapability() is done
D/HDMI-Controller( 2723): EDID is ready
E/librealtek_runtime( 2723): Failed to open MIPI device: No such file or directory
W/RtkHDMIService( 2723): setupID: -1 == {-1, -1}
W/RtkHDMIService( 2723): setupID: 9 == {4, 1}
W/RtkHDMIService( 2723): setupID: 2 == {1, 0}
W/RtkHDMIService( 2723): setupID: 7 == {4, 0}
W/RtkHDMIService( 2723): setupID: 5 == {2, 1}
W/RtkHDMIService( 2723): setupID: 4 == {1, 1}
W/RtkHDMIService( 2723): setupID: 4 == {1, 1}
W/RtkHDMIService( 2723): setupID: 10 == {5, 1}
W/RtkHDMIService( 2723): setupID: 1 == {0, 0}
W/RtkHDMIService( 2723): setupID: 8 == {5, 0}
W/RtkHDMIService( 2723): setupID: 6 == {3, 1}
W/RtkHDMIService( 2723): setupID: 3 == {0, 1}
W/RtkHDMIService( 2723): setupID: 3 == {0, 1}
W/RtkHDMIService( 2723): setupID: -1 == {-1, -1}
D/        ( 2723):  enter hdmi_get_edid
D/        ( 2723):  enter hdmi_get_edid
D/libRTKHDMIControl( 2723): 
D/libRTKHDMIControl( 2723): 
D/libRTKHDMIControl( 2723): 
D/libRTKHDMIControl( 2723): [writeNandEDIDCheckSum] Enter..........checksum1=241, checksum2=7 
D/libRTKHDMIControl( 2723): 
D/libRTKHDMIControl( 2723): [writeNandEDIDCheckSum] read from NAND!
D/libRTKHDMIControl( 2723): 
D/libRTKHDMIControl( 2723): [writeNandEDIDCheckSum] new_EDID_CheckSum[0]: 241; old_EDID_CheckSum[0]: 241
D/libRTKHDMIControl( 2723): [writeNandEDIDCheckSum] new_EDID_CheckSum[1]: 7; old_EDID_CheckSum[1]: 7
D/libRTKHDMIControl( 2723): [writeNandEDIDCheckSum]: EDID is the same, no need to update NAND. retVal=0 -- END! 
D/librealtek_runtime( 2723): Call VoutUtil::instance().QueryDisplayWin().
D/librealtek_runtime( 2723): standard: 7; enProg: 0
D/libRTKHDMIControl( 2723): [HDMI_ConvertVOtoVid]: standard:7, enProg:0 ==> vid: 21
D/librealtek_runtime( 2723): TV_SYSTEM_AUTO_MODE_HDMI_EDID
D/        ( 2723):  enter hdmi_check_tmds_src
D/HDMI-Controller( 2723): [HDMI] LinkStatus: 2
D/libRTKHDMIControl( 2723): [HDMI]: device/realtek/proprietary/libs/HDMIControl/HDMIUtil.cpp:void getVidNameByTV(ENUM_VIDEO_SYSTEM, ENUM_VIDEO_STANDARD, int) (850) videoSystem=5 videoStandard=1
D/libRTKHDMIControl( 2723): [HDMI]: getVidNameByTV	=>  
D/libRTKHDMIControl( 2723): VIDEO_HD1080_60HZ	
D/libRTKHDMIControl( 2723): VIDEO_PROGRESSIVE	
D/libRTKHDMIControl( 2723): => 1080p 60Hz
D/libRTKHDMIControl( 2723): vid :16 is found in HDMI_EDID.VDB
D/libRTKHDMIControl( 2723): [HDMI] return vid: 16
D/libRTKHDMIControl( 2723): [HDMI_CheckAutoVideoFormat]: vid(16) in system is NOT the same as the vid(21) in fw ==> reload
D/libRTKHDMIControl( 2723): HDMI_GetAutoVideoFormat in HDMI mode
D/librealtek_runtime( 2723): Update videoSystem: 5, videoStandard: 1
D/libRTKHDMIControl( 2723): [updateHDMISetting]: videoSystem:5, videoStandard:1; autoMode: 1
D/librealtek_runtime( 2723): [device/realtek/frameworks/services/jni/com_realtek_server_RtkHDMIService.cpp:961:void android::reloadTVSystem()]
D/librealtek_runtime( 2723): [version: revA-eltex-1.0.28-b76]
D/librealtek_runtime( 2723): [device/realtek/frameworks/services/jni/com_realtek_server_RtkHDMIService.cpp:979:void android::reloadTVSystem()] read from NAND START................ 
D/libRTKHDMIControl( 2723): 
D/libRTKHDMIControl( 2723): 
D/libRTKHDMIControl( 2723): 
D/libRTKHDMIControl( 2723): [checkNandTvSystem] Enter..........UPDATE_NAND_TYPE=3 
D/libRTKHDMIControl( 2723): 
D/libRTKHDMIControl( 2723): [checkNandTvSystem] orgNandPath=/tmp/factory/video_rpc_org.bin 
D/libRTKHDMIControl( 2723): 
D/libRTKHDMIControl( 2723): [checkNandTvSystem] read from NAND org-data !
D/libRTKHDMIControl( 2723): 
D/libRTKHDMIControl( 2723): [checkNandTvSystem] read from Nand is done !! 
D/libRTKHDMIControl( 2723): 
D/librealtek_runtime( 2723): [device/realtek/frameworks/services/jni/com_realtek_server_RtkHDMIService.cpp:981:void android::reloadTVSystem()] read from NAND END................ 
D/librealtek_runtime( 2723): Call VoutUtil::instance().ApplyVideoStandardSetup.
D/VOUTUTIL( 2723): [VoutUtil::ApplyVideoStandardSetup] Get VideoSystem=5,  Video standard=1 (from Setup database)! 
D/VOUTUTIL( 2723): 
D/VOUTUTIL( 2723): 		[device/realtek/proprietary/libs/hardware/VoutUtil/VoutUtil.cpp:272,HRESULT VoutUtil::SetVideoStandard(VO_STANDARD, u_char, u_char, u_char, VO_PEDESTAL_TYPE, u_int, u_int, bool, int, VIDEO_RPC_VOUT_CONFIG_TV_SYSTEM*, VIDEO_RPC_VOUT_CONFIG_TV_SYSTEM*, bool)] A,  format3d = -1 
D/VOUTUTIL( 2723): 		[device/realtek/proprietary/libs/hardware/VoutUtil/VoutUtil.cpp:439,HRESULT VoutUtil::SetVideoStandard(VO_STANDARD, u_char, u_char, u_char, VO_PEDESTAL_TYPE, u_int, u_int, bool, int, VIDEO_RPC_VOUT_CONFIG_TV_SYSTEM*, VIDEO_RPC_VOUT_CONFIG_TV_SYSTEM*, bool)]  bUpdateHdmi = true 
D/VOUTUTIL( 2723): 		[device/realtek/proprietary/libs/hardware/VoutUtil/VoutUtil.cpp:440,HRESULT VoutUtil::SetVideoStandard(VO_STANDARD, u_char, u_char, u_char, VO_PEDESTAL_TYPE, u_int, u_int, bool, int, VIDEO_RPC_VOUT_CONFIG_TV_SYSTEM*, VIDEO_RPC_VOUT_CONFIG_TV_SYSTEM*, bool)]   hdmiSystem = 5 
D/VOUTUTIL( 2723): 		[device/realtek/proprietary/libs/hardware/VoutUtil/VoutUtil.cpp:451,HRESULT VoutUtil::SetVideoStandard(VO_STANDARD, u_char, u_char, u_char, VO_PEDESTAL_TYPE, u_int, u_int, bool, int, VIDEO_RPC_VOUT_CONFIG_TV_SYSTEM*, VIDEO_RPC_VOUT_CONFIG_TV_SYSTEM*, bool)] 1,  standard = 25 
D/VOUTUTIL( 2723): 		[device/realtek/proprietary/libs/hardware/VoutUtil/VoutUtil.cpp:452,HRESULT VoutUtil::SetVideoStandard(VO_STANDARD, u_char, u_char, u_char, VO_PEDESTAL_TYPE, u_int, u_int, bool, int, VIDEO_RPC_VOUT_CONFIG_TV_SYSTEM*, VIDEO_RPC_VOUT_CONFIG_TV_SYSTEM*, bool)] 2,    enProg = 1 
D/VOUTUTIL( 2723): 		[device/realtek/proprietary/libs/hardware/VoutUtil/VoutUtil.cpp:453,HRESULT VoutUtil::SetVideoStandard(VO_STANDARD, u_char, u_char, u_char, VO_PEDESTAL_TYPE, u_int, u_int, bool, int, VIDEO_RPC_VOUT_CONFIG_TV_SYSTEM*, VIDEO_RPC_VOUT_CONFIG_TV_SYSTEM*, bool)] 3,     enDIF = 1 
D/VOUTUTIL( 2723): 		[device/realtek/proprietary/libs/hardware/VoutUtil/VoutUtil.cpp:454,HRESULT VoutUtil::SetVideoStandard(VO_STANDARD, u_char, u_char, u_char, VO_PEDESTAL_TYPE, u_int, u_int, bool, int, VIDEO_RPC_VOUT_CONFIG_TV_SYSTEM*, VIDEO_RPC_VOUT_CONFIG_TV_SYSTEM*, bool)] 4, enCompRGB = 0 
D/VOUTUTIL( 2723): 		[device/realtek/proprietary/libs/hardware/VoutUtil/VoutUtil.cpp:455,HRESULT VoutUtil::SetVideoStandard(VO_STANDARD, u_char, u_char, u_char, VO_PEDESTAL_TYPE, u_int, u_int, bool, int, VIDEO_RPC_VOUT_CONFIG_TV_SYSTEM*, VIDEO_RPC_VOUT_CONFIG_TV_SYSTEM*, bool)] 5,   pedType = 1 
D/VOUTUTIL( 2723): 		[device/realtek/proprietary/libs/hardware/VoutUtil/VoutUtil.cpp:456,HRESULT VoutUtil::SetVideoStandard(VO_STANDARD, u_char, u_char, u_char, VO_PEDESTAL_TYPE, u_int, u_int, bool, int, VIDEO_RPC_VOUT_CONFIG_TV_SYSTEM*, VIDEO_RPC_VOUT_CONFIG_TV_SYSTEM*, bool)] 6,  dataInt0 = 4 
D/VOUTUTIL( 2723): 		[device/realtek/proprietary/libs/hardware/VoutUtil/VoutUtil.cpp:457,HRESULT VoutUtil::SetVideoStandard(VO_STANDARD, u_char, u_char, u_char, VO_PEDESTAL_TYPE, u_int, u_int, bool, int, VIDEO_RPC_VOUT_CONFIG_TV_SYSTEM*, VIDEO_RPC_VOUT_CONFIG_TV_SYSTEM*, bool)] 7,  dataInt1 = 0 
D/VOUTUTIL( 2723): [device/realtek/proprietary/libs/hardware/VoutUtil/VoutUtil.cpp:188,HRESULT VoutUtil::SetTvSystem(VIDEO_RPC_VOUT_CONFIG_VIDEO_STANDARD, bool, ENUM_VIDEO_SYSTEM, u_char, VIDEO_RPC_VOUT_CONFIG_TV_SYSTEM*, VIDEO_RPC_VOUT_CONFIG_TV_SYSTEM*, bool)] Turn On VIDEO
D/VOUTUTIL( 2723): [device/realtek/proprietary/libs/hardware/VoutUtil/VoutUtil.cpp:191,HRESULT VoutUtil::SetTvSystem(VIDEO_RPC_VOUT_CONFIG_VIDEO_STANDARD, bool, ENUM_VIDEO_SYSTEM, u_char, VIDEO_RPC_VOUT_CONFIG_TV_SYSTEM*, VIDEO_RPC_VOUT_CONFIG_TV_SYSTEM*, bool)] Turn On VIDEO, both HDMI and CVBS
D/libRTKHDMIControl( 2723): [HDMI]: device/realtek/proprietary/libs/HDMIControl/HDMIUtil.cpp:int HDMI_SetVideoFormatByTvSystem2(VIDEO_RPC_VOUT_CONFIG_VIDEO_STANDARD, ENUM_VIDEO_SYSTEM, ENUM_VIDEO_STANDARD, VIDEO_RPC_VOUT_CONFIG_TV_SYSTEM*, VIDEO_RPC_VOUT_CONFIG_TV_SYSTEM*, bool)(339) ST
D/HDMI-Controller( 2723): HDMIController::isSinkConnected: 1
D/libRTKHDMIControl( 2723): [HDMI] int decideHDMI_SDHD(ENUM_VIDEO_SYSTEM, ENUM_VIDEO_STANDARD)(2363) videoSystem 5, videoStandard 1, aspect_ratio 0!!!
D/libRTKHDMIControl( 2723): [HDMI] int decideHDMI_SDHD(ENUM_VIDEO_SYSTEM, ENUM_VIDEO_STANDARD)(2392) aspect_ratio 0 does not match !!!
D/libRTKHDMIControl( 2723): [HDMI] VID = 0x10	
D/libRTKHDMIControl( 2723): 1080p 60Hz
D/libRTKHDMIControl( 2723): [HDMI]: device/realtek/proprietary/libs/HDMIControl/HDMIUtil.cpp:int HDMI_SetAudioFormat2(VIDEO_RPC_VOUT_CONFIG_VIDEO_STANDARD, VIDEO_RPC_VOUT_CONFIG_TV_SYSTEM*, VIDEO_RPC_VOUT_CONFIG_TV_SYSTEM*, bool)(1489) ST
D/libRTKHDMIControl( 2723): [HDMI]: device/realtek/proprietary/libs/HDMIControl/HDMIUtil.cpp:void getVidNameByTV(ENUM_VIDEO_SYSTEM, ENUM_VIDEO_STANDARD, int) (850) videoSystem=5 videoStandard=1
D/libRTKHDMIControl( 2723): [HDMI]: getVidNameByTV	=>  
D/libRTKHDMIControl( 2723): VIDEO_HD1080_60HZ	
D/libRTKHDMIControl( 2723): VIDEO_PROGRESSIVE	
D/libRTKHDMIControl( 2723): => 1080p 60Hz
D/libRTKHDMIControl( 2723): vid :16 is found in HDMI_EDID.VDB
D/libRTKHDMIControl( 2723): [HDMI] return vid: 16
D/libRTKHDMIControl( 2723): [HDMI]: check_hdmi_aspect_ratio, TvSystem=5 TvStandard=1 AspectRatio=0
D/libRTKHDMIControl( 2723): [HDMI] VID = 0x10 = 16
D/HDMI-Controller( 2723): getTVSupportxvYCC:0
D/libRTKHDMIControl( 2723): [HDMI]: TVSupportxvYCC = 0
D/libRTKHDMIControl( 2723): [HDMI]: TVSupportxvYCC = 0, Set C1 C0, do not send metadata.
D/HDMI-Controller( 2723): HDMI DEVICE MODE: 1
D/libRTKHDMIControl( 2723): [HDMI]: Turn on HDMI
D/HDMI-Controller( 2723): getTVSupportYCbCr: 7
D/libRTKHDMIControl( 2723): [HDMI]: TVSupportYCbCr = 7
D/libRTKHDMIControl( 2723): [HDMI]: This TV supports both YCbCr444 & YCbCr422.
D/HDMI-Controller( 2723): getTVSupportDeepColor: 3
D/libRTKHDMIControl( 2723): [HDMI]: TVSupportDeepColor = 3
D/libRTKHDMIControl( 2723): [HDMI]: This TV supports both 12 bit & 10 bit in Deep Color Mode.
D/HDMI-Controller( 2723): getTVSupportDeepColorYCbCr444: 1
D/libRTKHDMIControl( 2723): [HDMI]: TVSupportDeepColorYCbCr444 = 1
D/libRTKHDMIControl( 2723): [HDMI]: This TV supports YCbCr444 in Deep Color Modes.
D/HDMI-Controller( 2723): HDMI DEVICE MODE: 1
D/libRTKHDMIControl( 2723): [HDMI]: persist.rtk.hdmitx.colorspace (0) 
D/libRTKHDMIControl( 2723): [HDMI]: Disable audio setting by video.
D/HDMI-Controller( 2723): getTVSupportDeepColor: 3
D/libRTKHDMIControl( 2723): [HDMI]: TVSupportDeepColor = 3
D/HDMI-Controller( 2723): getTVSupportDeepColorYCbCr444: 1
D/libRTKHDMIControl( 2723): [HDMI]: TVSupportDeepColorYCbCr444 = 1
D/libRTKHDMIControl( 2723): [HDMI]: HDMIDeepColorMode = 3
D/libRTKHDMIControl( 2723): [HDMI]: dataInt0=1 => 24 bits/pixel
D/libRTKHDMIControl( 2723): david0729: device/realtek/proprietary/libs/HDMIControl/HDMIUtil.cpp:void createHDMIInfoFrame()(1932) dataInt0=1
D/libRTKHDMIControl( 2723): [HDMI]: device/realtek/proprietary/libs/HDMIControl/HDMIUtil.cpp:int HDMI_SetAudioFormat2(VIDEO_RPC_VOUT_CONFIG_VIDEO_STANDARD, VIDEO_RPC_VOUT_CONFIG_TV_SYSTEM*, VIDEO_RPC_VOUT_CONFIG_TV_SYSTEM*, bool)(1524) ST new RPC new RPC new RPC
D/libRTKHDMIControl( 2723): 		[device/realtek/proprietary/libs/HDMIControl/HDMIUtil.cpp:1527,int HDMI_SetAudioFormat2(VIDEO_RPC_VOUT_CONFIG_VIDEO_STANDARD, VIDEO_RPC_VOUT_CONFIG_TV_SYSTEM*, VIDEO_RPC_VOUT_CONFIG_TV_SYSTEM*, bool)] 1,  standard = 25 
D/libRTKHDMIControl( 2723): 		[device/realtek/proprietary/libs/HDMIControl/HDMIUtil.cpp:1528,int HDMI_SetAudioFormat2(VIDEO_RPC_VOUT_CONFIG_VIDEO_STANDARD, VIDEO_RPC_VOUT_CONFIG_TV_SYSTEM*, VIDEO_RPC_VOUT_CONFIG_TV_SYSTEM*, bool)] 2,    enProg = 1 
D/libRTKHDMIControl( 2723): 		[device/realtek/proprietary/libs/HDMIControl/HDMIUtil.cpp:1529,int HDMI_SetAudioFormat2(VIDEO_RPC_VOUT_CONFIG_VIDEO_STANDARD, VIDEO_RPC_VOUT_CONFIG_TV_SYSTEM*, VIDEO_RPC_VOUT_CONFIG_TV_SYSTEM*, bool)] 3,     enDIF = 1 
D/libRTKHDMIControl( 2723): 		[device/realtek/proprietary/libs/HDMIControl/HDMIUtil.cpp:1530,int HDMI_SetAudioFormat2(VIDEO_RPC_VOUT_CONFIG_VIDEO_STANDARD, VIDEO_RPC_VOUT_CONFIG_TV_SYSTEM*, VIDEO_RPC_VOUT_CONFIG_TV_SYSTEM*, bool)] 4, enCompRGB = 0 
D/libRTKHDMIControl( 2723): 		[device/realtek/proprietary/libs/HDMIControl/HDMIUtil.cpp:1531,int HDMI_SetAudioFormat2(VIDEO_RPC_VOUT_CONFIG_VIDEO_STANDARD, VIDEO_RPC_VOUT_CONFIG_TV_SYSTEM*, VIDEO_RPC_VOUT_CONFIG_TV_SYSTEM*, bool)] 5,   pedType = 1 
D/libRTKHDMIControl( 2723): 		[device/realtek/proprietary/libs/HDMIControl/HDMIUtil.cpp:1532,int HDMI_SetAudioFormat2(VIDEO_RPC_VOUT_CONFIG_VIDEO_STANDARD, VIDEO_RPC_VOUT_CONFIG_TV_SYSTEM*, VIDEO_RPC_VOUT_CONFIG_TV_SYSTEM*, bool)] 6,  dataInt0 = 4 
D/libRTKHDMIControl( 2723): 		[device/realtek/proprietary/libs/HDMIControl/HDMIUtil.cpp:1533,int HDMI_SetAudioFormat2(VIDEO_RPC_VOUT_CONFIG_VIDEO_STANDARD, VIDEO_RPC_VOUT_CONFIG_TV_SYSTEM*, VIDEO_RPC_VOUT_CONFIG_TV_SYSTEM*, bool)] 7,  dataInt1 = 0 
D/libRTKHDMIControl( 2723): [HDMI]: device/realtek/proprietary/libs/HDMIControl/HDMIUtil.cpp:int HDMI_SetAudioFormat2(VIDEO_RPC_VOUT_CONFIG_VIDEO_STANDARD, VIDEO_RPC_VOUT_CONFIG_TV_SYSTEM*, VIDEO_RPC_VOUT_CONFIG_TV_SYSTEM*, bool)(1536) hdmiMode=1
D/libRTKHDMIControl( 2723): [HDMI]: device/realtek/proprietary/libs/HDMIControl/HDMIUtil.cpp:int HDMI_SetAudioFormat2(VIDEO_RPC_VOUT_CONFIG_VIDEO_STANDARD, VIDEO_RPC_VOUT_CONFIG_TV_SYSTEM*, VIDEO_RPC_VOUT_CONFIG_TV_SYSTEM*, bool)(1537) audioSampleFreq=3
D/libRTKHDMIControl( 2723): [HDMI]: device/realtek/proprietary/libs/HDMIControl/HDMIUtil.cpp:int HDMI_SetAudioFormat2(VIDEO_RPC_VOUT_CONFIG_VIDEO_STANDARD, VIDEO_RPC_VOUT_CONFIG_TV_SYSTEM*, VIDEO_RPC_VOUT_CONFIG_TV_SYSTEM*, bool)(1538) audioChannelCount=1
D/libRTKHDMIControl( 2723): [HDMI]: device/realtek/proprietary/libs/HDMIControl/HDMIUtil.cpp:int HDMI_SetAudioFormat2(VIDEO_RPC_VOUT_CONFIG_VIDEO_STANDARD, VIDEO_RPC_VOUT_CONFIG_TV_SYSTEM*, VIDEO_RPC_VOUT_CONFIG_TV_SYSTEM*, bool)(1539) dataByte1=64
D/libRTKHDMIControl( 2723): [HDMI]: device/realtek/proprietary/libs/HDMIControl/HDMIUtil.cpp:int HDMI_SetAudioFormat2(VIDEO_RPC_VOUT_CONFIG_VIDEO_STANDARD, VIDEO_RPC_VOUT_CONFIG_TV_SYSTEM*, VIDEO_RPC_VOUT_CONFIG_TV_SYSTEM*, bool)(1540) dataByte2=168
D/libRTKHDMIControl( 2723): [HDMI]: device/realtek/proprietary/libs/HDMIControl/HDMIUtil.cpp:int HDMI_SetAudioFormat2(VIDEO_RPC_VOUT_CONFIG_VIDEO_STANDARD, VIDEO_RPC_VOUT_CONFIG_TV_SYSTEM*, VIDEO_RPC_VOUT_CONFIG_TV_SYSTEM*, bool)(1541) dataByte3=0
D/libRTKHDMIControl( 2723): [HDMI]: device/realtek/proprietary/libs/HDMIControl/HDMIUtil.cpp:int HDMI_SetAudioFormat2(VIDEO_RPC_VOUT_CONFIG_VIDEO_STANDARD, VIDEO_RPC_VOUT_CONFIG_TV_SYSTEM*, VIDEO_RPC_VOUT_CONFIG_TV_SYSTEM*, bool)(1542) dataByte4=0
D/libRTKHDMIControl( 2723): [HDMI]: device/realtek/proprietary/libs/HDMIControl/HDMIUtil.cpp:int HDMI_SetAudioFormat2(VIDEO_RPC_VOUT_CONFIG_VIDEO_STANDARD, VIDEO_RPC_VOUT_CONFIG_TV_SYSTEM*, VIDEO_RPC_VOUT_CONFIG_TV_SYSTEM*, bool)(1543) dataByte5=0
D/libRTKHDMIControl( 2723): [HDMI]: device/realtek/proprietary/libs/HDMIControl/HDMIUtil.cpp:int HDMI_SetAudioFormat2(VIDEO_RPC_VOUT_CONFIG_VIDEO_STANDARD, VIDEO_RPC_VOUT_CONFIG_TV_SYSTEM*, VIDEO_RPC_VOUT_CONFIG_TV_SYSTEM*, bool)(1544) dataInt0=1
D/libRTKHDMIControl( 2723): [HDMI]: device/realtek/proprietary/libs/HDMIControl/HDMIUtil.cpp:int HDMI_SetAudioFormat2(VIDEO_RPC_VOUT_CONFIG_VIDEO_STANDARD, VIDEO_RPC_VOUT_CONFIG_TV_SYSTEM*, VIDEO_RPC_VOUT_CONFIG_TV_SYSTEM*, bool)(1546) videoInfo.enProg=1
D/        ( 2723):  enter hdmi_check_tmds_src
D/HDMI-Controller( 2723): [HDMI] LinkStatus: 2
D/libRTKHDMIControl( 2723): [HDMI / MHL]: device/realtek/proprietary/libs/HDMIControl/HDMIUtil.cpp:int HDMI_SetAudioFormat2(VIDEO_RPC_VOUT_CONFIG_VIDEO_STANDARD, VIDEO_RPC_VOUT_CONFIG_TV_SYSTEM*, VIDEO_RPC_VOUT_CONFIG_TV_SYSTEM*, bool)(1562) bUpdateVideo = 1 
D/libRTKHDMIControl( 2723): [HDMI / MHL]: video parameters different, need to do video setting.
D/libRTKHDMIControl( 2723): [HDMI / MHL]: video parameters different, need to do video setting.
D/libRTKHDMIControl( 2723): [HDMI / MHL]: video parameters different, need to do video setting.
D/libRTKHDMIControl( 2723): [HDMI]: send AVMute
D/HDMI-Controller( 2723): sendAVMute:  1
D/        ( 2723):  enter hdmi_send_avmute
E/NuPlayerRenderer( 2291): RNDR: dVA -192000 (dVAavg -244000), V 17160000, A 17352000, Asink 17194668
D/HDMI-Controller( 2723): Enter HDMIController::configTVSystem()
D/        ( 2723):  enter hdmi_config_tv_system
D/libRTKHDMIControl( 2723): [HDMI]: device/realtek/proprietary/libs/HDMIControl/HDMIUtil.cpp:void getVidNameByTV(ENUM_VIDEO_SYSTEM, ENUM_VIDEO_STANDARD, int) (850) videoSystem=5 videoStandard=1
D/libRTKHDMIControl( 2723): [HDMI]: getVidNameByTV	=>  
D/libRTKHDMIControl( 2723): VIDEO_HD1080_60HZ	
D/libRTKHDMIControl( 2723): VIDEO_PROGRESSIVE	
D/libRTKHDMIControl( 2723): => 1080p 60Hz
D/libRTKHDMIControl( 2723): vid :16 is found in HDMI_EDID.VDB
D/libRTKHDMIControl( 2723): [HDMI] return vid: 16
D/libRTKHDMIControl( 2723): [HDMI] AUDIO use Input_I2S !!!!
E/UDPSource( 2291): in buffer: a[23, 13248] 552.000 ms, v[57, 397338] 1180.000 ms
E/UDPSource( 2291): in datasource: 6903360 bytes, extractor created ? 1
D/HDMI-Controller( 2723): restartHDMI: To be implemented later??
D/HDMI-Controller( 2723): VID=16=0x10 HDMI_Frequency=3
D/HDMI-Controller( 2723): [HDMI]: SET_HDMI_Frequency ST vid=0x10 HDMI_Freq=3
D/HDMI-Controller( 2723): [HDMI]: SET_HDMI_Frequency vid=0x10 HDMI_Freq=3 parameter the same, ignore it.
D/HDMI-Controller( 2723): sendAVMute:  0
D/        ( 2723):  enter hdmi_send_avmute
D/HDMI-Controller( 2723): HDMI DEVICE MODE: 1
D/libRTKHDMIControl( 2723): [HDMI]: HDMILipSyncMode = 1298	
D/libRTKHDMIControl( 2723): AUTO
D/libRTKHDMIControl( 2723): [HDMI]: HDMI Latency does not exist. Set 0 delay.
D/        ( 2723):  enter hdmi_audio_VSDB_data
D/libRTKHDMIControl( 2723): [HDMI]: Current VID = 0x10 = 16
D/libRTKHDMIControl( 2723): [HDMI]: OK! We are transmitting a video format that TV does support.
D/HDMI-Controller( 2723): HDMI DEVICE MODE: 1
D/libRTKHDMIControl( 2723): [HDMI]: Turn on HDMI AUDIO
D/HDMI-Controller( 2723): [HDMI]: Clear HDMI Audio Mute(Turn on AUDIO)
D/        ( 2723):  enter hdmi_send_audio_mute
D/HDMI-Controller( 2723): getTVSupportHDCP: To be implemented
D/libRTKHDMIControl( 2723): [HDMI]: device/realtek/proprietary/libs/HDMIControl/HDMIUtil.cpp:void getVidNameByTV(ENUM_VIDEO_SYSTEM, ENUM_VIDEO_STANDARD, int) (850) videoSystem=5 videoStandard=1
D/libRTKHDMIControl( 2723): [HDMI]: getVidNameByTV	=>  
D/libRTKHDMIControl( 2723): VIDEO_HD1080_60HZ	
D/libRTKHDMIControl( 2723): VIDEO_PROGRESSIVE	
D/libRTKHDMIControl( 2723): => 1080p 60Hz
D/libRTKHDMIControl( 2723): vid :16 is found in HDMI_EDID.VDB
D/libRTKHDMIControl( 2723): [HDMI] return vid: 16
D/libRTKHDMIControl( 2723): [HDMI] i 23 - HDMI_Video_List[i] 10
D/libRTKHDMIControl( 2723): [HDMI] HDMI_GetNextVideoListIndex 24
D/libRTKHDMIControl( 2723): [HDMI_CheckVideoFormat]: return vid: 16
D/VOUTUTIL( 2723): [device/realtek/proprietary/libs/hardware/VoutUtil/VoutUtil.cpp:195,HRESULT VoutUtil::SetTvSystem(VIDEO_RPC_VOUT_CONFIG_VIDEO_STANDARD, bool, ENUM_VIDEO_SYSTEM, u_char, VIDEO_RPC_VOUT_CONFIG_TV_SYSTEM*, VIDEO_RPC_VOUT_CONFIG_TV_SYSTEM*, bool)] Turn On VIDEO, both HDMI and CVBS OK
D/librealtek_runtime( 2723): Call VoutUtil::instance().ApplyVoutDisplayWindowSetup.
D/VOUTUTIL( 2723): set rect to rect1080
D/VOUTUTIL( 2723): set rtk.hwc.v1.reset to 1
D/VOUTUTIL( 2723): isZoom: 0
D/librealtek_runtime( 2723): [device/realtek/frameworks/services/jni/com_realtek_server_RtkHDMIService.cpp:996:void android::reloadTVSystem()] compare current TV system & Nand data , result = 1 
D/librealtek_runtime( 2723): [device/realtek/frameworks/services/jni/com_realtek_server_RtkHDMIService.cpp:999:void android::reloadTVSystem()] write to NAND START................ 
D/libRTKHDMIControl( 2723): 
D/libRTKHDMIControl( 2723): 
D/libRTKHDMIControl( 2723): 
D/libRTKHDMIControl( 2723): [checkNandTvSystem] Enter..........UPDATE_NAND_TYPE=2 
D/libRTKHDMIControl( 2723): 
D/libRTKHDMIControl( 2723): [checkNandTvSystem] orgNandPath=/tmp/factory/video_rpc_org.bin 
D/libRTKHDMIControl( 2723): 
D/libRTKHDMIControl( 2723): [checkNandTvSystem]: start to update to NAND.... 
D/libRTKHDMIControl( 2723): 
D/libRTKHDMIControl( 2723): [checkNandTvSystem] write org-data to file = /tmp/factory/video_rpc_org.bin 
D/libRTKHDMIControl( 2723): 
D/libRTKHDMIControl( 2723): [device/realtek/proprietary/libs/HDMIControl/HDMIUtil.cpp:2948:bool checkNandTVSystem(VIDEO_RPC_VOUT_CONFIG_TV_SYSTEM*, UPDATE_NAND_TYPE)].cmd=factory save
D/libRTKHDMIControl( 2723): ctl.start - factory:save
E/SettingsService( 2723): Exception: SettingsNotFound - realtek_setup_screen_zoom_on
V/hwcomposer( 2288): hwc_vo_layer_scaler Query DisplayWin! V1 [1920 x 1080]
V/hwcomposer( 2288): hwc_vo_layer_scaler [1280 x 720] => [1280 x 720]
E/NuPlayerRenderer( 2291): RNDR: dVA -192000 (dVAavg -244000), V 17160000, A 17352000, Asink 17194668
I/NuPlayerDriver( 2291): notifyDuration: 0
E/NuPlayerRenderer( 2291): RNDR: dVA -192000 (dVAavg -244000), V 17160000, A 17352000, Asink 17194668
E/UDPSource( 2291): in buffer: a[23, 13248] 552.000 ms, v[57, 397338] 1180.000 ms
E/UDPSource( 2291): in datasource: 6903360 bytes, extractor created ? 1
D/libRTKHDMIControl( 2723): [checkNandTvSystem]: after Update to NAND. isTheSame=0 --- END! 
D/librealtek_runtime( 2723): [device/realtek/frameworks/services/jni/com_realtek_server_RtkHDMIService.cpp:1001:void android::reloadTVSystem()] write to NAND END................ 
V/RtkVoutUtilManager( 2723): RtkVoutUtilManager::isZooming()
W/AudioPolicyManagerBase( 2291): checkOutputsForDevice(): No output available for device 0400
W/RtkHDMIService( 2723): handleHotPlug hdcpEnabledByConfig =false
W/RtkHDMIService( 2723): handleHotPlug bHDCP =true
I/RtkCECService( 2723): Got HDMI plug event [true]
V/WiredAccessoryManager( 2723): device hdmi connected
E/NuPlayerRenderer( 2291): RNDR: dVA -192000 (dVAavg -244000), V 17160000, A 17352000, Asink 17194668
I/NuPlayerDriver( 2291): notifyDuration: 0
E/NuPlayerRenderer( 2291): RNDR: dVA -192000 (dVAavg -244000), V 17160000, A 17352000, Asink 17194668
E/UDPSource( 2291): in buffer: a[23, 13248] 552.000 ms, v[57, 397338] 1180.000 ms
E/UDPSource( 2291): in datasource: 6903360 bytes, extractor created ? 1
E/NuPlayerRenderer( 2291): RNDR: dVA -192000 (dVAavg -244000), V 17160000, A 17352000, Asink 17194668
V/librealtek_runtime( 2723): RtkCECJNI: RtkCECService_HDMIHotPlug
I/[CEC] AP INFO,( 2723): [device/realtek/frameworks/services/jni/CEC/CECAPBridgeImpl.cpp,int CECAPBridgeImpl::CallBack_hdmi_event(bool),907] CallBack_hdmi_event.
I/[CEC] AP INFO,( 2723): 
I/[CEC] AP INFO,( 2723): 
I/[CEC] AP INFO,( 2723): 
I/[CEC] AP INFO,( 2723): Got HDMI Address : PLUG IN PA=2000
I/[CEC] AP INFO,( 2723): *******************************************
I/[CEC] AP INFO,( 2723):  
I/[CEC] AP INFO,( 2723): Got HDMIThreadEvent, getHDMISourceAddress
I/[CEC] AP INFO,( 2723):  
I/[CEC] AP INFO,( 2723): CECAPBridgeImpl::doUpdatePhysicalAddress(2000, ffff)
I/[CEC] AP INFO,( 2723): *******************************************
I/[CEC] AP INFO,( 2723):  
I/NuPlayerDriver( 2291): notifyDuration: 0
E/NuPlayerRenderer( 2291): RNDR: dVA -192000 (dVAavg -244000), V 17160000, A 17352000, Asink 17194668
E/UDPSource( 2291): in buffer: a[23, 13248] 552.000 ms, v[57, 397338] 1180.000 ms
E/UDPSource( 2291): in datasource: 6903360 bytes, extractor created ? 1
E/NuPlayerRenderer( 2291): RNDR: dVA -192000 (dVAavg -244000), V 17160000, A 17352000, Asink 17194668
D/HDMI-Controller( 2723): HDMIController::isSinkConnected: 1
D/        ( 2723):  enter hdmi_check_rx_sense
D/HDMI-Controller( 2723): HDMIController::checkRxSense: 0
W/librealtek_runtime( 2723): stopAllClientsOfMediaPlayerService: try to stop all clients of mediaserver...
W/AudioCache( 2291): MediaPlayerService::stopAllClients CALLED
D/WindowManager( 2723): HDMIStateChangedReceviver: ready = false
D/WindowManager( 2723): Left second to nothing: 30 sec
D/RtkHDMIService( 2723): HDMI_STATUS_CHANGED: HDMI_READY = false
I/NuPlayerDriver( 2291): notifyDuration: 0
E/NuPlayerRenderer( 2291): RNDR: dVA -192000 (dVAavg -244000), V 17160000, A 17352000, Asink 17194668
E/UDPSource( 2291): in buffer: a[23, 13248] 552.000 ms, v[57, 397338] 1180.000 ms
E/UDPSource( 2291): in datasource: 6903360 bytes, extractor created ? 1
E/NuPlayerRenderer( 2291): RNDR: dVA -192000 (dVAavg -244000), V 17160000, A 17352000, Asink 17194668
I/NuPlayerDriver( 2291): notifyDuration: 0
E/NuPlayerRenderer( 2291): RNDR: dVA -192000 (dVAavg -244000), V 17160000, A 17352000, Asink 17194668
E/UDPSource( 2291): in buffer: a[23, 13248] 552.000 ms, v[57, 397338] 1180.000 ms
E/UDPSource( 2291): in datasource: 6903360 bytes, extractor created ? 1
E/NuPlayerRenderer( 2291): RNDR: dVA -192000 (dVAavg -244000), V 17160000, A 17352000, Asink 17194668
I/NuPlayerDriver( 2291): notifyDuration: 0
E/NuPlayerRenderer( 2291): RNDR: dVA -192000 (dVAavg -244000), V 17160000, A 17352000, Asink 17194668
E/UDPSource( 2291): in buffer: a[23, 13248] 552.000 ms, v[57, 397338] 1180.000 ms
E/UDPSource( 2291): in datasource: 6903360 bytes, extractor created ? 1
E/NuPlayerRenderer( 2291): RNDR: dVA -192000 (dVAavg -244000), V 17160000, A 17352000, Asink 17194668
I/NuPlayerDriver( 2291): notifyDuration: 0
E/NuPlayerRenderer( 2291): RNDR: dVA -192000 (dVAavg -244000), V 17160000, A 17352000, Asink 17194668
E/UDPSource( 2291): in buffer: a[23, 13248] 552.000 ms, v[57, 397338] 1180.000 ms
E/UDPSource( 2291): in datasource: 6903360 bytes, extractor created ? 1
E/NuPlayerRenderer( 2291): RNDR: dVA -192000 (dVAavg -244000), V 17160000, A 17352000, Asink 17194668
I/NuPlayerDriver( 2291): notifyDuration: 0
E/NuPlayerRenderer( 2291): RNDR: dVA -192000 (dVAavg -244000), V 17160000, A 17352000, Asink 17194668
E/UDPSource( 2291): in buffer: a[23, 13248] 552.000 ms, v[57, 397338] 1180.000 ms
E/UDPSource( 2291): in datasource: 6903360 bytes, extractor created ? 1
E/NuPlayerRenderer( 2291): RNDR: dVA -192000 (dVAavg -244000), V 17160000, A 17352000, Asink 17194668
D/WindowManager( 2723): Left second to nothing: 24 sec
I/NuPlayerDriver( 2291): notifyDuration: 0
E/NuPlayerRenderer( 2291): RNDR: dVA -192000 (dVAavg -244000), V 17160000, A 17352000, Asink 17194668
E/UDPSource( 2291): in buffer: a[23, 13248] 552.000 ms, v[57, 397338] 1180.000 ms
E/UDPSource( 2291): in datasource: 6903360 bytes, extractor created ? 1
E/NuPlayerRenderer( 2291): RNDR: dVA -192000 (dVAavg -244000), V 17160000, A 17352000, Asink 17194668
I/NuPlayerDriver( 2291): notifyDuration: 0
E/NuPlayerRenderer( 2291): RNDR: dVA -192000 (dVAavg -244000), V 17160000, A 17352000, Asink 17194668
E/UDPSource( 2291): in buffer: a[23, 13248] 552.000 ms, v[57, 397338] 1180.000 ms
E/UDPSource( 2291): in datasource: 6903360 bytes, extractor created ? 1
E/NuPlayerRenderer( 2291): RNDR: dVA -192000 (dVAavg -244000), V 17160000, A 17352000, Asink 17194668
I/NuPlayerDriver( 2291): notifyDuration: 0
E/NuPlayerRenderer( 2291): RNDR: dVA -192000 (dVAavg -244000), V 17160000, A 17352000, Asink 17194668
E/UDPSource( 2291): in buffer: a[23, 13248] 552.000 ms, v[57, 397338] 1180.000 ms
E/UDPSource( 2291): in datasource: 6903360 bytes, extractor created ? 1
E/NuPlayerRenderer( 2291): RNDR: dVA -192000 (dVAavg -244000), V 17160000, A 17352000, Asink 17194668
I/NuPlayerDriver( 2291): notifyDuration: 0
E/NuPlayerRenderer( 2291): RNDR: dVA -192000 (dVAavg -244000), V 17160000, A 17352000, Asink 17194668
E/UDPSource( 2291): in buffer: a[23, 13248] 552.000 ms, v[57, 397338] 1180.000 ms
E/UDPSource( 2291): in datasource: 6903360 bytes, extractor created ? 1
E/NuPlayerRenderer( 2291): RNDR: dVA -192000 (dVAavg -244000), V 17160000, A 17352000, Asink 17194668
I/NuPlayerDriver( 2291): notifyDuration: 0
E/NuPlayerRenderer( 2291): RNDR: dVA -192000 (dVAavg -244000), V 17160000, A 17352000, Asink 17194668
E/UDPSource( 2291): in buffer: a[23, 13248] 552.000 ms, v[57, 397338] 1180.000 ms
E/UDPSource( 2291): in datasource: 6903360 bytes, extractor created ? 1
E/NuPlayerRenderer( 2291): RNDR: dVA -192000 (dVAavg -244000), V 17160000, A 17352000, Asink 17194668
D/HDMI-Controller( 2723): HDMIController::isSinkConnected: 1
D/        ( 2723):  enter hdmi_check_rx_sense
D/HDMI-Controller( 2723): HDMIController::checkRxSense: 0
D/WindowManager( 2723): Left second to nothing: 19 sec
I/NuPlayerDriver( 2291): notifyDuration: 0
E/NuPlayerRenderer( 2291): RNDR: dVA -192000 (dVAavg -244000), V 17160000, A 17352000, Asink 17194668
E/UDPSource( 2291): in buffer: a[23, 13248] 552.000 ms, v[57, 397338] 1180.000 ms
E/UDPSource( 2291): in datasource: 6903360 bytes, extractor created ? 1
E/NuPlayerRenderer( 2291): RNDR: dVA -192000 (dVAavg -244000), V 17160000, A 17352000, Asink 17194668
I/NuPlayerDriver( 2291): notifyDuration: 0
E/NuPlayerRenderer( 2291): RNDR: dVA -192000 (dVAavg -244000), V 17160000, A 17352000, Asink 17194668
E/UDPSource( 2291): in buffer: a[23, 13248] 552.000 ms, v[57, 397338] 1180.000 ms
E/UDPSource( 2291): in datasource: 6903360 bytes, extractor created ? 1
E/NuPlayerRenderer( 2291): RNDR: dVA -192000 (dVAavg -244000), V 17160000, A 17352000, Asink 17194668
I/NuPlayerDriver( 2291): notifyDuration: 0
E/NuPlayerRenderer( 2291): RNDR: dVA -192000 (dVAavg -244000), V 17160000, A 17352000, Asink 17194668
E/UDPSource( 2291): in buffer: a[23, 13248] 552.000 ms, v[57, 397338] 1180.000 ms
E/UDPSource( 2291): in datasource: 6903360 bytes, extractor created ? 1
E/NuPlayerRenderer( 2291): RNDR: dVA -192000 (dVAavg -244000), V 17160000, A 17352000, Asink 17194668
I/NuPlayerDriver( 2291): notifyDuration: 0
E/NuPlayerRenderer( 2291): RNDR: dVA -192000 (dVAavg -244000), V 17160000, A 17352000, Asink 17194668
E/UDPSource( 2291): in buffer: a[23, 13248] 552.000 ms, v[57, 397338] 1180.000 ms
E/UDPSource( 2291): in datasource: 6903360 bytes, extractor created ? 1
E/NuPlayerRenderer( 2291): RNDR: dVA -192000 (dVAavg -244000), V 17160000, A 17352000, Asink 17194668
I/NuPlayerDriver( 2291): notifyDuration: 0
