--------- beginning of /dev/log/main
E/NuPlayerRenderer( 2314): RNDR: dVA -202122 (dVAavg -247722), V 221557878, A 221760000, Asink 221656000
E/FFmpegExtractor( 2314): ##### PKT Q DEBUG #####
E/FFmpegExtractor( 2314): Q[video, 0, 0]: dur 0, pkts 1, sz 17125, 1st pts 6161133334, lst pts 6161133334
E/FFmpegExtractor( 2314): Q[audio, 1, 1]: dur 0, pkts 0, sz 0, 1st pts -9223372036854775808, lst pts -9223372036854775808
E/FFmpegExtractor( 2314): ff: mem descr: total size 0
I/NuPlayerDriver( 2314): notifyDuration: 0
E/UDPSource( 2314): in buffer: a[18, 10368] 432.000 ms, v[26, 386209] 1000.000 ms
E/UDPSource( 2314): in datasource: 84784240 bytes, extractor created ? 1
E/NuPlayerRenderer( 2314): RNDR: dVA -234122 (dVAavg -243882), V 222077878, A 222312000, Asink 222189344
E/NuPlayerRenderer( 2314): RNDR: dVA -258122 (dVAavg -248682), V 222557878, A 222816000, Asink 222658672
E/FFmpegExtractor( 2314): ##### PKT Q DEBUG #####
E/FFmpegExtractor( 2314): Q[video, 0, 0]: dur 0, pkts 1, sz 13521, 1st pts 6161234134, lst pts 6161234134
E/FFmpegExtractor( 2314): Q[audio, 1, 1]: dur 0, pkts 0, sz 0, 1st pts -9223372036854775808, lst pts -9223372036854775808
E/FFmpegExtractor( 2314): ff: mem descr: total size 0
I/NuPlayerDriver( 2314): notifyDuration: 0
E/UDPSource( 2314): in buffer: a[16, 9216] 384.000 ms, v[30, 376965] 1400.000 ms
E/UDPSource( 2314): in datasource: 85166256 bytes, extractor created ? 1
E/NuPlayerRenderer( 2314): RNDR: dVA -266122 (dVAavg -246442), V 223077878, A 223344000, Asink 223192000
E/NuPlayerRenderer( 2314): RNDR: dVA -218122 (dVAavg -248362), V 223557878, A 223776000, Asink 223661344
I/NuPlayerDriver( 2314): notifyDuration: 0
E/UDPSource( 2314): in buffer: a[18, 10368] 432.000 ms, v[26, 395500] 1080.000 ms
E/UDPSource( 2314): in datasource: 85546768 bytes, extractor created ? 1
E/FFmpegExtractor( 2314): ##### PKT Q DEBUG #####
E/FFmpegExtractor( 2314): Q[video, 0, 0]: dur 0, pkts 1, sz 42, 1st pts 6161313334, lst pts 6161313334
E/FFmpegExtractor( 2314): Q[audio, 1, 1]: dur 0, pkts 0, sz 0, 1st pts -9223372036854775808, lst pts -9223372036854775808
E/FFmpegExtractor( 2314): ff: mem descr: total size 0
D/HDMI-Controller( 2782): HDMIController::isSinkConnected: 1
D/HDMI-Controller( 2782): HDMIController::isSinkConnected: 1
D/        ( 2782):  enter hdmi_check_rx_sense
D/HDMI-Controller( 2782): HDMIController::checkRxSense: 0
V/UDPDataSource( 2314): total bytes: 85695664, (in buf 31960)
E/NuPlayerRenderer( 2314): RNDR: dVA -202122 (dVAavg -240042), V 224077878, A 224280000, Asink 224194672
E/NuPlayerRenderer( 2314): RNDR: dVA -274122 (dVAavg -241642), V 224557878, A 224832000, Asink 224664000
I/NuPlayerDriver( 2314): notifyDuration: 0
E/UDPSource( 2314): in buffer: a[17, 9792] 408.000 ms, v[22, 341984] 680.000 ms
E/UDPSource( 2314): in datasource: 85927280 bytes, extractor created ? 1
E/FFmpegExtractor( 2314): ##### PKT Q DEBUG #####
E/FFmpegExtractor( 2314): Q[video, 0, 0]: dur 0, pkts 1, sz 5549, 1st pts 6161392534, lst pts 6161392534
E/FFmpegExtractor( 2314): Q[audio, 1, 1]: dur 0, pkts 0, sz 0, 1st pts -9223372036854775808, lst pts -9223372036854775808
E/FFmpegExtractor( 2314): ff: mem descr: total size 0
E/NuPlayerRenderer( 2314): RNDR: dVA -258122 (dVAavg -249962), V 225077878, A 225336000, Asink 225176000
E/NuPlayerRenderer( 2314): RNDR: dVA -234122 (dVAavg -245162), V 225557878, A 225792000, Asink 225666672
I/NuPlayerDriver( 2314): notifyDuration: 0
E/UDPSource( 2314): in buffer: a[19, 10944] 456.000 ms, v[25, 286148] 920.000 ms
E/UDPSource( 2314): in datasource: 86308544 bytes, extractor created ? 1
E/FFmpegExtractor( 2314): ##### PKT Q DEBUG #####
E/FFmpegExtractor( 2314): Q[video, 0, 0]: dur 0, pkts 1, sz 5429, 1st pts 6161493334, lst pts 6161493334
E/FFmpegExtractor( 2314): Q[audio, 1, 1]: dur 0, pkts 0, sz 0, 1st pts -9223372036854775808, lst pts -9223372036854775808
E/FFmpegExtractor( 2314): ff: mem descr: total size 0
E/NuPlayerRenderer( 2314): RNDR: dVA -218122 (dVAavg -245802), V 226077878, A 226296000, Asink 226178672
E/NuPlayerRenderer( 2314): RNDR: dVA -266122 (dVAavg -246442), V 226557878, A 226824000, Asink 226669344
I/NuPlayerDriver( 2314): notifyDuration: 0
E/UDPSource( 2314): in buffer: a[17, 9792] 408.000 ms, v[28, 347559] 1120.000 ms
E/UDPSource( 2314): in datasource: 86692064 bytes, extractor created ? 1
E/FFmpegExtractor( 2314): ##### PKT Q DEBUG #####
E/FFmpegExtractor( 2314): Q[video, 0, 0]: dur 0, pkts 1, sz 3277, 1st pts 6161594134, lst pts 6161594134
E/FFmpegExtractor( 2314): Q[audio, 1, 1]: dur 0, pkts 0, sz 0, 1st pts -9223372036854775808, lst pts -9223372036854775808
E/FFmpegExtractor( 2314): ff: mem descr: total size 0
E/NuPlayerRenderer( 2314): RNDR: dVA -274122 (dVAavg -245482), V 227077878, A 227352000, Asink 227202672
E/NuPlayerRenderer( 2314): RNDR: dVA -226122 (dVAavg -247402), V 227557878, A 227784000, Asink 227672000
I/NuPlayerDriver( 2314): notifyDuration: 0
E/UDPSource( 2314): in buffer: a[19, 10944] 456.000 ms, v[28, 374467] 1120.000 ms
E/UDPSource( 2314): in datasource: 87072576 bytes, extractor created ? 1
E/FFmpegExtractor( 2314): ##### PKT Q DEBUG #####
E/FFmpegExtractor( 2314): Q[video, 0, 0]: dur 0, pkts 1, sz 19765, 1st pts 6161698534, lst pts 6161698534
E/FFmpegExtractor( 2314): Q[audio, 1, 1]: dur 0, pkts 0, sz 0, 1st pts -9223372036854775808, lst pts -9223372036854775808
E/FFmpegExtractor( 2314): ff: mem descr: total size 0
E/NuPlayerRenderer( 2314): RNDR: dVA -234122 (dVAavg -245162), V 228077878, A 228312000, Asink 228184000
E/NuPlayerRenderer( 2314): RNDR: dVA -282122 (dVAavg -244522), V 228557878, A 228840000, Asink 228674672
I/NuPlayerDriver( 2314): notifyDuration: 0
E/UDPSource( 2314): in buffer: a[18, 10368] 432.000 ms, v[26, 339801] 840.000 ms
E/UDPSource( 2314): in datasource: 87452336 bytes, extractor created ? 1
E/FFmpegExtractor( 2314): ##### PKT Q DEBUG #####
E/FFmpegExtractor( 2314): Q[video, 0, 0]: dur 0, pkts 1, sz 13457, 1st pts 6161766934, lst pts 6161766934
E/FFmpegExtractor( 2314): Q[audio, 1, 1]: dur 0, pkts 0, sz 0, 1st pts -9223372036854775808, lst pts -9223372036854775808
E/FFmpegExtractor( 2314): ff: mem descr: total size 0
V/UDPDataSource( 2314): total bytes: 87601232, (in buf 8272)
E/NuPlayerRenderer( 2314): RNDR: dVA -194122 (dVAavg -238442), V 229077878, A 229272000, Asink 229186672
E/NuPlayerRenderer( 2314): RNDR: dVA -242122 (dVAavg -240362), V 229557878, A 229800000, Asink 229656000
I/NuPlayerDriver( 2314): notifyDuration: 0
E/UDPSource( 2314): in buffer: a[20, 11520] 480.000 ms, v[29, 422129] 1080.000 ms
E/UDPSource( 2314): in datasource: 87832848 bytes, extractor created ? 1
D/dalvikvm( 3361): GC_CONCURRENT freed 1934K, 40% free 3091K/5092K, paused 4ms+3ms, total 22ms
W/QmsJsonHttpSender( 3361): Send data is failed (Unable to resolve host "qms.local": No address associated with hostname)
E/FFmpegExtractor( 2314): ##### PKT Q DEBUG #####
E/FFmpegExtractor( 2314): Q[video, 0, 0]: dur 0, pkts 0, sz 0, 1st pts -9223372036854775808, lst pts -9223372036854775808
E/FFmpegExtractor( 2314): Q[audio, 1, 1]: dur 0, pkts 1, sz 576, 1st pts 6161790885, lst pts 6161790885
E/FFmpegExtractor( 2314): ff: mem descr: total size 0
E/NuPlayerRenderer( 2314): RNDR: dVA -250122 (dVAavg -238122), V 230077878, A 230328000, Asink 230189344
E/NuPlayerRenderer( 2314): RNDR: dVA -274122 (dVAavg -237802), V 230557878, A 230832000, Asink 230680000
I/NuPlayerDriver( 2314): notifyDuration: 0
E/UDPSource( 2314): in buffer: a[18, 10368] 432.000 ms, v[29, 353128] 1200.000 ms
E/UDPSource( 2314): in datasource: 88215616 bytes, extractor created ? 1
E/FFmpegExtractor( 2314): ##### PKT Q DEBUG #####
E/FFmpegExtractor( 2314): Q[video, 0, 0]: dur 0, pkts 1, sz 7281, 1st pts 6161968534, lst pts 6161968534
E/FFmpegExtractor( 2314): Q[audio, 1, 1]: dur 0, pkts 0, sz 0, 1st pts -9223372036854775808, lst pts -9223372036854775808
E/FFmpegExtractor( 2314): ff: mem descr: total size 0
E/NuPlayerRenderer( 2314): RNDR: dVA -186122 (dVAavg -234282), V 231077878, A 231264000, Asink 231192000
E/NuPlayerRenderer( 2314): RNDR: dVA -234122 (dVAavg -240042), V 231557878, A 231792000, Asink 231661344
I/NuPlayerDriver( 2314): notifyDuration: 0
E/UDPSource( 2314): in buffer: a[14, 8064] 336.000 ms, v[27, 378286] 1040.000 ms
E/UDPSource( 2314): in datasource: 88596128 bytes, extractor created ? 1
--------- beginning of /dev/log/system
W/SocketClient( 2309): write error (Broken pipe)
E/FFmpegExtractor( 2314): ##### PKT Q DEBUG #####
E/FFmpegExtractor( 2314): Q[video, 0, 0]: dur 0, pkts 0, sz 0, 1st pts -9223372036854775808, lst pts -9223372036854775808
E/FFmpegExtractor( 2314): Q[audio, 1, 1]: dur 0, pkts 1, sz 576, 1st pts 6161985285, lst pts 6161985285
E/FFmpegExtractor( 2314): ff: mem descr: total size 0
E/NuPlayerRenderer( 2314): RNDR: dVA -242122 (dVAavg -241642), V 232077878, A 232320000, Asink 232194672
E/NuPlayerRenderer( 2314): RNDR: dVA -290122 (dVAavg -241002), V 232557878, A 232848000, Asink 232685344
I/NuPlayerDriver( 2314): notifyDuration: 0
E/UDPSource( 2314): in buffer: a[13, 7488] 312.000 ms, v[23, 354153] 760.000 ms
E/UDPSource( 2314): in datasource: 88977392 bytes, extractor created ? 1
E/FFmpegExtractor( 2314): ##### PKT Q DEBUG #####
E/FFmpegExtractor( 2314): Q[video, 0, 0]: dur 0, pkts 1, sz 25649, 1st pts 6162173734, lst pts 6162173734
E/FFmpegExtractor( 2314): Q[audio, 1, 1]: dur 0, pkts 0, sz 0, 1st pts -9223372036854775808, lst pts -9223372036854775808
E/FFmpegExtractor( 2314): ff: mem descr: total size 0
E/NuPlayerRenderer( 2314): RNDR: dVA -202122 (dVAavg -240042), V 233077878, A 233280000, Asink 233176000
E/NuPlayerRenderer( 2314): RNDR: dVA -250122 (dVAavg -244522), V 233557878, A 233808000, Asink 233666672
I/NuPlayerDriver( 2314): notifyDuration: 0
E/UDPSource( 2314): in buffer: a[15, 8640] 360.000 ms, v[29, 324269] 1080.000 ms
E/UDPSource( 2314): in datasource: 89357152 bytes, extractor created ? 1
D/HDMI-Controller( 2782): HDMIController::isSinkConnected: 1
D/HDMI-Controller( 2782): HDMIController::isSinkConnected: 1
D/        ( 2782):  enter hdmi_check_rx_sense
D/HDMI-Controller( 2782): HDMIController::checkRxSense: 0
E/FFmpegExtractor( 2314): ##### PKT Q DEBUG #####
E/FFmpegExtractor( 2314): Q[video, 0, 0]: dur 0, pkts 0, sz 0, 1st pts -9223372036854775808, lst pts -9223372036854775808
E/FFmpegExtractor( 2314): Q[audio, 1, 1]: dur 0, pkts 1, sz 576, 1st pts 6162166725, lst pts 6162166725
E/FFmpegExtractor( 2314): ff: mem descr: total size 0
V/UDPDataSource( 2314): total bytes: 89505296, (in buf 22560)
E/NuPlayerRenderer( 2314): RNDR: dVA -258122 (dVAavg -241002), V 234077878, A 234336000, Asink 234178672
E/NuPlayerRenderer( 2314): RNDR: dVA -234122 (dVAavg -245162), V 234557878, A 234792000, Asink 234669344
I/NuPlayerDriver( 2314): notifyDuration: 0
E/UDPSource( 2314): in buffer: a[16, 9216] 384.000 ms, v[25, 383239] 1040.000 ms
E/UDPSource( 2314): in datasource: 89738416 bytes, extractor created ? 1
E/FFmpegExtractor( 2314): ##### PKT Q DEBUG #####
E/FFmpegExtractor( 2314): Q[video, 0, 0]: dur 0, pkts 1, sz 6417, 1st pts 6162328534, lst pts 6162328534
E/FFmpegExtractor( 2314): Q[audio, 1, 1]: dur 0, pkts 0, sz 0, 1st pts -9223372036854775808, lst pts -9223372036854775808
E/FFmpegExtractor( 2314): ff: mem descr: total size 0
E/NuPlayerRenderer( 2314): RNDR: dVA -218122 (dVAavg -247082), V 235077878, A 235296000, Asink 235181344
E/NuPlayerRenderer( 2314): RNDR: dVA -266122 (dVAavg -241322), V 235557878, A 235824000, Asink 235672000
I/NuPlayerDriver( 2314): notifyDuration: 0
E/UDPSource( 2314): in buffer: a[14, 8064] 336.000 ms, v[27, 342130] 1040.000 ms
E/UDPSource( 2314): in datasource: 90118928 bytes, extractor created ? 1
E/FFmpegExtractor( 2314): ##### PKT Q DEBUG #####
E/FFmpegExtractor( 2314): Q[video, 0, 0]: dur 0, pkts 0, sz 0, 1st pts -9223372036854775808, lst pts -9223372036854775808
E/FFmpegExtractor( 2314): Q[audio, 1, 1]: dur 0, pkts 1, sz 576, 1st pts 6162348165, lst pts 6162348165
E/FFmpegExtractor( 2314): ff: mem descr: total size 0
E/NuPlayerRenderer( 2314): RNDR: dVA -274122 (dVAavg -241642), V 236077878, A 236352000, Asink 236184000
D/Iptv    ( 6734): timeOutHideUI at start	15000
D/Iptv    ( 6734): timeOutHideUI now is 15000
D/android.widget.GridLayout( 6734): horizontal constraints: x1-x0>=166, x2-x1>=367, x2-x0<=510 are inconsistent; permanently removing: x2-x0<=510. 
D/BufferQueue( 2311): [ELT_BQRC]: EltBufferQueueObserver::getInstance: now buffer queues 14
D/BufferQueue( 2311): [unnamed-2311-36 0xb7fb6c18] consumerConnect controlledByApp=false
D/BufferQueue( 2311): [unnamed-2311-36 0xb7fb6c18] setConsumerName: unnamed-2311-36 --> unnamed-2311-36
D/BufferQueue( 2311): [unnamed-2311-36 0xb7fb6c18] setConsumerName: unnamed-2311-36 --> org.eltex.android.app.iptvplayer/org.eltex.android.app.iptvplayer.ui.activities.MainActivity
E/BufferQueue( 2311): [org.eltex.android.app.iptvplayer/org.eltex.android.app.iptvplayer.ui.activities.MainActivity 0xb7fb6c18] setDefaultBufferSize: w=1, h=1
E/BufferQueue( 2311): [org.eltex.android.app.iptvplayer/org.eltex.android.app.iptvplayer.ui.activities.MainActivity 0xb7fb6c18] setDefaultBufferSize: w=603, h=433
D/BufferQueue( 2311): [org.eltex.android.app.iptvplayer/org.eltex.android.app.iptvplayer.ui.activities.MainActivity 0xb7fb6c18] connect: api=1 producerControlledByApp=true
E/NuPlayerRenderer( 2314): RNDR: dVA -226122 (dVAavg -244842), V 236557878, A 236784000, Asink 236674672
D/InputEventConsistencyVerifier( 6734): KeyEvent: ACTION_UP but key was not down.
D/InputEventConsistencyVerifier( 6734):   in android.view.ViewRootImpl@42443a20
D/InputEventConsistencyVerifier( 6734):   0: sent at 6275620000000, KeyEvent { action=ACTION_UP, keyCode=KEYCODE_MEDIA_RECORD, scanCode=167, metaState=0, flags=0x8, repeatCount=0, eventTime=6275620, downTime=6275389, deviceId=2, source=0x301 }
E/SurfaceFlinger( 2311): crop changed [0, 0, -1x-1] --> [0, 0, 0x0]
I/NuPlayerDriver( 2314): notifyDuration: 0
E/UDPSource( 2314): in buffer: a[16, 9216] 384.000 ms, v[30, 373518] 1000.000 ms
E/UDPSource( 2314): in datasource: 90499440 bytes, extractor created ? 1
E/FFmpegExtractor( 2314): ##### PKT Q DEBUG #####
E/FFmpegExtractor( 2314): Q[video, 0, 0]: dur 0, pkts 1, sz 13594, 1st pts 6162522934, lst pts 6162522934
E/FFmpegExtractor( 2314): Q[audio, 1, 1]: dur 0, pkts 0, sz 0, 1st pts -9223372036854775808, lst pts -9223372036854775808
E/FFmpegExtractor( 2314): ff: mem descr: total size 0
E/NuPlayerRenderer( 2314): RNDR: dVA -234122 (dVAavg -245162), V 237077878, A 237312000, Asink 237186672
E/NuPlayerRenderer( 2314): RNDR: dVA -282122 (dVAavg -243242), V 237557878, A 237840000, Asink 237677344
I/NuPlayerDriver( 2314): notifyDuration: 0
E/UDPSource( 2314): in buffer: a[15, 8640] 360.000 ms, v[27, 389466] 1200.000 ms
E/UDPSource( 2314): in datasource: 90879200 bytes, extractor created ? 1
D/InputEventConsistencyVerifier( 6734): KeyEvent: ACTION_UP but key was not down.
D/InputEventConsistencyVerifier( 6734):   in android.widget.TextView{420d2448 VFED..C. .F...... 166,112-342,157 #7f0800e9 app:id/time_date_field}
D/InputEventConsistencyVerifier( 6734):   0: sent at 6276700000000, KeyEvent { action=ACTION_UP, keyCode=KEYCODE_DPAD_DOWN, scanCode=108, metaState=0, flags=0x8, repeatCount=0, eventTime=6276700, downTime=6276469, deviceId=2, source=0x301 }
D/BufferQueue( 2311): [ELT_BQRC]: reset rate estimation: idle time 1134517 us > 200000 us
D/InputEventConsistencyVerifier( 6734): KeyEvent: ACTION_UP but key was not down.
D/InputEventConsistencyVerifier( 6734):   in android.widget.TextView{42178bb0 VFED..C. .F...... 166,157-327,202 #7f080049 app:id/duration_text_view}
D/InputEventConsistencyVerifier( 6734):   0: sent at 6277020000000, KeyEvent { action=ACTION_UP, keyCode=KEYCODE_DPAD_DOWN, scanCode=108, metaState=0, flags=0x8, repeatCount=0, eventTime=6277020, downTime=6276784, deviceId=2, source=0x301 }
D/BufferQueue( 2311): [ELT_BQRC]: reset rate estimation: idle time 272072 us > 200000 us
E/FFmpegExtractor( 2314): ##### PKT Q DEBUG #####
E/FFmpegExtractor( 2314): Q[video, 0, 0]: dur 0, pkts 1, sz 13505, 1st pts 6162634534, lst pts 6162634534
E/FFmpegExtractor( 2314): Q[audio, 1, 1]: dur 0, pkts 0, sz 0, 1st pts -9223372036854775808, lst pts -9223372036854775808
E/FFmpegExtractor( 2314): ff: mem descr: total size 0
E/NuPlayerRenderer( 2314): RNDR: dVA -266122 (dVAavg -245162), V 238077878, A 238344000, Asink 238189344
D/InputEventConsistencyVerifier( 6734): KeyEvent: ACTION_UP but key was not down.
D/InputEventConsistencyVerifier( 6734):   in android.widget.LinearLayout{42084fb8 V.E..... ........ 166,209-533,254}
D/InputEventConsistencyVerifier( 6734):   0: sent at 6277280000000, KeyEvent { action=ACTION_UP, keyCode=KEYCODE_DPAD_DOWN, scanCode=108, metaState=0, flags=0x8, repeatCount=0, eventTime=6277280, downTime=6277046, deviceId=2, source=0x301 }
D/BufferQueue( 2311): [ELT_BQRC]: reset rate estimation: idle time 284825 us > 200000 us
D/InputEventConsistencyVerifier( 6734): KeyEvent: ACTION_UP but key was not down.
D/InputEventConsistencyVerifier( 6734):   in android.widget.Spinner{42473960 VFED..C. .F...... 166,254-520,299 #7f0800f3 app:id/used_storage_spinner}
D/InputEventConsistencyVerifier( 6734):   0: sent at 6277560000000, KeyEvent { action=ACTION_UP, keyCode=KEYCODE_DPAD_DOWN, scanCode=108, metaState=0, flags=0x8, repeatCount=0, eventTime=6277560, downTime=6277327, deviceId=2, source=0x301 }
E/NuPlayerRenderer( 2314): RNDR: dVA -218122 (dVAavg -240682), V 238557878, A 238776000, Asink 238658672
I/NuPlayerDriver( 2314): notifyDuration: 0
E/UDPSource( 2314): in buffer: a[17, 9792] 408.000 ms, v[28, 380039] 1120.000 ms
E/UDPSource( 2314): in datasource: 91261216 bytes, extractor created ? 1
V/UDPDataSource( 2314): total bytes: 91410864, (in buf 33088)
E/FFmpegExtractor( 2314): ##### PKT Q DEBUG #####
E/FFmpegExtractor( 2314): Q[video, 0, 0]: dur 0, pkts 1, sz 13653, 1st pts 6162713734, lst pts 6162713734
E/FFmpegExtractor( 2314): Q[audio, 1, 1]: dur 0, pkts 0, sz 0, 1st pts -9223372036854775808, lst pts -9223372036854775808
E/FFmpegExtractor( 2314): ff: mem descr: total size 0
D/InputEventConsistencyVerifier( 6734): KeyEvent: ACTION_UP but key was not down.
D/InputEventConsistencyVerifier( 6734):   in android.widget.LinearLayout{42085568 V.E..... ........ 0,348-593,423}
D/InputEventConsistencyVerifier( 6734):   0: sent at 6278100000000, KeyEvent { action=ACTION_UP, keyCode=KEYCODE_DPAD_DOWN, scanCode=108, metaState=0, flags=0x8, repeatCount=0, eventTime=6278100, downTime=6277863, deviceId=2, source=0x301 }
E/NuPlayerRenderer( 2314): RNDR: dVA -226122 (dVAavg -244842), V 239077878, A 239304000, Asink 239192000
E/NuPlayerRenderer( 2314): RNDR: dVA -274122 (dVAavg -248042), V 239557878, A 239832000, Asink 239682672
D/BufferQueue( 2311): [ELT_BQRC]: reset rate estimation: idle time 1275986 us > 200000 us
I/NuPlayerDriver( 2314): notifyDuration: 0
E/UDPSource( 2314): in buffer: a[15, 8640] 360.000 ms, v[27, 366306] 1040.000 ms
E/UDPSource( 2314): in datasource: 91642480 bytes, extractor created ? 1
D/BufferQueue( 2311): [org.eltex.android.app.iptvplayer/org.eltex.android.app.iptvplayer.ui.activities.MainActivity 0xb7fb6c18] disconnect: api=1
W/InputEventReceiver( 6734): Attempted to finish an input event but the input event receiver has already been disposed.
D/BufferQueue( 2311): [org.eltex.android.app.iptvplayer/org.eltex.android.app.iptvplayer.ui.activities.MainActivity 0xb7fb6c18] consumerDisconnect
W/SurfaceFlinger( 2311): couldn't log to binary event log: overflow.
D/BufferQueue( 2311): [ELT_BQRC]: EltBufferQueueObserver::close: now buffer queues 13
D/PvrClient( 6734): streamInfo: StreamInfo. 
D/PvrClient( 6734): 	address = "udp://@239.1.2.3:1234"
D/PvrClient( 6734): 	startTime = "92647544"
D/PvrClient( 6734): 	endTime = "98047544"
D/PvrClient( 6734): 	channelId = "udp://@239.1.2.3:1234"
D/PvrClient( 6734): outputFileInfo: StreamInfo. 
D/PvrClient( 6734): 	fileName = "Leomax (02.01.1970 08-44-03)"
D/PvrClient( 6734): 	storagePath = "/storage/sda1"
D/PvrClient( 6734): 	folderName = "iptv_records/"
D/PvrService( 4139): addRecord!!!
D/PvrService( 4139): streamInfo: StreamInfo. 
D/PvrService( 4139): 	address = "udp://@239.1.2.3:1234"
D/PvrService( 4139): 	startTime = "92647544"
D/PvrService( 4139): 	endTime = "98047544"
D/PvrService( 4139): 	channelId = "udp://@239.1.2.3:1234"
D/PvrService( 4139): outputFileInfo: StreamInfo. 
D/PvrService( 4139): 	fileName = "Leomax (02.01.1970 08-44-03)"
D/PvrService( 4139): 	storagePath = "/storage/sda1"
D/PvrService( 4139): 	folderName = "iptv_records/"
D/PvrService( 4139): checkRecordOverlap
D/PvrService( 4139): no overlaps
D/PvrService( 4139): call params:
D/PvrService( 4139): 	udp://@239.1.2.3:1234
D/PvrService( 4139): 	A299-2D1D
D/PvrService( 4139): 	iptv_records/
D/PvrService( 4139): 	Leomax (02.01.1970 08-44-03)
D/PvrService( 4139): 	92647
D/PvrService( 4139): 	5400
D/PvrService( 4139): 	0
D/PvrService( 4139): 	Iptv
D/PvrService( 4139): 	udp://@239.1.2.3:1234
D/AndroidRuntime( 6734): Shutting down VM
W/dalvikvm( 6734): threadid=1: thread exiting with uncaught exception (group=0x41dabba8)
D/dalvikvm( 6734): GC_CONCURRENT freed 1585K, 21% free 6321K/7976K, paused 1ms+5ms, total 34ms
E/NuPlayerRenderer( 2314): RNDR: dVA -282122 (dVAavg -244522), V 240077878, A 240360000, Asink 240194672
E/FFmpegExtractor( 2314): ##### PKT Q DEBUG #####
E/FFmpegExtractor( 2314): Q[video, 0, 0]: dur 0, pkts 1, sz 13369, 1st pts 6162774934, lst pts 6162774934
E/FFmpegExtractor( 2314): Q[audio, 1, 1]: dur 0, pkts 0, sz 0, 1st pts -9223372036854775808, lst pts -9223372036854775808
E/FFmpegExtractor( 2314): ff: mem descr: total size 0
W/CrashlyticsCore( 6734): Cannot send reports. Settings are unavailable.
E/AndroidRuntime( 6734): FATAL EXCEPTION: main
E/AndroidRuntime( 6734): Process: org.eltex.android.app.iptvplayer, PID: 6734
E/AndroidRuntime( 6734): java.lang.NullPointerException
E/AndroidRuntime( 6734): 	at android.os.Parcel.readException(Parcel.java:1471)
E/AndroidRuntime( 6734): 	at android.os.Parcel.readException(Parcel.java:1419)
E/AndroidRuntime( 6734): 	at org.eltex.pvr_api.b$a$a.a(SourceFile:370)
E/AndroidRuntime( 6734): 	at org.eltex.android.app.iptvplayer.d.a.a(SourceFile:347)
E/AndroidRuntime( 6734): 	at org.eltex.android.app.iptvplayer.ui.activities.MainActivity.a(SourceFile:548)
E/AndroidRuntime( 6734): 	at org.eltex.android.app.iptvplayer.ui.activities.MainActivity.a(SourceFile:123)
E/AndroidRuntime( 6734): 	at org.eltex.android.app.iptvplayer.ui.activities.MainActivity$10.onDismiss(SourceFile:1370)
E/AndroidRuntime( 6734): 	at android.app.Dialog$ListenersHandler.handleMessage(Dialog.java:1238)
E/AndroidRuntime( 6734): 	at android.os.Handler.dispatchMessage(Handler.java:102)
E/AndroidRuntime( 6734): 	at android.os.Looper.loop(Looper.java:136)
E/AndroidRuntime( 6734): 	at android.app.ActivityThread.main(ActivityThread.java:5001)
E/AndroidRuntime( 6734): 	at java.lang.reflect.Method.invokeNative(Native Method)
E/AndroidRuntime( 6734): 	at java.lang.reflect.Method.invoke(Method.java:515)
E/AndroidRuntime( 6734): 	at com.android.internal.os.ZygoteInit$MethodAndArgsCaller.run(ZygoteInit.java:785)
E/AndroidRuntime( 6734): 	at com.android.internal.os.ZygoteInit.main(ZygoteInit.java:601)
E/AndroidRuntime( 6734): 	at dalvik.system.NativeStart.main(Native Method)
W/ActivityManager( 2782):   Force finishing activity org.eltex.android.app.iptvplayer/.ui.activities.MainActivity
D/BufferQueue( 2782): [ELT_BQRC]: EltBufferQueueObserver(dbg=0):: 0/10000/20000/20000/50000
D/BufferQueue( 2782): [ELT_BQRC]: EltBufferQueueObserver::getInstance: now buffer queues 1
D/BufferQueue( 2782): [unnamed-2782-3 0x6e44e1f0] consumerConnect controlledByApp=false
D/BufferQueue( 2782): [unnamed-2782-3 0x6e44e1f0] setConsumerName: unnamed-2782-3 --> unnamed-2782-3
D/BufferQueue( 2782): [unnamed-2782-3 0x6e44e1f0] setConsumerName: unnamed-2782-3 --> ScreenshotClient
D/BufferQueue( 2782): [ScreenshotClient 0x6e44e1f0] connect: api=1 producerControlledByApp=false
E/Surface ( 2311): Surface::setBuffersDimensions 240 x 135
E/Surface ( 2311): Surface::setScalingMode(1)
D/BufferQueue( 2782): [ScreenshotClient 0x6e44e1f0] disconnect: api=1
D/BufferQueue( 2782): [ScreenshotClient 0x6e44e1f0] consumerDisconnect
D/BufferQueue( 2782): [ELT_BQRC]: EltBufferQueueObserver::close: now buffer queues 0
D/BufferQueue( 2782): [ELT_BQRC]: ~EltBufferQueueObserver::
D/BufferQueue( 2311): [ELT_BQRC]: EltBufferQueueObserver::getInstance: now buffer queues 14
D/BufferQueue( 2311): [unnamed-2311-37 0xb7fbe038] consumerConnect controlledByApp=false
D/BufferQueue( 2311): [unnamed-2311-37 0xb7fbe038] setConsumerName: unnamed-2311-37 --> unnamed-2311-37
D/BufferQueue( 2311): [unnamed-2311-37 0xb7fbe038] setConsumerName: unnamed-2311-37 --> Application Error: org.eltex.android.app.iptvplayer
E/BufferQueue( 2311): [Application Error: org.eltex.android.app.iptvplayer 0xb7fbe038] setDefaultBufferSize: w=1, h=1
E/BufferQueue( 2311): [Application Error: org.eltex.android.app.iptvplayer 0xb7fbe038] setDefaultBufferSize: w=409, h=121
D/BufferQueue( 2311): [Application Error: org.eltex.android.app.iptvplayer 0xb7fbe038] connect: api=2 producerControlledByApp=false
E/SurfaceFlinger( 2311): crop changed [0, 0, -1x-1] --> [0, 0, 0x0]
E/NuPlayerRenderer( 2314): RNDR: dVA -210122 (dVAavg -242922), V 240557878, A 240768000, Asink 240664000
W/ActivityManager( 2782): Activity pause timeout for ActivityRecord{42132290 u0 org.eltex.android.app.iptvplayer/.ui.activities.MainActivity t4 f}
D/BufferQueue( 2311): [ELT_BQRC]: EltBufferQueueObserver::getInstance: now buffer queues 15
D/BufferQueue( 2311): [unnamed-2311-38 0xb7f80948] consumerConnect controlledByApp=false
D/BufferQueue( 2311): [unnamed-2311-38 0xb7f80948] setConsumerName: unnamed-2311-38 --> unnamed-2311-38
D/BufferQueue( 2311): [unnamed-2311-38 0xb7f80948] setConsumerName: unnamed-2311-38 --> org.eltex.android.app.exlauncher/org.eltex.android.app.ui.activities.MainActivity
E/BufferQueue( 2311): [org.eltex.android.app.exlauncher/org.eltex.android.app.ui.activities.MainActivity 0xb7f80948] setDefaultBufferSize: w=1280, h=720
D/BufferQueue( 2311): [org.eltex.android.app.exlauncher/org.eltex.android.app.ui.activities.MainActivity 0xb7f80948] connect: api=1 producerControlledByApp=true
I/NuPlayerDriver( 2314): notifyDuration: 0
E/UDPSource( 2314): in buffer: a[18, 10368] 432.000 ms, v[18, 377815] 520.000 ms
E/UDPSource( 2314): in datasource: 92022240 bytes, extractor created ? 1
E/SurfaceFlinger( 2311): crop changed [0, 0, -1x-1] --> [0, 0, 0x0]
E/BufferQueue( 2311): [ 0xb7f73260] setDefaultBufferSize: w=1280, h=719
E/BufferQueue( 2311): [ 0xb7f85630] setDefaultBufferSize: w=1280, h=719
E/BufferQueue( 2311): [DimLayer 0xb7fa82c8] setDefaultBufferSize: w=1920, h=1080
D/BufferQueue( 2311): [ 0xb7f85630] disconnect: api=1
D/BufferQueue( 2311): [ 0xb7f85630] connect: api=1 producerControlledByApp=true
D/BufferQueue( 2311): [ 0xb7f73260] disconnect: api=1
D/BufferQueue( 2311): [ 0xb7f73260] connect: api=1 producerControlledByApp=true
D/BufferQueue( 2311): [ELT_BQRC]: reset rate estimation: idle time 249850859 us > 200000 us
D/hwcomposer( 2311): [int HWLayer::toAgentDisplay(VO_VIDEO_PLANE)] return OK!
D/hwcomposer( 2311): [int HWLayer::toAgentState(HWLayer::AgentType)] return OK!
E/NuPlayerRenderer( 2314): (now 241210901) delayUs: 31749, diff 8197, delta 54 (v 240877878, a 240962672 [abuf 240877344], ltnc 323666)
D/hwcomposer( 2311): [int HWLayer::toAgentState(HWLayer::AgentType)] return OK!
D/hwcomposer( 2311): [int HWLayer::toAgentState(HWLayer::AgentType)] return OK!
D/hwcomposer( 2311): [VIDEO_RPC_ToAgent_ConfigLowDelay_0]RPC S_OK! mLowDelayMode = 0
V/hwcomposer( 2311): Close HW Layer : 0
E/SurfaceFlinger( 2311): [SurfaceView] visible reg empty, apply crop/scalingMode later
D/BufferQueue( 2311): [ELT_BQRC]: reset rate estimation: idle time 249942236 us > 200000 us
E/SurfaceFlinger( 2311): [SurfaceView] visible reg empty, apply crop/scalingMode later
E/SurfaceFlinger( 2311): [SurfaceView] visible reg empty, apply crop/scalingMode later
E/SurfaceFlinger( 2311): [SurfaceView] visible reg empty, apply crop/scalingMode later
E/SurfaceFlinger( 2311): [SurfaceView] visible reg empty, apply crop/scalingMode later
E/SurfaceFlinger( 2311): [SurfaceView] visible reg empty, apply crop/scalingMode later
E/NuPlayerRenderer( 2314): RNDR: dVA -242122 (dVAavg -237802), V 241077878, A 241320000, Asink 241176000
E/SurfaceFlinger( 2311): [SurfaceView] visible reg empty, apply crop/scalingMode later
E/SurfaceFlinger( 2311): [SurfaceView] visible reg empty, apply crop/scalingMode later
E/SurfaceFlinger( 2311): [SurfaceView] visible reg empty, apply crop/scalingMode later
E/FFmpegExtractor( 2314): ##### PKT Q DEBUG #####
E/FFmpegExtractor( 2314): Q[video, 0, 0]: dur 0, pkts 1, sz 3273, 1st pts 6162875734, lst pts 6162875734
E/FFmpegExtractor( 2314): Q[audio, 1, 1]: dur 0, pkts 0, sz 0, 1st pts -9223372036854775808, lst pts -9223372036854775808
E/FFmpegExtractor( 2314): ff: mem descr: total size 0
E/SurfaceFlinger( 2311): [SurfaceView] visible reg empty, apply crop/scalingMode later
E/SurfaceFlinger( 2311): [SurfaceView] visible reg empty, apply crop/scalingMode later
E/SurfaceFlinger( 2311): [SurfaceView] visible reg empty, apply crop/scalingMode later
E/SurfaceFlinger( 2311): [SurfaceView] visible reg empty, apply crop/scalingMode later
E/SurfaceFlinger( 2311): [SurfaceView] visible reg empty, apply crop/scalingMode later
D/BufferQueue( 2311): [ELT_BQRC]: reset rate estimation: idle time 1183168 us > 200000 us
E/SurfaceFlinger( 2311): [SurfaceView] visible reg empty, apply crop/scalingMode later
E/SurfaceFlinger( 2311): [SurfaceView] visible reg empty, apply crop/scalingMode later
E/SurfaceFlinger( 2311): [SurfaceView] visible reg empty, apply crop/scalingMode later
E/SurfaceFlinger( 2311): [SurfaceView] visible reg empty, apply crop/scalingMode later
E/SurfaceFlinger( 2311): [SurfaceView] visible reg empty, apply crop/scalingMode later
E/NuPlayerRenderer( 2314): RNDR: dVA -290122 (dVAavg -243562), V 241557878, A 241848000, Asink 241688000
E/SurfaceFlinger( 2311): [SurfaceView] visible reg empty, apply crop/scalingMode later
E/SurfaceFlinger( 2311): [SurfaceView] visible reg empty, apply crop/scalingMode later
I/NuPlayerDriver( 2314): notifyDuration: 0
E/UDPSource( 2314): in buffer: a[15, 8640] 360.000 ms, v[29, 267449] 1080.000 ms
E/UDPSource( 2314): in datasource: 92403504 bytes, extractor created ? 1
E/SurfaceFlinger( 2311): [SurfaceView] visible reg empty, apply crop/scalingMode later
E/SurfaceFlinger( 2311): [SurfaceView] visible reg empty, apply crop/scalingMode later
E/SurfaceFlinger( 2311): [SurfaceView] visible reg empty, apply crop/scalingMode later
E/SurfaceFlinger( 2311): [SurfaceView] visible reg empty, apply crop/scalingMode later
E/SurfaceFlinger( 2311): [SurfaceView] visible reg empty, apply crop/scalingMode later
E/SurfaceFlinger( 2311): [SurfaceView] visible reg empty, apply crop/scalingMode later
E/SurfaceFlinger( 2311): [SurfaceView] visible reg empty, apply crop/scalingMode later
E/SurfaceFlinger( 2311): [SurfaceView] visible reg empty, apply crop/scalingMode later
E/SurfaceFlinger( 2311): [SurfaceView] visible reg empty, apply crop/scalingMode later
E/SurfaceFlinger( 2311): [SurfaceView] visible reg empty, apply crop/scalingMode later
E/NuPlayerRenderer( 2314): RNDR: dVA -202122 (dVAavg -241322), V 242077878, A 242280000, Asink 242178672
E/SurfaceFlinger( 2311): [SurfaceView] visible reg empty, apply crop/scalingMode later
E/SurfaceFlinger( 2311): [SurfaceView] visible reg empty, apply crop/scalingMode later
D/BufferQueue( 2311): [ELT_BQRC]: reset rate estimation: idle time 530659 us > 200000 us
E/SurfaceFlinger( 2311): [SurfaceView] visible reg empty, apply crop/scalingMode later
E/SurfaceFlinger( 2311): [SurfaceView] visible reg empty, apply crop/scalingMode later
E/FFmpegExtractor( 2314): ##### PKT Q DEBUG #####
E/FFmpegExtractor( 2314): Q[video, 0, 0]: dur 0, pkts 0, sz 0, 1st pts -9223372036854775808, lst pts -9223372036854775808
E/FFmpegExtractor( 2314): Q[audio, 1, 1]: dur 0, pkts 1, sz 576, 1st pts 6162905445, lst pts 6162905445
E/FFmpegExtractor( 2314): ff: mem descr: total size 0
E/SurfaceFlinger( 2311): [SurfaceView] visible reg empty, apply crop/scalingMode later
E/SurfaceFlinger( 2311): [SurfaceView] visible reg empty, apply crop/scalingMode later
E/SurfaceFlinger( 2311): [SurfaceView] visible reg empty, apply crop/scalingMode later
E/SurfaceFlinger( 2311): [SurfaceView] visible reg empty, apply crop/scalingMode later
I/Process ( 6734): Sending signal. PID: 6734 SIG: 9
D/MainActivity( 3110): Start services
E/SurfaceFlinger( 2311): [SurfaceView] visible reg empty, apply crop/scalingMode later
D/CustomisationAccesPoint( 3110): return default
W/MediaFocusControl( 2782):   AudioFocus   audio focus client died
I/MediaFocusControl( 2782): AudioFocus  removeFocusStackEntry(): removing entry for android.os.BinderProxy@420cfca8
I/ActivityManager( 2782): Process org.eltex.android.app.iptvplayer (pid 6734) has died.
D/BufferQueue( 2311): [org.eltex.android.app.iptvplayer/org.eltex.android.app.iptvplayer.ui.activities.MainActivity 0xb7fa7808] disconnect: api=1
D/NuPlayerDriver( 2314): Calling reset in state: 5
D/NuPlayerDriver( 2314): --- notifyListener: event 8 ---
V/NuPlayer( 2314): [TIMING] kWhatReset
D/NuPlayer( 2314): Check for statistics thread is running...
D/NuPlayer( 2314): We need to finish statistics thread!
W/InputDispatcher( 2782): channel '423b5f40 org.eltex.android.app.iptvplayer/org.eltex.android.app.iptvplayer.ui.activities.MainActivity (server)' ~ Consumer closed input channel or an error occurred.  events=0x9
E/InputDispatcher( 2782): channel '423b5f40 org.eltex.android.app.iptvplayer/org.eltex.android.app.iptvplayer.ui.activities.MainActivity (server)' ~ Channel is unrecoverably broken and will be disposed!
D/BufferQueue( 2311): [Application Error: org.eltex.android.app.iptvplayer 0xb7fbe038] disconnect: api=2
D/BufferQueue( 2311): [Application Error: org.eltex.android.app.iptvplayer 0xb7fbe038] consumerDisconnect
E/SurfaceFlinger( 2311): [SurfaceView] visible reg empty, apply crop/scalingMode later
D/BufferQueue( 2311): [ELT_BQRC]: EltBufferQueueObserver::close: now buffer queues 14
W/InputDispatcher( 2782): Attempted to unregister already unregistered input channel '423b5f40 org.eltex.android.app.iptvplayer/org.eltex.android.app.iptvplayer.ui.activities.MainActivity (server)'
I/WindowState( 2782): WIN DEATH: Window{423b5f40 u0 org.eltex.android.app.iptvplayer/org.eltex.android.app.iptvplayer.ui.activities.MainActivity}
D/NuPlayer( 2314): [0xb7acd5a0] STATISTICS: stop statistics loop
D/NuPlayer( 2314): Statistics thread was finished!
I/UDPSource( 2314): UDPSource::stop
V/NuPlayer( 2314): performDecoderShutdown audio=1, video=1
V/NuPlayer( 2314): [TIMING] [audio] flushDecoder needShutdown=1, mFlushingAudio 0, mFlushingVideo 0
E/NuPlayer( 2314): flushDecoder: mBandwidthChangeDiscontinuityPending ? 0 (audio)
V/NuPlayer( 2314): start waiting for audio decoder flush complete (max for 3000 ms)
V/NuPlayer( 2314): [TIMING] [video] flushDecoder needShutdown=1, mFlushingAudio 3, mFlushingVideo 1
E/NuPlayer( 2314): flushDecoder: mBandwidthChangeDiscontinuityPending ? 0 (video)
V/NuPlayer( 2314): start waiting for video decoder flush complete (max for 3000 ms)
V/NuPlayer( 2314): postponing action mFlushingAudio=3, mFlushingVideo=3
E/ACodec  ( 2314): [OMX.realtek.video.dec] ExecutingState flushing now (codec owns 2/3 input, 6/17 output).
E/ACodec  ( 2314): [OMX.realtek.video.dec] Now Flushing
E/NuPlayerRenderer( 2314): syncQueuesDone called, sync queues ? 0
V/NuPlayerRenderer( 2314): flushing audio
E/NuPlayerRenderer( 2314): syncQueuesDone called, sync queues ? 0
V/NuPlayerRenderer( 2314): flushing video
I/RTK_OMX_VDecoder( 2314): ASYNC: has cmd!!! break the decoded while loop!!in 6023 datalen:1969 EOS:0 
I/RTK_OMX_DEC_VIDEO( 2314): In[decoder_flush_video][3693]  pVpu->bWaitOutputFlushDone:0
I/RTK_OMX_DEC_VIDEO( 2314): In[decoder_flush_video][3706]  pVpu->bWaitInputFlushDone:1, int_reason:0
E/NuPlayerDecoder( 2314): onFillThisBuffer:: send <video/avc> CSD buffer [0]
E/UDPSource( 2314): do not post fillBuffer: started 0, sync 0, paused 0
E/ACodec  ( 2314): [OMX.ffmpeg.mp2.decoder] ExecutingState flushing now (codec owns 4/4 input, 3/4 output).
E/ACodec  ( 2314): [OMX.ffmpeg.mp2.decoder] Now Flushing
V/NuPlayer( 2314): renderer audio flush completed.
E/NuPlayer( 2314): renderBuffer: video, mFlushingAudio 3, mFlushingVideo 3, mBandwidthChangeDiscontinuityPending 0
V/NuPlayer( 2314): we're still flushing the video decoder, sending its output buffer right back.
I/RTK_OMX_DEC_VIDEO( 2314): In[decoder_flush_video][3809]  video output flush done, timeout_cnt:5000
I/RTK_OMX_DEC_VIDEO( 2314): In[decoder_flush_video][3702]  video input flush done, timeout_cnt:4998
V/SoftFFmpegAudio( 2314): ffmpeg audio decoder flush port(0)
V/SoftFFmpegAudio( 2314): ffmpeg audio decoder flush port(1)
E/ACodec  ( 2314): [OMX.ffmpeg.mp2.decoder] Now Executing
V/NuPlayer( 2314): [TIMING] decoder audio flush completed
V/NuPlayer( 2314): [TIMING] initiating audio decoder shutdown
V/NuPlayer( 2314): start waiting for audio decoder shutdown complete (max for 3000 ms)
E/NuPlayer( 2314): finishFlushIfPossible entry, flushing video 3, audio 4
V/NuPlayer( 2314): finishFlushIfPossible: mFlushingAudio 4 (flushed 5, shutdown 6)
E/ACodec  ( 2314): [ExecutingState] [OMX.ffmpeg.mp2.decoder] send shutdown command
E/ACodec  ( 2314): [OMX.ffmpeg.mp2.decoder] Now Executing->Idle
E/ACodec  ( 2314): [OMX.ffmpeg.mp2.decoder] Now Idle->Loaded
E/ACodec  ( 2314): [OMX.ffmpeg.mp2.decoder] Now Loaded
V/SoftFFmpegAudio( 2314): ~SoftFFmpegAudio
E/FFMPEG  ( 2314): deInitFFmpeg: s_ref_count 2
E/ACodec  ( 2314): Now uninitialized
V/NuPlayer( 2314): [TIMING] audio shutdown completed
E/NuPlayer( 2314): finishFlushIfPossible entry, flushing video 3, audio 6
V/NuPlayer( 2314): finishFlushIfPossible: mFlushingVideo 3 (flushed 5, shutdown 6)
E/ACodec  ( 2314): [OMX.realtek.video.dec] wait till  all buffers are dequed from nw (leave undeq 3 of 6)
E/ACodec  ( 2314): [OMX.realtek.video.dec] nw owns 5 buffers (min 3)
E/ACodec  ( 2314): [OMX.realtek.video.dec] nw owns 4 buffers (min 3)
E/ACodec  ( 2314): [OMX.realtek.video.dec] nw owns 3 buffers (min 3)
D/CustomisationAccesPoint( 3110): return default
E/ACodec  ( 2314): [OMX.realtek.video.dec] Now Executing
V/NuPlayer( 2314): [TIMING] decoder video flush completed
V/NuPlayer( 2314): [TIMING] initiating video decoder shutdown
W/WindowManager( 2782): Force-removing child win Window{423b64b0 u0 SurfaceView} from container Window{423b5f40 u0 org.eltex.android.app.iptvplayer/org.eltex.android.app.iptvplayer.ui.activities.MainActivity}
V/NuPlayer( 2314): start waiting for video decoder shutdown complete (max for 3000 ms)
E/ACodec  ( 2314): [ExecutingState] [OMX.realtek.video.dec] send shutdown command
E/ACodec  ( 2314): [OMX.realtek.video.dec] Now Executing->Idle
E/NuPlayer( 2314): finishFlushIfPossible entry, flushing video 4, audio 6
V/NuPlayer( 2314): finishFlushIfPossible: mFlushingVideo 4 (flushed 5, shutdown 6)
D/RTK_OMX_DEC_VIDEO( 2314): [0;36mBUFFERCMD_RESET_BUF, pVpu->nRegCount : 17, phyAddress : 0x0e36b000, bDttachMemory : 1[m
I/VPUAPI  ( 2314): [VDI] vdi_deattach_dma_memory, physaddr=0xe36b000, virtaddr=0xb7b24f58, size=8, index=20
D/RTK_OMX_DEC_VIDEO( 2314): [0;36mBUFFERCMD_RESET_BUF, pVpu->nRegCount : 16, phyAddress : 0x0e2d3000, bDttachMemory : 1[m
I/VPUAPI  ( 2314): [VDI] vdi_deattach_dma_memory, physaddr=0xe2d3000, virtaddr=0xb7b24f58, size=8, index=19
D/RTK_OMX_DEC_VIDEO( 2314): [0;36mBUFFERCMD_RESET_BUF, pVpu->nRegCount : 15, phyAddress : 0x0e23b000, bDttachMemory : 1[m
I/VPUAPI  ( 2314): [VDI] vdi_deattach_dma_memory, physaddr=0xe23b000, virtaddr=0xb7b24f58, size=8, index=18
D/RTK_OMX_DEC_VIDEO( 2314): [0;36mBUFFERCMD_RESET_BUF, pVpu->nRegCount : 14, phyAddress : 0x0e1a3000, bDttachMemory : 1[m
I/VPUAPI  ( 2314): [VDI] vdi_deattach_dma_memory, physaddr=0xe1a3000, virtaddr=0xb7b24f58, size=8, index=17
D/RTK_OMX_DEC_VIDEO( 2314): [0;36mBUFFERCMD_RESET_BUF, pVpu->nRegCount : 13, phyAddress : 0x0e10b000, bDttachMemory : 1[m
I/VPUAPI  ( 2314): [VDI] vdi_deattach_dma_memory, physaddr=0xe10b000, virtaddr=0xb7b24f58, size=8, index=16
D/RTK_OMX_DEC_VIDEO( 2314): [0;36mBUFFERCMD_RESET_BUF, pVpu->nRegCount : 12, phyAddress : 0x0e073000, bDttachMemory : 1[m
I/VPUAPI  ( 2314): [VDI] vdi_deattach_dma_memory, physaddr=0xe073000, virtaddr=0xb7b24f58, size=8, index=15
D/RTK_OMX_DEC_VIDEO( 2314): [0;36mBUFFERCMD_RESET_BUF, pVpu->nRegCount : 11, phyAddress : 0x0dfdb000, bDttachMemory : 1[m
I/VPUAPI  ( 2314): [VDI] vdi_deattach_dma_memory, physaddr=0xdfdb000, virtaddr=0xb7b24f58, size=8, index=14
D/RTK_OMX_DEC_VIDEO( 2314): [0;36mBUFFERCMD_RESET_BUF, pVpu->nRegCount : 10, phyAddress : 0x0df43000, bDttachMemory : 1[m
I/VPUAPI  ( 2314): [VDI] vdi_deattach_dma_memory, physaddr=0xdf43000, virtaddr=0xb7b24f58, size=8, index=13
D/RTK_OMX_DEC_VIDEO( 2314): [0;36mBUFFERCMD_RESET_BUF, pVpu->nRegCount : 9, phyAddress : 0x0deab000, bDttachMemory : 1[m
I/VPUAPI  ( 2314): [VDI] vdi_deattach_dma_memory, physaddr=0xdeab000, virtaddr=0xb7b24f58, size=8, index=12
D/RTK_OMX_DEC_VIDEO( 2314): [0;36mBUFFERCMD_RESET_BUF, pVpu->nRegCount : 8, phyAddress : 0x0de13000, bDttachMemory : 1[m
I/VPUAPI  ( 2314): [VDI] vdi_deattach_dma_memory, physaddr=0xde13000, virtaddr=0xb7b24f58, size=8, index=11
D/RTK_OMX_DEC_VIDEO( 2314): [0;36mBUFFERCMD_RESET_BUF, pVpu->nRegCount : 7, phyAddress : 0x0dd7b000, bDttachMemory : 1[m
I/VPUAPI  ( 2314): [VDI] vdi_deattach_dma_memory, physaddr=0xdd7b000, virtaddr=0xb7b24f58, size=8, index=10
D/RTK_OMX_DEC_VIDEO( 2314): [0;36mBUFFERCMD_RESET_BUF, pVpu->nRegCount : 6, phyAddress : 0x0dce3000, bDttachMemory : 1[m
I/VPUAPI  ( 2314): [VDI] vdi_deattach_dma_memory, physaddr=0xdce3000, virtaddr=0xb7b24f58, size=8, index=9
D/RTK_OMX_DEC_VIDEO( 2314): [0;36mBUFFERCMD_RESET_BUF, pVpu->nRegCount : 5, phyAddress : 0x0dc4b000, bDttachMemory : 1[m
I/VPUAPI  ( 2314): [VDI] vdi_deattach_dma_memory, physaddr=0xdc4b000, virtaddr=0xb7b24f58, size=8, index=8
D/RTK_OMX_DEC_VIDEO( 2314): [0;36mBUFFERCMD_RESET_BUF, pVpu->nRegCount : 4, phyAddress : 0x0dbb3000, bDttachMemory : 1[m
I/VPUAPI  ( 2314): [VDI] vdi_deattach_dma_memory, physaddr=0xdbb3000, virtaddr=0xb7b24f58, size=8, index=7
D/RTK_OMX_DEC_VIDEO( 2314): [0;36mBUFFERCMD_RESET_BUF, pVpu->nRegCount : 3, phyAddress : 0x0db1b000, bDttachMemory : 1[m
I/VPUAPI  ( 2314): [VDI] vdi_deattach_dma_memory, physaddr=0xdb1b000, virtaddr=0xb7b24f58, size=8, index=6
D/RTK_OMX_DEC_VIDEO( 2314): [0;36mBUFFERCMD_RESET_BUF, pVpu->nRegCount : 2, phyAddress : 0x0da83000, bDttachMemory : 1[m
I/VPUAPI  ( 2314): [VDI] vdi_deattach_dma_memory, physaddr=0xda83000, virtaddr=0xb7b24f58, size=8, index=5
D/RTK_OMX_DEC_VIDEO( 2314): [0;36mBUFFERCMD_RESET_BUF, pVpu->nRegCount : 1, phyAddress : 0x0d9eb000, bDttachMemory : 1[m
I/VPUAPI  ( 2314): [VDI] vdi_deattach_dma_memory, physaddr=0xd9eb000, virtaddr=0xb7b24f58, size=8, index=4
E/ACodec  ( 2314): calling ACodec::pushBlankBuffersToNativeWindow
E/ACodec  ( 2314): current scaling mode: 1
D/BufferQueue( 2311): [SurfaceView 0xb7f8c118] disconnect: api=3
D/CustomisationAccesPoint( 3110): return default
I/BufferQueue( 2311): [SurfaceView 0xb7f8c118] [freeBufferLocked] fence wait        (slot: 0)
I/BufferQueue( 2311): [SurfaceView 0xb7f8c118] [freeBufferLocked] delay wait 50 ms  (slot: 1)
V/NuPlayer( 2314): renderer video flush completed.
D/BufferQueue( 2311): [SurfaceView 0xb7f8c118] consumerDisconnect
E/FFmpegExtractor( 2314): === changed flags from data source: 0x100 ===
W/WindowManager( 2782): Failed looking up window
W/WindowManager( 2782): java.lang.IllegalArgumentException: Requested window android.os.BinderProxy@422cab20 does not exist
W/WindowManager( 2782): 	at com.android.server.wm.WindowManagerService.windowForClientLocked(WindowManagerService.java:7975)
W/WindowManager( 2782): 	at com.android.server.wm.WindowManagerService.windowForClientLocked(WindowManagerService.java:7966)
W/WindowManager( 2782): 	at com.android.server.wm.WindowState$DeathRecipient.binderDied(WindowState.java:1047)
W/WindowManager( 2782): 	at android.os.BinderProxy.sendDeathNotice(Binder.java:493)
W/WindowManager( 2782): 	at dalvik.system.NativeStart.run(Native Method)
I/WindowState( 2782): WIN DEATH: null
I/BufferQueue( 2311): [SurfaceView 0xb7f8c118] [freeBufferLocked] fence wait        (slot: 2)
I/BufferQueue( 2311): [SurfaceView 0xb7f8c118] [freeBufferLocked] fence wait        (slot: 3)
I/BufferQueue( 2311): [SurfaceView 0xb7f8c118] [freeBufferLocked] fence wait        (slot: 4)
I/BufferQueue( 2311): [SurfaceView 0xb7f8c118] [freeBufferLocked] fence wait        (slot: 5)
I/BufferQueue( 2311): [SurfaceView 0xb7f8c118] [freeBufferLocked] fence wait        (slot: 6)
I/BufferQueue( 2311): [SurfaceView 0xb7f8c118] [freeBufferLocked] fence wait        (slot: 7)
I/BufferQueue( 2311): [SurfaceView 0xb7f8c118] [freeBufferLocked] fence wait        (slot: 8)
I/BufferQueue( 2311): [SurfaceView 0xb7f8c118] [freeBufferLocked] fence wait        (slot: 9)
I/BufferQueue( 2311): [SurfaceView 0xb7f8c118] [freeBufferLocked] fence wait        (slot: 10)
I/BufferQueue( 2311): [SurfaceView 0xb7f8c118] [freeBufferLocked] fence wait        (slot: 11)
I/BufferQueue( 2311): [SurfaceView 0xb7f8c118] [freeBufferLocked] fence wait        (slot: 12)
I/BufferQueue( 2311): [SurfaceView 0xb7f8c118] [freeBufferLocked] fence wait        (slot: 13)
I/BufferQueue( 2311): [SurfaceView 0xb7f8c118] [freeBufferLocked] fence wait        (slot: 14)
I/BufferQueue( 2311): [SurfaceView 0xb7f8c118] [freeBufferLocked] fence wait        (slot: 15)
I/BufferQueue( 2311): [SurfaceView 0xb7f8c118] [freeBufferLocked] fence wait        (slot: 16)
D/BufferQueue( 2311): [org.eltex.android.app.iptvplayer/org.eltex.android.app.iptvplayer.ui.activities.MainActivity 0xb7fa7808] consumerDisconnect
W/SurfaceFlinger( 2311): couldn't log to binary event log: overflow.
D/BufferQueue( 2311): [ELT_BQRC]: EltBufferQueueObserver::close: now buffer queues 13
D/BufferQueue( 2311): [SurfaceView 0xb7f8c118] connect: api=2 producerControlledByApp=false
E/BufferQueue( 2311): [SurfaceView 0xb7f8c118] connect: BufferQueue has been abandoned!
E/ACodec  ( 2314): error pushing blank frames: api_connect failed: No such device (19)
E/ACodec  ( 2314): [OMX.realtek.video.dec] Now Idle->Loaded
E/ACodec  ( 2314): [OMX.realtek.video.dec] Now Loaded
D/RTK_OMX_VDecoder( 2314): API: waiting for thread to finish
D/RTK_OMX_VDecoder( 2314): ASYNC: got CMD_EXIT_LOOP
D/BufferQueue( 2311): [DimLayer 0xb7fa82c8] consumerDisconnect
D/BufferQueue( 2311): [DimLayer 0xb7fbec38] consumerDisconnect
D/BufferQueue( 2311): [ELT_BQRC]: EltBufferQueueObserver::close: now buffer queues 12
D/BufferQueue( 2311): [ELT_BQRC]: EltBufferQueueObserver::close: now buffer queues 11
D/RTK_OMX_VDecoder( 2314): ASYNC: Output thread: got CMD_EXIT_LOOP
I/RTK_OMX_DEC_VIDEO( 2314): ====== In[decoder_destroy_video][3824] =======
I/VPUAPI  ( 2314): [VDI] vdi_free_dma_memory, physaddr=0xd34f000, virtaddr=0xaf192000, size=4194304
I/VPUAPI  ( 2314): [VDI] vdi_free_dma_memory, physaddr=0xe613000, virtaddr=0xae200000, size=311040
I/VPUAPI  ( 2314): [VDI] vdi_free_dma_memory, physaddr=0xd74f000, virtaddr=0xaf036000, size=1425408
I/VPUAPI  ( 2314): [VDI] vdi_free_dma_memory, physaddr=0xe403000, virtaddr=0xae24c000, size=2162128
I/VPUAPI  ( 2314): instance_num:0
I/VPUAPI  ( 2314): [VDI]  vdi_set_clk_status, 1740... clock value:0x00001000, clk_en:FALSE
E/ACodec  ( 2314): Now uninitialized
V/NuPlayer( 2314): [TIMING] video shutdown completed
E/NuPlayer( 2314): finishFlushIfPossible entry, flushing video 6, audio 6
V/NuPlayer( 2314): both audio and video are flushed now; pending dscnt? time 1, format 0x0, bw 0
E/NuPlayerRenderer( 2314): signalTimeDiscontinuity: called, re-init fps detection ? 1
V/NuPlayer( 2314): performReset
V/NuPlayerRenderer( 2314): Renderer::~Renderer
I/UDPSource( 2314): UDPSource::stop
V/UDPSource( 2314): UDPSource::~UDPSource
V/FFmpegExtractor( 2314): FFmpegSource::stop video, index 0 (av index 0)
I/FFmpegExtractor( 2314): deselect_stream: video index: 0
V/FFmpegExtractor( 2314): FFmpegSource::~FFmpegSource video: codec h264, index 0 (av index 0)
V/FFmpegExtractor( 2314): FFmpegSource::stop audio, index 1 (av index 1)
I/FFmpegExtractor( 2314): deselect_stream: audio index: 1
V/FFmpegExtractor( 2314): FFmpegSource::~FFmpegSource audio: codec mp2, index 1 (av index 1)
V/FFmpegExtractor( 2314): FFmpegExtractor::~FFmpegExtractor
V/FFmpegExtractor( 2314): Stopping reader thread
I/Finsky  ( 3551): [1] com.google.android.finsky.ce.a.onTrimMemory(7): Memory trim requested to level 80
W/ALooperRoster( 2314): failed to deliver message 'AMessage(what = 'Mpts', target = 85) = {
W/ALooperRoster( 2314): }'. Target handler not registered.
V/FFmpegExtractor( 2314):  avformat abort requested 
I/FFmpegExtractor( 2314): (ret 0) reader thread goto end...
V/FFmpegExtractor( 2314): [SNIFF] Stopping sniffer thread
I/FFmpegExtractor( 2314): ===== stream_component_close: video stream_index: 0
V/FFmpegExtractor( 2314): packet_queue_abort videoq
V/FFmpegExtractor( 2314): packet_queue_end videoq
I/FFmpegExtractor( 2314): ===== stream_component_close: audio stream_index: 1
V/FFmpegExtractor( 2314): packet_queue_abort audioq
V/FFmpegExtractor( 2314): packet_queue_end audioq
V/FFmpegExtractor( 2314): FFmpegExtractor exit thread(readerEntry)
D/FFmpegExtractor( 2314): Reader thread stopped
V/FFmpegExtractor( 2314): [SNIFF] Stopping sniffer thread
E/FFmpegExtractor( 2314): deInitStreams: === call mSniff2ExtractCtx = NULL ===
E/FFmpegExtractor( 2314): Sniffer2ExtractorPointer::~Sniffer2ExtractorPointer: ===== delete avctx 0xb7acf0a0 =====
E/ELT_FCC ( 2314): eltFccClient::~eltFccClient
E/FFmpegExtractor( 2314): Sniffer2ExtractorPointer::~Sniffer2ExtractorPointer: ===== delete opaq 0xb7ae8fb0 =====
E/FFmpegExtractor( 2314): Sniffer2ExtractorPointer::~Sniffer2ExtractorPointer: ===== delete cb 0xb7afea78 =====
